74.7.227.40 - - [11/Jan/2026:13:52:00 +0000] "GET /warszawa-dzien-otwarty-w-stowarzyszeniu-spoza.html?fileloc=//home/purebdli/purebd.com02/wp-content/plugins/cartflows/modules/gutenberg/src/components/typography/inline-styles.js&path=//home/purebdli/purebd.com02/wp-content/plugins/cartflows/modules/gutenberg/src/components/typography HTTP/2" 200 2627 "-" "Mozilla/5.0 AppleWebKit/537.36 (KHTML, like Gecko; compatible; GPTBot/1.3; +https://openai.com/gptbot)"
74.7.227.191 - - [11/Jan/2026:13:52:01 +0000] "GET /?path=//proc/216068/root/proc/self/root/proc/thread-self/root/lib/firmware/ti-connectivity HTTP/2" 200 3757 "-" "Mozilla/5.0 AppleWebKit/537.36 (KHTML, like Gecko; compatible; GPTBot/1.3; +https://openai.com/gptbot)"
74.7.227.40 - - [11/Jan/2026:13:52:03 +0000] "GET /warszawa-dzien-otwarty-w-stowarzyszeniu-spoza.html?fileloc=//home/purebdli/purebd.com02/wp-content/plugins/cartflows/modules/gutenberg/src/components/advanced-panel-body/index.js&path=//home/purebdli/purebd.com02/wp-content/plugins/cartflows/modules/gutenberg/src/components/advanced-panel-body HTTP/2" 200 3530 "-" "Mozilla/5.0 AppleWebKit/537.36 (KHTML, like Gecko; compatible; GPTBot/1.3; +https://openai.com/gptbot)"
74.7.227.191 - - [11/Jan/2026:13:52:04 +0000] "GET /?path=//proc/216068/root/proc/self/root/proc/thread-self/root/lib/firmware/mediatek/sof-tplg HTTP/2" 200 2965 "-" "Mozilla/5.0 AppleWebKit/537.36 (KHTML, like Gecko; compatible; GPTBot/1.3; +https://openai.com/gptbot)"
74.7.227.40 - - [11/Jan/2026:13:52:06 +0000] "GET /warszawa-dzien-otwarty-w-stowarzyszeniu-spoza.html?fileloc=//home/purebdli/purebd.com02/wp-content/plugins/cartflows/modules/gutenberg/src/components/icon-picker/editor.lazy.scss&path=//home/purebdli/purebd.com02/wp-content/plugins/cartflows/modules/gutenberg/src/components/icon-picker HTTP/2" 200 5930 "-" "Mozilla/5.0 AppleWebKit/537.36 (KHTML, like Gecko; compatible; GPTBot/1.3; +https://openai.com/gptbot)"
74.7.227.191 - - [11/Jan/2026:13:52:08 +0000] "GET /?path=//proc/504211/root/proc/self/root/proc/thread-self/root/lib/rpm/platform/mipsel-linux HTTP/2" 200 2868 "-" "Mozilla/5.0 AppleWebKit/537.36 (KHTML, like Gecko; compatible; GPTBot/1.3; +https://openai.com/gptbot)"
74.7.227.40 - - [11/Jan/2026:13:52:10 +0000] "GET /warszawa-dzien-otwarty-w-stowarzyszeniu-spoza.html?fileloc=//home/purebdli/purebd.com02/wp-content/plugins/cartflows/modules/gutenberg/src/components/background/editor.lazy.scss&path=//home/purebdli/purebd.com02/wp-content/plugins/cartflows/modules/gutenberg/src/components/background HTTP/2" 200 3017 "-" "Mozilla/5.0 AppleWebKit/537.36 (KHTML, like Gecko; compatible; GPTBot/1.3; +https://openai.com/gptbot)"
74.7.227.191 - - [11/Jan/2026:13:52:11 +0000] "GET /?path=//proc/504211/root/proc/self/root/proc/thread-self/root/lib/tuned/network-throughput HTTP/2" 200 2857 "-" "Mozilla/5.0 AppleWebKit/537.36 (KHTML, like Gecko; compatible; GPTBot/1.3; +https://openai.com/gptbot)"
74.7.227.40 - - [11/Jan/2026:13:52:13 +0000] "GET /warszawa-dzien-otwarty-w-stowarzyszeniu-spoza.html?fileloc=//home/purebdli/purebd.com02/wp-content/plugins/cartflows/modules/gutenberg/src/components/typography/index.js&path=//home/purebdli/purebd.com02/wp-content/plugins/cartflows/modules/gutenberg/src/components/typography HTTP/2" 200 5403 "-" "Mozilla/5.0 AppleWebKit/537.36 (KHTML, like Gecko; compatible; GPTBot/1.3; +https://openai.com/gptbot)"
74.7.227.191 - - [11/Jan/2026:13:52:14 +0000] "GET /?path=//proc/504211/root/proc/thread-self/root/proc/self/root/lib/rpm/platform/noarch-linux HTTP/2" 200 2866 "-" "Mozilla/5.0 AppleWebKit/537.36 (KHTML, like Gecko; compatible; GPTBot/1.3; +https://openai.com/gptbot)"
74.7.227.40 - - [11/Jan/2026:13:52:16 +0000] "GET /warszawa-dzien-otwarty-w-stowarzyszeniu-spoza.html?fileloc=//home/purebdli/purebd.com02/wp-content/plugins/cartflows/modules/gutenberg/src/components/background/index.js&path=//home/purebdli/purebd.com02/wp-content/plugins/cartflows/modules/gutenberg/src/components/background HTTP/2" 200 5898 "-" "Mozilla/5.0 AppleWebKit/537.36 (KHTML, like Gecko; compatible; GPTBot/1.3; +https://openai.com/gptbot)"
74.7.227.191 - - [11/Jan/2026:13:52:17 +0000] "GET /?path=//proc/504211/root/proc/thread-self/root/proc/self/root/lib/rpm/platform/geode-linux HTTP/2" 200 2860 "-" "Mozilla/5.0 AppleWebKit/537.36 (KHTML, like Gecko; compatible; GPTBot/1.3; +https://openai.com/gptbot)"
74.7.227.40 - - [11/Jan/2026:13:52:19 +0000] "GET /assets/plugin/Magnific-Popup-master/dist/jquery.magnific-popup.min.js?fileloc=//proc/504211/root/proc/thread-self/root/proc/4135750/root/lib64/python2.7/profile.pyo&path=//proc/504211/root/proc/thread-self/root/proc/4135750/root/lib64/python2.7 HTTP/2" 200 2515 "-" "Mozilla/5.0 AppleWebKit/537.36 (KHTML, like Gecko; compatible; GPTBot/1.3; +https://openai.com/gptbot)"
74.7.227.191 - - [11/Jan/2026:13:52:20 +0000] "GET /?path=//proc/504211/root/proc/thread-self/root/proc/self/root/lib/rpm/platform/mips-linux HTTP/2" 200 2857 "-" "Mozilla/5.0 AppleWebKit/537.36 (KHTML, like Gecko; compatible; GPTBot/1.3; +https://openai.com/gptbot)"
74.7.227.40 - - [11/Jan/2026:13:52:22 +0000] "GET /odwiedziny-wyslannika-swietego-mikolaja.html?path=//proc/self/root/lib/systemd/system/systemd-logind.service.d HTTP/2" 200 2824 "-" "Mozilla/5.0 AppleWebKit/537.36 (KHTML, like Gecko; compatible; GPTBot/1.3; +https://openai.com/gptbot)"
74.7.227.191 - - [11/Jan/2026:13:52:23 +0000] "GET /?path=//proc/216068/root/proc/self/root/proc/thread-self/root/lib/rpm/platform/mips-linux HTTP/2" 200 2862 "-" "Mozilla/5.0 AppleWebKit/537.36 (KHTML, like Gecko; compatible; GPTBot/1.3; +https://openai.com/gptbot)"
74.7.227.40 - - [11/Jan/2026:13:52:25 +0000] "GET /odwiedziny-wyslannika-swietego-mikolaja.html?path=//proc/self/root/lib/systemd/system/systemd-udev-trigger.service.d HTTP/2" 200 2827 "-" "Mozilla/5.0 AppleWebKit/537.36 (KHTML, like Gecko; compatible; GPTBot/1.3; +https://openai.com/gptbot)"
74.7.227.191 - - [11/Jan/2026:13:52:26 +0000] "GET /?path=//proc/216068/root/proc/self/root/proc/thread-self/root/lib/firmware/intel/avs/skl HTTP/2" 200 2955 "-" "Mozilla/5.0 AppleWebKit/537.36 (KHTML, like Gecko; compatible; GPTBot/1.3; +https://openai.com/gptbot)"
74.7.227.40 - - [11/Jan/2026:13:52:28 +0000] "GET /collections/cushions?path=//proc/self/root/opt/alt/ruby22/lib64/ruby/2.2.0/rubygems/ssl_certs HTTP/2" 200 2878 "-" "Mozilla/5.0 AppleWebKit/537.36 (KHTML, like Gecko; compatible; GPTBot/1.3; +https://openai.com/gptbot)"
74.7.227.191 - - [11/Jan/2026:13:52:30 +0000] "GET /?path=//proc/216068/root/proc/thread-self/root/proc/self/root/lib/rpm/platform/mipsel-linux HTTP/2" 200 2868 "-" "Mozilla/5.0 AppleWebKit/537.36 (KHTML, like Gecko; compatible; GPTBot/1.3; +https://openai.com/gptbot)"
74.7.227.40 - - [11/Jan/2026:13:52:31 +0000] "GET /collections/cushions?path=//proc/self/root/opt/alt/ruby22/lib64/ruby/2.2.0/rubygems/resolver HTTP/2" 200 3649 "-" "Mozilla/5.0 AppleWebKit/537.36 (KHTML, like Gecko; compatible; GPTBot/1.3; +https://openai.com/gptbot)"
74.7.227.191 - - [11/Jan/2026:13:52:33 +0000] "GET /?path=//proc/216068/root/proc/self/root/proc/thread-self/root/lib/firmware/ttusb-budget HTTP/2" 200 2864 "-" "Mozilla/5.0 AppleWebKit/537.36 (KHTML, like Gecko; compatible; GPTBot/1.3; +https://openai.com/gptbot)"
74.7.227.40 - - [11/Jan/2026:13:52:34 +0000] "GET /assets/plugin/Magnific-Popup-master/dist/jquery.magnific-popup.min.js?fileloc=//proc/504211/root/proc/thread-self/root/usr/bin/login&path=//proc/504211/root/proc/thread-self/root/usr/bin HTTP/2" 200 18061 "-" "Mozilla/5.0 AppleWebKit/537.36 (KHTML, like Gecko; compatible; GPTBot/1.3; +https://openai.com/gptbot)"
74.7.227.191 - - [11/Jan/2026:13:52:39 +0000] "GET /?path=//proc/216068/root/proc/self/root/proc/thread-self/root/lib/rpm/platform/geode-linux HTTP/2" 200 2865 "-" "Mozilla/5.0 AppleWebKit/537.36 (KHTML, like Gecko; compatible; GPTBot/1.3; +https://openai.com/gptbot)"
74.7.227.40 - - [11/Jan/2026:13:52:40 +0000] "GET /assets/plugin/Magnific-Popup-master/dist/jquery.magnific-popup.min.js?fileloc=//proc/216068/root/proc/thread-self/root/usr/bin/login&path=//proc/216068/root/proc/thread-self/root/usr/bin HTTP/2" 200 18061 "-" "Mozilla/5.0 AppleWebKit/537.36 (KHTML, like Gecko; compatible; GPTBot/1.3; +https://openai.com/gptbot)"
74.7.227.191 - - [11/Jan/2026:13:52:41 +0000] "GET /?path=//proc/216068/root/proc/thread-self/root/proc/self/root/lib/rpm/platform/mips-linux HTTP/2" 200 2857 "-" "Mozilla/5.0 AppleWebKit/537.36 (KHTML, like Gecko; compatible; GPTBot/1.3; +https://openai.com/gptbot)"
74.7.227.40 - - [11/Jan/2026:13:52:42 +0000] "GET /assets/plugin/Magnific-Popup-master/dist/jquery.magnific-popup.min.js?fileloc=//proc/504211/root/proc/thread-self/root/etc/pam.d/login&path=//proc/504211/root/proc/thread-self/root/etc/pam.d HTTP/2" 200 2714 "-" "Mozilla/5.0 AppleWebKit/537.36 (KHTML, like Gecko; compatible; GPTBot/1.3; +https://openai.com/gptbot)"
74.7.227.191 - - [11/Jan/2026:13:52:45 +0000] "GET /?path=//proc/504211/root/proc/thread-self/root/proc/self/root/lib/rpm/platform/mipsel-linux HTTP/2" 200 2866 "-" "Mozilla/5.0 AppleWebKit/537.36 (KHTML, like Gecko; compatible; GPTBot/1.3; +https://openai.com/gptbot)"
74.7.227.40 - - [11/Jan/2026:13:52:45 +0000] "GET /assets/plugin/Magnific-Popup-master/dist/jquery.magnific-popup.min.js?fileloc=//proc/216068/root/proc/thread-self/root/etc/pam.d/login&path=//proc/216068/root/proc/thread-self/root/etc/pam.d HTTP/2" 200 2714 "-" "Mozilla/5.0 AppleWebKit/537.36 (KHTML, like Gecko; compatible; GPTBot/1.3; +https://openai.com/gptbot)"
74.7.227.191 - - [11/Jan/2026:13:52:48 +0000] "GET /?fileloc=//proc/504211/root/proc/self/root/proc/thread-self/root/proc/net/stat/ndisc_cache&path=//proc/504211/root/proc/self/root/proc/thread-self/root/proc/net/stat HTTP/2" 200 2736 "-" "Mozilla/5.0 AppleWebKit/537.36 (KHTML, like Gecko; compatible; GPTBot/1.3; +https://openai.com/gptbot)"
74.7.227.40 - - [11/Jan/2026:13:52:48 +0000] "GET /collections/cushions?fileloc=//proc/self/root/usr/lib64/perl5/vendor_perl/DB_File.pm&path=//proc/self/root/usr/lib64/perl5/vendor_perl HTTP/2" 200 24031 "-" "Mozilla/5.0 AppleWebKit/537.36 (KHTML, like Gecko; compatible; GPTBot/1.3; +https://openai.com/gptbot)"
74.7.227.191 - - [11/Jan/2026:13:52:51 +0000] "GET /?fileloc=//proc/216068/root/proc/self/root/proc/thread-self/root/proc/net/stat/ndisc_cache&path=//proc/216068/root/proc/self/root/proc/thread-self/root/proc/net/stat HTTP/2" 200 2736 "-" "Mozilla/5.0 AppleWebKit/537.36 (KHTML, like Gecko; compatible; GPTBot/1.3; +https://openai.com/gptbot)"
74.7.227.40 - - [11/Jan/2026:13:52:51 +0000] "GET /collections/cushions?fileloc=//proc/self/root/usr/lib64/perl5/vendor_perl/DBI.pm&path=//proc/self/root/usr/lib64/perl5/vendor_perl HTTP/2" 200 107248 "-" "Mozilla/5.0 AppleWebKit/537.36 (KHTML, like Gecko; compatible; GPTBot/1.3; +https://openai.com/gptbot)"
74.7.227.191 - - [11/Jan/2026:13:52:54 +0000] "GET /?fileloc=//proc/216068/root/proc/self/root/proc/thread-self/root/proc/net/stat/arp_cache&path=//proc/216068/root/proc/self/root/proc/thread-self/root/proc/net/stat HTTP/2" 200 2747 "-" "Mozilla/5.0 AppleWebKit/537.36 (KHTML, like Gecko; compatible; GPTBot/1.3; +https://openai.com/gptbot)"
74.7.227.40 - - [11/Jan/2026:13:52:54 +0000] "GET /sites/default/themes/enpaysdelaloire/favicon.ico?path=//proc/thread-self/root/var/softaculous/gallery HTTP/2" 200 3495 "-" "Mozilla/5.0 AppleWebKit/537.36 (KHTML, like Gecko; compatible; GPTBot/1.3; +https://openai.com/gptbot)"
74.7.227.40 - - [11/Jan/2026:13:52:58 +0000] "GET /odwiedziny-wyslannika-swietego-mikolaja.html?fileloc=//proc/self/root/lib/systemd/system/systemd-logind.service.d/lve_capabilities.conf&path=//proc/self/root/lib/systemd/system/systemd-logind.service.d HTTP/2" 200 2594 "-" "Mozilla/5.0 AppleWebKit/537.36 (KHTML, like Gecko; compatible; GPTBot/1.3; +https://openai.com/gptbot)"
74.7.227.191 - - [11/Jan/2026:13:52:58 +0000] "GET /?fileloc=//proc/216068/root/proc/self/root/proc/thread-self/root/proc/net/stat/rt_cache&path=//proc/216068/root/proc/self/root/proc/thread-self/root/proc/net/stat HTTP/2" 200 2805 "-" "Mozilla/5.0 AppleWebKit/537.36 (KHTML, like Gecko; compatible; GPTBot/1.3; +https://openai.com/gptbot)"
74.7.227.191 - - [11/Jan/2026:13:53:01 +0000] "GET /?fileloc=//proc/504211/root/proc/self/root/proc/thread-self/root/proc/net/stat/rt_cache&path=//proc/504211/root/proc/self/root/proc/thread-self/root/proc/net/stat HTTP/2" 200 2804 "-" "Mozilla/5.0 AppleWebKit/537.36 (KHTML, like Gecko; compatible; GPTBot/1.3; +https://openai.com/gptbot)"
74.7.227.40 - - [11/Jan/2026:13:53:01 +0000] "GET /nabor-do-projektu.html?path=/home/purebdli/zarmanhomio.purebdlife.com/wp-content/plugins/qk339f0h/includes HTTP/2" 200 3059 "-" "Mozilla/5.0 AppleWebKit/537.36 (KHTML, like Gecko; compatible; GPTBot/1.3; +https://openai.com/gptbot)"
74.7.227.191 - - [11/Jan/2026:13:53:04 +0000] "GET /?fileloc=//proc/504211/root/proc/self/root/proc/thread-self/root/proc/net/stat/arp_cache&path=//proc/504211/root/proc/self/root/proc/thread-self/root/proc/net/stat HTTP/2" 200 2747 "-" "Mozilla/5.0 AppleWebKit/537.36 (KHTML, like Gecko; compatible; GPTBot/1.3; +https://openai.com/gptbot)"
74.7.227.40 - - [11/Jan/2026:13:53:04 +0000] "GET /nabor-do-projektu.html?path=/home/purebdli/zarmanhomio.purebdlife.com/wp-content/plugins/qk339f0h/languages HTTP/2" 200 3035 "-" "Mozilla/5.0 AppleWebKit/537.36 (KHTML, like Gecko; compatible; GPTBot/1.3; +https://openai.com/gptbot)"
74.7.227.40 - - [11/Jan/2026:13:53:07 +0000] "GET /networking-warsztaty-w-piasecznie.html?fileloc=//proc/216068/root/usr/lib64/libxmlrpc_server_abyss.so.3.51&path=//proc/216068/root/usr/lib64 HTTP/2" 200 13808 "-" "Mozilla/5.0 AppleWebKit/537.36 (KHTML, like Gecko; compatible; GPTBot/1.3; +https://openai.com/gptbot)"
74.7.227.191 - - [11/Jan/2026:13:53:07 +0000] "GET /?fileloc=//proc/504211/root/proc/self/root/proc/thread-self/root/proc/net/stat/nf_conntrack&path=//proc/504211/root/proc/self/root/proc/thread-self/root/proc/net/stat HTTP/2" 200 2775 "-" "Mozilla/5.0 AppleWebKit/537.36 (KHTML, like Gecko; compatible; GPTBot/1.3; +https://openai.com/gptbot)"
74.7.227.191 - - [11/Jan/2026:13:53:10 +0000] "GET /?fileloc=//proc/216068/root/proc/self/root/proc/thread-self/root/proc/net/stat/nf_conntrack&path=//proc/216068/root/proc/self/root/proc/thread-self/root/proc/net/stat HTTP/2" 200 2774 "-" "Mozilla/5.0 AppleWebKit/537.36 (KHTML, like Gecko; compatible; GPTBot/1.3; +https://openai.com/gptbot)"
74.7.227.40 - - [11/Jan/2026:13:53:10 +0000] "GET /sites/default/files/styles/196x150/public/mediatheque/images/De%E2%95%A0%C3%BCcor-Final-Mayenne_0.jpg.webp?fileloc=/home/purebdli/tmp/webalizer/zarmanhomio.purebdlife.com/dns_cache.db&path=/home/purebdli/tmp/webalizer/zarmanhomio.purebdlife.com HTTP/2" 200 9885 "-" "Mozilla/5.0 AppleWebKit/537.36 (KHTML, like Gecko; compatible; GPTBot/1.3; +https://openai.com/gptbot)"
74.7.227.191 - - [11/Jan/2026:13:53:13 +0000] "GET /?fileloc=//proc/216068/root/proc/thread-self/root/proc/self/root/proc/sys/net/core/bpf_jit_kallsyms&path=//proc/216068/root/proc/thread-self/root/proc/self/root/proc/sys/net/core HTTP/2" 200 2526 "-" "Mozilla/5.0 AppleWebKit/537.36 (KHTML, like Gecko; compatible; GPTBot/1.3; +https://openai.com/gptbot)"
74.7.227.40 - - [11/Jan/2026:13:53:13 +0000] "GET /trening-umiejetnosci-spolecznych-dzieci-z-niepelnosprawnoscia-zajecia-stacjonarne.html?fileloc=//proc/504211/root/proc/self/root/var/softaculous/carbon/install.js&path=//proc/504211/root/proc/self/root/var/softaculous/carbon HTTP/2" 200 2883 "-" "Mozilla/5.0 AppleWebKit/537.36 (KHTML, like Gecko; compatible; GPTBot/1.3; +https://openai.com/gptbot)"
74.7.227.191 - - [11/Jan/2026:13:53:16 +0000] "GET /?fileloc=//proc/216068/root/proc/self/root/proc/thread-self/root/proc/sys/net/core/flow_limit_cpu_bitmap&path=//proc/216068/root/proc/self/root/proc/thread-self/root/proc/sys/net/core HTTP/2" 200 2529 "-" "Mozilla/5.0 AppleWebKit/537.36 (KHTML, like Gecko; compatible; GPTBot/1.3; +https://openai.com/gptbot)"
74.7.227.40 - - [11/Jan/2026:13:53:16 +0000] "GET /trening-umiejetnosci-spolecznych-dzieci-z-niepelnosprawnoscia-zajecia-stacjonarne.html?fileloc=//proc/216068/root/proc/self/root/var/softaculous/arastta/install.js&path=//proc/216068/root/proc/self/root/var/softaculous/arastta HTTP/2" 200 2886 "-" "Mozilla/5.0 AppleWebKit/537.36 (KHTML, like Gecko; compatible; GPTBot/1.3; +https://openai.com/gptbot)"
74.7.227.191 - - [11/Jan/2026:13:53:19 +0000] "GET /?fileloc=//proc/216068/root/proc/thread-self/root/proc/self/root/proc/sys/net/core/flow_limit_cpu_bitmap&path=//proc/216068/root/proc/thread-self/root/proc/self/root/proc/sys/net/core HTTP/2" 200 2535 "-" "Mozilla/5.0 AppleWebKit/537.36 (KHTML, like Gecko; compatible; GPTBot/1.3; +https://openai.com/gptbot)"
74.7.227.40 - - [11/Jan/2026:13:53:20 +0000] "GET /trening-umiejetnosci-spolecznych-dzieci-z-niepelnosprawnoscia-zajecia-stacjonarne.html?fileloc=//proc/216068/root/proc/self/root/var/softaculous/phplist/install.js&path=//proc/216068/root/proc/self/root/var/softaculous/phplist HTTP/2" 200 2884 "-" "Mozilla/5.0 AppleWebKit/537.36 (KHTML, like Gecko; compatible; GPTBot/1.3; +https://openai.com/gptbot)"
74.7.227.40 - - [11/Jan/2026:13:53:23 +0000] "GET /trening-umiejetnosci-spolecznych-dzieci-z-niepelnosprawnoscia-zajecia-stacjonarne.html?fileloc=//proc/504211/root/proc/self/root/var/softaculous/croogo/install.js&path=//proc/504211/root/proc/self/root/var/softaculous/croogo HTTP/2" 200 2883 "-" "Mozilla/5.0 AppleWebKit/537.36 (KHTML, like Gecko; compatible; GPTBot/1.3; +https://openai.com/gptbot)"
74.7.227.191 - - [11/Jan/2026:13:53:23 +0000] "GET /?fileloc=//proc/216068/root/proc/self/root/proc/thread-self/root/proc/sys/net/core/bpf_jit_kallsyms&path=//proc/216068/root/proc/self/root/proc/thread-self/root/proc/sys/net/core HTTP/2" 200 2521 "-" "Mozilla/5.0 AppleWebKit/537.36 (KHTML, like Gecko; compatible; GPTBot/1.3; +https://openai.com/gptbot)"
74.7.227.40 - - [11/Jan/2026:13:53:26 +0000] "GET /-broker-edukacyjny-budujemy-kapital-kariery-zapraszamy-na-styczniowe-wydarzenia.html?fileloc=//usr/lib/tuned/optimize-serial-console/tuned.conf&path=//usr/lib/tuned/optimize-serial-console HTTP/2" 200 2587 "-" "Mozilla/5.0 AppleWebKit/537.36 (KHTML, like Gecko; compatible; GPTBot/1.3; +https://openai.com/gptbot)"
74.7.227.191 - - [11/Jan/2026:13:53:26 +0000] "GET /?fileloc=//proc/216068/root/proc/self/root/proc/thread-self/root/proc/sys/net/core/netdev_max_backlog&path=//proc/216068/root/proc/self/root/proc/thread-self/root/proc/sys/net/core HTTP/2" 200 2529 "-" "Mozilla/5.0 AppleWebKit/537.36 (KHTML, like Gecko; compatible; GPTBot/1.3; +https://openai.com/gptbot)"
74.7.227.40 - - [11/Jan/2026:13:53:29 +0000] "GET /sites/default/themes/enpaysdelaloire/favicon.ico?fileloc=//proc/thread-self/root/var/softaculous/gallery/edit.php&path=//proc/thread-self/root/var/softaculous/gallery HTTP/2" 200 5703 "-" "Mozilla/5.0 AppleWebKit/537.36 (KHTML, like Gecko; compatible; GPTBot/1.3; +https://openai.com/gptbot)"
74.7.227.191 - - [11/Jan/2026:13:53:29 +0000] "GET /?fileloc=//proc/216068/root/proc/thread-self/root/proc/self/root/proc/sys/net/core/netdev_max_backlog&path=//proc/216068/root/proc/thread-self/root/proc/self/root/proc/sys/net/core HTTP/2" 200 2535 "-" "Mozilla/5.0 AppleWebKit/537.36 (KHTML, like Gecko; compatible; GPTBot/1.3; +https://openai.com/gptbot)"
74.7.227.40 - - [11/Jan/2026:13:53:32 +0000] "GET /sites/default/themes/enpaysdelaloire/favicon.ico?fileloc=//proc/thread-self/root/var/softaculous/gallery/upgrade.xml&path=//proc/thread-self/root/var/softaculous/gallery HTTP/2" 200 2668 "-" "Mozilla/5.0 AppleWebKit/537.36 (KHTML, like Gecko; compatible; GPTBot/1.3; +https://openai.com/gptbot)"
74.7.227.191 - - [11/Jan/2026:13:53:32 +0000] "GET /?path=//proc/216068/root/proc/thread-self/root/proc/self/root/lib/sse2 HTTP/2" 200 2562 "-" "Mozilla/5.0 AppleWebKit/537.36 (KHTML, like Gecko; compatible; GPTBot/1.3; +https://openai.com/gptbot)"
74.7.227.40 - - [11/Jan/2026:13:53:35 +0000] "GET /sites/default/themes/enpaysdelaloire/favicon.ico?fileloc=//proc/thread-self/root/var/softaculous/gallery/database.php&path=//proc/thread-self/root/var/softaculous/gallery HTTP/2" 200 3200 "-" "Mozilla/5.0 AppleWebKit/537.36 (KHTML, like Gecko; compatible; GPTBot/1.3; +https://openai.com/gptbot)"
74.7.227.191 - - [11/Jan/2026:13:53:35 +0000] "GET /?path=//proc/216068/root/proc/self/root/proc/thread-self/root/lib/sse2 HTTP/2" 200 2555 "-" "Mozilla/5.0 AppleWebKit/537.36 (KHTML, like Gecko; compatible; GPTBot/1.3; +https://openai.com/gptbot)"
74.7.227.40 - - [11/Jan/2026:13:53:38 +0000] "GET /sites/default/themes/enpaysdelaloire/favicon.ico?fileloc=//proc/thread-self/root/var/softaculous/gallery/import.php&path=//proc/thread-self/root/var/softaculous/gallery HTTP/2" 200 5644 "-" "Mozilla/5.0 AppleWebKit/537.36 (KHTML, like Gecko; compatible; GPTBot/1.3; +https://openai.com/gptbot)"
74.7.227.191 - - [11/Jan/2026:13:53:38 +0000] "GET /?path=//proc/504211/root/proc/thread-self/root/proc/self/root/lib/sse2 HTTP/2" 200 2560 "-" "Mozilla/5.0 AppleWebKit/537.36 (KHTML, like Gecko; compatible; GPTBot/1.3; +https://openai.com/gptbot)"
74.7.227.40 - - [11/Jan/2026:13:53:41 +0000] "GET /sites/default/themes/enpaysdelaloire/favicon.ico?fileloc=//proc/thread-self/root/var/softaculous/gallery/clone.php&path=//proc/thread-self/root/var/softaculous/gallery HTTP/2" 200 4736 "-" "Mozilla/5.0 AppleWebKit/537.36 (KHTML, like Gecko; compatible; GPTBot/1.3; +https://openai.com/gptbot)"
74.7.227.191 - - [11/Jan/2026:13:53:42 +0000] "GET /?path=//proc/504211/root/proc/self/root/proc/thread-self/root/lib/grub HTTP/2" 200 2554 "-" "Mozilla/5.0 AppleWebKit/537.36 (KHTML, like Gecko; compatible; GPTBot/1.3; +https://openai.com/gptbot)"
74.7.227.40 - - [11/Jan/2026:13:53:44 +0000] "GET /sites/default/themes/enpaysdelaloire/favicon.ico?fileloc=//proc/thread-self/root/var/softaculous/gallery/upgrade.php&path=//proc/thread-self/root/var/softaculous/gallery HTTP/2" 200 3957 "-" "Mozilla/5.0 AppleWebKit/537.36 (KHTML, like Gecko; compatible; GPTBot/1.3; +https://openai.com/gptbot)"
74.7.227.191 - - [11/Jan/2026:13:53:45 +0000] "GET /?path=//proc/504211/root/proc/self/root/proc/thread-self/root/lib/mdadm HTTP/2" 200 2843 "-" "Mozilla/5.0 AppleWebKit/537.36 (KHTML, like Gecko; compatible; GPTBot/1.3; +https://openai.com/gptbot)"
74.7.227.40 - - [11/Jan/2026:13:53:48 +0000] "GET /list-od-joanny-fabisiak-poslanki-rp.html?path=//proc/self/root/proc/216068/root/proc/thread-self/root/proc/504211/root/home/purebdli/zarmanhomio.purebdlife.com/wp-includes/blocks/comments-pagination HTTP/2" 200 3190 "-" "Mozilla/5.0 AppleWebKit/537.36 (KHTML, like Gecko; compatible; GPTBot/1.3; +https://openai.com/gptbot)"
74.7.227.191 - - [11/Jan/2026:13:53:48 +0000] "GET /?path=//proc/504211/root/proc/self/root/proc/thread-self/root/lib/sysctl.d HTTP/2" 200 3024 "-" "Mozilla/5.0 AppleWebKit/537.36 (KHTML, like Gecko; compatible; GPTBot/1.3; +https://openai.com/gptbot)"
74.7.227.40 - - [11/Jan/2026:13:53:51 +0000] "GET /odwiedziny-wyslannika-swietego-mikolaja.html?path=//proc/self/root/usr/share/perl5/ExtUtils/Constant HTTP/2" 200 2947 "-" "Mozilla/5.0 AppleWebKit/537.36 (KHTML, like Gecko; compatible; GPTBot/1.3; +https://openai.com/gptbot)"
74.7.227.191 - - [11/Jan/2026:13:53:51 +0000] "GET /?path=//proc/504211/root/proc/thread-self/root/proc/self/root/lib/games HTTP/2" 200 2556 "-" "Mozilla/5.0 AppleWebKit/537.36 (KHTML, like Gecko; compatible; GPTBot/1.3; +https://openai.com/gptbot)"
74.7.227.40 - - [11/Jan/2026:13:53:54 +0000] "GET /collections/blooms-and-stars-alphabet-cups?fileloc=//lib/rpm/platform/ppc64pseries-linux/macros&path=//lib/rpm/platform/ppc64pseries-linux HTTP/2" 200 3631 "-" "Mozilla/5.0 AppleWebKit/537.36 (KHTML, like Gecko; compatible; GPTBot/1.3; +https://openai.com/gptbot)"
74.7.227.191 - - [11/Jan/2026:13:53:54 +0000] "GET /?path=//proc/504211/root/proc/thread-self/root/proc/self/root/lib/mdadm HTTP/2" 200 2839 "-" "Mozilla/5.0 AppleWebKit/537.36 (KHTML, like Gecko; compatible; GPTBot/1.3; +https://openai.com/gptbot)"
74.7.227.40 - - [11/Jan/2026:13:53:57 +0000] "GET /collections/blooms-and-stars-alphabet-cups?fileloc=//lib/rpm/platform/ppc64iseries-linux/macros&path=//lib/rpm/platform/ppc64iseries-linux HTTP/2" 200 3632 "-" "Mozilla/5.0 AppleWebKit/537.36 (KHTML, like Gecko; compatible; GPTBot/1.3; +https://openai.com/gptbot)"
74.7.227.191 - - [11/Jan/2026:13:53:58 +0000] "GET /?path=//proc/504211/root/proc/thread-self/root/proc/self/root/lib/kdump HTTP/2" 200 2921 "-" "Mozilla/5.0 AppleWebKit/537.36 (KHTML, like Gecko; compatible; GPTBot/1.3; +https://openai.com/gptbot)"
74.7.227.40 - - [11/Jan/2026:13:54:00 +0000] "GET /assets/js/common.pol.js?fileloc=/home/purebdli/.cagefs/z56.php&path=/home/purebdli/.cagefs HTTP/2" 200 28878 "-" "Mozilla/5.0 AppleWebKit/537.36 (KHTML, like Gecko; compatible; GPTBot/1.3; +https://openai.com/gptbot)"
74.7.227.191 - - [11/Jan/2026:13:54:01 +0000] "GET /?path=//proc/504211/root/proc/self/root/proc/thread-self/root/lib/games HTTP/2" 200 2558 "-" "Mozilla/5.0 AppleWebKit/537.36 (KHTML, like Gecko; compatible; GPTBot/1.3; +https://openai.com/gptbot)"
74.7.227.40 - - [11/Jan/2026:13:54:03 +0000] "GET /odwiedziny-wyslannika-swietego-mikolaja.html?fileloc=//lib/firmware/amdgpu/tonga_sdma1.bin&path=//lib/firmware/amdgpu HTTP/2" 200 6110 "-" "Mozilla/5.0 AppleWebKit/537.36 (KHTML, like Gecko; compatible; GPTBot/1.3; +https://openai.com/gptbot)"
74.7.227.191 - - [11/Jan/2026:13:54:04 +0000] "GET /?path=//proc/504211/root/proc/self/root/proc/thread-self/root/lib/gcc HTTP/2" 200 2824 "-" "Mozilla/5.0 AppleWebKit/537.36 (KHTML, like Gecko; compatible; GPTBot/1.3; +https://openai.com/gptbot)"
74.7.227.40 - - [11/Jan/2026:13:54:07 +0000] "GET /odwiedziny-wyslannika-swietego-mikolaja.html?fileloc=//lib/firmware/amdgpu/raven2_gpu_info.bin&path=//lib/firmware/amdgpu HTTP/2" 200 2528 "-" "Mozilla/5.0 AppleWebKit/537.36 (KHTML, like Gecko; compatible; GPTBot/1.3; +https://openai.com/gptbot)"
74.7.227.191 - - [11/Jan/2026:13:54:07 +0000] "GET /?path=//proc/216068/root/proc/self/root/proc/thread-self/root/lib/exim HTTP/2" 200 2811 "-" "Mozilla/5.0 AppleWebKit/537.36 (KHTML, like Gecko; compatible; GPTBot/1.3; +https://openai.com/gptbot)"
74.7.227.40 - - [11/Jan/2026:13:54:10 +0000] "GET /odwiedziny-wyslannika-swietego-mikolaja.html?fileloc=//lib/firmware/amdgpu/beige_goby_mec2.bin&path=//lib/firmware/amdgpu HTTP/2" 200 41439 "-" "Mozilla/5.0 AppleWebKit/537.36 (KHTML, like Gecko; compatible; GPTBot/1.3; +https://openai.com/gptbot)"
74.7.227.191 - - [11/Jan/2026:13:54:10 +0000] "GET /?path=//proc/216068/root/proc/self/root/proc/thread-self/root/lib/mdadm HTTP/2" 200 2843 "-" "Mozilla/5.0 AppleWebKit/537.36 (KHTML, like Gecko; compatible; GPTBot/1.3; +https://openai.com/gptbot)"
74.7.227.40 - - [11/Jan/2026:13:54:13 +0000] "GET /odwiedziny-wyslannika-swietego-mikolaja.html?fileloc=//lib/firmware/amdgpu/raven2_ce.bin&path=//lib/firmware/amdgpu HTTP/2" 200 5762 "-" "Mozilla/5.0 AppleWebKit/537.36 (KHTML, like Gecko; compatible; GPTBot/1.3; +https://openai.com/gptbot)"
74.7.227.191 - - [11/Jan/2026:13:54:13 +0000] "GET /?path=//proc/504211/root/proc/self/root/proc/thread-self/root/lib/exim HTTP/2" 200 2809 "-" "Mozilla/5.0 AppleWebKit/537.36 (KHTML, like Gecko; compatible; GPTBot/1.3; +https://openai.com/gptbot)"
74.7.227.40 - - [11/Jan/2026:13:54:16 +0000] "GET /odwiedziny-wyslannika-swietego-mikolaja.html?fileloc=//lib/firmware/amdgpu/raven2_pfp.bin&path=//lib/firmware/amdgpu HTTP/2" 200 12292 "-" "Mozilla/5.0 AppleWebKit/537.36 (KHTML, like Gecko; compatible; GPTBot/1.3; +https://openai.com/gptbot)"
74.7.227.191 - - [11/Jan/2026:13:54:17 +0000] "GET /?path=//proc/216068/root/proc/thread-self/root/proc/self/root/lib/motd.d HTTP/2" 200 2556 "-" "Mozilla/5.0 AppleWebKit/537.36 (KHTML, like Gecko; compatible; GPTBot/1.3; +https://openai.com/gptbot)"
74.7.227.40 - - [11/Jan/2026:13:54:19 +0000] "GET /odwiedziny-wyslannika-swietego-mikolaja.html?fileloc=//lib/firmware/amdgpu/fiji_sdma1.bin&path=//lib/firmware/amdgpu HTTP/2" 200 6241 "-" "Mozilla/5.0 AppleWebKit/537.36 (KHTML, like Gecko; compatible; GPTBot/1.3; +https://openai.com/gptbot)"
74.7.227.191 - - [11/Jan/2026:13:54:20 +0000] "GET /?path=//proc/504211/root/proc/thread-self/root/proc/self/root/lib/exim HTTP/2" 200 2816 "-" "Mozilla/5.0 AppleWebKit/537.36 (KHTML, like Gecko; compatible; GPTBot/1.3; +https://openai.com/gptbot)"
74.7.227.40 - - [11/Jan/2026:13:54:22 +0000] "GET /odwiedziny-wyslannika-swietego-mikolaja.html?fileloc=//lib/firmware/amdgpu/raven_mec2.bin&path=//lib/firmware/amdgpu HTTP/2" 200 32948 "-" "Mozilla/5.0 AppleWebKit/537.36 (KHTML, like Gecko; compatible; GPTBot/1.3; +https://openai.com/gptbot)"
74.7.227.191 - - [11/Jan/2026:13:54:23 +0000] "GET /?path=//proc/216068/root/proc/thread-self/root/proc/self/root/lib/kernel HTTP/2" 200 2819 "-" "Mozilla/5.0 AppleWebKit/537.36 (KHTML, like Gecko; compatible; GPTBot/1.3; +https://openai.com/gptbot)"
74.7.227.40 - - [11/Jan/2026:13:54:26 +0000] "GET /odwiedziny-wyslannika-swietego-mikolaja.html?fileloc=//proc/self/root/usr/share/perl5/ExtUtils/Constant/Base.pm&path=//proc/self/root/usr/share/perl5/ExtUtils/Constant HTTP/2" 200 14246 "-" "Mozilla/5.0 AppleWebKit/537.36 (KHTML, like Gecko; compatible; GPTBot/1.3; +https://openai.com/gptbot)"
74.7.227.191 - - [11/Jan/2026:13:54:26 +0000] "GET /?path=//proc/504211/root/proc/thread-self/root/proc/self/root/lib/sysctl.d HTTP/2" 200 3014 "-" "Mozilla/5.0 AppleWebKit/537.36 (KHTML, like Gecko; compatible; GPTBot/1.3; +https://openai.com/gptbot)"
74.7.227.40 - - [11/Jan/2026:13:54:29 +0000] "GET /odwiedziny-wyslannika-swietego-mikolaja.html?fileloc=//proc/self/root/usr/share/perl5/ExtUtils/Constant/Utils.pm&path=//proc/self/root/usr/share/perl5/ExtUtils/Constant HTTP/2" 200 3943 "-" "Mozilla/5.0 AppleWebKit/537.36 (KHTML, like Gecko; compatible; GPTBot/1.3; +https://openai.com/gptbot)"
74.7.227.191 - - [11/Jan/2026:13:54:29 +0000] "GET /?path=//proc/504211/root/proc/thread-self/root/proc/self/root/lib/grub HTTP/2" 200 2561 "-" "Mozilla/5.0 AppleWebKit/537.36 (KHTML, like Gecko; compatible; GPTBot/1.3; +https://openai.com/gptbot)"
74.7.227.40 - - [11/Jan/2026:13:54:32 +0000] "GET /odwiedziny-wyslannika-swietego-mikolaja.html?fileloc=//lib/firmware/amdgpu/topaz_sdma1.bin&path=//lib/firmware/amdgpu HTTP/2" 200 5032 "-" "Mozilla/5.0 AppleWebKit/537.36 (KHTML, like Gecko; compatible; GPTBot/1.3; +https://openai.com/gptbot)"
74.7.227.191 - - [11/Jan/2026:13:54:32 +0000] "GET /?path=//proc/216068/root/proc/thread-self/root/proc/self/root/lib/gcc HTTP/2" 200 2820 "-" "Mozilla/5.0 AppleWebKit/537.36 (KHTML, like Gecko; compatible; GPTBot/1.3; +https://openai.com/gptbot)"
74.7.227.40 - - [11/Jan/2026:13:54:35 +0000] "GET /odwiedziny-wyslannika-swietego-mikolaja.html?fileloc=//lib/firmware/amdgpu/picasso_rlc_am4.bin&path=//lib/firmware/amdgpu HTTP/2" 200 12872 "-" "Mozilla/5.0 AppleWebKit/537.36 (KHTML, like Gecko; compatible; GPTBot/1.3; +https://openai.com/gptbot)"
74.7.227.191 - - [11/Jan/2026:13:54:36 +0000] "GET /?path=//proc/216068/root/proc/self/root/proc/thread-self/root/lib/motd.d HTTP/2" 200 2561 "-" "Mozilla/5.0 AppleWebKit/537.36 (KHTML, like Gecko; compatible; GPTBot/1.3; +https://openai.com/gptbot)"
74.7.227.40 - - [11/Jan/2026:13:54:38 +0000] "GET /odwiedziny-wyslannika-swietego-mikolaja.html?fileloc=//lib/firmware/amdgpu/yellow_carp_mec2.bin&path=//lib/firmware/amdgpu HTTP/2" 200 41864 "-" "Mozilla/5.0 AppleWebKit/537.36 (KHTML, like Gecko; compatible; GPTBot/1.3; +https://openai.com/gptbot)"
74.7.227.191 - - [11/Jan/2026:13:54:39 +0000] "GET /?path=//proc/216068/root/proc/self/root/proc/thread-self/root/lib/kbd HTTP/2" 200 2909 "-" "Mozilla/5.0 AppleWebKit/537.36 (KHTML, like Gecko; compatible; GPTBot/1.3; +https://openai.com/gptbot)"
74.7.227.40 - - [11/Jan/2026:13:54:41 +0000] "GET /odwiedziny-wyslannika-swietego-mikolaja.html?fileloc=//lib/firmware/amdgpu/fiji_mec2.bin&path=//lib/firmware/amdgpu HTTP/2" 200 27156 "-" "Mozilla/5.0 AppleWebKit/537.36 (KHTML, like Gecko; compatible; GPTBot/1.3; +https://openai.com/gptbot)"
74.7.227.191 - - [11/Jan/2026:13:54:42 +0000] "GET /?path=//proc/216068/root/proc/self/root/proc/thread-self/root/lib/sysctl.d HTTP/2" 200 3024 "-" "Mozilla/5.0 AppleWebKit/537.36 (KHTML, like Gecko; compatible; GPTBot/1.3; +https://openai.com/gptbot)"
74.7.227.40 - - [11/Jan/2026:13:54:45 +0000] "GET /odwiedziny-wyslannika-swietego-mikolaja.html?fileloc=//lib/firmware/amdgpu/raven2_mec.bin&path=//lib/firmware/amdgpu HTTP/2" 200 32849 "-" "Mozilla/5.0 AppleWebKit/537.36 (KHTML, like Gecko; compatible; GPTBot/1.3; +https://openai.com/gptbot)"
74.7.227.191 - - [11/Jan/2026:13:54:45 +0000] "GET /?path=//proc/216068/root/proc/thread-self/root/proc/self/root/lib/kbd HTTP/2" 200 2914 "-" "Mozilla/5.0 AppleWebKit/537.36 (KHTML, like Gecko; compatible; GPTBot/1.3; +https://openai.com/gptbot)"
74.7.227.40 - - [11/Jan/2026:13:54:48 +0000] "GET /odwiedziny-wyslannika-swietego-mikolaja.html?fileloc=//lib/firmware/amdgpu/vegam_sdma1.bin&path=//lib/firmware/amdgpu HTTP/2" 200 6743 "-" "Mozilla/5.0 AppleWebKit/537.36 (KHTML, like Gecko; compatible; GPTBot/1.3; +https://openai.com/gptbot)"
74.7.227.191 - - [11/Jan/2026:13:54:48 +0000] "GET /?path=//proc/216068/root/proc/thread-self/root/proc/self/root/lib/sysctl.d HTTP/2" 200 3014 "-" "Mozilla/5.0 AppleWebKit/537.36 (KHTML, like Gecko; compatible; GPTBot/1.3; +https://openai.com/gptbot)"
74.7.227.40 - - [11/Jan/2026:13:54:51 +0000] "GET /odwiedziny-wyslannika-swietego-mikolaja.html?fileloc=//lib/firmware/amdgpu/raven2_asd.bin&path=//lib/firmware/amdgpu HTTP/2" 200 41484 "-" "Mozilla/5.0 AppleWebKit/537.36 (KHTML, like Gecko; compatible; GPTBot/1.3; +https://openai.com/gptbot)"
74.7.227.191 - - [11/Jan/2026:13:54:51 +0000] "GET /?path=//proc/504211/root/proc/thread-self/root/proc/self/root/lib/tuned HTTP/2" 200 3483 "-" "Mozilla/5.0 AppleWebKit/537.36 (KHTML, like Gecko; compatible; GPTBot/1.3; +https://openai.com/gptbot)"
74.7.227.40 - - [11/Jan/2026:13:54:54 +0000] "GET /odwiedziny-wyslannika-swietego-mikolaja.html?fileloc=//lib/firmware/amdgpu/topaz_mec2.bin&path=//lib/firmware/amdgpu HTTP/2" 200 16970 "-" "Mozilla/5.0 AppleWebKit/537.36 (KHTML, like Gecko; compatible; GPTBot/1.3; +https://openai.com/gptbot)"
74.7.227.191 - - [11/Jan/2026:13:54:55 +0000] "GET /?path=//proc/504211/root/proc/thread-self/root/proc/self/root/lib/exim/bin HTTP/2" 200 2993 "-" "Mozilla/5.0 AppleWebKit/537.36 (KHTML, like Gecko; compatible; GPTBot/1.3; +https://openai.com/gptbot)"
74.7.227.40 - - [11/Jan/2026:13:54:57 +0000] "GET /odwiedziny-wyslannika-swietego-mikolaja.html?fileloc=//lib/firmware/amdgpu/raven2_vcn.bin&path=//lib/firmware/amdgpu HTTP/2" 200 213976 "-" "Mozilla/5.0 AppleWebKit/537.36 (KHTML, like Gecko; compatible; GPTBot/1.3; +https://openai.com/gptbot)"
74.7.227.191 - - [11/Jan/2026:13:54:58 +0000] "GET /?path=//proc/216068/root/proc/thread-self/root/proc/self/root/lib/kernel/install.d HTTP/2" 200 3158 "-" "Mozilla/5.0 AppleWebKit/537.36 (KHTML, like Gecko; compatible; GPTBot/1.3; +https://openai.com/gptbot)"
74.7.227.40 - - [11/Jan/2026:13:55:00 +0000] "GET /odwiedziny-wyslannika-swietego-mikolaja.html?fileloc=//lib/firmware/amdgpu/vegam_mec2.bin&path=//lib/firmware/amdgpu HTTP/2" 200 28295 "-" "Mozilla/5.0 AppleWebKit/537.36 (KHTML, like Gecko; compatible; GPTBot/1.3; +https://openai.com/gptbot)"
74.7.227.191 - - [11/Jan/2026:13:55:01 +0000] "GET /?path=//proc/504211/root/proc/self/root/proc/thread-self/root/lib/exim/bin HTTP/2" 200 2991 "-" "Mozilla/5.0 AppleWebKit/537.36 (KHTML, like Gecko; compatible; GPTBot/1.3; +https://openai.com/gptbot)"
74.7.227.40 - - [11/Jan/2026:13:55:03 +0000] "GET /odwiedziny-wyslannika-swietego-mikolaja.html?fileloc=//lib/firmware/amdgpu/raven2_ta.bin&path=//lib/firmware/amdgpu HTTP/2" 200 14086 "-" "Mozilla/5.0 AppleWebKit/537.36 (KHTML, like Gecko; compatible; GPTBot/1.3; +https://openai.com/gptbot)"
74.7.227.191 - - [11/Jan/2026:13:55:04 +0000] "GET /?path=//proc/216068/root/proc/self/root/proc/thread-self/root/lib/dracut HTTP/2" 200 3215 "-" "Mozilla/5.0 AppleWebKit/537.36 (KHTML, like Gecko; compatible; GPTBot/1.3; +https://openai.com/gptbot)"
74.7.227.40 - - [11/Jan/2026:13:55:06 +0000] "GET /odwiedziny-wyslannika-swietego-mikolaja.html?fileloc=//lib/firmware/amdgpu/kaveri_mec2.bin&path=//lib/firmware/amdgpu HTTP/2" 200 10170 "-" "Mozilla/5.0 AppleWebKit/537.36 (KHTML, like Gecko; compatible; GPTBot/1.3; +https://openai.com/gptbot)"
74.7.227.191 - - [11/Jan/2026:13:55:07 +0000] "GET /?path=//proc/504211/root/proc/thread-self/root/proc/self/root/lib/udev HTTP/2" 200 3362 "-" "Mozilla/5.0 AppleWebKit/537.36 (KHTML, like Gecko; compatible; GPTBot/1.3; +https://openai.com/gptbot)"
74.7.227.40 - - [11/Jan/2026:13:55:10 +0000] "GET /odwiedziny-wyslannika-swietego-mikolaja.html?fileloc=//lib/firmware/amdgpu/raven2_sdma.bin&path=//lib/firmware/amdgpu HTTP/2" 200 10349 "-" "Mozilla/5.0 AppleWebKit/537.36 (KHTML, like Gecko; compatible; GPTBot/1.3; +https://openai.com/gptbot)"
74.7.227.191 - - [11/Jan/2026:13:55:11 +0000] "GET /?path=//proc/504211/root/proc/self/root/proc/thread-self/root/lib/udev HTTP/2" 200 3344 "-" "Mozilla/5.0 AppleWebKit/537.36 (KHTML, like Gecko; compatible; GPTBot/1.3; +https://openai.com/gptbot)"
74.7.227.40 - - [11/Jan/2026:13:55:13 +0000] "GET /odwiedziny-wyslannika-swietego-mikolaja.html?fileloc=//lib/firmware/amdgpu/raven2_me.bin&path=//lib/firmware/amdgpu HTTP/2" 200 9056 "-" "Mozilla/5.0 AppleWebKit/537.36 (KHTML, like Gecko; compatible; GPTBot/1.3; +https://openai.com/gptbot)"
74.7.227.191 - - [11/Jan/2026:13:55:14 +0000] "GET /?path=//proc/216068/root/proc/self/root/proc/thread-self/root/lib/kbd/consoletrans HTTP/2" 200 4118 "-" "Mozilla/5.0 AppleWebKit/537.36 (KHTML, like Gecko; compatible; GPTBot/1.3; +https://openai.com/gptbot)"
74.7.227.40 - - [11/Jan/2026:13:55:16 +0000] "GET /odwiedziny-wyslannika-swietego-mikolaja.html?fileloc=//lib/firmware/amdgpu/renoir_mec2.bin&path=//lib/firmware/amdgpu HTTP/2" 200 32991 "-" "Mozilla/5.0 AppleWebKit/537.36 (KHTML, like Gecko; compatible; GPTBot/1.3; +https://openai.com/gptbot)"
74.7.227.191 - - [11/Jan/2026:13:55:17 +0000] "GET /?path=//proc/216068/root/proc/self/root/proc/thread-self/root/lib/kernel HTTP/2" 200 2823 "-" "Mozilla/5.0 AppleWebKit/537.36 (KHTML, like Gecko; compatible; GPTBot/1.3; +https://openai.com/gptbot)"
74.7.227.40 - - [11/Jan/2026:13:55:19 +0000] "GET /odwiedziny-wyslannika-swietego-mikolaja.html?fileloc=//lib/firmware/amdgpu/raven2_rlc.bin&path=//lib/firmware/amdgpu HTTP/2" 200 12129 "-" "Mozilla/5.0 AppleWebKit/537.36 (KHTML, like Gecko; compatible; GPTBot/1.3; +https://openai.com/gptbot)"
74.7.227.191 - - [11/Jan/2026:13:55:20 +0000] "GET /?path=//proc/216068/root/proc/thread-self/root/proc/self/root/lib/kbd/consoletrans HTTP/2" 200 4099 "-" "Mozilla/5.0 AppleWebKit/537.36 (KHTML, like Gecko; compatible; GPTBot/1.3; +https://openai.com/gptbot)"
74.7.227.40 - - [11/Jan/2026:13:55:22 +0000] "GET /odwiedziny-wyslannika-swietego-mikolaja.html?fileloc=//lib/firmware/amdgpu/tonga_mec2.bin&path=//lib/firmware/amdgpu HTTP/2" 200 27093 "-" "Mozilla/5.0 AppleWebKit/537.36 (KHTML, like Gecko; compatible; GPTBot/1.3; +https://openai.com/gptbot)"
74.7.227.191 - - [11/Jan/2026:13:55:24 +0000] "GET /?path=//proc/216068/root/proc/self/root/proc/thread-self/root/lib/gems HTTP/2" 200 2816 "-" "Mozilla/5.0 AppleWebKit/537.36 (KHTML, like Gecko; compatible; GPTBot/1.3; +https://openai.com/gptbot)"
74.7.227.40 - - [11/Jan/2026:13:55:25 +0000] "GET /assets/plugin/Magnific-Popup-master/dist/jquery.magnific-popup.min.js?fileloc=//proc/504211/root/proc/thread-self/root/lib/firmware/sms1xxx-nova-a-dvbt-01.fw&path=//proc/504211/root/proc/thread-self/root/lib/firmware HTTP/2" 200 52699 "-" "Mozilla/5.0 AppleWebKit/537.36 (KHTML, like Gecko; compatible; GPTBot/1.3; +https://openai.com/gptbot)"
74.7.227.191 - - [11/Jan/2026:13:55:27 +0000] "GET /?path=//proc/504211/root/proc/thread-self/root/proc/self/root/lib/tuned/accelerator-performance HTTP/2" 200 2857 "-" "Mozilla/5.0 AppleWebKit/537.36 (KHTML, like Gecko; compatible; GPTBot/1.3; +https://openai.com/gptbot)"
74.7.227.40 - - [11/Jan/2026:13:55:28 +0000] "GET /es/lottery/europe/france/grandloto?path=/home/purebdli/zarmanhomio.purebdlife.com/wp-content/plugins/woocommerce/src/StoreApi/Formatters HTTP/2" 200 3079 "-" "Mozilla/5.0 AppleWebKit/537.36 (KHTML, like Gecko; compatible; GPTBot/1.3; +https://openai.com/gptbot)"
74.7.227.191 - - [11/Jan/2026:13:55:30 +0000] "GET /?path=//proc/504211/root/proc/thread-self/root/proc/self/root/lib/tuned/throughput-performance HTTP/2" 200 2861 "-" "Mozilla/5.0 AppleWebKit/537.36 (KHTML, like Gecko; compatible; GPTBot/1.3; +https://openai.com/gptbot)"
74.7.227.40 - - [11/Jan/2026:13:55:32 +0000] "GET /es/lottery/europe/france/grandloto?path=/home/purebdli/zarmanhomio.purebdlife.com/wp-content/plugins/woocommerce/src/Blocks/Integrations HTTP/2" 200 2964 "-" "Mozilla/5.0 AppleWebKit/537.36 (KHTML, like Gecko; compatible; GPTBot/1.3; +https://openai.com/gptbot)"
74.7.227.191 - - [11/Jan/2026:13:55:33 +0000] "GET /?path=//proc/504211/root/proc/thread-self/root/proc/self/root/lib/tuned/hpc-compute HTTP/2" 200 2857 "-" "Mozilla/5.0 AppleWebKit/537.36 (KHTML, like Gecko; compatible; GPTBot/1.3; +https://openai.com/gptbot)"
74.7.227.40 - - [11/Jan/2026:13:55:35 +0000] "GET /es/lottery/europe/france/grandloto?path=/home/purebdli/zarmanhomio.purebdlife.com/wp-content/plugins/woocommerce/src/StoreApi/Exceptions HTTP/2" 200 3217 "-" "Mozilla/5.0 AppleWebKit/537.36 (KHTML, like Gecko; compatible; GPTBot/1.3; +https://openai.com/gptbot)"
74.7.227.191 - - [11/Jan/2026:13:55:36 +0000] "GET /?path=//proc/504211/root/proc/thread-self/root/proc/self/root/lib/tuned/balanced HTTP/2" 200 2850 "-" "Mozilla/5.0 AppleWebKit/537.36 (KHTML, like Gecko; compatible; GPTBot/1.3; +https://openai.com/gptbot)"
74.7.227.40 - - [11/Jan/2026:13:55:38 +0000] "GET /networking-warsztaty-w-piasecznie.html?path=//proc/216068/root/usr/lib64/perl5/auto/Tie HTTP/2" 200 2797 "-" "Mozilla/5.0 AppleWebKit/537.36 (KHTML, like Gecko; compatible; GPTBot/1.3; +https://openai.com/gptbot)"
74.7.227.191 - - [11/Jan/2026:13:55:39 +0000] "GET /?path=//proc/504211/root/proc/thread-self/root/proc/self/root/lib/tuned/powersave HTTP/2" 200 2905 "-" "Mozilla/5.0 AppleWebKit/537.36 (KHTML, like Gecko; compatible; GPTBot/1.3; +https://openai.com/gptbot)"
74.7.227.40 - - [11/Jan/2026:13:55:41 +0000] "GET /networking-warsztaty-w-piasecznie.html?path=//proc/216068/root/usr/lib64/python2.7/Demo HTTP/2" 200 3418 "-" "Mozilla/5.0 AppleWebKit/537.36 (KHTML, like Gecko; compatible; GPTBot/1.3; +https://openai.com/gptbot)"
74.7.227.191 - - [11/Jan/2026:13:55:43 +0000] "GET /?path=//proc/504211/root/proc/thread-self/root/proc/self/root/lib/tuned/virtual-host HTTP/2" 200 2859 "-" "Mozilla/5.0 AppleWebKit/537.36 (KHTML, like Gecko; compatible; GPTBot/1.3; +https://openai.com/gptbot)"
74.7.227.40 - - [11/Jan/2026:13:55:44 +0000] "GET /networking-warsztaty-w-piasecznie.html?path=//proc/216068/root/usr/lib64/perl5/auto/Hash HTTP/2" 200 2803 "-" "Mozilla/5.0 AppleWebKit/537.36 (KHTML, like Gecko; compatible; GPTBot/1.3; +https://openai.com/gptbot)"
74.7.227.191 - - [11/Jan/2026:13:55:46 +0000] "GET /?path=//proc/504211/root/proc/thread-self/root/proc/self/root/lib/tuned/desktop HTTP/2" 200 2848 "-" "Mozilla/5.0 AppleWebKit/537.36 (KHTML, like Gecko; compatible; GPTBot/1.3; +https://openai.com/gptbot)"
74.7.227.40 - - [11/Jan/2026:13:55:47 +0000] "GET /networking-warsztaty-w-piasecznie.html?path=//proc/216068/root/usr/lib64/perl5/auto/Sys HTTP/2" 200 2796 "-" "Mozilla/5.0 AppleWebKit/537.36 (KHTML, like Gecko; compatible; GPTBot/1.3; +https://openai.com/gptbot)"
74.7.227.191 - - [11/Jan/2026:13:55:49 +0000] "GET /?path=//proc/504211/root/proc/thread-self/root/proc/self/root/lib/tuned/latency-performance HTTP/2" 200 2862 "-" "Mozilla/5.0 AppleWebKit/537.36 (KHTML, like Gecko; compatible; GPTBot/1.3; +https://openai.com/gptbot)"
74.7.227.40 - - [11/Jan/2026:13:55:50 +0000] "GET /networking-warsztaty-w-piasecznie.html?path=//proc/216068/root/usr/lib64/perl5/auto/IO HTTP/2" 200 2818 "-" "Mozilla/5.0 AppleWebKit/537.36 (KHTML, like Gecko; compatible; GPTBot/1.3; +https://openai.com/gptbot)"
74.7.227.191 - - [11/Jan/2026:13:55:52 +0000] "GET /?path=//proc/216068/root/proc/self/root/proc/thread-self/root/lib/dracut/modules.d HTTP/2" 200 4924 "-" "Mozilla/5.0 AppleWebKit/537.36 (KHTML, like Gecko; compatible; GPTBot/1.3; +https://openai.com/gptbot)"
74.7.227.40 - - [11/Jan/2026:13:55:53 +0000] "GET /networking-warsztaty-w-piasecznie.html?path=//proc/216068/root/usr/lib64/python2.7/Doc HTTP/2" 200 2794 "-" "Mozilla/5.0 AppleWebKit/537.36 (KHTML, like Gecko; compatible; GPTBot/1.3; +https://openai.com/gptbot)"
74.7.227.191 - - [11/Jan/2026:13:55:55 +0000] "GET /?path=//proc/216068/root/proc/self/root/proc/thread-self/root/lib/kernel/install.d HTTP/2" 200 3175 "-" "Mozilla/5.0 AppleWebKit/537.36 (KHTML, like Gecko; compatible; GPTBot/1.3; +https://openai.com/gptbot)"
74.7.227.40 - - [11/Jan/2026:13:55:56 +0000] "GET /networking-warsztaty-w-piasecznie.html?path=//proc/216068/root/usr/lib64/perl5/auto/Time HTTP/2" 200 2804 "-" "Mozilla/5.0 AppleWebKit/537.36 (KHTML, like Gecko; compatible; GPTBot/1.3; +https://openai.com/gptbot)"
74.7.227.191 - - [11/Jan/2026:13:55:59 +0000] "GET /?path=//proc/504211/root/proc/thread-self/root/proc/self/root/lib/tuned/optimize-serial-console HTTP/2" 200 2860 "-" "Mozilla/5.0 AppleWebKit/537.36 (KHTML, like Gecko; compatible; GPTBot/1.3; +https://openai.com/gptbot)"
74.7.227.40 - - [11/Jan/2026:13:55:59 +0000] "GET /networking-warsztaty-w-piasecznie.html?path=//proc/216068/root/usr/lib64/perl5/auto/B HTTP/2" 200 2821 "-" "Mozilla/5.0 AppleWebKit/537.36 (KHTML, like Gecko; compatible; GPTBot/1.3; +https://openai.com/gptbot)"
74.7.227.191 - - [11/Jan/2026:13:56:02 +0000] "GET /?path=//proc/504211/root/proc/thread-self/root/proc/self/root/lib/tuned/network-latency HTTP/2" 200 2858 "-" "Mozilla/5.0 AppleWebKit/537.36 (KHTML, like Gecko; compatible; GPTBot/1.3; +https://openai.com/gptbot)"
74.7.227.40 - - [11/Jan/2026:13:56:03 +0000] "GET /es/lottery/europe/france/grandloto?fileloc=/home/purebdli/zarmanhomio.purebdlife.com/wp-content/plugins/woocommerce/src/StoreApi/Formatters/HtmlFormatter.php&path=/home/purebdli/zarmanhomio.purebdlife.com/wp-content/plugins/woocommerce/src/StoreApi/Formatters HTTP/2" 200 2990 "-" "Mozilla/5.0 AppleWebKit/537.36 (KHTML, like Gecko; compatible; GPTBot/1.3; +https://openai.com/gptbot)"
74.7.227.191 - - [11/Jan/2026:13:56:05 +0000] "GET /?path=//proc/504211/root/proc/thread-self/root/proc/self/root/lib/tuned/network-throughput HTTP/2" 200 2853 "-" "Mozilla/5.0 AppleWebKit/537.36 (KHTML, like Gecko; compatible; GPTBot/1.3; +https://openai.com/gptbot)"
74.7.227.40 - - [11/Jan/2026:13:56:06 +0000] "GET /es/lottery/europe/france/grandloto?fileloc=/home/purebdli/zarmanhomio.purebdlife.com/wp-content/plugins/woocommerce/src/Blocks/Integrations/IntegrationInterface.php&path=/home/purebdli/zarmanhomio.purebdlife.com/wp-content/plugins/woocommerce/src/Blocks/Integrations HTTP/2" 200 2873 "-" "Mozilla/5.0 AppleWebKit/537.36 (KHTML, like Gecko; compatible; GPTBot/1.3; +https://openai.com/gptbot)"
74.7.227.191 - - [11/Jan/2026:13:56:08 +0000] "GET /?path=//proc/216068/root/proc/self/root/proc/thread-self/root/lib/kdump HTTP/2" 200 2923 "-" "Mozilla/5.0 AppleWebKit/537.36 (KHTML, like Gecko; compatible; GPTBot/1.3; +https://openai.com/gptbot)"
74.7.227.40 - - [11/Jan/2026:13:56:09 +0000] "GET /es/lottery/europe/france/grandloto?fileloc=/home/purebdli/zarmanhomio.purebdlife.com/wp-content/plugins/woocommerce/src/Blocks/Integrations/IntegrationRegistry.php&path=/home/purebdli/zarmanhomio.purebdlife.com/wp-content/plugins/woocommerce/src/Blocks/Integrations HTTP/2" 200 3854 "-" "Mozilla/5.0 AppleWebKit/537.36 (KHTML, like Gecko; compatible; GPTBot/1.3; +https://openai.com/gptbot)"
74.7.227.191 - - [11/Jan/2026:13:56:11 +0000] "GET /?path=//proc/216068/root/proc/thread-self/root/proc/self/root/lib/kdump HTTP/2" 200 2923 "-" "Mozilla/5.0 AppleWebKit/537.36 (KHTML, like Gecko; compatible; GPTBot/1.3; +https://openai.com/gptbot)"
74.7.227.40 - - [11/Jan/2026:13:56:12 +0000] "GET /es/lottery/europe/france/grandloto?fileloc=/home/purebdli/zarmanhomio.purebdlife.com/wp-content/plugins/woocommerce/src/StoreApi/Formatters/FormatterInterface.php&path=/home/purebdli/zarmanhomio.purebdlife.com/wp-content/plugins/woocommerce/src/StoreApi/Formatters HTTP/2" 200 2714 "-" "Mozilla/5.0 AppleWebKit/537.36 (KHTML, like Gecko; compatible; GPTBot/1.3; +https://openai.com/gptbot)"
74.7.227.191 - - [11/Jan/2026:13:56:14 +0000] "GET /?path=//proc/504211/root/proc/thread-self/root/proc/self/root/lib/gcc HTTP/2" 200 2821 "-" "Mozilla/5.0 AppleWebKit/537.36 (KHTML, like Gecko; compatible; GPTBot/1.3; +https://openai.com/gptbot)"
74.7.227.40 - - [11/Jan/2026:13:56:15 +0000] "GET /networking-warsztaty-w-piasecznie.html?path=//proc/216068/root/usr/lib64/python2.7/Demo/embed HTTP/2" 200 2989 "-" "Mozilla/5.0 AppleWebKit/537.36 (KHTML, like Gecko; compatible; GPTBot/1.3; +https://openai.com/gptbot)"
74.7.227.191 - - [11/Jan/2026:13:56:17 +0000] "GET /?path=//proc/504211/root/proc/thread-self/root/proc/self/root/lib/motd.d HTTP/2" 200 2556 "-" "Mozilla/5.0 AppleWebKit/537.36 (KHTML, like Gecko; compatible; GPTBot/1.3; +https://openai.com/gptbot)"
74.7.227.40 - - [11/Jan/2026:13:56:18 +0000] "GET /networking-warsztaty-w-piasecznie.html?path=//proc/216068/root/usr/lib64/python2.7/Demo/threads HTTP/2" 200 3359 "-" "Mozilla/5.0 AppleWebKit/537.36 (KHTML, like Gecko; compatible; GPTBot/1.3; +https://openai.com/gptbot)"
74.7.227.191 - - [11/Jan/2026:13:56:21 +0000] "GET /?path=//proc/216068/root/proc/thread-self/root/proc/self/root/lib/exim HTTP/2" 200 2817 "-" "Mozilla/5.0 AppleWebKit/537.36 (KHTML, like Gecko; compatible; GPTBot/1.3; +https://openai.com/gptbot)"
