74.7.227.191 - - [11/Jan/2026:12:26:15 +0000] "GET /?path=//proc/504211/root/proc/thread-self/root/usr/lib64/perl5/vendor_perl/auto/Compress/Raw HTTP/2" 200 2901 "-" "Mozilla/5.0 AppleWebKit/537.36 (KHTML, like Gecko; compatible; GPTBot/1.3; +https://openai.com/gptbot)"
74.7.227.40 - - [11/Jan/2026:12:26:15 +0000] "GET /podsumowanie-projektu-raport-koncowy.html?fileloc=//lib64/perl5/asm-generic/termbits.ph&path=//lib64/perl5/asm-generic HTTP/2" 200 4068 "-" "Mozilla/5.0 AppleWebKit/537.36 (KHTML, like Gecko; compatible; GPTBot/1.3; +https://openai.com/gptbot)"
74.7.227.191 - - [11/Jan/2026:12:26:18 +0000] "GET /?path=//proc/504211/root/var/softaculous/sitepad/editor/site-data/plugins/kkart-pro/vendor/pelago/emogrifier/src/Emogrifier HTTP/2" 200 3049 "-" "Mozilla/5.0 AppleWebKit/537.36 (KHTML, like Gecko; compatible; GPTBot/1.3; +https://openai.com/gptbot)"
74.7.227.40 - - [11/Jan/2026:12:26:18 +0000] "GET /img/flags/16/Germany.png?path=//home/purebdli/.cagefs/opt/alt/php80/link HTTP/2" 200 2796 "-" "Mozilla/5.0 AppleWebKit/537.36 (KHTML, like Gecko; compatible; GPTBot/1.3; +https://openai.com/gptbot)"
74.7.227.191 - - [11/Jan/2026:12:26:21 +0000] "GET /?path=//proc/504211/root/proc/self/root/opt/alt/ruby23/lib64/ruby/gems/2.3.0/gems HTTP/2" 200 2928 "-" "Mozilla/5.0 AppleWebKit/537.36 (KHTML, like Gecko; compatible; GPTBot/1.3; +https://openai.com/gptbot)"
74.7.227.40 - - [11/Jan/2026:12:26:21 +0000] "GET /img/flags/16/Germany.png?path=//home/purebdli/.cagefs/opt/alt/php80/var HTTP/2" 200 2785 "-" "Mozilla/5.0 AppleWebKit/537.36 (KHTML, like Gecko; compatible; GPTBot/1.3; +https://openai.com/gptbot)"
74.7.227.191 - - [11/Jan/2026:12:26:24 +0000] "GET /?path=//proc/504211/root/proc/thread-self/root/proc/self/root/proc/thread-self/cwd HTTP/2" 200 4043 "-" "Mozilla/5.0 AppleWebKit/537.36 (KHTML, like Gecko; compatible; GPTBot/1.3; +https://openai.com/gptbot)"
74.7.227.40 - - [11/Jan/2026:12:26:25 +0000] "GET /assets/plugin/Magnific-Popup-master/dist/jquery.magnific-popup.min.js?fileloc=//proc/504211/root/proc/thread-self/root/usr/lib/systemd/user/systemd-tmpfiles-setup.service&path=//proc/504211/root/proc/thread-self/root/usr/lib/systemd/user HTTP/2" 200 2935 "-" "Mozilla/5.0 AppleWebKit/537.36 (KHTML, like Gecko; compatible; GPTBot/1.3; +https://openai.com/gptbot)"
74.7.227.191 - - [11/Jan/2026:12:26:27 +0000] "GET /?path=//proc/216068/root/proc/thread-self/root/proc/self/root/proc/thread-self/cwd HTTP/2" 200 4043 "-" "Mozilla/5.0 AppleWebKit/537.36 (KHTML, like Gecko; compatible; GPTBot/1.3; +https://openai.com/gptbot)"
74.7.227.40 - - [11/Jan/2026:12:26:28 +0000] "GET /assets/plugin/Magnific-Popup-master/dist/jquery.magnific-popup.min.js?fileloc=//proc/504211/root/proc/thread-self/root/usr/lib/systemd/user/grub-boot-success.service&path=//proc/504211/root/proc/thread-self/root/usr/lib/systemd/user HTTP/2" 200 2586 "-" "Mozilla/5.0 AppleWebKit/537.36 (KHTML, like Gecko; compatible; GPTBot/1.3; +https://openai.com/gptbot)"
74.7.227.191 - - [11/Jan/2026:12:26:31 +0000] "GET /?fileloc=//proc/misc&path=//proc HTTP/2" 200 2409 "-" "Mozilla/5.0 AppleWebKit/537.36 (KHTML, like Gecko; compatible; GPTBot/1.3; +https://openai.com/gptbot)"
74.7.227.40 - - [11/Jan/2026:12:26:31 +0000] "GET /assets/plugin/Magnific-Popup-master/dist/jquery.magnific-popup.min.js?fileloc=//proc/216068/root/proc/thread-self/root/usr/lib/systemd/user/grub-boot-success.service&path=//proc/216068/root/proc/thread-self/root/usr/lib/systemd/user HTTP/2" 200 2586 "-" "Mozilla/5.0 AppleWebKit/537.36 (KHTML, like Gecko; compatible; GPTBot/1.3; +https://openai.com/gptbot)"
74.7.227.191 - - [11/Jan/2026:12:26:34 +0000] "GET /?fileloc=//proc/mtrr&path=//proc HTTP/2" 200 2411 "-" "Mozilla/5.0 AppleWebKit/537.36 (KHTML, like Gecko; compatible; GPTBot/1.3; +https://openai.com/gptbot)"
74.7.227.40 - - [11/Jan/2026:12:26:34 +0000] "GET /assets/plugin/Magnific-Popup-master/dist/jquery.magnific-popup.min.js?fileloc=//proc/216068/root/proc/thread-self/root/usr/lib/systemd/user/systemd-tmpfiles-setup.service&path=//proc/216068/root/proc/thread-self/root/usr/lib/systemd/user HTTP/2" 200 2935 "-" "Mozilla/5.0 AppleWebKit/537.36 (KHTML, like Gecko; compatible; GPTBot/1.3; +https://openai.com/gptbot)"
74.7.227.191 - - [11/Jan/2026:12:26:37 +0000] "GET /?fileloc=//proc/stat&path=//proc HTTP/2" 200 3126 "-" "Mozilla/5.0 AppleWebKit/537.36 (KHTML, like Gecko; compatible; GPTBot/1.3; +https://openai.com/gptbot)"
74.7.227.40 - - [11/Jan/2026:12:26:37 +0000] "GET /networking-warsztaty-w-piasecznie.html?fileloc=//proc/216068/root/usr/lib64/python2.7/plistlib.pyo&path=//proc/216068/root/usr/lib64/python2.7 HTTP/2" 200 9400 "-" "Mozilla/5.0 AppleWebKit/537.36 (KHTML, like Gecko; compatible; GPTBot/1.3; +https://openai.com/gptbot)"
74.7.227.191 - - [11/Jan/2026:12:26:40 +0000] "GET /?path=//proc/1280235/root/proc/self/root/home/purebdli/mail/purebdlife.com HTTP/2" 200 2560 "-" "Mozilla/5.0 AppleWebKit/537.36 (KHTML, like Gecko; compatible; GPTBot/1.3; +https://openai.com/gptbot)"
74.7.227.40 - - [11/Jan/2026:12:26:41 +0000] "GET /networking-warsztaty-w-piasecznie.html?fileloc=//proc/216068/root/usr/lib64/python3.6/asyncore.py&path=//proc/216068/root/usr/lib64/python3.6 HTTP/2" 200 8743 "-" "Mozilla/5.0 AppleWebKit/537.36 (KHTML, like Gecko; compatible; GPTBot/1.3; +https://openai.com/gptbot)"
74.7.227.191 - - [11/Jan/2026:12:26:43 +0000] "GET /?path=//proc/504211/root/proc/self/root/proc/thread-self/root/proc/thread-self/root/usr/include/video HTTP/2" 200 2946 "-" "Mozilla/5.0 AppleWebKit/537.36 (KHTML, like Gecko; compatible; GPTBot/1.3; +https://openai.com/gptbot)"
74.7.227.40 - - [11/Jan/2026:12:26:44 +0000] "GET /networking-warsztaty-w-piasecznie.html?fileloc=//proc/216068/root/usr/lib64/python3.6/selectors.py&path=//proc/216068/root/usr/lib64/python3.6 HTTP/2" 200 6686 "-" "Mozilla/5.0 AppleWebKit/537.36 (KHTML, like Gecko; compatible; GPTBot/1.3; +https://openai.com/gptbot)"
74.7.227.191 - - [11/Jan/2026:12:26:46 +0000] "GET /?path=//proc/504211/root/proc/thread-self/root/usr/lib64/perl5/vendor_perl/List/Util HTTP/2" 200 2866 "-" "Mozilla/5.0 AppleWebKit/537.36 (KHTML, like Gecko; compatible; GPTBot/1.3; +https://openai.com/gptbot)"
74.7.227.40 - - [11/Jan/2026:12:26:47 +0000] "GET /networking-warsztaty-w-piasecznie.html?fileloc=//proc/216068/root/lib64/ruby/enc/trans/iso2022.so&path=//proc/216068/root/lib64/ruby/enc/trans HTTP/2" 200 7177 "-" "Mozilla/5.0 AppleWebKit/537.36 (KHTML, like Gecko; compatible; GPTBot/1.3; +https://openai.com/gptbot)"
74.7.227.191 - - [11/Jan/2026:12:26:50 +0000] "GET /?path=//proc/216068/root/proc/self/root/proc/thread-self/root/proc/thread-self/root/usr/include/video HTTP/2" 200 2946 "-" "Mozilla/5.0 AppleWebKit/537.36 (KHTML, like Gecko; compatible; GPTBot/1.3; +https://openai.com/gptbot)"
74.7.227.40 - - [11/Jan/2026:12:26:50 +0000] "GET /networking-warsztaty-w-piasecznie.html?fileloc=//proc/216068/root/usr/lib64/python2.7/colorsys.py&path=//proc/216068/root/usr/lib64/python2.7 HTTP/2" 200 3818 "-" "Mozilla/5.0 AppleWebKit/537.36 (KHTML, like Gecko; compatible; GPTBot/1.3; +https://openai.com/gptbot)"
74.7.227.191 - - [11/Jan/2026:12:26:53 +0000] "GET /?path=//proc/504211/root/var/softaculous/sitepad/editor/site-data/plugins/kkart-pro/vendor HTTP/2" 200 3460 "-" "Mozilla/5.0 AppleWebKit/537.36 (KHTML, like Gecko; compatible; GPTBot/1.3; +https://openai.com/gptbot)"
74.7.227.40 - - [11/Jan/2026:12:26:53 +0000] "GET /networking-warsztaty-w-piasecznie.html?fileloc=//proc/216068/root/usr/lib64/python2.7/optparse.py&path=//proc/216068/root/usr/lib64/python2.7 HTTP/2" 200 19291 "-" "Mozilla/5.0 AppleWebKit/537.36 (KHTML, like Gecko; compatible; GPTBot/1.3; +https://openai.com/gptbot)"
74.7.227.191 - - [11/Jan/2026:12:26:56 +0000] "GET /?path=//proc/504211/root/var/softaculous/sitepad/editor/site-data/plugins/kkart-pro/vendor/pelago HTTP/2" 200 2862 "-" "Mozilla/5.0 AppleWebKit/537.36 (KHTML, like Gecko; compatible; GPTBot/1.3; +https://openai.com/gptbot)"
74.7.227.40 - - [11/Jan/2026:12:26:56 +0000] "GET /networking-warsztaty-w-piasecznie.html?fileloc=//proc/216068/root/usr/lib64/python2.7/colorsys.pyo&path=//proc/216068/root/usr/lib64/python2.7 HTTP/2" 200 4196 "-" "Mozilla/5.0 AppleWebKit/537.36 (KHTML, like Gecko; compatible; GPTBot/1.3; +https://openai.com/gptbot)"
74.7.227.191 - - [11/Jan/2026:12:26:59 +0000] "GET /?path=//proc/504211/root/var/softaculous/sitepad/editor/site-data/plugins/kkart-pro/vendor/pelago/emogrifier/src HTTP/2" 200 2996 "-" "Mozilla/5.0 AppleWebKit/537.36 (KHTML, like Gecko; compatible; GPTBot/1.3; +https://openai.com/gptbot)"
74.7.227.40 - - [11/Jan/2026:12:27:00 +0000] "GET /networking-warsztaty-w-piasecznie.html?fileloc=//proc/216068/root/usr/lib64/python3.6/asynchat.py&path=//proc/216068/root/usr/lib64/python3.6 HTTP/2" 200 6309 "-" "Mozilla/5.0 AppleWebKit/537.36 (KHTML, like Gecko; compatible; GPTBot/1.3; +https://openai.com/gptbot)"
74.7.227.191 - - [11/Jan/2026:12:27:02 +0000] "GET /?path=//proc/504211/root/var/softaculous/sitepad/editor/site-data/plugins/kkart-pro/vendor/pelago/emogrifier HTTP/2" 200 2979 "-" "Mozilla/5.0 AppleWebKit/537.36 (KHTML, like Gecko; compatible; GPTBot/1.3; +https://openai.com/gptbot)"
74.7.227.40 - - [11/Jan/2026:12:27:03 +0000] "GET /networking-warsztaty-w-piasecznie.html?fileloc=//proc/216068/root/usr/lib64/python3.6/telnetlib.py&path=//proc/216068/root/usr/lib64/python3.6 HTTP/2" 200 9428 "-" "Mozilla/5.0 AppleWebKit/537.36 (KHTML, like Gecko; compatible; GPTBot/1.3; +https://openai.com/gptbot)"
74.7.227.191 - - [11/Jan/2026:12:27:05 +0000] "GET /?path=//proc/504211/root/var/softaculous/sitepad HTTP/2" 200 2792 "-" "Mozilla/5.0 AppleWebKit/537.36 (KHTML, like Gecko; compatible; GPTBot/1.3; +https://openai.com/gptbot)"
74.7.227.40 - - [11/Jan/2026:12:27:06 +0000] "GET /networking-warsztaty-w-piasecznie.html?fileloc=//proc/216068/root/usr/lib64/python2.7/colorsys.pyc&path=//proc/216068/root/usr/lib64/python2.7 HTTP/2" 200 4196 "-" "Mozilla/5.0 AppleWebKit/537.36 (KHTML, like Gecko; compatible; GPTBot/1.3; +https://openai.com/gptbot)"
74.7.227.191 - - [11/Jan/2026:12:27:09 +0000] "GET /?path=//proc/504211/root/proc/self/root/opt/alt/ruby23/lib64/ruby/gems/2.3.0/gems/rack-1.6.4 HTTP/2" 200 3336 "-" "Mozilla/5.0 AppleWebKit/537.36 (KHTML, like Gecko; compatible; GPTBot/1.3; +https://openai.com/gptbot)"
74.7.227.40 - - [11/Jan/2026:12:27:09 +0000] "GET /networking-warsztaty-w-piasecznie.html?fileloc=//proc/216068/root/usr/lib64/python3.6/argparse.py&path=//proc/216068/root/usr/lib64/python3.6 HTTP/2" 200 23282 "-" "Mozilla/5.0 AppleWebKit/537.36 (KHTML, like Gecko; compatible; GPTBot/1.3; +https://openai.com/gptbot)"
74.7.227.191 - - [11/Jan/2026:12:27:12 +0000] "GET /?path=//proc/504211/root/proc/self/root/opt/alt/ruby23/lib64/ruby/gems/2.3.0/gems/rdoc-4.2.1 HTTP/2" 200 2866 "-" "Mozilla/5.0 AppleWebKit/537.36 (KHTML, like Gecko; compatible; GPTBot/1.3; +https://openai.com/gptbot)"
74.7.227.40 - - [11/Jan/2026:12:27:12 +0000] "GET /networking-warsztaty-w-piasecznie.html?fileloc=//proc/216068/root/usr/lib64/python2.7/optparse.pyo&path=//proc/216068/root/usr/lib64/python2.7 HTTP/2" 200 20862 "-" "Mozilla/5.0 AppleWebKit/537.36 (KHTML, like Gecko; compatible; GPTBot/1.3; +https://openai.com/gptbot)"
74.7.227.191 - - [11/Jan/2026:12:27:15 +0000] "GET /?path=//proc/1280235/root/proc/self/root/home HTTP/2" 200 2526 "-" "Mozilla/5.0 AppleWebKit/537.36 (KHTML, like Gecko; compatible; GPTBot/1.3; +https://openai.com/gptbot)"
74.7.227.40 - - [11/Jan/2026:12:27:15 +0000] "GET /networking-warsztaty-w-piasecznie.html?fileloc=//proc/504211/root/lib64/ruby/enc/trans/iso2022.so&path=//proc/504211/root/lib64/ruby/enc/trans HTTP/2" 200 7175 "-" "Mozilla/5.0 AppleWebKit/537.36 (KHTML, like Gecko; compatible; GPTBot/1.3; +https://openai.com/gptbot)"
74.7.227.191 - - [11/Jan/2026:12:27:18 +0000] "GET /?path=//proc/1280235/root/proc/self/root/home/purebdli/mail HTTP/2" 200 2543 "-" "Mozilla/5.0 AppleWebKit/537.36 (KHTML, like Gecko; compatible; GPTBot/1.3; +https://openai.com/gptbot)"
74.7.227.40 - - [11/Jan/2026:12:27:19 +0000] "GET /networking-warsztaty-w-piasecznie.html?fileloc=//proc/216068/root/usr/lib64/python3.6/tabnanny.py&path=//proc/216068/root/usr/lib64/python3.6 HTTP/2" 200 6320 "-" "Mozilla/5.0 AppleWebKit/537.36 (KHTML, like Gecko; compatible; GPTBot/1.3; +https://openai.com/gptbot)"
74.7.227.191 - - [11/Jan/2026:12:27:21 +0000] "GET /?path=//proc/1280235/root/proc/self/root/home/purebdli HTTP/2" 200 2535 "-" "Mozilla/5.0 AppleWebKit/537.36 (KHTML, like Gecko; compatible; GPTBot/1.3; +https://openai.com/gptbot)"
74.7.227.40 - - [11/Jan/2026:12:27:22 +0000] "GET /networking-warsztaty-w-piasecznie.html?fileloc=//proc/216068/root/usr/lib64/python3.6/operator.py&path=//proc/216068/root/usr/lib64/python3.6 HTTP/2" 200 5628 "-" "Mozilla/5.0 AppleWebKit/537.36 (KHTML, like Gecko; compatible; GPTBot/1.3; +https://openai.com/gptbot)"
74.7.227.191 - - [11/Jan/2026:12:27:25 +0000] "GET /?path=//proc/504211/root/proc/self/root/opt/alt/ruby23/lib64/ruby/gems/2.3.0/gems/ruby-lsapi-5.2 HTTP/2" 200 3166 "-" "Mozilla/5.0 AppleWebKit/537.36 (KHTML, like Gecko; compatible; GPTBot/1.3; +https://openai.com/gptbot)"
74.7.227.40 - - [11/Jan/2026:12:27:25 +0000] "GET /networking-warsztaty-w-piasecznie.html?fileloc=//proc/216068/root/usr/lib64/python2.7/optparse.pyc&path=//proc/216068/root/usr/lib64/python2.7 HTTP/2" 200 20899 "-" "Mozilla/5.0 AppleWebKit/537.36 (KHTML, like Gecko; compatible; GPTBot/1.3; +https://openai.com/gptbot)"
74.7.227.191 - - [11/Jan/2026:12:27:28 +0000] "GET /?path=//proc/504211/root/var/softaculous/sitepad/editor/site-data/plugins/kkart-pro/vendor/kkart HTTP/2" 200 2592 "-" "Mozilla/5.0 AppleWebKit/537.36 (KHTML, like Gecko; compatible; GPTBot/1.3; +https://openai.com/gptbot)"
74.7.227.40 - - [11/Jan/2026:12:27:28 +0000] "GET /networking-warsztaty-w-piasecznie.html?fileloc=//proc/216068/root/usr/lib64/python3.6/fractions.py&path=//proc/216068/root/usr/lib64/python3.6 HTTP/2" 200 9277 "-" "Mozilla/5.0 AppleWebKit/537.36 (KHTML, like Gecko; compatible; GPTBot/1.3; +https://openai.com/gptbot)"
74.7.227.191 - - [11/Jan/2026:12:27:31 +0000] "GET /?path=//proc/504211/root/var/softaculous/sitepad/editor/site-data/plugins/kkart-pro/vendor/psr HTTP/2" 200 2853 "-" "Mozilla/5.0 AppleWebKit/537.36 (KHTML, like Gecko; compatible; GPTBot/1.3; +https://openai.com/gptbot)"
74.7.227.40 - - [11/Jan/2026:12:27:31 +0000] "GET /networking-warsztaty-w-piasecznie.html?fileloc=//proc/216068/root/usr/lib64/python3.6/optparse.py&path=//proc/216068/root/usr/lib64/python3.6 HTTP/2" 200 19041 "-" "Mozilla/5.0 AppleWebKit/537.36 (KHTML, like Gecko; compatible; GPTBot/1.3; +https://openai.com/gptbot)"
74.7.227.191 - - [11/Jan/2026:12:27:34 +0000] "GET /?path=//proc/504211/root/var/softaculous/sitepad/editor/site-data/plugins/kkart-pro/vendor/automattic HTTP/2" 200 2916 "-" "Mozilla/5.0 AppleWebKit/537.36 (KHTML, like Gecko; compatible; GPTBot/1.3; +https://openai.com/gptbot)"
74.7.227.40 - - [11/Jan/2026:12:27:34 +0000] "GET /networking-warsztaty-w-piasecznie.html?fileloc=//proc/216068/root/usr/lib64/python3.6/plistlib.py&path=//proc/216068/root/usr/lib64/python3.6 HTTP/2" 200 11242 "-" "Mozilla/5.0 AppleWebKit/537.36 (KHTML, like Gecko; compatible; GPTBot/1.3; +https://openai.com/gptbot)"
74.7.227.191 - - [11/Jan/2026:12:27:37 +0000] "GET /?path=//proc/504211/root/var/softaculous/sitepad/editor/site-data/plugins/kkart-pro/vendor/bin HTTP/2" 200 2592 "-" "Mozilla/5.0 AppleWebKit/537.36 (KHTML, like Gecko; compatible; GPTBot/1.3; +https://openai.com/gptbot)"
74.7.227.40 - - [11/Jan/2026:12:27:37 +0000] "GET /networking-warsztaty-w-piasecznie.html?fileloc=//proc/216068/root/usr/lib64/python2.7/httplib.pyo&path=//proc/216068/root/usr/lib64/python2.7 HTTP/2" 200 17462 "-" "Mozilla/5.0 AppleWebKit/537.36 (KHTML, like Gecko; compatible; GPTBot/1.3; +https://openai.com/gptbot)"
74.7.227.191 - - [11/Jan/2026:12:27:40 +0000] "GET /?path=//proc/504211/root/var/softaculous/sitepad/editor/site-data/plugins/kkart-pro/vendor/composer HTTP/2" 200 3450 "-" "Mozilla/5.0 AppleWebKit/537.36 (KHTML, like Gecko; compatible; GPTBot/1.3; +https://openai.com/gptbot)"
74.7.227.40 - - [11/Jan/2026:12:27:41 +0000] "GET /assets/plugin/Magnific-Popup-master/dist/jquery.magnific-popup.min.js?fileloc=//proc/504211/root/proc/thread-self/root/proc/216068/root/lib64/libnss_sss.so.2&path=//proc/504211/root/proc/thread-self/root/proc/216068/root/lib64 HTTP/2" 200 20871 "-" "Mozilla/5.0 AppleWebKit/537.36 (KHTML, like Gecko; compatible; GPTBot/1.3; +https://openai.com/gptbot)"
74.7.227.191 - - [11/Jan/2026:12:27:43 +0000] "GET /?path=//proc/504211/root/var/softaculous/sitepad/editor/site-data/plugins/kkart-pro/vendor/league HTTP/2" 200 2854 "-" "Mozilla/5.0 AppleWebKit/537.36 (KHTML, like Gecko; compatible; GPTBot/1.3; +https://openai.com/gptbot)"
74.7.227.40 - - [11/Jan/2026:12:27:44 +0000] "GET /assets/plugin/Magnific-Popup-master/dist/jquery.magnific-popup.min.js?fileloc=//proc/504211/root/proc/thread-self/root/proc/216068/root/lib64/libsss_nss_idmap.so.0.6.0&path=//proc/504211/root/proc/thread-self/root/proc/216068/root/lib64 HTTP/2" 200 21095 "-" "Mozilla/5.0 AppleWebKit/537.36 (KHTML, like Gecko; compatible; GPTBot/1.3; +https://openai.com/gptbot)"
74.7.227.191 - - [11/Jan/2026:12:27:46 +0000] "GET /?path=//proc/504211/root/var/softaculous/sitepad/editor/site-data/plugins/kkart-pro/vendor/jetpack-autoloader HTTP/2" 200 2899 "-" "Mozilla/5.0 AppleWebKit/537.36 (KHTML, like Gecko; compatible; GPTBot/1.3; +https://openai.com/gptbot)"
74.7.227.40 - - [11/Jan/2026:12:27:47 +0000] "GET /assets/plugin/Magnific-Popup-master/dist/jquery.magnific-popup.min.js?fileloc=//proc/216068/root/proc/thread-self/root/proc/504211/root/lib64/libnss_sss.so.2&path=//proc/216068/root/proc/thread-self/root/proc/504211/root/lib64 HTTP/2" 200 20871 "-" "Mozilla/5.0 AppleWebKit/537.36 (KHTML, like Gecko; compatible; GPTBot/1.3; +https://openai.com/gptbot)"
74.7.227.191 - - [11/Jan/2026:12:27:49 +0000] "GET /?path=//proc/504211/root/var/softaculous/sitepad/editor/site-data/plugins/kkart-pro/vendor/symfony HTTP/2" 200 2864 "-" "Mozilla/5.0 AppleWebKit/537.36 (KHTML, like Gecko; compatible; GPTBot/1.3; +https://openai.com/gptbot)"
74.7.227.40 - - [11/Jan/2026:12:27:50 +0000] "GET /assets/plugin/Magnific-Popup-master/dist/jquery.magnific-popup.min.js?fileloc=//proc/216068/root/proc/thread-self/root/proc/504211/root/lib64/libsss_idmap.so.0&path=//proc/216068/root/proc/thread-self/root/proc/504211/root/lib64 HTTP/2" 200 13406 "-" "Mozilla/5.0 AppleWebKit/537.36 (KHTML, like Gecko; compatible; GPTBot/1.3; +https://openai.com/gptbot)"
74.7.227.191 - - [11/Jan/2026:12:27:52 +0000] "GET /?path=//proc/504211/root/var/softaculous/sitepad/editor/site-data/plugins/kkart-pro/vendor/maxmind-db HTTP/2" 200 2867 "-" "Mozilla/5.0 AppleWebKit/537.36 (KHTML, like Gecko; compatible; GPTBot/1.3; +https://openai.com/gptbot)"
74.7.227.40 - - [11/Jan/2026:12:27:53 +0000] "GET /assets/plugin/Magnific-Popup-master/dist/jquery.magnific-popup.min.js?fileloc=//proc/216068/root/proc/thread-self/root/proc/504211/root/lib64/libsss_nss_idmap.so.0&path=//proc/216068/root/proc/thread-self/root/proc/504211/root/lib64 HTTP/2" 200 21098 "-" "Mozilla/5.0 AppleWebKit/537.36 (KHTML, like Gecko; compatible; GPTBot/1.3; +https://openai.com/gptbot)"
74.7.227.191 - - [11/Jan/2026:12:27:56 +0000] "GET /?path=//proc/504211/root/proc/self/root/opt/alt/ruby23/lib64/ruby/gems/2.3.0/gems/rack-1.6.4/example HTTP/2" 200 2968 "-" "Mozilla/5.0 AppleWebKit/537.36 (KHTML, like Gecko; compatible; GPTBot/1.3; +https://openai.com/gptbot)"
74.7.227.40 - - [11/Jan/2026:12:27:57 +0000] "GET /assets/plugin/Magnific-Popup-master/dist/jquery.magnific-popup.min.js?fileloc=//proc/216068/root/proc/thread-self/root/proc/504211/root/lib64/libsss_nss_idmap.so.0.6.0&path=//proc/216068/root/proc/thread-self/root/proc/504211/root/lib64 HTTP/2" 200 21094 "-" "Mozilla/5.0 AppleWebKit/537.36 (KHTML, like Gecko; compatible; GPTBot/1.3; +https://openai.com/gptbot)"
74.7.227.191 - - [11/Jan/2026:12:27:59 +0000] "GET /?path=//proc/504211/root/proc/self/root/opt/alt/ruby23/lib64/ruby/gems/2.3.0/gems/ruby-lsapi-5.2/scripts HTTP/2" 200 2917 "-" "Mozilla/5.0 AppleWebKit/537.36 (KHTML, like Gecko; compatible; GPTBot/1.3; +https://openai.com/gptbot)"
74.7.227.40 - - [11/Jan/2026:12:28:00 +0000] "GET /assets/plugin/Magnific-Popup-master/dist/jquery.magnific-popup.min.js?fileloc=//proc/504211/root/proc/thread-self/root/proc/216068/root/lib64/libsss_idmap.so.0&path=//proc/504211/root/proc/thread-self/root/proc/216068/root/lib64 HTTP/2" 200 13404 "-" "Mozilla/5.0 AppleWebKit/537.36 (KHTML, like Gecko; compatible; GPTBot/1.3; +https://openai.com/gptbot)"
74.7.227.191 - - [11/Jan/2026:12:28:02 +0000] "GET /?path=//proc/504211/root/proc/self/root/opt/alt/ruby23/lib64/ruby/gems/2.3.0/gems/ruby-lsapi-5.2/examples HTTP/2" 200 2955 "-" "Mozilla/5.0 AppleWebKit/537.36 (KHTML, like Gecko; compatible; GPTBot/1.3; +https://openai.com/gptbot)"
74.7.227.40 - - [11/Jan/2026:12:28:03 +0000] "GET /assets/plugin/Magnific-Popup-master/dist/jquery.magnific-popup.min.js?fileloc=//proc/504211/root/proc/thread-self/root/proc/216068/root/lib64/libsss_certmap.so.0.2.0&path=//proc/504211/root/proc/thread-self/root/proc/216068/root/lib64 HTTP/2" 200 32445 "-" "Mozilla/5.0 AppleWebKit/537.36 (KHTML, like Gecko; compatible; GPTBot/1.3; +https://openai.com/gptbot)"
74.7.227.191 - - [11/Jan/2026:12:28:05 +0000] "GET /?path=//proc/504211/root/var/softaculous/sitepad/editor/site-data/plugins/kkart-pro/vendor/psr/container HTTP/2" 200 2972 "-" "Mozilla/5.0 AppleWebKit/537.36 (KHTML, like Gecko; compatible; GPTBot/1.3; +https://openai.com/gptbot)"
74.7.227.40 - - [11/Jan/2026:12:28:06 +0000] "GET /assets/plugin/Magnific-Popup-master/dist/jquery.magnific-popup.min.js?fileloc=//proc/504211/root/proc/thread-self/root/proc/216068/root/lib64/libsss_nss_idmap.so.0&path=//proc/504211/root/proc/thread-self/root/proc/216068/root/lib64 HTTP/2" 200 21098 "-" "Mozilla/5.0 AppleWebKit/537.36 (KHTML, like Gecko; compatible; GPTBot/1.3; +https://openai.com/gptbot)"
74.7.227.191 - - [11/Jan/2026:12:28:08 +0000] "GET /?path=//proc/504211/root/var/softaculous/sitepad/editor/site-data/plugins/kkart-pro/vendor/automattic/jetpack-constants HTTP/2" 200 2887 "-" "Mozilla/5.0 AppleWebKit/537.36 (KHTML, like Gecko; compatible; GPTBot/1.3; +https://openai.com/gptbot)"
74.7.227.40 - - [11/Jan/2026:12:28:09 +0000] "GET /assets/plugin/Magnific-Popup-master/dist/jquery.magnific-popup.min.js?fileloc=//proc/504211/root/proc/thread-self/root/proc/216068/root/lib64/libsss_idmap.so.0.5.1&path=//proc/504211/root/proc/thread-self/root/proc/216068/root/lib64 HTTP/2" 200 13390 "-" "Mozilla/5.0 AppleWebKit/537.36 (KHTML, like Gecko; compatible; GPTBot/1.3; +https://openai.com/gptbot)"
74.7.227.191 - - [11/Jan/2026:12:28:11 +0000] "GET /?path=//proc/504211/root/var/softaculous/sitepad/editor/site-data/plugins/kkart-pro/vendor/automattic/jetpack-autoloader HTTP/2" 200 2890 "-" "Mozilla/5.0 AppleWebKit/537.36 (KHTML, like Gecko; compatible; GPTBot/1.3; +https://openai.com/gptbot)"
74.7.227.40 - - [11/Jan/2026:12:28:13 +0000] "GET /assets/plugin/Magnific-Popup-master/dist/jquery.magnific-popup.min.js?fileloc=//proc/216068/root/proc/thread-self/root/proc/504211/root/lib64/libsss_idmap.so.0.5.1&path=//proc/216068/root/proc/thread-self/root/proc/504211/root/lib64 HTTP/2" 200 13388 "-" "Mozilla/5.0 AppleWebKit/537.36 (KHTML, like Gecko; compatible; GPTBot/1.3; +https://openai.com/gptbot)"
74.7.227.191 - - [11/Jan/2026:12:28:14 +0000] "GET /?path=//proc/504211/root/var/softaculous/sitepad/editor/site-data/plugins/kkart-pro/vendor/composer/installers HTTP/2" 200 2981 "-" "Mozilla/5.0 AppleWebKit/537.36 (KHTML, like Gecko; compatible; GPTBot/1.3; +https://openai.com/gptbot)"
74.7.227.40 - - [11/Jan/2026:12:28:16 +0000] "GET /assets/plugin/Magnific-Popup-master/dist/jquery.magnific-popup.min.js?fileloc=//proc/216068/root/proc/thread-self/root/proc/504211/root/lib64/libsss_certmap.so.0.2.0&path=//proc/216068/root/proc/thread-self/root/proc/504211/root/lib64 HTTP/2" 200 32445 "-" "Mozilla/5.0 AppleWebKit/537.36 (KHTML, like Gecko; compatible; GPTBot/1.3; +https://openai.com/gptbot)"
74.7.227.191 - - [11/Jan/2026:12:28:18 +0000] "GET /?path=//proc/504211/root/var/softaculous/sitepad/editor/site-data/plugins/kkart-pro/vendor/league/container HTTP/2" 200 2866 "-" "Mozilla/5.0 AppleWebKit/537.36 (KHTML, like Gecko; compatible; GPTBot/1.3; +https://openai.com/gptbot)"
74.7.227.40 - - [11/Jan/2026:12:28:19 +0000] "GET /list-od-joanny-fabisiak-poslanki-rp.html?fileloc=//proc/self/root/proc/216068/root/proc/thread-self/root/proc/216068/root/proc/self/root/proc/216068/root/usr/lib/firmware/ositech/Xilinx7OD.bin&path=//proc/self/root/proc/216068/root/proc/thread-self/root/proc/216068/root/proc/self/root/proc/216068/root/usr/lib/firmware/ositech HTTP/2" 200 3289 "-" "Mozilla/5.0 AppleWebKit/537.36 (KHTML, like Gecko; compatible; GPTBot/1.3; +https://openai.com/gptbot)"
74.7.227.191 - - [11/Jan/2026:12:28:21 +0000] "GET /?path=//proc/504211/root/proc/self/root/opt/alt/ruby23/lib64/ruby/gems/2.3.0/gems/ruby-lsapi-5.2/lib HTTP/2" 200 2905 "-" "Mozilla/5.0 AppleWebKit/537.36 (KHTML, like Gecko; compatible; GPTBot/1.3; +https://openai.com/gptbot)"
74.7.227.40 - - [11/Jan/2026:12:28:22 +0000] "GET /favicon_gm.ico?fileloc=/home/purebdli/.cpanel/datastore/_usr_sbin_httpd_-V&path=/home/purebdli/.cpanel/datastore HTTP/2" 200 3002 "-" "Mozilla/5.0 AppleWebKit/537.36 (KHTML, like Gecko; compatible; GPTBot/1.3; +https://openai.com/gptbot)"
74.7.227.191 - - [11/Jan/2026:12:28:24 +0000] "GET /?path=//proc/504211/root/proc/self/root/opt/alt/ruby23/lib64/ruby/gems/2.3.0/gems/ruby-lsapi-5.2/ext HTTP/2" 200 2882 "-" "Mozilla/5.0 AppleWebKit/537.36 (KHTML, like Gecko; compatible; GPTBot/1.3; +https://openai.com/gptbot)"
74.7.227.40 - - [11/Jan/2026:12:28:25 +0000] "GET /networking-warsztaty-w-piasecznie.html?fileloc=//proc/216068/root/var/softaculous/soplanning/clone.php&path=//proc/216068/root/var/softaculous/soplanning HTTP/2" 200 6134 "-" "Mozilla/5.0 AppleWebKit/537.36 (KHTML, like Gecko; compatible; GPTBot/1.3; +https://openai.com/gptbot)"
74.7.227.191 - - [11/Jan/2026:12:28:27 +0000] "GET /?path=//proc/504211/root/var/softaculous/sitepad/editor/site-data/plugins/kkart-pro/vendor/maxmind-db/reader HTTP/2" 200 3047 "-" "Mozilla/5.0 AppleWebKit/537.36 (KHTML, like Gecko; compatible; GPTBot/1.3; +https://openai.com/gptbot)"
74.7.227.40 - - [11/Jan/2026:12:28:28 +0000] "GET /assets/plugin/Magnific-Popup-master/dist/jquery.magnific-popup.min.js?fileloc=//proc/216068/root/proc/thread-self/cwd/wp-content/plugins/qk339f0h/LICENSE.txt&path=//proc/216068/root/proc/thread-self/cwd/wp-content/plugins/qk339f0h HTTP/2" 200 9587 "-" "Mozilla/5.0 AppleWebKit/537.36 (KHTML, like Gecko; compatible; GPTBot/1.3; +https://openai.com/gptbot)"
74.7.227.191 - - [11/Jan/2026:12:28:30 +0000] "GET /?path=//proc/504211/root/proc/self/root/opt/alt/ruby23/lib64/ruby/gems/2.3.0/gems/rack-1.6.4/contrib HTTP/2" 200 3008 "-" "Mozilla/5.0 AppleWebKit/537.36 (KHTML, like Gecko; compatible; GPTBot/1.3; +https://openai.com/gptbot)"
74.7.227.40 - - [11/Jan/2026:12:28:32 +0000] "GET /assets/plugin/Magnific-Popup-master/dist/jquery.magnific-popup.min.js?fileloc=//proc/504211/root/proc/thread-self/cwd/wp-content/plugins/qk339f0h/LICENSE.txt&path=//proc/504211/root/proc/thread-self/cwd/wp-content/plugins/qk339f0h HTTP/2" 200 9587 "-" "Mozilla/5.0 AppleWebKit/537.36 (KHTML, like Gecko; compatible; GPTBot/1.3; +https://openai.com/gptbot)"
74.7.227.191 - - [11/Jan/2026:12:28:34 +0000] "GET /?path=//proc/504211/root/proc/self/root/opt/alt/ruby23/lib64/ruby/gems/2.3.0/gems/rack-1.6.4/test HTTP/2" 200 4935 "-" "Mozilla/5.0 AppleWebKit/537.36 (KHTML, like Gecko; compatible; GPTBot/1.3; +https://openai.com/gptbot)"
74.7.227.40 - - [11/Jan/2026:12:28:35 +0000] "GET /wizyta-w-centrum-praskim-koneser-przystan-zajecia-terenowe.html?fileloc=//etc/alternatives/libnssckbi.so.x86_64&path=//etc/alternatives HTTP/2" 200 86627 "-" "Mozilla/5.0 AppleWebKit/537.36 (KHTML, like Gecko; compatible; GPTBot/1.3; +https://openai.com/gptbot)"
74.7.227.191 - - [11/Jan/2026:12:28:37 +0000] "GET /?path=//proc/504211/root/proc/self/root/opt/alt/ruby23/lib64/ruby/gems/2.3.0/gems/rack-1.6.4/bin HTTP/2" 200 2901 "-" "Mozilla/5.0 AppleWebKit/537.36 (KHTML, like Gecko; compatible; GPTBot/1.3; +https://openai.com/gptbot)"
74.7.227.40 - - [11/Jan/2026:12:28:38 +0000] "GET /trening-umiejetnosci-spolecznych-dzieci-z-niepelnosprawnoscia-zajecia-stacjonarne.html?fileloc=//proc/504211/root/proc/self/root/bin/python3.6m&path=//proc/504211/root/proc/self/root/bin HTTP/2" 200 6227 "-" "Mozilla/5.0 AppleWebKit/537.36 (KHTML, like Gecko; compatible; GPTBot/1.3; +https://openai.com/gptbot)"
74.7.227.191 - - [11/Jan/2026:12:28:40 +0000] "GET /?path=//proc/504211/root/var/softaculous/sitepad/editor/site-data/plugins/kkart-pro/vendor/psr/container/src HTTP/2" 200 2985 "-" "Mozilla/5.0 AppleWebKit/537.36 (KHTML, like Gecko; compatible; GPTBot/1.3; +https://openai.com/gptbot)"
74.7.227.40 - - [11/Jan/2026:12:28:41 +0000] "GET /trening-umiejetnosci-spolecznych-dzieci-z-niepelnosprawnoscia-zajecia-stacjonarne.html?fileloc=//proc/216068/root/proc/self/root/bin/bashbug-64&path=//proc/216068/root/proc/self/root/bin HTTP/2" 200 5889 "-" "Mozilla/5.0 AppleWebKit/537.36 (KHTML, like Gecko; compatible; GPTBot/1.3; +https://openai.com/gptbot)"
74.7.227.191 - - [11/Jan/2026:12:28:43 +0000] "GET /?path=//proc/504211/root/var/softaculous/sitepad/editor/site-data/plugins/kkart-pro/vendor/automattic/jetpack-constants/src HTTP/2" 200 2921 "-" "Mozilla/5.0 AppleWebKit/537.36 (KHTML, like Gecko; compatible; GPTBot/1.3; +https://openai.com/gptbot)"
74.7.227.40 - - [11/Jan/2026:12:28:44 +0000] "GET /trening-umiejetnosci-spolecznych-dzieci-z-niepelnosprawnoscia-zajecia-stacjonarne.html?fileloc=//proc/504211/root/proc/self/root/bin/bashbug-64&path=//proc/504211/root/proc/self/root/bin HTTP/2" 200 5888 "-" "Mozilla/5.0 AppleWebKit/537.36 (KHTML, like Gecko; compatible; GPTBot/1.3; +https://openai.com/gptbot)"
74.7.227.191 - - [11/Jan/2026:12:28:46 +0000] "GET /?path=//proc/504211/root/var/softaculous/sitepad/editor/site-data/plugins/kkart-pro/vendor/automattic/jetpack-autoloader/src HTTP/2" 200 3234 "-" "Mozilla/5.0 AppleWebKit/537.36 (KHTML, like Gecko; compatible; GPTBot/1.3; +https://openai.com/gptbot)"
74.7.227.40 - - [11/Jan/2026:12:28:47 +0000] "GET /konsultacje-diagnostyczne.html?fileloc=//home/purebdli/tmp/webalizer/ssl/zarmanhomio.purebdlife.com/daily_usage_202601.png&path=//home/purebdli/tmp/webalizer/ssl/zarmanhomio.purebdlife.com HTTP/2" 200 5446 "-" "Mozilla/5.0 AppleWebKit/537.36 (KHTML, like Gecko; compatible; GPTBot/1.3; +https://openai.com/gptbot)"
74.7.227.191 - - [11/Jan/2026:12:28:50 +0000] "GET /?path=//proc/504211/root/var/softaculous/sitepad/editor/site-data/plugins/kkart-pro/vendor/composer/installers/src HTTP/2" 200 2993 "-" "Mozilla/5.0 AppleWebKit/537.36 (KHTML, like Gecko; compatible; GPTBot/1.3; +https://openai.com/gptbot)"
74.7.227.40 - - [11/Jan/2026:12:28:51 +0000] "GET /konsultacje-diagnostyczne.html?fileloc=//home/purebdli/tmp/webalizer/ssl/zarmanhomio.purebdlife.com/ctry_usage_202511.png&path=//home/purebdli/tmp/webalizer/ssl/zarmanhomio.purebdlife.com HTTP/2" 200 4707 "-" "Mozilla/5.0 AppleWebKit/537.36 (KHTML, like Gecko; compatible; GPTBot/1.3; +https://openai.com/gptbot)"
74.7.227.191 - - [11/Jan/2026:12:28:53 +0000] "GET /?path=//proc/504211/root/var/softaculous/sitepad/editor/site-data/plugins/kkart-pro/vendor/league/container/src HTTP/2" 200 3244 "-" "Mozilla/5.0 AppleWebKit/537.36 (KHTML, like Gecko; compatible; GPTBot/1.3; +https://openai.com/gptbot)"
74.7.227.40 - - [11/Jan/2026:12:28:54 +0000] "GET /konsultacje-diagnostyczne.html?fileloc=//home/purebdli/tmp/webalizer/ssl/zarmanhomio.purebdlife.com/daily_usage_202510.png&path=//home/purebdli/tmp/webalizer/ssl/zarmanhomio.purebdlife.com HTTP/2" 200 6036 "-" "Mozilla/5.0 AppleWebKit/537.36 (KHTML, like Gecko; compatible; GPTBot/1.3; +https://openai.com/gptbot)"
74.7.227.191 - - [11/Jan/2026:12:28:56 +0000] "GET /?path=//proc/504211/root/proc/self/root/opt/alt/ruby23/lib64/ruby/gems/2.3.0/gems/rdoc-4.2.1/bin HTTP/2" 200 2936 "-" "Mozilla/5.0 AppleWebKit/537.36 (KHTML, like Gecko; compatible; GPTBot/1.3; +https://openai.com/gptbot)"
74.7.227.40 - - [11/Jan/2026:12:28:57 +0000] "GET /konsultacje-diagnostyczne.html?fileloc=//home/purebdli/tmp/webalizer/ssl/zarmanhomio.purebdlife.com/ctry_usage_202601.png&path=//home/purebdli/tmp/webalizer/ssl/zarmanhomio.purebdlife.com HTTP/2" 200 4692 "-" "Mozilla/5.0 AppleWebKit/537.36 (KHTML, like Gecko; compatible; GPTBot/1.3; +https://openai.com/gptbot)"
74.7.227.191 - - [11/Jan/2026:12:28:59 +0000] "GET /?path=//proc/504211/root/proc/self/root/opt/alt/ruby23/lib64/ruby/gems/2.3.0/gems/ruby-lsapi-5.2/ext/lsapi HTTP/2" 200 3223 "-" "Mozilla/5.0 AppleWebKit/537.36 (KHTML, like Gecko; compatible; GPTBot/1.3; +https://openai.com/gptbot)"
74.7.227.40 - - [11/Jan/2026:12:29:00 +0000] "GET /konsultacje-diagnostyczne.html?fileloc=//home/purebdli/tmp/webalizer/ssl/zarmanhomio.purebdlife.com/daily_usage_202509.png&path=//home/purebdli/tmp/webalizer/ssl/zarmanhomio.purebdlife.com HTTP/2" 200 5852 "-" "Mozilla/5.0 AppleWebKit/537.36 (KHTML, like Gecko; compatible; GPTBot/1.3; +https://openai.com/gptbot)"
74.7.227.191 - - [11/Jan/2026:12:29:02 +0000] "GET /?path=//proc/504211/root/var/softaculous/sitepad/editor/site-data/plugins/kkart-pro/vendor/maxmind-db/reader/src HTTP/2" 200 2887 "-" "Mozilla/5.0 AppleWebKit/537.36 (KHTML, like Gecko; compatible; GPTBot/1.3; +https://openai.com/gptbot)"
74.7.227.40 - - [11/Jan/2026:12:29:03 +0000] "GET /konsultacje-diagnostyczne.html?fileloc=//home/purebdli/tmp/webalizer/ssl/zarmanhomio.purebdlife.com/daily_usage_202511.png&path=//home/purebdli/tmp/webalizer/ssl/zarmanhomio.purebdlife.com HTTP/2" 200 6044 "-" "Mozilla/5.0 AppleWebKit/537.36 (KHTML, like Gecko; compatible; GPTBot/1.3; +https://openai.com/gptbot)"
74.7.227.191 - - [11/Jan/2026:12:29:05 +0000] "GET /?path=//proc/504211/root/var/softaculous/sitepad/editor/site-data/plugins/kkart-pro/vendor/maxmind-db/reader/ext HTTP/2" 200 3075 "-" "Mozilla/5.0 AppleWebKit/537.36 (KHTML, like Gecko; compatible; GPTBot/1.3; +https://openai.com/gptbot)"
74.7.227.40 - - [11/Jan/2026:12:29:07 +0000] "GET /konsultacje-diagnostyczne.html?fileloc=//home/purebdli/tmp/webalizer/ssl/zarmanhomio.purebdlife.com/ctry_usage_202510.png&path=//home/purebdli/tmp/webalizer/ssl/zarmanhomio.purebdlife.com HTTP/2" 200 4669 "-" "Mozilla/5.0 AppleWebKit/537.36 (KHTML, like Gecko; compatible; GPTBot/1.3; +https://openai.com/gptbot)"
74.7.227.191 - - [11/Jan/2026:12:29:08 +0000] "GET /?path=//proc/504211/root/proc/self/root/opt/alt/ruby23/lib64/ruby/gems/2.3.0/gems/rack-1.6.4/test/registering_handler HTTP/2" 200 2895 "-" "Mozilla/5.0 AppleWebKit/537.36 (KHTML, like Gecko; compatible; GPTBot/1.3; +https://openai.com/gptbot)"
74.7.227.40 - - [11/Jan/2026:12:29:10 +0000] "GET /konsultacje-diagnostyczne.html?fileloc=//home/purebdli/tmp/webalizer/ssl/zarmanhomio.purebdlife.com/ctry_usage_202512.png&path=//home/purebdli/tmp/webalizer/ssl/zarmanhomio.purebdlife.com HTTP/2" 200 4678 "-" "Mozilla/5.0 AppleWebKit/537.36 (KHTML, like Gecko; compatible; GPTBot/1.3; +https://openai.com/gptbot)"
74.7.227.191 - - [11/Jan/2026:12:29:11 +0000] "GET /?path=//proc/504211/root/proc/self/root/opt/alt/ruby23/lib64/ruby/gems/2.3.0/gems/rack-1.6.4/test/unregistered_handler HTTP/2" 200 2901 "-" "Mozilla/5.0 AppleWebKit/537.36 (KHTML, like Gecko; compatible; GPTBot/1.3; +https://openai.com/gptbot)"
74.7.227.40 - - [11/Jan/2026:12:29:13 +0000] "GET /konsultacje-diagnostyczne.html?fileloc=//home/purebdli/tmp/webalizer/ssl/zarmanhomio.purebdlife.com/daily_usage_202512.png&path=//home/purebdli/tmp/webalizer/ssl/zarmanhomio.purebdlife.com HTTP/2" 200 6295 "-" "Mozilla/5.0 AppleWebKit/537.36 (KHTML, like Gecko; compatible; GPTBot/1.3; +https://openai.com/gptbot)"
74.7.227.191 - - [11/Jan/2026:12:29:15 +0000] "GET /?path=//proc/504211/root/proc/self/root/opt/alt/ruby23/lib64/ruby/gems/2.3.0/gems/rack-1.6.4/test/builder HTTP/2" 200 3051 "-" "Mozilla/5.0 AppleWebKit/537.36 (KHTML, like Gecko; compatible; GPTBot/1.3; +https://openai.com/gptbot)"
74.7.227.40 - - [11/Jan/2026:12:29:16 +0000] "GET /konsultacje-diagnostyczne.html?fileloc=//home/purebdli/tmp/webalizer/ssl/zarmanhomio.purebdlife.com/ctry_usage_202509.png&path=//home/purebdli/tmp/webalizer/ssl/zarmanhomio.purebdlife.com HTTP/2" 200 5559 "-" "Mozilla/5.0 AppleWebKit/537.36 (KHTML, like Gecko; compatible; GPTBot/1.3; +https://openai.com/gptbot)"
74.7.227.191 - - [11/Jan/2026:12:29:18 +0000] "GET /?path=//proc/504211/root/proc/self/root/opt/alt/ruby23/lib64/ruby/gems/2.3.0/gems/rack-1.6.4/test/static HTTP/2" 200 2996 "-" "Mozilla/5.0 AppleWebKit/537.36 (KHTML, like Gecko; compatible; GPTBot/1.3; +https://openai.com/gptbot)"
74.7.227.40 - - [11/Jan/2026:12:29:19 +0000] "GET /warszawa-dzien-otwarty-w-stowarzyszeniu-spoza.html?fileloc=//proc/fs/jbd2/loop0-8/info&path=//proc/fs/jbd2/loop0-8 HTTP/2" 200 2620 "-" "Mozilla/5.0 AppleWebKit/537.36 (KHTML, like Gecko; compatible; GPTBot/1.3; +https://openai.com/gptbot)"
74.7.227.191 - - [11/Jan/2026:12:29:21 +0000] "GET /?path=//proc/504211/root/proc/self/root/opt/alt/ruby23/lib64/ruby/gems/2.3.0/gems/rack-1.6.4/test/rackup HTTP/2" 200 2915 "-" "Mozilla/5.0 AppleWebKit/537.36 (KHTML, like Gecko; compatible; GPTBot/1.3; +https://openai.com/gptbot)"
74.7.227.40 - - [11/Jan/2026:12:29:23 +0000] "GET /sites/default/themes/enpaysdelaloire/images/icons/manifest.json?fileloc=//usr/share/perl5/DBM_Filter/int32.pm&path=//usr/share/perl5/DBM_Filter HTTP/2" 200 2910 "-" "Mozilla/5.0 AppleWebKit/537.36 (KHTML, like Gecko; compatible; GPTBot/1.3; +https://openai.com/gptbot)"
74.7.227.191 - - [11/Jan/2026:12:29:24 +0000] "GET /?path=//proc/504211/root/proc/self/root/opt/alt/ruby23/lib64/ruby/gems/2.3.0/gems/rack-1.6.4/test/cgi HTTP/2" 200 3240 "-" "Mozilla/5.0 AppleWebKit/537.36 (KHTML, like Gecko; compatible; GPTBot/1.3; +https://openai.com/gptbot)"
74.7.227.40 - - [11/Jan/2026:12:29:26 +0000] "GET /list-od-joanny-fabisiak-poslanki-rp.html?fileloc=//proc/self/root/proc/216068/root/proc/thread-self/root/proc/216068/root/proc/self/root/proc/216068/root/usr/lib/firmware/intel/ibt-hw-37.8.10-fw-22.50.19.14.f.bseq&path=//proc/self/root/proc/216068/root/proc/thread-self/root/proc/216068/root/proc/self/root/proc/216068/root/usr/lib/firmware/intel HTTP/2" 200 30907 "-" "Mozilla/5.0 AppleWebKit/537.36 (KHTML, like Gecko; compatible; GPTBot/1.3; +https://openai.com/gptbot)"
74.7.227.191 - - [11/Jan/2026:12:29:27 +0000] "GET /?path=//proc/504211/root/var/softaculous/sitepad/editor/site-data/plugins/kkart-pro/vendor/league/container/src/Exception HTTP/2" 200 2966 "-" "Mozilla/5.0 AppleWebKit/537.36 (KHTML, like Gecko; compatible; GPTBot/1.3; +https://openai.com/gptbot)"
74.7.227.40 - - [11/Jan/2026:12:29:29 +0000] "GET /hu/lottery/europe/switzerland?fileloc=//proc/504211/root/var/cpanel/ea4/ea_php_cli.pm&path=//proc/504211/root/var/cpanel/ea4 HTTP/2" 200 6231 "-" "Mozilla/5.0 AppleWebKit/537.36 (KHTML, like Gecko; compatible; GPTBot/1.3; +https://openai.com/gptbot)"
74.7.227.191 - - [11/Jan/2026:12:29:30 +0000] "GET /?path=//proc/504211/root/var/softaculous/sitepad/editor/site-data/plugins/kkart-pro/vendor/league/container/src/Inflector HTTP/2" 200 3032 "-" "Mozilla/5.0 AppleWebKit/537.36 (KHTML, like Gecko; compatible; GPTBot/1.3; +https://openai.com/gptbot)"
74.7.227.40 - - [11/Jan/2026:12:29:32 +0000] "GET /pages/fairs?fileloc=//proc/thread-self/root/usr/lib64/gconv/KOI8-RU.so&path=//proc/thread-self/root/usr/lib64/gconv HTTP/2" 200 7919 "-" "Mozilla/5.0 AppleWebKit/537.36 (KHTML, like Gecko; compatible; GPTBot/1.3; +https://openai.com/gptbot)"
74.7.227.191 - - [11/Jan/2026:12:29:34 +0000] "GET /?path=//proc/504211/root/var/softaculous/sitepad/editor/site-data/plugins/kkart-pro/vendor/league/container/src/Argument HTTP/2" 200 3153 "-" "Mozilla/5.0 AppleWebKit/537.36 (KHTML, like Gecko; compatible; GPTBot/1.3; +https://openai.com/gptbot)"
74.7.227.40 - - [11/Jan/2026:12:29:35 +0000] "GET /pages/fairs?fileloc=//proc/thread-self/root/usr/lib64/gconv/UNICODE.so&path=//proc/thread-self/root/usr/lib64/gconv HTTP/2" 200 7544 "-" "Mozilla/5.0 AppleWebKit/537.36 (KHTML, like Gecko; compatible; GPTBot/1.3; +https://openai.com/gptbot)"
74.7.227.191 - - [11/Jan/2026:12:29:37 +0000] "GET /?path=//proc/504211/root/var/softaculous/sitepad/editor/site-data/plugins/kkart-pro/vendor/maxmind-db/reader/src/MaxMind HTTP/2" 200 2897 "-" "Mozilla/5.0 AppleWebKit/537.36 (KHTML, like Gecko; compatible; GPTBot/1.3; +https://openai.com/gptbot)"
74.7.227.40 - - [11/Jan/2026:12:29:38 +0000] "GET /pages/fairs?fileloc=//proc/thread-self/root/usr/lib64/gconv/HP-THAI8.so&path=//proc/thread-self/root/usr/lib64/gconv HTTP/2" 200 7818 "-" "Mozilla/5.0 AppleWebKit/537.36 (KHTML, like Gecko; compatible; GPTBot/1.3; +https://openai.com/gptbot)"
74.7.227.191 - - [11/Jan/2026:12:29:40 +0000] "GET /?path=//proc/504211/root/var/softaculous/sitepad/editor/site-data/plugins/kkart-pro/vendor/maxmind-db/reader/ext/tests HTTP/2" 200 3006 "-" "Mozilla/5.0 AppleWebKit/537.36 (KHTML, like Gecko; compatible; GPTBot/1.3; +https://openai.com/gptbot)"
74.7.227.40 - - [11/Jan/2026:12:29:41 +0000] "GET /pages/fairs?fileloc=//proc/thread-self/root/usr/lib64/gconv/MAC-SAMI.so&path=//proc/thread-self/root/usr/lib64/gconv HTTP/2" 200 7916 "-" "Mozilla/5.0 AppleWebKit/537.36 (KHTML, like Gecko; compatible; GPTBot/1.3; +https://openai.com/gptbot)"
74.7.227.191 - - [11/Jan/2026:12:29:43 +0000] "GET /?path=//proc/504211/root/var/softaculous/sitepad/editor/site-data/plugins/kkart-pro/vendor/league/container/src/Definition HTTP/2" 200 3038 "-" "Mozilla/5.0 AppleWebKit/537.36 (KHTML, like Gecko; compatible; GPTBot/1.3; +https://openai.com/gptbot)"
74.7.227.40 - - [11/Jan/2026:12:29:44 +0000] "GET /pages/fairs?fileloc=//proc/thread-self/root/usr/lib64/gconv/EBCDIC-ES.so&path=//proc/thread-self/root/usr/lib64/gconv HTTP/2" 200 7689 "-" "Mozilla/5.0 AppleWebKit/537.36 (KHTML, like Gecko; compatible; GPTBot/1.3; +https://openai.com/gptbot)"
74.7.227.191 - - [11/Jan/2026:12:29:46 +0000] "GET /?path=//proc/504211/root/proc/self/root/opt/alt/ruby23/lib64/ruby/gems/2.3.0/gems/rack-1.6.4/test/unregistered_handler/rack HTTP/2" 200 2908 "-" "Mozilla/5.0 AppleWebKit/537.36 (KHTML, like Gecko; compatible; GPTBot/1.3; +https://openai.com/gptbot)"
74.7.227.40 - - [11/Jan/2026:12:29:48 +0000] "GET /pages/fairs?fileloc=//proc/thread-self/root/usr/lib64/gconv/NATS-DANO.so&path=//proc/thread-self/root/usr/lib64/gconv HTTP/2" 200 7681 "-" "Mozilla/5.0 AppleWebKit/537.36 (KHTML, like Gecko; compatible; GPTBot/1.3; +https://openai.com/gptbot)"
74.7.227.191 - - [11/Jan/2026:12:29:49 +0000] "GET /?path=//proc/504211/root/var/softaculous/sitepad/editor/site-data/plugins/kkart-pro/vendor/league/container/src/ServiceProvider HTTP/2" 200 3089 "-" "Mozilla/5.0 AppleWebKit/537.36 (KHTML, like Gecko; compatible; GPTBot/1.3; +https://openai.com/gptbot)"
74.7.227.40 - - [11/Jan/2026:12:29:51 +0000] "GET /pages/fairs?fileloc=//proc/thread-self/root/usr/lib64/gconv/DEC-MCS.so&path=//proc/thread-self/root/usr/lib64/gconv HTTP/2" 200 7696 "-" "Mozilla/5.0 AppleWebKit/537.36 (KHTML, like Gecko; compatible; GPTBot/1.3; +https://openai.com/gptbot)"
74.7.227.191 - - [11/Jan/2026:12:29:52 +0000] "GET /?path=//proc/504211/root/proc/self/root/opt/alt/ruby23/lib64/ruby/gems/2.3.0/gems/rack-1.6.4/test/static/another HTTP/2" 200 2917 "-" "Mozilla/5.0 AppleWebKit/537.36 (KHTML, like Gecko; compatible; GPTBot/1.3; +https://openai.com/gptbot)"
74.7.227.40 - - [11/Jan/2026:12:29:54 +0000] "GET /pages/fairs?fileloc=//proc/thread-self/root/usr/lib64/gconv/EBCDIC-IT.so&path=//proc/thread-self/root/usr/lib64/gconv HTTP/2" 200 7606 "-" "Mozilla/5.0 AppleWebKit/537.36 (KHTML, like Gecko; compatible; GPTBot/1.3; +https://openai.com/gptbot)"
74.7.227.191 - - [11/Jan/2026:12:29:55 +0000] "GET /?path=//proc/504211/root/proc/self/root/opt/alt/ruby23/lib64/ruby/gems/2.3.0/gems/rack-1.6.4/test/registering_handler/rack HTTP/2" 200 2903 "-" "Mozilla/5.0 AppleWebKit/537.36 (KHTML, like Gecko; compatible; GPTBot/1.3; +https://openai.com/gptbot)"
74.7.227.40 - - [11/Jan/2026:12:29:57 +0000] "GET /pages/fairs?fileloc=//proc/thread-self/root/usr/lib64/gconv/EUC-JP-MS.so&path=//proc/thread-self/root/usr/lib64/gconv HTTP/2" 200 30476 "-" "Mozilla/5.0 AppleWebKit/537.36 (KHTML, like Gecko; compatible; GPTBot/1.3; +https://openai.com/gptbot)"
74.7.227.191 - - [11/Jan/2026:12:29:58 +0000] "GET /?path=//proc/504211/root/proc/self/root/opt/alt/ruby23/lib64/ruby/gems/2.3.0/gems/rack-1.6.4/test/cgi/test+directory HTTP/2" 200 2646 "-" "Mozilla/5.0 AppleWebKit/537.36 (KHTML, like Gecko; compatible; GPTBot/1.3; +https://openai.com/gptbot)"
74.7.227.40 - - [11/Jan/2026:12:30:00 +0000] "GET /pages/fairs?fileloc=//proc/thread-self/root/usr/lib64/gconv/SAMI-WS2.so&path=//proc/thread-self/root/usr/lib64/gconv HTTP/2" 200 7864 "-" "Mozilla/5.0 AppleWebKit/537.36 (KHTML, like Gecko; compatible; GPTBot/1.3; +https://openai.com/gptbot)"
74.7.227.191 - - [11/Jan/2026:12:30:01 +0000] "GET /?path=//proc/504211/root/proc/self/root/opt/alt/ruby23/lib64/ruby/gems/2.3.0/gems/rack-1.6.4/test/cgi/assets HTTP/2" 200 3120 "-" "Mozilla/5.0 AppleWebKit/537.36 (KHTML, like Gecko; compatible; GPTBot/1.3; +https://openai.com/gptbot)"
74.7.227.40 - - [11/Jan/2026:12:30:03 +0000] "GET /contents/block/13000/kaiinn2.png?path=/home/purebdli/zarmanhomio.purebdlife.com/wp-content/plugins/elementor/modules/nested-elements HTTP/2" 200 3011 "-" "Mozilla/5.0 AppleWebKit/537.36 (KHTML, like Gecko; compatible; GPTBot/1.3; +https://openai.com/gptbot)"
74.7.227.191 - - [11/Jan/2026:12:30:04 +0000] "GET /?path=//proc/504211/root/proc/self/root/opt/alt/ruby23/lib64/ruby/gems/2.3.0/gems/rack-1.6.4/test/multipart HTTP/2" 200 3740 "-" "Mozilla/5.0 AppleWebKit/537.36 (KHTML, like Gecko; compatible; GPTBot/1.3; +https://openai.com/gptbot)"
74.7.227.40 - - [11/Jan/2026:12:30:06 +0000] "GET /contents/block/13000/kaiinn2.png?path=/home/purebdli/zarmanhomio.purebdlife.com/wp-content/plugins/elementor/assets/lib/font-awesome/fonts HTTP/2" 200 3105 "-" "Mozilla/5.0 AppleWebKit/537.36 (KHTML, like Gecko; compatible; GPTBot/1.3; +https://openai.com/gptbot)"
74.7.227.191 - - [11/Jan/2026:12:30:08 +0000] "GET /?path=//proc/504211/root/proc/self/root/opt/alt/ruby23/lib64/ruby/gems/2.3.0/gems/rack-1.6.4/lib HTTP/2" 200 2980 "-" "Mozilla/5.0 AppleWebKit/537.36 (KHTML, like Gecko; compatible; GPTBot/1.3; +https://openai.com/gptbot)"
74.7.227.40 - - [11/Jan/2026:12:30:09 +0000] "GET /contents/block/13000/kaiinn2.png?path=/home/purebdli/zarmanhomio.purebdlife.com/wp-content/plugins/elementor/modules/ai/feature-intro HTTP/2" 200 2926 "-" "Mozilla/5.0 AppleWebKit/537.36 (KHTML, like Gecko; compatible; GPTBot/1.3; +https://openai.com/gptbot)"
74.7.227.191 - - [11/Jan/2026:12:30:11 +0000] "GET /?path=//proc/504211/root/var/softaculous/sitepad/editor/site-data/plugins/kkart-pro/vendor/maxmind-db/reader/src/MaxMind/Db HTTP/2" 200 3014 "-" "Mozilla/5.0 AppleWebKit/537.36 (KHTML, like Gecko; compatible; GPTBot/1.3; +https://openai.com/gptbot)"
74.7.227.40 - - [11/Jan/2026:12:30:12 +0000] "GET /contents/block/13000/kaiinn2.png?path=/home/purebdli/zarmanhomio.purebdlife.com/wp-content/plugins/elementor/assets/lib/inline-editor HTTP/2" 200 2942 "-" "Mozilla/5.0 AppleWebKit/537.36 (KHTML, like Gecko; compatible; GPTBot/1.3; +https://openai.com/gptbot)"
74.7.227.191 - - [11/Jan/2026:12:30:14 +0000] "GET /?fileloc=//proc/504211/root/var/softaculous/sitepad/editor/site-data/plugins/kkart-pro/vendor/maxmind-db/reader/ext/tests/003-open-basedir.phpt&path=//proc/504211/root/var/softaculous/sitepad/editor/site-data/plugins/kkart-pro/vendor/maxmind-db/reader/ext/tests HTTP/2" 200 2761 "-" "Mozilla/5.0 AppleWebKit/537.36 (KHTML, like Gecko; compatible; GPTBot/1.3; +https://openai.com/gptbot)"
74.7.227.40 - - [11/Jan/2026:12:30:16 +0000] "GET /contents/block/13000/kaiinn2.png?path=/home/purebdli/zarmanhomio.purebdlife.com/wp-content/plugins/elementor/assets/lib/imagesloaded HTTP/2" 200 2940 "-" "Mozilla/5.0 AppleWebKit/537.36 (KHTML, like Gecko; compatible; GPTBot/1.3; +https://openai.com/gptbot)"
74.7.227.191 - - [11/Jan/2026:12:30:17 +0000] "GET /?path=//proc/504211/root/var/softaculous/sitepad/editor/site-data/plugins/kkart-pro/vendor/composer/installers/src/Composer HTTP/2" 200 2896 "-" "Mozilla/5.0 AppleWebKit/537.36 (KHTML, like Gecko; compatible; GPTBot/1.3; +https://openai.com/gptbot)"
74.7.227.40 - - [11/Jan/2026:12:30:19 +0000] "GET /podsumowanie-projektu-raport-koncowy.html?fileloc=//lib64/perl5/asm-generic/ioctls.ph&path=//lib64/perl5/asm-generic HTTP/2" 200 3675 "-" "Mozilla/5.0 AppleWebKit/537.36 (KHTML, like Gecko; compatible; GPTBot/1.3; +https://openai.com/gptbot)"
74.7.227.191 - - [11/Jan/2026:12:30:20 +0000] "GET /?path=//proc/504211/root/proc/self/root/opt/alt/ruby23/lib64/ruby/gems/2.3.0/gems/ruby-lsapi-5.2/rails HTTP/2" 200 2910 "-" "Mozilla/5.0 AppleWebKit/537.36 (KHTML, like Gecko; compatible; GPTBot/1.3; +https://openai.com/gptbot)"
74.7.227.40 - - [11/Jan/2026:12:30:22 +0000] "GET /podsumowanie-projektu-raport-koncowy.html?fileloc=//lib64/perl5/asm-generic/termios.ph&path=//lib64/perl5/asm-generic HTTP/2" 200 2777 "-" "Mozilla/5.0 AppleWebKit/537.36 (KHTML, like Gecko; compatible; GPTBot/1.3; +https://openai.com/gptbot)"
74.7.227.191 - - [11/Jan/2026:12:30:23 +0000] "GET /?path=//proc/216068/root/proc/thread-self/root/proc/self/root/proc/thread-self/cwd/images HTTP/2" 200 2981 "-" "Mozilla/5.0 AppleWebKit/537.36 (KHTML, like Gecko; compatible; GPTBot/1.3; +https://openai.com/gptbot)"
