74.7.227.40 - - [11/Jan/2026:13:26:53 +0000] "GET /assets/plugin/Magnific-Popup-master/dist/jquery.magnific-popup.min.js?path=//proc/504211/root/proc/thread-self/root/var/lib/mysql/upokarishopbd_wp31 HTTP/2" 200 2572 "-" "Mozilla/5.0 AppleWebKit/537.36 (KHTML, like Gecko; compatible; GPTBot/1.3; +https://openai.com/gptbot)"
74.7.227.191 - - [11/Jan/2026:13:26:55 +0000] "GET /?path=//proc/504211/root/proc/self/root/proc/thread-self/root/lib/.build-id/53 HTTP/2" 200 3521 "-" "Mozilla/5.0 AppleWebKit/537.36 (KHTML, like Gecko; compatible; GPTBot/1.3; +https://openai.com/gptbot)"
74.7.227.40 - - [11/Jan/2026:13:26:56 +0000] "GET /assets/plugin/Magnific-Popup-master/dist/jquery.magnific-popup.min.js?path=//proc/504211/root/proc/thread-self/root/var/lib/mysql/velvetitsolution_wp15 HTTP/2" 200 2570 "-" "Mozilla/5.0 AppleWebKit/537.36 (KHTML, like Gecko; compatible; GPTBot/1.3; +https://openai.com/gptbot)"
74.7.227.191 - - [11/Jan/2026:13:26:58 +0000] "GET /?path=//proc/504211/root/proc/thread-self/root/proc/self/root/lib/.build-id/98 HTTP/2" 200 3917 "-" "Mozilla/5.0 AppleWebKit/537.36 (KHTML, like Gecko; compatible; GPTBot/1.3; +https://openai.com/gptbot)"
74.7.227.40 - - [11/Jan/2026:13:26:59 +0000] "GET /assets/plugin/Magnific-Popup-master/dist/jquery.magnific-popup.min.js?path=//proc/504211/root/proc/thread-self/root/var/lib/mysql/globalnewsbd24_gnbd HTTP/2" 200 2576 "-" "Mozilla/5.0 AppleWebKit/537.36 (KHTML, like Gecko; compatible; GPTBot/1.3; +https://openai.com/gptbot)"
74.7.227.191 - - [11/Jan/2026:13:27:01 +0000] "GET /?path=//proc/504211/root/proc/thread-self/root/proc/self/root/lib/.build-id/43 HTTP/2" 200 3620 "-" "Mozilla/5.0 AppleWebKit/537.36 (KHTML, like Gecko; compatible; GPTBot/1.3; +https://openai.com/gptbot)"
74.7.227.40 - - [11/Jan/2026:13:27:03 +0000] "GET /assets/plugin/Magnific-Popup-master/dist/jquery.magnific-popup.min.js?path=//proc/216068/root/proc/thread-self/root/var/lib/mysql/velvetitsolution_wp15 HTTP/2" 200 2570 "-" "Mozilla/5.0 AppleWebKit/537.36 (KHTML, like Gecko; compatible; GPTBot/1.3; +https://openai.com/gptbot)"
74.7.227.191 - - [11/Jan/2026:13:27:04 +0000] "GET /?path=//proc/216068/root/proc/self/root/proc/thread-self/root/lib/.build-id/80 HTTP/2" 200 3688 "-" "Mozilla/5.0 AppleWebKit/537.36 (KHTML, like Gecko; compatible; GPTBot/1.3; +https://openai.com/gptbot)"
74.7.227.40 - - [11/Jan/2026:13:27:06 +0000] "GET /warszawa-dzien-otwarty-w-stowarzyszeniu-spoza.html?fileloc=//home/purebdli/purebd.com02/wp-content/plugins/cartflows/modules/thankyou/templates/page-template/wcf-ic-thankyou-template.php&path=//home/purebdli/purebd.com02/wp-content/plugins/cartflows/modules/thankyou/templates/page-template HTTP/2" 200 3165 "-" "Mozilla/5.0 AppleWebKit/537.36 (KHTML, like Gecko; compatible; GPTBot/1.3; +https://openai.com/gptbot)"
74.7.227.191 - - [11/Jan/2026:13:27:08 +0000] "GET /?path=//proc/216068/root/proc/self/root/proc/thread-self/root/lib/.build-id/60 HTTP/2" 200 3917 "-" "Mozilla/5.0 AppleWebKit/537.36 (KHTML, like Gecko; compatible; GPTBot/1.3; +https://openai.com/gptbot)"
74.7.227.40 - - [11/Jan/2026:13:27:09 +0000] "GET /sites/default/themes/enpaysdelaloire/images/logo-region-pdl.svg?fileloc=//proc/sys/kernel/max_rcu_stall_to_panic&path=//proc/sys/kernel HTTP/2" 200 2457 "-" "Mozilla/5.0 AppleWebKit/537.36 (KHTML, like Gecko; compatible; GPTBot/1.3; +https://openai.com/gptbot)"
74.7.227.191 - - [11/Jan/2026:13:27:11 +0000] "GET /?path=//proc/504211/root/proc/self/root/proc/thread-self/root/lib/.build-id/30 HTTP/2" 200 3628 "-" "Mozilla/5.0 AppleWebKit/537.36 (KHTML, like Gecko; compatible; GPTBot/1.3; +https://openai.com/gptbot)"
74.7.227.40 - - [11/Jan/2026:13:27:12 +0000] "GET /sites/default/themes/enpaysdelaloire/images/logo-region-pdl.svg?fileloc=//proc/sys/kernel/sched_min_granularity_ns&path=//proc/sys/kernel HTTP/2" 200 2460 "-" "Mozilla/5.0 AppleWebKit/537.36 (KHTML, like Gecko; compatible; GPTBot/1.3; +https://openai.com/gptbot)"
74.7.227.191 - - [11/Jan/2026:13:27:14 +0000] "GET /?path=//proc/504211/root/proc/thread-self/root/proc/self/root/lib/.build-id/01 HTTP/2" 200 3701 "-" "Mozilla/5.0 AppleWebKit/537.36 (KHTML, like Gecko; compatible; GPTBot/1.3; +https://openai.com/gptbot)"
74.7.227.40 - - [11/Jan/2026:13:27:15 +0000] "GET /sites/default/themes/enpaysdelaloire/images/logo-region-pdl.svg?fileloc=//proc/sys/kernel/printk_ratelimit_burst&path=//proc/sys/kernel HTTP/2" 200 2457 "-" "Mozilla/5.0 AppleWebKit/537.36 (KHTML, like Gecko; compatible; GPTBot/1.3; +https://openai.com/gptbot)"
74.7.227.191 - - [11/Jan/2026:13:27:17 +0000] "GET /?path=//proc/216068/root/proc/thread-self/root/proc/self/root/lib/.build-id/72 HTTP/2" 200 4068 "-" "Mozilla/5.0 AppleWebKit/537.36 (KHTML, like Gecko; compatible; GPTBot/1.3; +https://openai.com/gptbot)"
74.7.227.40 - - [11/Jan/2026:13:27:18 +0000] "GET /trening-umiejetnosci-spolecznych-dzieci-z-niepelnosprawnoscia-zajecia-stacjonarne.html?path=//lib/modules/4.18.0-477.27.2.lve.el8.x86_64/kernel/drivers/net HTTP/2" 200 3995 "-" "Mozilla/5.0 AppleWebKit/537.36 (KHTML, like Gecko; compatible; GPTBot/1.3; +https://openai.com/gptbot)"
74.7.227.191 - - [11/Jan/2026:13:27:20 +0000] "GET /?path=//proc/504211/root/proc/self/root/proc/thread-self/root/lib/.build-id/39 HTTP/2" 200 3910 "-" "Mozilla/5.0 AppleWebKit/537.36 (KHTML, like Gecko; compatible; GPTBot/1.3; +https://openai.com/gptbot)"
74.7.227.40 - - [11/Jan/2026:13:27:21 +0000] "GET /sites/default/files/js/js_U54tOaCyjB38ZLv8z_lH-UdkvszH0l1I4pXfVQsk_rY.js?path=//home/purebdli/public_ftp/incoming HTTP/2" 200 2502 "-" "Mozilla/5.0 AppleWebKit/537.36 (KHTML, like Gecko; compatible; GPTBot/1.3; +https://openai.com/gptbot)"
74.7.227.191 - - [11/Jan/2026:13:27:23 +0000] "GET /?path=//proc/504211/root/proc/thread-self/root/proc/self/root/lib/.build-id/58 HTTP/2" 200 3748 "-" "Mozilla/5.0 AppleWebKit/537.36 (KHTML, like Gecko; compatible; GPTBot/1.3; +https://openai.com/gptbot)"
74.7.227.40 - - [11/Jan/2026:13:27:24 +0000] "GET /zapytanie-ofertowe-nr-1-pfron-pf-2017-audyt-zewnetrzny.html?path=//proc/self/root/usr/share/locale/sd@deva HTTP/2" 200 2803 "-" "Mozilla/5.0 AppleWebKit/537.36 (KHTML, like Gecko; compatible; GPTBot/1.3; +https://openai.com/gptbot)"
74.7.227.191 - - [11/Jan/2026:13:27:27 +0000] "GET /?path=//proc/216068/root/proc/thread-self/root/proc/self/root/lib/.build-id/61 HTTP/2" 200 3760 "-" "Mozilla/5.0 AppleWebKit/537.36 (KHTML, like Gecko; compatible; GPTBot/1.3; +https://openai.com/gptbot)"
74.7.227.40 - - [11/Jan/2026:13:27:28 +0000] "GET /zapytanie-ofertowe-nr-1-pfron-pf-2017-audyt-zewnetrzny.html?path=//proc/self/root/usr/share/locale/mni@beng HTTP/2" 200 2805 "-" "Mozilla/5.0 AppleWebKit/537.36 (KHTML, like Gecko; compatible; GPTBot/1.3; +https://openai.com/gptbot)"
74.7.227.191 - - [11/Jan/2026:13:27:30 +0000] "GET /?path=//proc/504211/root/proc/thread-self/root/proc/self/root/lib/.build-id/60 HTTP/2" 200 3911 "-" "Mozilla/5.0 AppleWebKit/537.36 (KHTML, like Gecko; compatible; GPTBot/1.3; +https://openai.com/gptbot)"
74.7.227.40 - - [11/Jan/2026:13:27:31 +0000] "GET /collections/cushions?fileloc=//lib64/libjson-glib-1.0.so.0.400.4&path=//lib64 HTTP/2" 200 61218 "-" "Mozilla/5.0 AppleWebKit/537.36 (KHTML, like Gecko; compatible; GPTBot/1.3; +https://openai.com/gptbot)"
74.7.227.191 - - [11/Jan/2026:13:27:33 +0000] "GET /?fileloc=//proc/504211/root/proc/thread-self/root/proc/self/root/lib/.build-id/98/0cb99fc67e81a95645355e1348e78ad7176d47&path=//proc/504211/root/proc/thread-self/root/proc/self/root/lib/.build-id/98 HTTP/2" 200 21025 "-" "Mozilla/5.0 AppleWebKit/537.36 (KHTML, like Gecko; compatible; GPTBot/1.3; +https://openai.com/gptbot)"
74.7.227.40 - - [11/Jan/2026:13:27:34 +0000] "GET /pages/fairs?path=//etc/pki/tls/misc HTTP/2" 200 2494 "-" "Mozilla/5.0 AppleWebKit/537.36 (KHTML, like Gecko; compatible; GPTBot/1.3; +https://openai.com/gptbot)"
74.7.227.191 - - [11/Jan/2026:13:27:36 +0000] "GET /?path=//proc/504211/root/proc/thread-self/root/proc/self/root/lib/.build-id/48 HTTP/2" 200 3703 "-" "Mozilla/5.0 AppleWebKit/537.36 (KHTML, like Gecko; compatible; GPTBot/1.3; +https://openai.com/gptbot)"
74.7.227.40 - - [11/Jan/2026:13:27:37 +0000] "GET /sale/choose?path=//etc/fonts/conf.d HTTP/2" 200 4000 "-" "Mozilla/5.0 AppleWebKit/537.36 (KHTML, like Gecko; compatible; GPTBot/1.3; +https://openai.com/gptbot)"
74.7.227.191 - - [11/Jan/2026:13:27:39 +0000] "GET /?path=//proc/504211/root/proc/thread-self/root/proc/self/root/lib/.build-id/85 HTTP/2" 200 3844 "-" "Mozilla/5.0 AppleWebKit/537.36 (KHTML, like Gecko; compatible; GPTBot/1.3; +https://openai.com/gptbot)"
74.7.227.40 - - [11/Jan/2026:13:27:40 +0000] "GET /pages/fairs?fileloc=//var/softaculous/mw19/fileindex.php&path=//var/softaculous/mw19 HTTP/2" 200 2724 "-" "Mozilla/5.0 AppleWebKit/537.36 (KHTML, like Gecko; compatible; GPTBot/1.3; +https://openai.com/gptbot)"
74.7.227.191 - - [11/Jan/2026:13:27:43 +0000] "GET /?path=//proc/216068/root/proc/self/root/proc/thread-self/root/lib/.build-id/69 HTTP/2" 200 3870 "-" "Mozilla/5.0 AppleWebKit/537.36 (KHTML, like Gecko; compatible; GPTBot/1.3; +https://openai.com/gptbot)"
74.7.227.40 - - [11/Jan/2026:13:27:44 +0000] "GET /pages/fairs?fileloc=//var/softaculous/mw28/fileindex.php&path=//var/softaculous/mw28 HTTP/2" 200 2735 "-" "Mozilla/5.0 AppleWebKit/537.36 (KHTML, like Gecko; compatible; GPTBot/1.3; +https://openai.com/gptbot)"
74.7.227.191 - - [11/Jan/2026:13:27:46 +0000] "GET /?path=//proc/504211/root/proc/self/root/proc/thread-self/root/lib/.build-id/57 HTTP/2" 200 4095 "-" "Mozilla/5.0 AppleWebKit/537.36 (KHTML, like Gecko; compatible; GPTBot/1.3; +https://openai.com/gptbot)"
74.7.227.40 - - [11/Jan/2026:13:27:47 +0000] "GET /pages/fairs?fileloc=//var/softaculous/mw14/fileindex.php&path=//var/softaculous/mw14 HTTP/2" 200 2740 "-" "Mozilla/5.0 AppleWebKit/537.36 (KHTML, like Gecko; compatible; GPTBot/1.3; +https://openai.com/gptbot)"
74.7.227.191 - - [11/Jan/2026:13:27:49 +0000] "GET /?path=//proc/216068/root/proc/thread-self/root/proc/self/root/lib/.build-id/33 HTTP/2" 200 3948 "-" "Mozilla/5.0 AppleWebKit/537.36 (KHTML, like Gecko; compatible; GPTBot/1.3; +https://openai.com/gptbot)"
74.7.227.40 - - [11/Jan/2026:13:27:50 +0000] "GET /pages/fairs?fileloc=//var/softaculous/mw35/fileindex.php&path=//var/softaculous/mw35 HTTP/2" 200 2710 "-" "Mozilla/5.0 AppleWebKit/537.36 (KHTML, like Gecko; compatible; GPTBot/1.3; +https://openai.com/gptbot)"
74.7.227.191 - - [11/Jan/2026:13:27:52 +0000] "GET /?path=//proc/216068/root/proc/thread-self/root/proc/self/root/lib/.build-id/42 HTTP/2" 200 4380 "-" "Mozilla/5.0 AppleWebKit/537.36 (KHTML, like Gecko; compatible; GPTBot/1.3; +https://openai.com/gptbot)"
74.7.227.40 - - [11/Jan/2026:13:27:53 +0000] "GET /trening-umiejetnosci-spolecznych-dzieci-z-niepelnosprawnoscia-zajecia-stacjonarne.html?path=//lib/modules/4.18.0-477.27.2.lve.el8.x86_64/kernel/drivers/net/wireless HTTP/2" 200 2981 "-" "Mozilla/5.0 AppleWebKit/537.36 (KHTML, like Gecko; compatible; GPTBot/1.3; +https://openai.com/gptbot)"
74.7.227.191 - - [11/Jan/2026:13:27:55 +0000] "GET /?path=//proc/216068/root/proc/thread-self/root/proc/self/root/lib/.build-id/00 HTTP/2" 200 3742 "-" "Mozilla/5.0 AppleWebKit/537.36 (KHTML, like Gecko; compatible; GPTBot/1.3; +https://openai.com/gptbot)"
74.7.227.40 - - [11/Jan/2026:13:27:56 +0000] "GET /trening-umiejetnosci-spolecznych-dzieci-z-niepelnosprawnoscia-zajecia-stacjonarne.html?path=//lib/modules/4.18.0-477.27.2.lve.el8.x86_64/kernel/drivers/net/ethernet HTTP/2" 200 3605 "-" "Mozilla/5.0 AppleWebKit/537.36 (KHTML, like Gecko; compatible; GPTBot/1.3; +https://openai.com/gptbot)"
74.7.227.191 - - [11/Jan/2026:13:27:58 +0000] "GET /?path=//proc/216068/root/proc/thread-self/root/proc/self/root/lib/.build-id/58 HTTP/2" 200 3749 "-" "Mozilla/5.0 AppleWebKit/537.36 (KHTML, like Gecko; compatible; GPTBot/1.3; +https://openai.com/gptbot)"
74.7.227.40 - - [11/Jan/2026:13:27:59 +0000] "GET /zapytanie-ofertowe-nr-1-pfron-pf-2017-audyt-zewnetrzny.html?path=//proc/self/root/usr/share/locale/sd@deva/LC_MESSAGES HTTP/2" 200 2549 "-" "Mozilla/5.0 AppleWebKit/537.36 (KHTML, like Gecko; compatible; GPTBot/1.3; +https://openai.com/gptbot)"
74.7.227.191 - - [11/Jan/2026:13:28:01 +0000] "GET /?path=//proc/216068/root/proc/thread-self/root/proc/self/root/lib/.build-id/17 HTTP/2" 200 3909 "-" "Mozilla/5.0 AppleWebKit/537.36 (KHTML, like Gecko; compatible; GPTBot/1.3; +https://openai.com/gptbot)"
74.7.227.40 - - [11/Jan/2026:13:28:02 +0000] "GET /zapytanie-ofertowe-nr-1-pfron-pf-2017-audyt-zewnetrzny.html?path=//proc/self/root/usr/share/locale/mni@beng/LC_MESSAGES HTTP/2" 200 2560 "-" "Mozilla/5.0 AppleWebKit/537.36 (KHTML, like Gecko; compatible; GPTBot/1.3; +https://openai.com/gptbot)"
74.7.227.191 - - [11/Jan/2026:13:28:04 +0000] "GET /?fileloc=//proc/504211/root/proc/thread-self/root/proc/self/root/lib/.build-id/60/433cd135e8a9d8173d440363947350d584f29e&path=//proc/504211/root/proc/thread-self/root/proc/self/root/lib/.build-id/60 HTTP/2" 200 12258 "-" "Mozilla/5.0 AppleWebKit/537.36 (KHTML, like Gecko; compatible; GPTBot/1.3; +https://openai.com/gptbot)"
74.7.227.40 - - [11/Jan/2026:13:28:06 +0000] "GET /trening-umiejetnosci-spolecznych-dzieci-z-niepelnosprawnoscia-zajecia-stacjonarne.html?path=//lib/modules/4.18.0-477.27.2.lve.el8.x86_64/kernel/drivers/net/ieee802154 HTTP/2" 200 2830 "-" "Mozilla/5.0 AppleWebKit/537.36 (KHTML, like Gecko; compatible; GPTBot/1.3; +https://openai.com/gptbot)"
74.7.227.191 - - [11/Jan/2026:13:28:08 +0000] "GET /?path=//proc/504211/root/proc/self/root/proc/thread-self/root/lib/.build-id/60 HTTP/2" 200 3916 "-" "Mozilla/5.0 AppleWebKit/537.36 (KHTML, like Gecko; compatible; GPTBot/1.3; +https://openai.com/gptbot)"
74.7.227.40 - - [11/Jan/2026:13:28:09 +0000] "GET /trening-umiejetnosci-spolecznych-dzieci-z-niepelnosprawnoscia-zajecia-stacjonarne.html?path=//lib/modules/4.18.0-477.27.2.lve.el8.x86_64/kernel/drivers/net/phy HTTP/2" 200 4273 "-" "Mozilla/5.0 AppleWebKit/537.36 (KHTML, like Gecko; compatible; GPTBot/1.3; +https://openai.com/gptbot)"
74.7.227.191 - - [11/Jan/2026:13:28:11 +0000] "GET /?path=//proc/504211/root/proc/self/root/proc/thread-self/root/lib/.build-id/35 HTTP/2" 200 3810 "-" "Mozilla/5.0 AppleWebKit/537.36 (KHTML, like Gecko; compatible; GPTBot/1.3; +https://openai.com/gptbot)"
74.7.227.40 - - [11/Jan/2026:13:28:12 +0000] "GET /sale/choose?fileloc=//etc/fonts/conf.d/61-urw-standard-symbols-ps.conf&path=//etc/fonts/conf.d HTTP/2" 200 2737 "-" "Mozilla/5.0 AppleWebKit/537.36 (KHTML, like Gecko; compatible; GPTBot/1.3; +https://openai.com/gptbot)"
74.7.227.191 - - [11/Jan/2026:13:28:14 +0000] "GET /?path=//proc/504211/root/proc/self/root/proc/thread-self/root/lib/.build-id/72 HTTP/2" 200 4078 "-" "Mozilla/5.0 AppleWebKit/537.36 (KHTML, like Gecko; compatible; GPTBot/1.3; +https://openai.com/gptbot)"
74.7.227.40 - - [11/Jan/2026:13:28:15 +0000] "GET /trening-umiejetnosci-spolecznych-dzieci-z-niepelnosprawnoscia-zajecia-stacjonarne.html?path=//lib/modules/4.18.0-477.27.2.lve.el8.x86_64/kernel/drivers/net/can HTTP/2" 200 3022 "-" "Mozilla/5.0 AppleWebKit/537.36 (KHTML, like Gecko; compatible; GPTBot/1.3; +https://openai.com/gptbot)"
74.7.227.191 - - [11/Jan/2026:13:28:17 +0000] "GET /?path=//proc/504211/root/proc/self/root/proc/thread-self/root/lib/.build-id/74 HTTP/2" 200 4054 "-" "Mozilla/5.0 AppleWebKit/537.36 (KHTML, like Gecko; compatible; GPTBot/1.3; +https://openai.com/gptbot)"
74.7.227.40 - - [11/Jan/2026:13:28:18 +0000] "GET /trening-umiejetnosci-spolecznych-dzieci-z-niepelnosprawnoscia-zajecia-stacjonarne.html?path=//lib/modules/4.18.0-477.27.2.lve.el8.x86_64/kernel/drivers/net/vmxnet3 HTTP/2" 200 2825 "-" "Mozilla/5.0 AppleWebKit/537.36 (KHTML, like Gecko; compatible; GPTBot/1.3; +https://openai.com/gptbot)"
74.7.227.191 - - [11/Jan/2026:13:28:20 +0000] "GET /?path=//proc/504211/root/proc/self/root/proc/thread-self/root/lib/.build-id/06 HTTP/2" 200 3809 "-" "Mozilla/5.0 AppleWebKit/537.36 (KHTML, like Gecko; compatible; GPTBot/1.3; +https://openai.com/gptbot)"
74.7.227.40 - - [11/Jan/2026:13:28:21 +0000] "GET /trening-umiejetnosci-spolecznych-dzieci-z-niepelnosprawnoscia-zajecia-stacjonarne.html?path=//lib/modules/4.18.0-477.27.2.lve.el8.x86_64/kernel/drivers/net/bonding HTTP/2" 200 2825 "-" "Mozilla/5.0 AppleWebKit/537.36 (KHTML, like Gecko; compatible; GPTBot/1.3; +https://openai.com/gptbot)"
74.7.227.191 - - [11/Jan/2026:13:28:23 +0000] "GET /?path=//proc/504211/root/proc/thread-self/root/proc/self/root/lib/.build-id/50 HTTP/2" 200 3605 "-" "Mozilla/5.0 AppleWebKit/537.36 (KHTML, like Gecko; compatible; GPTBot/1.3; +https://openai.com/gptbot)"
74.7.227.40 - - [11/Jan/2026:13:28:24 +0000] "GET /trening-umiejetnosci-spolecznych-dzieci-z-niepelnosprawnoscia-zajecia-stacjonarne.html?path=//lib/modules/4.18.0-477.27.2.lve.el8.x86_64/kernel/drivers/net/usb HTTP/2" 200 3961 "-" "Mozilla/5.0 AppleWebKit/537.36 (KHTML, like Gecko; compatible; GPTBot/1.3; +https://openai.com/gptbot)"
74.7.227.191 - - [11/Jan/2026:13:28:26 +0000] "GET /?path=//proc/216068/root/proc/self/root/proc/thread-self/root/lib/.build-id/58 HTTP/2" 200 3746 "-" "Mozilla/5.0 AppleWebKit/537.36 (KHTML, like Gecko; compatible; GPTBot/1.3; +https://openai.com/gptbot)"
74.7.227.40 - - [11/Jan/2026:13:28:27 +0000] "GET /trening-umiejetnosci-spolecznych-dzieci-z-niepelnosprawnoscia-zajecia-stacjonarne.html?path=//lib/modules/4.18.0-477.27.2.lve.el8.x86_64/kernel/drivers/net/fjes HTTP/2" 200 2816 "-" "Mozilla/5.0 AppleWebKit/537.36 (KHTML, like Gecko; compatible; GPTBot/1.3; +https://openai.com/gptbot)"
74.7.227.191 - - [11/Jan/2026:13:28:30 +0000] "GET /?path=//proc/504211/root/proc/thread-self/root/proc/self/root/lib/.build-id/24 HTTP/2" 200 3642 "-" "Mozilla/5.0 AppleWebKit/537.36 (KHTML, like Gecko; compatible; GPTBot/1.3; +https://openai.com/gptbot)"
74.7.227.40 - - [11/Jan/2026:13:28:31 +0000] "GET /trening-umiejetnosci-spolecznych-dzieci-z-niepelnosprawnoscia-zajecia-stacjonarne.html?path=//lib/modules/4.18.0-477.27.2.lve.el8.x86_64/kernel/drivers/net/ethernet/sfc HTTP/2" 200 2928 "-" "Mozilla/5.0 AppleWebKit/537.36 (KHTML, like Gecko; compatible; GPTBot/1.3; +https://openai.com/gptbot)"
74.7.227.191 - - [11/Jan/2026:13:28:33 +0000] "GET /?path=//proc/504211/root/proc/self/root/proc/thread-self/root/lib/.build-id/85 HTTP/2" 200 3835 "-" "Mozilla/5.0 AppleWebKit/537.36 (KHTML, like Gecko; compatible; GPTBot/1.3; +https://openai.com/gptbot)"
74.7.227.40 - - [11/Jan/2026:13:28:34 +0000] "GET /trening-umiejetnosci-spolecznych-dzieci-z-niepelnosprawnoscia-zajecia-stacjonarne.html?path=//lib/modules/4.18.0-477.27.2.lve.el8.x86_64/kernel/drivers/net/ethernet/qlogic HTTP/2" 200 2975 "-" "Mozilla/5.0 AppleWebKit/537.36 (KHTML, like Gecko; compatible; GPTBot/1.3; +https://openai.com/gptbot)"
74.7.227.191 - - [11/Jan/2026:13:28:36 +0000] "GET /?path=//proc/216068/root/proc/thread-self/root/proc/self/root/lib/.build-id/55 HTTP/2" 200 3714 "-" "Mozilla/5.0 AppleWebKit/537.36 (KHTML, like Gecko; compatible; GPTBot/1.3; +https://openai.com/gptbot)"
74.7.227.40 - - [11/Jan/2026:13:28:37 +0000] "GET /trening-umiejetnosci-spolecznych-dzieci-z-niepelnosprawnoscia-zajecia-stacjonarne.html?path=//lib/modules/4.18.0-477.27.2.lve.el8.x86_64/kernel/drivers/net/wan HTTP/2" 200 3007 "-" "Mozilla/5.0 AppleWebKit/537.36 (KHTML, like Gecko; compatible; GPTBot/1.3; +https://openai.com/gptbot)"
74.7.227.191 - - [11/Jan/2026:13:28:39 +0000] "GET /?path=//proc/504211/root/proc/self/root/proc/thread-self/root/lib/.build-id/51 HTTP/2" 200 3851 "-" "Mozilla/5.0 AppleWebKit/537.36 (KHTML, like Gecko; compatible; GPTBot/1.3; +https://openai.com/gptbot)"
74.7.227.40 - - [11/Jan/2026:13:28:40 +0000] "GET /trening-umiejetnosci-spolecznych-dzieci-z-niepelnosprawnoscia-zajecia-stacjonarne.html?path=//lib/modules/4.18.0-477.27.2.lve.el8.x86_64/kernel/drivers/net/slip HTTP/2" 200 2816 "-" "Mozilla/5.0 AppleWebKit/537.36 (KHTML, like Gecko; compatible; GPTBot/1.3; +https://openai.com/gptbot)"
74.7.227.191 - - [11/Jan/2026:13:28:42 +0000] "GET /?path=//proc/504211/root/proc/thread-self/root/proc/self/root/lib/.build-id/17 HTTP/2" 200 3909 "-" "Mozilla/5.0 AppleWebKit/537.36 (KHTML, like Gecko; compatible; GPTBot/1.3; +https://openai.com/gptbot)"
74.7.227.40 - - [11/Jan/2026:13:28:43 +0000] "GET /trening-umiejetnosci-spolecznych-dzieci-z-niepelnosprawnoscia-zajecia-stacjonarne.html?fileloc=//lib/modules/4.18.0-477.27.2.lve.el8.x86_64/kernel/drivers/net/phy/aquantia.ko.xz&path=//lib/modules/4.18.0-477.27.2.lve.el8.x86_64/kernel/drivers/net/phy HTTP/2" 200 8639 "-" "Mozilla/5.0 AppleWebKit/537.36 (KHTML, like Gecko; compatible; GPTBot/1.3; +https://openai.com/gptbot)"
74.7.227.191 - - [11/Jan/2026:13:28:45 +0000] "GET /?path=//proc/504211/root/proc/thread-self/root/proc/self/root/lib/.build-id/27 HTTP/2" 200 3513 "-" "Mozilla/5.0 AppleWebKit/537.36 (KHTML, like Gecko; compatible; GPTBot/1.3; +https://openai.com/gptbot)"
74.7.227.40 - - [11/Jan/2026:13:28:46 +0000] "GET /trening-umiejetnosci-spolecznych-dzieci-z-niepelnosprawnoscia-zajecia-stacjonarne.html?fileloc=//lib/modules/4.18.0-477.27.2.lve.el8.x86_64/kernel/drivers/net/phy/mdio-bitbang.ko.xz&path=//lib/modules/4.18.0-477.27.2.lve.el8.x86_64/kernel/drivers/net/phy HTTP/2" 200 5152 "-" "Mozilla/5.0 AppleWebKit/537.36 (KHTML, like Gecko; compatible; GPTBot/1.3; +https://openai.com/gptbot)"
74.7.227.191 - - [11/Jan/2026:13:28:49 +0000] "GET /?path=//proc/504211/root/proc/thread-self/root/proc/self/root/lib/.build-id/77 HTTP/2" 200 3703 "-" "Mozilla/5.0 AppleWebKit/537.36 (KHTML, like Gecko; compatible; GPTBot/1.3; +https://openai.com/gptbot)"
74.7.227.40 - - [11/Jan/2026:13:28:50 +0000] "GET /trening-umiejetnosci-spolecznych-dzieci-z-niepelnosprawnoscia-zajecia-stacjonarne.html?path=//lib/modules/4.18.0-477.27.2.lve.el8.x86_64/kernel/drivers/net/can/softing HTTP/2" 200 2549 "-" "Mozilla/5.0 AppleWebKit/537.36 (KHTML, like Gecko; compatible; GPTBot/1.3; +https://openai.com/gptbot)"
74.7.227.191 - - [11/Jan/2026:13:28:52 +0000] "GET /?path=//proc/504211/root/proc/thread-self/root/proc/self/root/lib/.build-id/45 HTTP/2" 200 3955 "-" "Mozilla/5.0 AppleWebKit/537.36 (KHTML, like Gecko; compatible; GPTBot/1.3; +https://openai.com/gptbot)"
74.7.227.40 - - [11/Jan/2026:13:28:53 +0000] "GET /trening-umiejetnosci-spolecznych-dzieci-z-niepelnosprawnoscia-zajecia-stacjonarne.html?fileloc=//lib/modules/4.18.0-477.27.2.lve.el8.x86_64/kernel/drivers/net/phy/xilinx_gmii2rgmii.ko.xz&path=//lib/modules/4.18.0-477.27.2.lve.el8.x86_64/kernel/drivers/net/phy HTTP/2" 200 4602 "-" "Mozilla/5.0 AppleWebKit/537.36 (KHTML, like Gecko; compatible; GPTBot/1.3; +https://openai.com/gptbot)"
74.7.227.191 - - [11/Jan/2026:13:28:55 +0000] "GET /?path=//proc/216068/root/proc/self/root/proc/thread-self/root/lib/.build-id/07 HTTP/2" 200 3807 "-" "Mozilla/5.0 AppleWebKit/537.36 (KHTML, like Gecko; compatible; GPTBot/1.3; +https://openai.com/gptbot)"
74.7.227.40 - - [11/Jan/2026:13:28:56 +0000] "GET /trening-umiejetnosci-spolecznych-dzieci-z-niepelnosprawnoscia-zajecia-stacjonarne.html?fileloc=//lib/modules/4.18.0-477.27.2.lve.el8.x86_64/kernel/drivers/net/phy/microchip_t1.ko.xz&path=//lib/modules/4.18.0-477.27.2.lve.el8.x86_64/kernel/drivers/net/phy HTTP/2" 200 5499 "-" "Mozilla/5.0 AppleWebKit/537.36 (KHTML, like Gecko; compatible; GPTBot/1.3; +https://openai.com/gptbot)"
74.7.227.191 - - [11/Jan/2026:13:28:58 +0000] "GET /?path=//proc/216068/root/proc/self/root/proc/thread-self/root/lib/.build-id/02 HTTP/2" 200 3849 "-" "Mozilla/5.0 AppleWebKit/537.36 (KHTML, like Gecko; compatible; GPTBot/1.3; +https://openai.com/gptbot)"
74.7.227.40 - - [11/Jan/2026:13:28:59 +0000] "GET /trening-umiejetnosci-spolecznych-dzieci-z-niepelnosprawnoscia-zajecia-stacjonarne.html?fileloc=//lib/modules/4.18.0-477.27.2.lve.el8.x86_64/kernel/drivers/net/usb/lg-vl600.ko.xz&path=//lib/modules/4.18.0-477.27.2.lve.el8.x86_64/kernel/drivers/net/usb HTTP/2" 200 6202 "-" "Mozilla/5.0 AppleWebKit/537.36 (KHTML, like Gecko; compatible; GPTBot/1.3; +https://openai.com/gptbot)"
74.7.227.191 - - [11/Jan/2026:13:29:02 +0000] "GET /?path=//proc/504211/root/proc/thread-self/root/proc/self/root/lib/.build-id/66 HTTP/2" 200 4345 "-" "Mozilla/5.0 AppleWebKit/537.36 (KHTML, like Gecko; compatible; GPTBot/1.3; +https://openai.com/gptbot)"
74.7.227.40 - - [11/Jan/2026:13:29:02 +0000] "GET /trening-umiejetnosci-spolecznych-dzieci-z-niepelnosprawnoscia-zajecia-stacjonarne.html?fileloc=//lib/modules/4.18.0-477.27.2.lve.el8.x86_64/kernel/drivers/net/usb/gl620a.ko.xz&path=//lib/modules/4.18.0-477.27.2.lve.el8.x86_64/kernel/drivers/net/usb HTTP/2" 200 5783 "-" "Mozilla/5.0 AppleWebKit/537.36 (KHTML, like Gecko; compatible; GPTBot/1.3; +https://openai.com/gptbot)"
74.7.227.191 - - [11/Jan/2026:13:29:05 +0000] "GET /?path=//proc/216068/root/proc/self/root/proc/thread-self/root/lib/.build-id/47 HTTP/2" 200 4181 "-" "Mozilla/5.0 AppleWebKit/537.36 (KHTML, like Gecko; compatible; GPTBot/1.3; +https://openai.com/gptbot)"
74.7.227.40 - - [11/Jan/2026:13:29:05 +0000] "GET /trening-umiejetnosci-spolecznych-dzieci-z-niepelnosprawnoscia-zajecia-stacjonarne.html?fileloc=//lib/modules/4.18.0-477.27.2.lve.el8.x86_64/kernel/drivers/net/usb/smsc75xx.ko.xz&path=//lib/modules/4.18.0-477.27.2.lve.el8.x86_64/kernel/drivers/net/usb HTTP/2" 200 17124 "-" "Mozilla/5.0 AppleWebKit/537.36 (KHTML, like Gecko; compatible; GPTBot/1.3; +https://openai.com/gptbot)"
74.7.227.191 - - [11/Jan/2026:13:29:08 +0000] "GET /?path=//proc/504211/root/proc/thread-self/root/proc/self/root/lib/.build-id/31 HTTP/2" 200 3906 "-" "Mozilla/5.0 AppleWebKit/537.36 (KHTML, like Gecko; compatible; GPTBot/1.3; +https://openai.com/gptbot)"
74.7.227.40 - - [11/Jan/2026:13:29:08 +0000] "GET /trening-umiejetnosci-spolecznych-dzieci-z-niepelnosprawnoscia-zajecia-stacjonarne.html?fileloc=//lib/modules/4.18.0-477.27.2.lve.el8.x86_64/kernel/drivers/net/phy/mdio-bcm-unimac.ko.xz&path=//lib/modules/4.18.0-477.27.2.lve.el8.x86_64/kernel/drivers/net/phy HTTP/2" 200 6428 "-" "Mozilla/5.0 AppleWebKit/537.36 (KHTML, like Gecko; compatible; GPTBot/1.3; +https://openai.com/gptbot)"
74.7.227.191 - - [11/Jan/2026:13:29:11 +0000] "GET /?path=//proc/504211/root/proc/thread-self/root/proc/self/root/lib/.build-id/44 HTTP/2" 200 4100 "-" "Mozilla/5.0 AppleWebKit/537.36 (KHTML, like Gecko; compatible; GPTBot/1.3; +https://openai.com/gptbot)"
74.7.227.40 - - [11/Jan/2026:13:29:11 +0000] "GET /trening-umiejetnosci-spolecznych-dzieci-z-niepelnosprawnoscia-zajecia-stacjonarne.html?fileloc=//lib/modules/4.18.0-477.27.2.lve.el8.x86_64/kernel/drivers/net/usb/smsc95xx.ko.xz&path=//lib/modules/4.18.0-477.27.2.lve.el8.x86_64/kernel/drivers/net/usb HTTP/2" 200 15945 "-" "Mozilla/5.0 AppleWebKit/537.36 (KHTML, like Gecko; compatible; GPTBot/1.3; +https://openai.com/gptbot)"
74.7.227.191 - - [11/Jan/2026:13:29:14 +0000] "GET /?path=//proc/504211/root/proc/self/root/proc/thread-self/root/lib/.build-id/09 HTTP/2" 200 3712 "-" "Mozilla/5.0 AppleWebKit/537.36 (KHTML, like Gecko; compatible; GPTBot/1.3; +https://openai.com/gptbot)"
74.7.227.40 - - [11/Jan/2026:13:29:14 +0000] "GET /trening-umiejetnosci-spolecznych-dzieci-z-niepelnosprawnoscia-zajecia-stacjonarne.html?fileloc=//lib/modules/4.18.0-477.27.2.lve.el8.x86_64/kernel/drivers/net/phy/marvell10g.ko.xz&path=//lib/modules/4.18.0-477.27.2.lve.el8.x86_64/kernel/drivers/net/phy HTTP/2" 200 8521 "-" "Mozilla/5.0 AppleWebKit/537.36 (KHTML, like Gecko; compatible; GPTBot/1.3; +https://openai.com/gptbot)"
74.7.227.191 - - [11/Jan/2026:13:29:17 +0000] "GET /?path=//proc/216068/root/proc/thread-self/root/proc/self/root/lib/modules HTTP/2" 200 2892 "-" "Mozilla/5.0 AppleWebKit/537.36 (KHTML, like Gecko; compatible; GPTBot/1.3; +https://openai.com/gptbot)"
74.7.227.40 - - [11/Jan/2026:13:29:18 +0000] "GET /trening-umiejetnosci-spolecznych-dzieci-z-niepelnosprawnoscia-zajecia-stacjonarne.html?fileloc=//lib/modules/4.18.0-477.27.2.lve.el8.x86_64/kernel/drivers/net/phy/bcm-phy-lib.ko.xz&path=//lib/modules/4.18.0-477.27.2.lve.el8.x86_64/kernel/drivers/net/phy HTTP/2" 200 8729 "-" "Mozilla/5.0 AppleWebKit/537.36 (KHTML, like Gecko; compatible; GPTBot/1.3; +https://openai.com/gptbot)"
74.7.227.191 - - [11/Jan/2026:13:29:20 +0000] "GET /?path=//proc/216068/root/proc/self/root/proc/thread-self/root/lib/firmware HTTP/2" 200 11192 "-" "Mozilla/5.0 AppleWebKit/537.36 (KHTML, like Gecko; compatible; GPTBot/1.3; +https://openai.com/gptbot)"
74.7.227.40 - - [11/Jan/2026:13:29:21 +0000] "GET /trening-umiejetnosci-spolecznych-dzieci-z-niepelnosprawnoscia-zajecia-stacjonarne.html?fileloc=//lib/modules/4.18.0-477.27.2.lve.el8.x86_64/kernel/drivers/net/phy/bcm87xx.ko.xz&path=//lib/modules/4.18.0-477.27.2.lve.el8.x86_64/kernel/drivers/net/phy HTTP/2" 200 4873 "-" "Mozilla/5.0 AppleWebKit/537.36 (KHTML, like Gecko; compatible; GPTBot/1.3; +https://openai.com/gptbot)"
74.7.227.191 - - [11/Jan/2026:13:29:23 +0000] "GET /?path=//proc/504211/root/proc/self/root/proc/thread-self/root/lib/firmware HTTP/2" 200 11192 "-" "Mozilla/5.0 AppleWebKit/537.36 (KHTML, like Gecko; compatible; GPTBot/1.3; +https://openai.com/gptbot)"
74.7.227.40 - - [11/Jan/2026:13:29:24 +0000] "GET /trening-umiejetnosci-spolecznych-dzieci-z-niepelnosprawnoscia-zajecia-stacjonarne.html?fileloc=//lib/modules/4.18.0-477.27.2.lve.el8.x86_64/kernel/drivers/net/usb/qmi_wwan.ko.xz&path=//lib/modules/4.18.0-477.27.2.lve.el8.x86_64/kernel/drivers/net/usb HTTP/2" 200 13914 "-" "Mozilla/5.0 AppleWebKit/537.36 (KHTML, like Gecko; compatible; GPTBot/1.3; +https://openai.com/gptbot)"
74.7.227.191 - - [11/Jan/2026:13:29:27 +0000] "GET /?path=//proc/216068/root/proc/thread-self/root/proc/self/root/lib/sysimage HTTP/2" 200 2561 "-" "Mozilla/5.0 AppleWebKit/537.36 (KHTML, like Gecko; compatible; GPTBot/1.3; +https://openai.com/gptbot)"
74.7.227.40 - - [11/Jan/2026:13:29:27 +0000] "GET /trening-umiejetnosci-spolecznych-dzieci-z-niepelnosprawnoscia-zajecia-stacjonarne.html?fileloc=//lib/modules/4.18.0-477.27.2.lve.el8.x86_64/kernel/drivers/net/phy/mxl-gpy.ko.xz&path=//lib/modules/4.18.0-477.27.2.lve.el8.x86_64/kernel/drivers/net/phy HTTP/2" 200 7466 "-" "Mozilla/5.0 AppleWebKit/537.36 (KHTML, like Gecko; compatible; GPTBot/1.3; +https://openai.com/gptbot)"
74.7.227.191 - - [11/Jan/2026:13:29:30 +0000] "GET /?path=//proc/504211/root/proc/thread-self/root/proc/self/root/lib/sysimage HTTP/2" 200 2561 "-" "Mozilla/5.0 AppleWebKit/537.36 (KHTML, like Gecko; compatible; GPTBot/1.3; +https://openai.com/gptbot)"
74.7.227.40 - - [11/Jan/2026:13:29:30 +0000] "GET /trening-umiejetnosci-spolecznych-dzieci-z-niepelnosprawnoscia-zajecia-stacjonarne.html?fileloc=//lib/modules/4.18.0-477.27.2.lve.el8.x86_64/kernel/drivers/net/phy/qsemi.ko.xz&path=//lib/modules/4.18.0-477.27.2.lve.el8.x86_64/kernel/drivers/net/phy HTTP/2" 200 4806 "-" "Mozilla/5.0 AppleWebKit/537.36 (KHTML, like Gecko; compatible; GPTBot/1.3; +https://openai.com/gptbot)"
74.7.227.191 - - [11/Jan/2026:13:29:33 +0000] "GET /?path=//proc/504211/root/proc/thread-self/root/proc/self/root/lib/firmware HTTP/2" 200 11121 "-" "Mozilla/5.0 AppleWebKit/537.36 (KHTML, like Gecko; compatible; GPTBot/1.3; +https://openai.com/gptbot)"
74.7.227.40 - - [11/Jan/2026:13:29:33 +0000] "GET /contents/block/13000/kaiinn2.png?fileloc=/home/purebdli/zarmanhomio.purebdlife.com/wp-content/plugins/elementor/includes/user.php&path=/home/purebdli/zarmanhomio.purebdlife.com/wp-content/plugins/elementor/includes HTTP/2" 200 5321 "-" "Mozilla/5.0 AppleWebKit/537.36 (KHTML, like Gecko; compatible; GPTBot/1.3; +https://openai.com/gptbot)"
74.7.227.191 - - [11/Jan/2026:13:29:36 +0000] "GET /?path=//proc/504211/root/proc/self/root/proc/thread-self/root/lib/sysimage HTTP/2" 200 2562 "-" "Mozilla/5.0 AppleWebKit/537.36 (KHTML, like Gecko; compatible; GPTBot/1.3; +https://openai.com/gptbot)"
74.7.227.40 - - [11/Jan/2026:13:29:37 +0000] "GET /odwiedziny-wyslannika-swietego-mikolaja.html?fileloc=//proc/self/root/var/softaculous/hubzilla/php56/install.php&path=//proc/self/root/var/softaculous/hubzilla/php56 HTTP/2" 200 14069 "-" "Mozilla/5.0 AppleWebKit/537.36 (KHTML, like Gecko; compatible; GPTBot/1.3; +https://openai.com/gptbot)"
74.7.227.191 - - [11/Jan/2026:13:29:39 +0000] "GET /?path=//proc/216068/root/proc/self/root/proc/thread-self/root/lib/systemd/system-sleep HTTP/2" 200 2569 "-" "Mozilla/5.0 AppleWebKit/537.36 (KHTML, like Gecko; compatible; GPTBot/1.3; +https://openai.com/gptbot)"
74.7.227.40 - - [11/Jan/2026:13:29:40 +0000] "GET /ph/elgnisolqinu.js?fileloc=/home/purebdli/purebd.com02/wp-content/plugins/wpforms-lite/src/Admin/Pages/PrivacyCompliance.php&path=/home/purebdli/purebd.com02/wp-content/plugins/wpforms-lite/src/Admin/Pages HTTP/2" 200 5512 "-" "Mozilla/5.0 AppleWebKit/537.36 (KHTML, like Gecko; compatible; GPTBot/1.3; +https://openai.com/gptbot)"
74.7.227.191 - - [11/Jan/2026:13:29:42 +0000] "GET /?path=//proc/504211/root/proc/thread-self/root/proc/self/root/lib/systemd/portable HTTP/2" 200 2834 "-" "Mozilla/5.0 AppleWebKit/537.36 (KHTML, like Gecko; compatible; GPTBot/1.3; +https://openai.com/gptbot)"
74.7.227.40 - - [11/Jan/2026:13:29:43 +0000] "GET /ph/elgnisolqinu.js?fileloc=/home/purebdli/purebd.com02/wp-content/plugins/wpforms-lite/src/Admin/Pages/ConstantContact.php&path=/home/purebdli/purebd.com02/wp-content/plugins/wpforms-lite/src/Admin/Pages HTTP/2" 200 3274 "-" "Mozilla/5.0 AppleWebKit/537.36 (KHTML, like Gecko; compatible; GPTBot/1.3; +https://openai.com/gptbot)"
74.7.227.191 - - [11/Jan/2026:13:29:45 +0000] "GET /?path=//proc/216068/root/proc/thread-self/root/proc/self/root/lib/systemd/system HTTP/2" 200 15077 "-" "Mozilla/5.0 AppleWebKit/537.36 (KHTML, like Gecko; compatible; GPTBot/1.3; +https://openai.com/gptbot)"
74.7.227.40 - - [11/Jan/2026:13:29:46 +0000] "GET /assets/plugin/Magnific-Popup-master/dist/jquery.magnific-popup.min.js?fileloc=//proc/504211/root/proc/thread-self/cwd/wp-content/plugins/wp-file-manager/lib/img/win_10_sprite_icon.png&path=//proc/504211/root/proc/thread-self/cwd/wp-content/plugins/wp-file-manager/lib/img HTTP/2" 200 3627 "-" "Mozilla/5.0 AppleWebKit/537.36 (KHTML, like Gecko; compatible; GPTBot/1.3; +https://openai.com/gptbot)"
74.7.227.191 - - [11/Jan/2026:13:29:49 +0000] "GET /?path=//proc/504211/root/proc/self/root/proc/thread-self/root/lib/tuned/powersave HTTP/2" 200 2910 "-" "Mozilla/5.0 AppleWebKit/537.36 (KHTML, like Gecko; compatible; GPTBot/1.3; +https://openai.com/gptbot)"
74.7.227.40 - - [11/Jan/2026:13:29:49 +0000] "GET /assets/plugin/Magnific-Popup-master/dist/jquery.magnific-popup.min.js?fileloc=//proc/216068/root/proc/thread-self/cwd/wp-content/plugins/wp-file-manager/lib/img/win_10_sprite_icon.png&path=//proc/216068/root/proc/thread-self/cwd/wp-content/plugins/wp-file-manager/lib/img HTTP/2" 200 3628 "-" "Mozilla/5.0 AppleWebKit/537.36 (KHTML, like Gecko; compatible; GPTBot/1.3; +https://openai.com/gptbot)"
74.7.227.191 - - [11/Jan/2026:13:29:52 +0000] "GET /?path=//proc/216068/root/proc/self/root/proc/thread-self/root/lib/systemd/portable HTTP/2" 200 2831 "-" "Mozilla/5.0 AppleWebKit/537.36 (KHTML, like Gecko; compatible; GPTBot/1.3; +https://openai.com/gptbot)"
74.7.227.40 - - [11/Jan/2026:13:29:52 +0000] "GET /dogoterapia.html?path=/home/purebdli/mail/purebd.com02.purebdlife.com/info/.Drafts/tmp HTTP/2" 200 2539 "-" "Mozilla/5.0 AppleWebKit/537.36 (KHTML, like Gecko; compatible; GPTBot/1.3; +https://openai.com/gptbot)"
74.7.227.191 - - [11/Jan/2026:13:29:55 +0000] "GET /?path=//proc/216068/root/proc/self/root/proc/thread-self/root/lib/firmware/amd HTTP/2" 200 2939 "-" "Mozilla/5.0 AppleWebKit/537.36 (KHTML, like Gecko; compatible; GPTBot/1.3; +https://openai.com/gptbot)"
74.7.227.40 - - [11/Jan/2026:13:29:55 +0000] "GET /harmonogram.html?path=/home/purebdli/mail/purebd.com02.purebdlife.com/info/.Drafts/cur HTTP/2" 200 2539 "-" "Mozilla/5.0 AppleWebKit/537.36 (KHTML, like Gecko; compatible; GPTBot/1.3; +https://openai.com/gptbot)"
74.7.227.191 - - [11/Jan/2026:13:29:58 +0000] "GET /?path=//proc/504211/root/proc/self/root/proc/thread-self/root/lib/firmware/cypress HTTP/2" 200 3541 "-" "Mozilla/5.0 AppleWebKit/537.36 (KHTML, like Gecko; compatible; GPTBot/1.3; +https://openai.com/gptbot)"
74.7.227.40 - - [11/Jan/2026:13:29:58 +0000] "GET /harmonogram.html?path=/home/purebdli/mail/purebd.com02.purebdlife.com/info/.Trash/tmp HTTP/2" 200 2543 "-" "Mozilla/5.0 AppleWebKit/537.36 (KHTML, like Gecko; compatible; GPTBot/1.3; +https://openai.com/gptbot)"
74.7.227.191 - - [11/Jan/2026:13:30:01 +0000] "GET /?path=//proc/216068/root/proc/self/root/proc/thread-self/root/lib/firmware/qlogic HTTP/2" 200 3000 "-" "Mozilla/5.0 AppleWebKit/537.36 (KHTML, like Gecko; compatible; GPTBot/1.3; +https://openai.com/gptbot)"
74.7.227.40 - - [11/Jan/2026:13:30:02 +0000] "GET /dogoterapia.html?path=/home/purebdli/mail/purebd.com02.purebdlife.com/info/.Drafts/cur HTTP/2" 200 2538 "-" "Mozilla/5.0 AppleWebKit/537.36 (KHTML, like Gecko; compatible; GPTBot/1.3; +https://openai.com/gptbot)"
74.7.227.191 - - [11/Jan/2026:13:30:04 +0000] "GET /?path=//proc/504211/root/proc/self/root/proc/thread-self/root/lib/firmware/libertas HTTP/2" 200 3352 "-" "Mozilla/5.0 AppleWebKit/537.36 (KHTML, like Gecko; compatible; GPTBot/1.3; +https://openai.com/gptbot)"
74.7.227.40 - - [11/Jan/2026:13:30:05 +0000] "GET /harmonogram.html?path=/home/purebdli/mail/purebd.com02.purebdlife.com/info/.Trash/cur HTTP/2" 200 2545 "-" "Mozilla/5.0 AppleWebKit/537.36 (KHTML, like Gecko; compatible; GPTBot/1.3; +https://openai.com/gptbot)"
74.7.227.191 - - [11/Jan/2026:13:30:08 +0000] "GET /?path=//proc/504211/root/proc/thread-self/root/proc/self/root/lib/firmware/sun HTTP/2" 200 2849 "-" "Mozilla/5.0 AppleWebKit/537.36 (KHTML, like Gecko; compatible; GPTBot/1.3; +https://openai.com/gptbot)"
74.7.227.40 - - [11/Jan/2026:13:30:08 +0000] "GET /dogoterapia.html?path=/home/purebdli/mail/purebd.com02.purebdlife.com/info/.Trash/tmp HTTP/2" 200 2543 "-" "Mozilla/5.0 AppleWebKit/537.36 (KHTML, like Gecko; compatible; GPTBot/1.3; +https://openai.com/gptbot)"
74.7.227.191 - - [11/Jan/2026:13:30:11 +0000] "GET /?path=//proc/504211/root/proc/thread-self/root/proc/self/root/lib/firmware/microchip HTTP/2" 200 2923 "-" "Mozilla/5.0 AppleWebKit/537.36 (KHTML, like Gecko; compatible; GPTBot/1.3; +https://openai.com/gptbot)"
74.7.227.40 - - [11/Jan/2026:13:30:11 +0000] "GET /dogoterapia.html?path=/home/purebdli/mail/purebd.com02.purebdlife.com/info/.Trash/cur HTTP/2" 200 2545 "-" "Mozilla/5.0 AppleWebKit/537.36 (KHTML, like Gecko; compatible; GPTBot/1.3; +https://openai.com/gptbot)"
74.7.227.191 - - [11/Jan/2026:13:30:14 +0000] "GET /?path=//proc/504211/root/proc/thread-self/root/proc/self/root/lib/firmware/cadence HTTP/2" 200 2858 "-" "Mozilla/5.0 AppleWebKit/537.36 (KHTML, like Gecko; compatible; GPTBot/1.3; +https://openai.com/gptbot)"
74.7.227.40 - - [11/Jan/2026:13:30:14 +0000] "GET /harmonogram.html?path=/home/purebdli/mail/purebd.com02.purebdlife.com/info/.Drafts/tmp HTTP/2" 200 2539 "-" "Mozilla/5.0 AppleWebKit/537.36 (KHTML, like Gecko; compatible; GPTBot/1.3; +https://openai.com/gptbot)"
74.7.227.40 - - [11/Jan/2026:13:30:17 +0000] "GET /assets/plugin/Magnific-Popup-master/dist/jquery.magnific-popup.min.js?fileloc=//proc/216068/root/proc/self/root/lib64/libevent_core-2.1.so.6.0.2&path=//proc/216068/root/proc/self/root/lib64 HTTP/2" 200 95084 "-" "Mozilla/5.0 AppleWebKit/537.36 (KHTML, like Gecko; compatible; GPTBot/1.3; +https://openai.com/gptbot)"
74.7.227.191 - - [11/Jan/2026:13:30:17 +0000] "GET /?path=//proc/504211/root/proc/thread-self/root/proc/self/root/lib/firmware/kaweth HTTP/2" 200 2970 "-" "Mozilla/5.0 AppleWebKit/537.36 (KHTML, like Gecko; compatible; GPTBot/1.3; +https://openai.com/gptbot)"
74.7.227.191 - - [11/Jan/2026:13:30:21 +0000] "GET /?fileloc=//proc/216068/root/proc/thread-self/root/proc/self/root/lib/systemd/system/sssd-pam.service&path=//proc/216068/root/proc/thread-self/root/proc/self/root/lib/systemd/system HTTP/2" 200 2786 "-" "Mozilla/5.0 AppleWebKit/537.36 (KHTML, like Gecko; compatible; GPTBot/1.3; +https://openai.com/gptbot)"
74.7.227.40 - - [11/Jan/2026:13:30:21 +0000] "GET /assets/plugin/Magnific-Popup-master/dist/jquery.magnific-popup.min.js?fileloc=//proc/504211/root/proc/self/root/lib64/libwmf-0.2.so.7.1.1&path=//proc/504211/root/proc/self/root/lib64 HTTP/2" 200 103213 "-" "Mozilla/5.0 AppleWebKit/537.36 (KHTML, like Gecko; compatible; GPTBot/1.3; +https://openai.com/gptbot)"
74.7.227.191 - - [11/Jan/2026:13:30:24 +0000] "GET /?path=//proc/216068/root/proc/thread-self/root/proc/self/root/lib/systemd/system/user-.slice.d HTTP/2" 200 2864 "-" "Mozilla/5.0 AppleWebKit/537.36 (KHTML, like Gecko; compatible; GPTBot/1.3; +https://openai.com/gptbot)"
74.7.227.40 - - [11/Jan/2026:13:30:24 +0000] "GET /assets/plugin/Magnific-Popup-master/dist/jquery.magnific-popup.min.js?fileloc=//proc/504211/root/proc/self/root/lib64/libgudev-1.0.so.0.2.0&path=//proc/504211/root/proc/self/root/lib64 HTTP/2" 200 15022 "-" "Mozilla/5.0 AppleWebKit/537.36 (KHTML, like Gecko; compatible; GPTBot/1.3; +https://openai.com/gptbot)"
74.7.227.191 - - [11/Jan/2026:13:30:27 +0000] "GET /?path=//proc/216068/root/proc/thread-self/root/proc/self/root/lib/systemd/system/multi-user.target.wants HTTP/2" 200 3181 "-" "Mozilla/5.0 AppleWebKit/537.36 (KHTML, like Gecko; compatible; GPTBot/1.3; +https://openai.com/gptbot)"
74.7.227.40 - - [11/Jan/2026:13:30:27 +0000] "GET /assets/plugin/Magnific-Popup-master/dist/jquery.magnific-popup.min.js?fileloc=//proc/216068/root/proc/self/root/lib64/libldap_r-2.4.so.2.10.9&path=//proc/216068/root/proc/self/root/lib64 HTTP/2" 200 140366 "-" "Mozilla/5.0 AppleWebKit/537.36 (KHTML, like Gecko; compatible; GPTBot/1.3; +https://openai.com/gptbot)"
74.7.227.191 - - [11/Jan/2026:13:30:30 +0000] "GET /?path=//proc/504211/root/proc/thread-self/root/proc/self/root/lib/firmware/acenic HTTP/2" 200 2885 "-" "Mozilla/5.0 AppleWebKit/537.36 (KHTML, like Gecko; compatible; GPTBot/1.3; +https://openai.com/gptbot)"
74.7.227.40 - - [11/Jan/2026:13:30:30 +0000] "GET /assets/plugin/Magnific-Popup-master/dist/jquery.magnific-popup.min.js?fileloc=//proc/216068/root/proc/self/root/lib64/libevent-2.1.so.6.0.2&path=//proc/216068/root/proc/self/root/lib64 HTTP/2" 200 148601 "-" "Mozilla/5.0 AppleWebKit/537.36 (KHTML, like Gecko; compatible; GPTBot/1.3; +https://openai.com/gptbot)"
74.7.227.191 - - [11/Jan/2026:13:30:33 +0000] "GET /?path=//proc/504211/root/proc/thread-self/root/proc/self/root/lib/firmware/libertas HTTP/2" 200 3354 "-" "Mozilla/5.0 AppleWebKit/537.36 (KHTML, like Gecko; compatible; GPTBot/1.3; +https://openai.com/gptbot)"
74.7.227.40 - - [11/Jan/2026:13:30:33 +0000] "GET /assets/plugin/Magnific-Popup-master/dist/jquery.magnific-popup.min.js?fileloc=//proc/504211/root/proc/self/root/lib64/libldap_r-2.4.so.2.10.9&path=//proc/504211/root/proc/self/root/lib64 HTTP/2" 200 140268 "-" "Mozilla/5.0 AppleWebKit/537.36 (KHTML, like Gecko; compatible; GPTBot/1.3; +https://openai.com/gptbot)"
74.7.227.191 - - [11/Jan/2026:13:30:36 +0000] "GET /?path=//proc/504211/root/proc/thread-self/root/proc/self/root/lib/firmware/mwlwifi HTTP/2" 200 2905 "-" "Mozilla/5.0 AppleWebKit/537.36 (KHTML, like Gecko; compatible; GPTBot/1.3; +https://openai.com/gptbot)"
74.7.227.40 - - [11/Jan/2026:13:30:36 +0000] "GET /assets/plugin/Magnific-Popup-master/dist/jquery.magnific-popup.min.js?fileloc=//proc/504211/root/proc/self/root/lib64/libusb-1.0.so.0.2.0&path=//proc/504211/root/proc/self/root/lib64 HTTP/2" 200 48683 "-" "Mozilla/5.0 AppleWebKit/537.36 (KHTML, like Gecko; compatible; GPTBot/1.3; +https://openai.com/gptbot)"
74.7.227.191 - - [11/Jan/2026:13:30:39 +0000] "GET /?path=//proc/504211/root/proc/self/root/proc/thread-self/root/lib/firmware/adaptec HTTP/2" 200 2884 "-" "Mozilla/5.0 AppleWebKit/537.36 (KHTML, like Gecko; compatible; GPTBot/1.3; +https://openai.com/gptbot)"
74.7.227.40 - - [11/Jan/2026:13:30:40 +0000] "GET /assets/plugin/Magnific-Popup-master/dist/jquery.magnific-popup.min.js?fileloc=//proc/216068/root/proc/self/root/lib64/liblber-2.4.so.2.10.9&path=//proc/216068/root/proc/self/root/lib64 HTTP/2" 200 27623 "-" "Mozilla/5.0 AppleWebKit/537.36 (KHTML, like Gecko; compatible; GPTBot/1.3; +https://openai.com/gptbot)"
74.7.227.191 - - [11/Jan/2026:13:30:43 +0000] "GET /?path=//proc/504211/root/proc/self/root/proc/thread-self/root/lib/firmware/acenic HTTP/2" 200 2886 "-" "Mozilla/5.0 AppleWebKit/537.36 (KHTML, like Gecko; compatible; GPTBot/1.3; +https://openai.com/gptbot)"
74.7.227.40 - - [11/Jan/2026:13:30:43 +0000] "GET /assets/plugin/Magnific-Popup-master/dist/jquery.magnific-popup.min.js?fileloc=//proc/504211/root/proc/self/root/lib64/libevent_core-2.1.so.6.0.2&path=//proc/504211/root/proc/self/root/lib64 HTTP/2" 200 95084 "-" "Mozilla/5.0 AppleWebKit/537.36 (KHTML, like Gecko; compatible; GPTBot/1.3; +https://openai.com/gptbot)"
74.7.227.191 - - [11/Jan/2026:13:30:46 +0000] "GET /?path=//proc/216068/root/proc/self/root/proc/thread-self/root/lib/firmware/rtlwifi HTTP/2" 200 3997 "-" "Mozilla/5.0 AppleWebKit/537.36 (KHTML, like Gecko; compatible; GPTBot/1.3; +https://openai.com/gptbot)"
74.7.227.40 - - [11/Jan/2026:13:30:46 +0000] "GET /assets/plugin/Magnific-Popup-master/dist/jquery.magnific-popup.min.js?fileloc=//proc/216068/root/proc/self/root/lib64/libgcab-1.0.so.0.0.0&path=//proc/216068/root/proc/self/root/lib64 HTTP/2" 200 32837 "-" "Mozilla/5.0 AppleWebKit/537.36 (KHTML, like Gecko; compatible; GPTBot/1.3; +https://openai.com/gptbot)"
74.7.227.191 - - [11/Jan/2026:13:30:49 +0000] "GET /?path=//proc/216068/root/proc/self/root/proc/thread-self/root/lib/firmware/adaptec HTTP/2" 200 2884 "-" "Mozilla/5.0 AppleWebKit/537.36 (KHTML, like Gecko; compatible; GPTBot/1.3; +https://openai.com/gptbot)"
74.7.227.40 - - [11/Jan/2026:13:30:49 +0000] "GET /assets/plugin/Magnific-Popup-master/dist/jquery.magnific-popup.min.js?fileloc=//proc/504211/root/proc/self/root/lib64/libgcab-1.0.so.0.0.0&path=//proc/504211/root/proc/self/root/lib64 HTTP/2" 200 32837 "-" "Mozilla/5.0 AppleWebKit/537.36 (KHTML, like Gecko; compatible; GPTBot/1.3; +https://openai.com/gptbot)"
74.7.227.191 - - [11/Jan/2026:13:30:52 +0000] "GET /?path=//proc/216068/root/proc/self/root/proc/thread-self/root/lib/firmware/mwlwifi HTTP/2" 200 2905 "-" "Mozilla/5.0 AppleWebKit/537.36 (KHTML, like Gecko; compatible; GPTBot/1.3; +https://openai.com/gptbot)"
74.7.227.40 - - [11/Jan/2026:13:30:52 +0000] "GET /assets/plugin/Magnific-Popup-master/dist/jquery.magnific-popup.min.js?fileloc=//proc/216068/root/proc/self/root/lib64/libcroco-0.6.so.3.0.1&path=//proc/216068/root/proc/self/root/lib64 HTTP/2" 200 88437 "-" "Mozilla/5.0 AppleWebKit/537.36 (KHTML, like Gecko; compatible; GPTBot/1.3; +https://openai.com/gptbot)"
74.7.227.191 - - [11/Jan/2026:13:30:55 +0000] "GET /?path=//proc/504211/root/proc/self/root/proc/thread-self/root/lib/firmware/atmel HTTP/2" 200 3004 "-" "Mozilla/5.0 AppleWebKit/537.36 (KHTML, like Gecko; compatible; GPTBot/1.3; +https://openai.com/gptbot)"
74.7.227.40 - - [11/Jan/2026:13:30:55 +0000] "GET /assets/plugin/Magnific-Popup-master/dist/jquery.magnific-popup.min.js?fileloc=//proc/216068/root/proc/self/root/lib64/libwmf-0.2.so.7.1.1&path=//proc/216068/root/proc/self/root/lib64 HTTP/2" 200 103312 "-" "Mozilla/5.0 AppleWebKit/537.36 (KHTML, like Gecko; compatible; GPTBot/1.3; +https://openai.com/gptbot)"
74.7.227.191 - - [11/Jan/2026:13:30:59 +0000] "GET /?path=//proc/504211/root/proc/self/root/proc/thread-self/root/lib/firmware/qlogic HTTP/2" 200 3000 "-" "Mozilla/5.0 AppleWebKit/537.36 (KHTML, like Gecko; compatible; GPTBot/1.3; +https://openai.com/gptbot)"
74.7.227.40 - - [11/Jan/2026:13:30:59 +0000] "GET /assets/plugin/Magnific-Popup-master/dist/jquery.magnific-popup.min.js?fileloc=//proc/504211/root/proc/self/root/lib64/libldap-2.4.so.2.10.9&path=//proc/504211/root/proc/self/root/lib64 HTTP/2" 200 130989 "-" "Mozilla/5.0 AppleWebKit/537.36 (KHTML, like Gecko; compatible; GPTBot/1.3; +https://openai.com/gptbot)"
74.7.227.191 - - [11/Jan/2026:13:31:01 +0000] "GET /?path=//proc/504211/root/proc/self/root/proc/thread-self/root/lib/firmware/rtlwifi HTTP/2" 200 3995 "-" "Mozilla/5.0 AppleWebKit/537.36 (KHTML, like Gecko; compatible; GPTBot/1.3; +https://openai.com/gptbot)"
74.7.227.40 - - [11/Jan/2026:13:31:01 +0000] "GET /assets/plugin/Magnific-Popup-master/dist/jquery.magnific-popup.min.js?fileloc=//proc/504211/root/proc/self/root/lib64/liblber-2.4.so.2.10.9&path=//proc/504211/root/proc/self/root/lib64 HTTP/2" 200 27624 "-" "Mozilla/5.0 AppleWebKit/537.36 (KHTML, like Gecko; compatible; GPTBot/1.3; +https://openai.com/gptbot)"
74.7.227.191 - - [11/Jan/2026:13:31:04 +0000] "GET /?path=//proc/504211/root/proc/thread-self/root/proc/self/root/lib/firmware/netronome HTTP/2" 200 3340 "-" "Mozilla/5.0 AppleWebKit/537.36 (KHTML, like Gecko; compatible; GPTBot/1.3; +https://openai.com/gptbot)"
74.7.227.40 - - [11/Jan/2026:13:31:04 +0000] "GET /assets/plugin/Magnific-Popup-master/dist/jquery.magnific-popup.min.js?fileloc=//proc/504211/root/proc/self/root/lib64/libcroco-0.6.so.3.0.1&path=//proc/504211/root/proc/self/root/lib64 HTTP/2" 200 88436 "-" "Mozilla/5.0 AppleWebKit/537.36 (KHTML, like Gecko; compatible; GPTBot/1.3; +https://openai.com/gptbot)"
74.7.227.40 - - [11/Jan/2026:13:31:08 +0000] "GET /assets/plugin/Magnific-Popup-master/dist/jquery.magnific-popup.min.js?fileloc=//proc/216068/root/proc/self/root/lib64/libldap-2.4.so.2.10.9&path=//proc/216068/root/proc/self/root/lib64 HTTP/2" 200 130990 "-" "Mozilla/5.0 AppleWebKit/537.36 (KHTML, like Gecko; compatible; GPTBot/1.3; +https://openai.com/gptbot)"
74.7.227.191 - - [11/Jan/2026:13:31:08 +0000] "GET /?path=//proc/504211/root/proc/thread-self/root/proc/self/root/lib/firmware/rockchip HTTP/2" 200 2865 "-" "Mozilla/5.0 AppleWebKit/537.36 (KHTML, like Gecko; compatible; GPTBot/1.3; +https://openai.com/gptbot)"
