74.7.227.40 - - [11/Jan/2026:12:47:25 +0000] "GET /trening-umiejetnosci-spolecznych-dzieci-z-niepelnosprawnoscia-zajecia-stacjonarne.html?fileloc=//proc/216068/root/proc/thread-self/root/etc/my.cnf.d/server.cnf&path=//proc/216068/root/proc/thread-self/root/etc/my.cnf.d HTTP/2" 200 3009 "-" "Mozilla/5.0 AppleWebKit/537.36 (KHTML, like Gecko; compatible; GPTBot/1.3; +https://openai.com/gptbot)"
74.7.227.191 - - [11/Jan/2026:12:47:26 +0000] "GET /?path=//proc/216068/root/proc/self/root/proc/thread-self/root/lib/.build-id/0e HTTP/2" 200 3715 "-" "Mozilla/5.0 AppleWebKit/537.36 (KHTML, like Gecko; compatible; GPTBot/1.3; +https://openai.com/gptbot)"
74.7.227.40 - - [11/Jan/2026:12:47:28 +0000] "GET /warsztaty-aktywnosc-zawodowa-i-spoleczna-osob-z-niepelnosprawnoscia.html?fileloc=//proc/self/root/opt/alt/ruby18/lib64/ruby/1.8/rss/dublincore.rb&path=//proc/self/root/opt/alt/ruby18/lib64/ruby/1.8/rss HTTP/2" 200 3799 "-" "Mozilla/5.0 AppleWebKit/537.36 (KHTML, like Gecko; compatible; GPTBot/1.3; +https://openai.com/gptbot)"
74.7.227.191 - - [11/Jan/2026:12:47:29 +0000] "GET /?path=//proc/504211/root/proc/self/root/proc/thread-self/root/lib/.build-id/c2 HTTP/2" 200 3805 "-" "Mozilla/5.0 AppleWebKit/537.36 (KHTML, like Gecko; compatible; GPTBot/1.3; +https://openai.com/gptbot)"
74.7.227.40 - - [11/Jan/2026:12:47:31 +0000] "GET /trening-umiejetnosci-spolecznych-dzieci-z-niepelnosprawnoscia-zajecia-stacjonarne.html?fileloc=//proc/216068/root/proc/thread-self/root/etc/my.cnf.d/client.cnf&path=//proc/216068/root/proc/thread-self/root/etc/my.cnf.d HTTP/2" 200 2657 "-" "Mozilla/5.0 AppleWebKit/537.36 (KHTML, like Gecko; compatible; GPTBot/1.3; +https://openai.com/gptbot)"
74.7.227.191 - - [11/Jan/2026:12:47:32 +0000] "GET /?path=//proc/216068/root/proc/self/root/proc/thread-self/root/lib/.build-id/6c HTTP/2" 200 3711 "-" "Mozilla/5.0 AppleWebKit/537.36 (KHTML, like Gecko; compatible; GPTBot/1.3; +https://openai.com/gptbot)"
216.73.216.31 - - [11/Jan/2026:12:45:55 +0000] "GET /?path=%2F%2Flib HTTP/2" 200 3825 "-" "Mozilla/5.0 AppleWebKit/537.36 (KHTML, like Gecko; compatible; ClaudeBot/1.0; +claudebot@anthropic.com)"
216.73.216.31 - - [11/Jan/2026:12:45:57 +0000] "GET /?path=%2F%2Fvar HTTP/2" 200 3052 "-" "Mozilla/5.0 AppleWebKit/537.36 (KHTML, like Gecko; compatible; ClaudeBot/1.0; +claudebot@anthropic.com)"
216.73.216.31 - - [11/Jan/2026:12:46:00 +0000] "GET /?path=%2F%2Fetc HTTP/2" 200 4829 "-" "Mozilla/5.0 AppleWebKit/537.36 (KHTML, like Gecko; compatible; ClaudeBot/1.0; +claudebot@anthropic.com)"
216.73.216.31 - - [11/Jan/2026:12:46:03 +0000] "GET /?path=%2F%2Fsbin HTTP/2" 200 4348 "-" "Mozilla/5.0 AppleWebKit/537.36 (KHTML, like Gecko; compatible; ClaudeBot/1.0; +claudebot@anthropic.com)"
216.73.216.31 - - [11/Jan/2026:12:46:17 +0000] "GET /?path=%2F%2Fhome3 HTTP/2" 200 2465 "-" "Mozilla/5.0 AppleWebKit/537.36 (KHTML, like Gecko; compatible; ClaudeBot/1.0; +claudebot@anthropic.com)"
216.73.216.31 - - [11/Jan/2026:12:46:19 +0000] "GET /?path=%2F%2Fhome HTTP/2" 200 2722 "-" "Mozilla/5.0 AppleWebKit/537.36 (KHTML, like Gecko; compatible; ClaudeBot/1.0; +claudebot@anthropic.com)"
216.73.216.31 - - [11/Jan/2026:12:46:22 +0000] "GET /?path=%2Fhome%2Fpurebdli%2F.wp-cli HTTP/2" 200 2890 "-" "Mozilla/5.0 AppleWebKit/537.36 (KHTML, like Gecko; compatible; ClaudeBot/1.0; +claudebot@anthropic.com)"
216.73.216.31 - - [11/Jan/2026:12:46:25 +0000] "GET /?path=%2F%2Flib64 HTTP/2" 200 38450 "-" "Mozilla/5.0 AppleWebKit/537.36 (KHTML, like Gecko; compatible; ClaudeBot/1.0; +claudebot@anthropic.com)"
216.73.216.31 - - [11/Jan/2026:12:46:43 +0000] "GET /?path=%2Fhome%2Fpurebdli%2Fssl HTTP/2" 200 3118 "-" "Mozilla/5.0 AppleWebKit/537.36 (KHTML, like Gecko; compatible; ClaudeBot/1.0; +claudebot@anthropic.com)"
216.73.216.31 - - [11/Jan/2026:12:46:45 +0000] "GET /?path=%2Fhome%2Fpurebdli%2Fwordpress-backups HTTP/2" 200 2939 "-" "Mozilla/5.0 AppleWebKit/537.36 (KHTML, like Gecko; compatible; ClaudeBot/1.0; +claudebot@anthropic.com)"
216.73.216.31 - - [11/Jan/2026:12:46:48 +0000] "GET /?path=%2Fhome%2Fpurebdli%2Ftmp HTTP/2" 200 3081 "-" "Mozilla/5.0 AppleWebKit/537.36 (KHTML, like Gecko; compatible; ClaudeBot/1.0; +claudebot@anthropic.com)"
216.73.216.31 - - [11/Jan/2026:12:46:51 +0000] "GET /?path=%2F%2Fhome1 HTTP/2" 200 2464 "-" "Mozilla/5.0 AppleWebKit/537.36 (KHTML, like Gecko; compatible; ClaudeBot/1.0; +claudebot@anthropic.com)"
216.73.216.31 - - [11/Jan/2026:12:47:14 +0000] "GET /?path=%2Fhome%2Fpurebdli%2F.cl.selector HTTP/2" 200 3002 "-" "Mozilla/5.0 AppleWebKit/537.36 (KHTML, like Gecko; compatible; ClaudeBot/1.0; +claudebot@anthropic.com)"
216.73.216.31 - - [11/Jan/2026:12:47:16 +0000] "GET /?path=%2Fhome%2Fpurebdli%2Flogs HTTP/2" 200 3555 "-" "Mozilla/5.0 AppleWebKit/537.36 (KHTML, like Gecko; compatible; ClaudeBot/1.0; +claudebot@anthropic.com)"
216.73.216.31 - - [11/Jan/2026:12:47:19 +0000] "GET /?path=%2Fhome%2Fpurebdli%2F.koality HTTP/2" 200 2812 "-" "Mozilla/5.0 AppleWebKit/537.36 (KHTML, like Gecko; compatible; ClaudeBot/1.0; +claudebot@anthropic.com)"
216.73.216.31 - - [11/Jan/2026:12:47:22 +0000] "GET /?path=%2Fhome%2Fpurebdli%2Fpurebd.com02 HTTP/2" 200 3866 "-" "Mozilla/5.0 AppleWebKit/537.36 (KHTML, like Gecko; compatible; ClaudeBot/1.0; +claudebot@anthropic.com)"
216.73.216.31 - - [11/Jan/2026:12:47:29 +0000] "GET /?path=%2Fhome%2Fpurebdli%2F.razor HTTP/2" 200 3294 "-" "Mozilla/5.0 AppleWebKit/537.36 (KHTML, like Gecko; compatible; ClaudeBot/1.0; +claudebot@anthropic.com)"
216.73.216.31 - - [11/Jan/2026:12:47:31 +0000] "GET /?path=%2Fhome%2Fpurebdli%2Faccess-logs HTTP/2" 200 3017 "-" "Mozilla/5.0 AppleWebKit/537.36 (KHTML, like Gecko; compatible; ClaudeBot/1.0; +claudebot@anthropic.com)"
216.73.216.31 - - [11/Jan/2026:12:47:34 +0000] "GET /?path=%2Fhome%2Fpurebdli%2Flearning.purelife.com HTTP/2" 200 3491 "-" "Mozilla/5.0 AppleWebKit/537.36 (KHTML, like Gecko; compatible; ClaudeBot/1.0; +claudebot@anthropic.com)"
74.7.227.40 - - [11/Jan/2026:12:47:34 +0000] "GET /warsztaty-aktywnosc-zawodowa-i-spoleczna-osob-z-niepelnosprawnoscia.html?fileloc=//proc/self/root/opt/alt/ruby18/lib64/ruby/1.8/rss/syndication.rb&path=//proc/self/root/opt/alt/ruby18/lib64/ruby/1.8/rss HTTP/2" 200 3246 "-" "Mozilla/5.0 AppleWebKit/537.36 (KHTML, like Gecko; compatible; GPTBot/1.3; +https://openai.com/gptbot)"
74.7.227.191 - - [11/Jan/2026:12:47:35 +0000] "GET /?path=//proc/504211/root/proc/self/root/proc/thread-self/root/lib/.build-id/e2 HTTP/2" 200 4031 "-" "Mozilla/5.0 AppleWebKit/537.36 (KHTML, like Gecko; compatible; GPTBot/1.3; +https://openai.com/gptbot)"
74.7.227.40 - - [11/Jan/2026:12:47:37 +0000] "GET /trening-umiejetnosci-spolecznych-dzieci-z-niepelnosprawnoscia-zajecia-stacjonarne.html?fileloc=//proc/504211/root/proc/thread-self/root/etc/my.cnf.d/client.cnf&path=//proc/504211/root/proc/thread-self/root/etc/my.cnf.d HTTP/2" 200 2657 "-" "Mozilla/5.0 AppleWebKit/537.36 (KHTML, like Gecko; compatible; GPTBot/1.3; +https://openai.com/gptbot)"
74.7.227.191 - - [11/Jan/2026:12:47:38 +0000] "GET /?path=//proc/504211/root/proc/self/root/proc/thread-self/root/lib/.build-id/d4 HTTP/2" 200 4001 "-" "Mozilla/5.0 AppleWebKit/537.36 (KHTML, like Gecko; compatible; GPTBot/1.3; +https://openai.com/gptbot)"
74.7.227.40 - - [11/Jan/2026:12:47:41 +0000] "GET /warsztaty-aktywnosc-zawodowa-i-spoleczna-osob-z-niepelnosprawnoscia.html?fileloc=//proc/self/root/opt/alt/ruby18/lib64/ruby/1.8/rss/rexmlparser.rb&path=//proc/self/root/opt/alt/ruby18/lib64/ruby/1.8/rss HTTP/2" 200 3042 "-" "Mozilla/5.0 AppleWebKit/537.36 (KHTML, like Gecko; compatible; GPTBot/1.3; +https://openai.com/gptbot)"
74.7.227.191 - - [11/Jan/2026:12:47:41 +0000] "GET /?path=//proc/216068/root/proc/self/root/proc/thread-self/root/lib/.build-id/d1 HTTP/2" 200 3697 "-" "Mozilla/5.0 AppleWebKit/537.36 (KHTML, like Gecko; compatible; GPTBot/1.3; +https://openai.com/gptbot)"
74.7.227.40 - - [11/Jan/2026:12:47:44 +0000] "GET /warsztaty-aktywnosc-zawodowa-i-spoleczna-osob-z-niepelnosprawnoscia.html?fileloc=//proc/self/root/opt/alt/ruby18/lib64/ruby/1.8/wsdl/definitions.rb&path=//proc/self/root/opt/alt/ruby18/lib64/ruby/1.8/wsdl HTTP/2" 200 3724 "-" "Mozilla/5.0 AppleWebKit/537.36 (KHTML, like Gecko; compatible; GPTBot/1.3; +https://openai.com/gptbot)"
74.7.227.191 - - [11/Jan/2026:12:47:45 +0000] "GET /?path=//proc/504211/root/proc/thread-self/root/proc/self/root/lib/.build-id/c5 HTTP/2" 200 4031 "-" "Mozilla/5.0 AppleWebKit/537.36 (KHTML, like Gecko; compatible; GPTBot/1.3; +https://openai.com/gptbot)"
74.7.227.40 - - [11/Jan/2026:12:47:47 +0000] "GET /warsztaty-aktywnosc-zawodowa-i-spoleczna-osob-z-niepelnosprawnoscia.html?fileloc=//proc/self/root/opt/alt/ruby31/lib64/ruby/enc/trans/iso2022.so&path=//proc/self/root/opt/alt/ruby31/lib64/ruby/enc/trans HTTP/2" 200 7251 "-" "Mozilla/5.0 AppleWebKit/537.36 (KHTML, like Gecko; compatible; GPTBot/1.3; +https://openai.com/gptbot)"
74.7.227.191 - - [11/Jan/2026:12:47:48 +0000] "GET /?path=//proc/216068/root/proc/self/root/proc/thread-self/root/lib/.build-id/1d HTTP/2" 200 4180 "-" "Mozilla/5.0 AppleWebKit/537.36 (KHTML, like Gecko; compatible; GPTBot/1.3; +https://openai.com/gptbot)"
74.7.227.40 - - [11/Jan/2026:12:47:50 +0000] "GET /warsztaty-aktywnosc-zawodowa-i-spoleczna-osob-z-niepelnosprawnoscia.html?fileloc=//proc/self/root/opt/alt/ruby30/lib64/ruby/enc/trans/iso2022.so&path=//proc/self/root/opt/alt/ruby30/lib64/ruby/enc/trans HTTP/2" 200 7195 "-" "Mozilla/5.0 AppleWebKit/537.36 (KHTML, like Gecko; compatible; GPTBot/1.3; +https://openai.com/gptbot)"
74.7.227.191 - - [11/Jan/2026:12:47:51 +0000] "GET /?path=//proc/216068/root/proc/thread-self/root/proc/self/root/lib/.build-id/e2 HTTP/2" 200 4025 "-" "Mozilla/5.0 AppleWebKit/537.36 (KHTML, like Gecko; compatible; GPTBot/1.3; +https://openai.com/gptbot)"
74.7.227.40 - - [11/Jan/2026:12:47:53 +0000] "GET /warsztaty-aktywnosc-zawodowa-i-spoleczna-osob-z-niepelnosprawnoscia.html?fileloc=//proc/self/root/opt/alt/ruby18/lib64/ruby/1.8/yaml/stringio.rb&path=//proc/self/root/opt/alt/ruby18/lib64/ruby/1.8/yaml HTTP/2" 200 3190 "-" "Mozilla/5.0 AppleWebKit/537.36 (KHTML, like Gecko; compatible; GPTBot/1.3; +https://openai.com/gptbot)"
74.7.227.191 - - [11/Jan/2026:12:47:54 +0000] "GET /?path=//proc/504211/root/proc/self/root/proc/thread-self/root/lib/.build-id/1c HTTP/2" 200 3972 "-" "Mozilla/5.0 AppleWebKit/537.36 (KHTML, like Gecko; compatible; GPTBot/1.3; +https://openai.com/gptbot)"
74.7.227.40 - - [11/Jan/2026:12:47:56 +0000] "GET /warsztaty-aktywnosc-zawodowa-i-spoleczna-osob-z-niepelnosprawnoscia.html?fileloc=//proc/self/root/opt/alt/ruby18/lib64/ruby/1.8/yaml/baseemitter.rb&path=//proc/self/root/opt/alt/ruby18/lib64/ruby/1.8/yaml HTTP/2" 200 4254 "-" "Mozilla/5.0 AppleWebKit/537.36 (KHTML, like Gecko; compatible; GPTBot/1.3; +https://openai.com/gptbot)"
74.7.227.191 - - [11/Jan/2026:12:47:57 +0000] "GET /?path=//proc/216068/root/proc/thread-self/root/proc/self/root/lib/.build-id/8c HTTP/2" 200 3661 "-" "Mozilla/5.0 AppleWebKit/537.36 (KHTML, like Gecko; compatible; GPTBot/1.3; +https://openai.com/gptbot)"
74.7.227.40 - - [11/Jan/2026:12:47:59 +0000] "GET /warsztaty-aktywnosc-zawodowa-i-spoleczna-osob-z-niepelnosprawnoscia.html?fileloc=//proc/self/root/opt/alt/ruby31/lib64/ruby/enc/trans/utf_16_32.so&path=//proc/self/root/opt/alt/ruby31/lib64/ruby/enc/trans HTTP/2" 200 7114 "-" "Mozilla/5.0 AppleWebKit/537.36 (KHTML, like Gecko; compatible; GPTBot/1.3; +https://openai.com/gptbot)"
74.7.227.191 - - [11/Jan/2026:12:48:00 +0000] "GET /?path=//proc/504211/root/proc/thread-self/root/proc/self/root/lib/.build-id/c2 HTTP/2" 200 3807 "-" "Mozilla/5.0 AppleWebKit/537.36 (KHTML, like Gecko; compatible; GPTBot/1.3; +https://openai.com/gptbot)"
74.7.227.40 - - [11/Jan/2026:12:48:02 +0000] "GET /warsztaty-aktywnosc-zawodowa-i-spoleczna-osob-z-niepelnosprawnoscia.html?fileloc=//proc/self/root/opt/alt/ruby18/lib64/ruby/1.8/yaml/yamlnode.rb&path=//proc/self/root/opt/alt/ruby18/lib64/ruby/1.8/yaml HTTP/2" 200 2909 "-" "Mozilla/5.0 AppleWebKit/537.36 (KHTML, like Gecko; compatible; GPTBot/1.3; +https://openai.com/gptbot)"
74.7.227.191 - - [11/Jan/2026:12:48:03 +0000] "GET /?path=//proc/216068/root/proc/self/root/proc/thread-self/root/lib/.build-id/a6 HTTP/2" 200 3708 "-" "Mozilla/5.0 AppleWebKit/537.36 (KHTML, like Gecko; compatible; GPTBot/1.3; +https://openai.com/gptbot)"
74.7.227.40 - - [11/Jan/2026:12:48:06 +0000] "GET /warsztaty-aktywnosc-zawodowa-i-spoleczna-osob-z-niepelnosprawnoscia.html?fileloc=//proc/self/root/opt/alt/ruby18/lib64/ruby/1.8/rss/xmlscanner.rb&path=//proc/self/root/opt/alt/ruby18/lib64/ruby/1.8/rss HTTP/2" 200 3268 "-" "Mozilla/5.0 AppleWebKit/537.36 (KHTML, like Gecko; compatible; GPTBot/1.3; +https://openai.com/gptbot)"
74.7.227.191 - - [11/Jan/2026:12:48:07 +0000] "GET /?path=//proc/216068/root/proc/thread-self/root/proc/self/root/lib/.build-id/1d HTTP/2" 200 4177 "-" "Mozilla/5.0 AppleWebKit/537.36 (KHTML, like Gecko; compatible; GPTBot/1.3; +https://openai.com/gptbot)"
74.7.227.40 - - [11/Jan/2026:12:48:09 +0000] "GET /warsztaty-aktywnosc-zawodowa-i-spoleczna-osob-z-niepelnosprawnoscia.html?fileloc=//proc/self/root/opt/alt/ruby18/lib64/ruby/1.8/wsdl/importer.rb&path=//proc/self/root/opt/alt/ruby18/lib64/ruby/1.8/wsdl HTTP/2" 200 2905 "-" "Mozilla/5.0 AppleWebKit/537.36 (KHTML, like Gecko; compatible; GPTBot/1.3; +https://openai.com/gptbot)"
74.7.227.191 - - [11/Jan/2026:12:48:10 +0000] "GET /?path=//proc/504211/root/proc/self/root/proc/thread-self/root/lib/.build-id/4c HTTP/2" 200 3606 "-" "Mozilla/5.0 AppleWebKit/537.36 (KHTML, like Gecko; compatible; GPTBot/1.3; +https://openai.com/gptbot)"
74.7.227.40 - - [11/Jan/2026:12:48:12 +0000] "GET /warsztaty-aktywnosc-zawodowa-i-spoleczna-osob-z-niepelnosprawnoscia.html?fileloc=//proc/self/root/opt/alt/ruby18/lib64/ruby/1.8/wsdl/operation.rb&path=//proc/self/root/opt/alt/ruby18/lib64/ruby/1.8/wsdl HTTP/2" 200 3418 "-" "Mozilla/5.0 AppleWebKit/537.36 (KHTML, like Gecko; compatible; GPTBot/1.3; +https://openai.com/gptbot)"
74.7.227.191 - - [11/Jan/2026:12:48:13 +0000] "GET /?path=//proc/504211/root/proc/self/root/proc/thread-self/root/lib/.build-id/c4 HTTP/2" 200 3759 "-" "Mozilla/5.0 AppleWebKit/537.36 (KHTML, like Gecko; compatible; GPTBot/1.3; +https://openai.com/gptbot)"
74.7.227.40 - - [11/Jan/2026:12:48:15 +0000] "GET /warsztaty-aktywnosc-zawodowa-i-spoleczna-osob-z-niepelnosprawnoscia.html?fileloc=//proc/self/root/opt/alt/ruby18/lib64/ruby/1.8/irb/completion.rb&path=//proc/self/root/opt/alt/ruby18/lib64/ruby/1.8/irb HTTP/2" 200 4290 "-" "Mozilla/5.0 AppleWebKit/537.36 (KHTML, like Gecko; compatible; GPTBot/1.3; +https://openai.com/gptbot)"
74.7.227.191 - - [11/Jan/2026:12:48:16 +0000] "GET /?path=//proc/504211/root/proc/self/root/proc/thread-self/root/lib/.build-id/d0 HTTP/2" 200 3882 "-" "Mozilla/5.0 AppleWebKit/537.36 (KHTML, like Gecko; compatible; GPTBot/1.3; +https://openai.com/gptbot)"
74.7.227.40 - - [11/Jan/2026:12:48:18 +0000] "GET /warsztaty-aktywnosc-zawodowa-i-spoleczna-osob-z-niepelnosprawnoscia.html?fileloc=//proc/self/root/opt/alt/ruby18/lib64/ruby/1.8/rdoc/tokenstream.rb&path=//proc/self/root/opt/alt/ruby18/lib64/ruby/1.8/rdoc HTTP/2" 200 2797 "-" "Mozilla/5.0 AppleWebKit/537.36 (KHTML, like Gecko; compatible; GPTBot/1.3; +https://openai.com/gptbot)"
74.7.227.191 - - [11/Jan/2026:12:48:19 +0000] "GET /?path=//proc/504211/root/proc/thread-self/root/proc/self/root/lib/.build-id/a1 HTTP/2" 200 3466 "-" "Mozilla/5.0 AppleWebKit/537.36 (KHTML, like Gecko; compatible; GPTBot/1.3; +https://openai.com/gptbot)"
74.7.227.40 - - [11/Jan/2026:12:48:21 +0000] "GET /trening-umiejetnosci-spolecznych-dzieci-z-niepelnosprawnoscia-zajecia-stacjonarne.html?fileloc=//proc/216068/root/proc/thread-self/root/usr/bin/c++&path=//proc/216068/root/proc/thread-self/root/usr/bin HTTP/2" 200 2474 "-" "Mozilla/5.0 AppleWebKit/537.36 (KHTML, like Gecko; compatible; GPTBot/1.3; +https://openai.com/gptbot)"
74.7.227.191 - - [11/Jan/2026:12:48:22 +0000] "GET /?path=//proc/216068/root/proc/self/root/proc/thread-self/root/lib/.build-id/e8 HTTP/2" 200 3581 "-" "Mozilla/5.0 AppleWebKit/537.36 (KHTML, like Gecko; compatible; GPTBot/1.3; +https://openai.com/gptbot)"
74.7.227.40 - - [11/Jan/2026:12:48:25 +0000] "GET /warsztaty-aktywnosc-zawodowa-i-spoleczna-osob-z-niepelnosprawnoscia.html?fileloc=//proc/self/root/opt/alt/ruby18/lib64/ruby/1.8/wsdl/documentation.rb&path=//proc/self/root/opt/alt/ruby18/lib64/ruby/1.8/wsdl HTTP/2" 200 2822 "-" "Mozilla/5.0 AppleWebKit/537.36 (KHTML, like Gecko; compatible; GPTBot/1.3; +https://openai.com/gptbot)"
74.7.227.191 - - [11/Jan/2026:12:48:25 +0000] "GET /?path=//proc/504211/root/proc/self/root/proc/thread-self/root/lib/.build-id/0d HTTP/2" 200 3807 "-" "Mozilla/5.0 AppleWebKit/537.36 (KHTML, like Gecko; compatible; GPTBot/1.3; +https://openai.com/gptbot)"
74.7.227.40 - - [11/Jan/2026:12:48:28 +0000] "GET /warsztaty-aktywnosc-zawodowa-i-spoleczna-osob-z-niepelnosprawnoscia.html?fileloc=//proc/self/root/opt/alt/ruby18/lib64/ruby/1.8/yaml/basenode.rb&path=//proc/self/root/opt/alt/ruby18/lib64/ruby/1.8/yaml HTTP/2" 200 3875 "-" "Mozilla/5.0 AppleWebKit/537.36 (KHTML, like Gecko; compatible; GPTBot/1.3; +https://openai.com/gptbot)"
74.7.227.191 - - [11/Jan/2026:12:48:29 +0000] "GET /?path=//proc/504211/root/proc/self/root/proc/thread-self/root/lib/.build-id/e4 HTTP/2" 200 3753 "-" "Mozilla/5.0 AppleWebKit/537.36 (KHTML, like Gecko; compatible; GPTBot/1.3; +https://openai.com/gptbot)"
74.7.227.40 - - [11/Jan/2026:12:48:31 +0000] "GET /warsztaty-aktywnosc-zawodowa-i-spoleczna-osob-z-niepelnosprawnoscia.html?fileloc=//proc/self/root/opt/alt/ruby18/lib64/ruby/1.8/yaml/constants.rb&path=//proc/self/root/opt/alt/ruby18/lib64/ruby/1.8/yaml HTTP/2" 200 3267 "-" "Mozilla/5.0 AppleWebKit/537.36 (KHTML, like Gecko; compatible; GPTBot/1.3; +https://openai.com/gptbot)"
74.7.227.191 - - [11/Jan/2026:12:48:32 +0000] "GET /?path=//proc/504211/root/proc/self/root/proc/thread-self/root/lib/.build-id/1a HTTP/2" 200 4135 "-" "Mozilla/5.0 AppleWebKit/537.36 (KHTML, like Gecko; compatible; GPTBot/1.3; +https://openai.com/gptbot)"
74.7.227.40 - - [11/Jan/2026:12:48:34 +0000] "GET /warsztaty-aktywnosc-zawodowa-i-spoleczna-osob-z-niepelnosprawnoscia.html?fileloc=//proc/self/root/opt/alt/ruby18/lib64/ruby/1.8/rdoc/template.rb&path=//proc/self/root/opt/alt/ruby18/lib64/ruby/1.8/rdoc HTTP/2" 200 5023 "-" "Mozilla/5.0 AppleWebKit/537.36 (KHTML, like Gecko; compatible; GPTBot/1.3; +https://openai.com/gptbot)"
74.7.227.191 - - [11/Jan/2026:12:48:35 +0000] "GET /?path=//proc/504211/root/proc/thread-self/root/proc/self/root/lib/.build-id/5d HTTP/2" 200 3896 "-" "Mozilla/5.0 AppleWebKit/537.36 (KHTML, like Gecko; compatible; GPTBot/1.3; +https://openai.com/gptbot)"
74.7.227.40 - - [11/Jan/2026:12:48:37 +0000] "GET /trening-umiejetnosci-spolecznych-dzieci-z-niepelnosprawnoscia-zajecia-stacjonarne.html?fileloc=//proc/216068/root/proc/thread-self/root/etc/pam.d/su-l&path=//proc/216068/root/proc/thread-self/root/etc/pam.d HTTP/2" 200 2554 "-" "Mozilla/5.0 AppleWebKit/537.36 (KHTML, like Gecko; compatible; GPTBot/1.3; +https://openai.com/gptbot)"
74.7.227.191 - - [11/Jan/2026:12:48:38 +0000] "GET /?path=//proc/504211/root/proc/self/root/proc/thread-self/root/lib/.build-id/0e HTTP/2" 200 3715 "-" "Mozilla/5.0 AppleWebKit/537.36 (KHTML, like Gecko; compatible; GPTBot/1.3; +https://openai.com/gptbot)"
74.7.227.40 - - [11/Jan/2026:12:48:40 +0000] "GET /warsztaty-aktywnosc-zawodowa-i-spoleczna-osob-z-niepelnosprawnoscia.html?fileloc=//proc/self/root/opt/alt/ruby18/lib64/ruby/1.8/yaml/rubytypes.rb&path=//proc/self/root/opt/alt/ruby18/lib64/ruby/1.8/yaml HTTP/2" 200 5497 "-" "Mozilla/5.0 AppleWebKit/537.36 (KHTML, like Gecko; compatible; GPTBot/1.3; +https://openai.com/gptbot)"
74.7.227.191 - - [11/Jan/2026:12:48:41 +0000] "GET /?path=//proc/216068/root/proc/self/root/proc/thread-self/root/lib/.build-id/c8 HTTP/2" 200 4056 "-" "Mozilla/5.0 AppleWebKit/537.36 (KHTML, like Gecko; compatible; GPTBot/1.3; +https://openai.com/gptbot)"
74.7.227.40 - - [11/Jan/2026:12:48:44 +0000] "GET /trening-umiejetnosci-spolecznych-dzieci-z-niepelnosprawnoscia-zajecia-stacjonarne.html?fileloc=//proc/504211/root/proc/thread-self/root/etc/pam.d/su-l&path=//proc/504211/root/proc/thread-self/root/etc/pam.d HTTP/2" 200 2555 "-" "Mozilla/5.0 AppleWebKit/537.36 (KHTML, like Gecko; compatible; GPTBot/1.3; +https://openai.com/gptbot)"
74.7.227.191 - - [11/Jan/2026:12:48:44 +0000] "GET /?path=//proc/216068/root/proc/thread-self/root/proc/self/root/lib/.build-id/6b HTTP/2" 200 3578 "-" "Mozilla/5.0 AppleWebKit/537.36 (KHTML, like Gecko; compatible; GPTBot/1.3; +https://openai.com/gptbot)"
74.7.227.40 - - [11/Jan/2026:12:48:47 +0000] "GET /collections/bestsellers?fileloc=//opt/alt/python37/share/doc/alt-python37-importlib_metadata/README.rst&path=//opt/alt/python37/share/doc/alt-python37-importlib_metadata HTTP/2" 200 3333 "-" "Mozilla/5.0 AppleWebKit/537.36 (KHTML, like Gecko; compatible; GPTBot/1.3; +https://openai.com/gptbot)"
74.7.227.191 - - [11/Jan/2026:12:48:48 +0000] "GET /?path=//proc/216068/root/proc/thread-self/root/proc/self/root/lib/.build-id/d6 HTTP/2" 200 3560 "-" "Mozilla/5.0 AppleWebKit/537.36 (KHTML, like Gecko; compatible; GPTBot/1.3; +https://openai.com/gptbot)"
74.7.227.40 - - [11/Jan/2026:12:48:50 +0000] "GET /collections/bestsellers?fileloc=//opt/alt/python37/share/doc/alt-python37-importlib_metadata/CHANGES.rst&path=//opt/alt/python37/share/doc/alt-python37-importlib_metadata HTTP/2" 200 8674 "-" "Mozilla/5.0 AppleWebKit/537.36 (KHTML, like Gecko; compatible; GPTBot/1.3; +https://openai.com/gptbot)"
74.7.227.191 - - [11/Jan/2026:12:48:51 +0000] "GET /?path=//proc/504211/root/proc/thread-self/root/proc/self/root/lib/.build-id/c1 HTTP/2" 200 3514 "-" "Mozilla/5.0 AppleWebKit/537.36 (KHTML, like Gecko; compatible; GPTBot/1.3; +https://openai.com/gptbot)"
74.7.227.40 - - [11/Jan/2026:12:48:53 +0000] "GET /collections/cushions?fileloc=//proc/self/root/usr/lib64/gconv/GEORGIAN-PS.so&path=//proc/self/root/usr/lib64/gconv HTTP/2" 200 7720 "-" "Mozilla/5.0 AppleWebKit/537.36 (KHTML, like Gecko; compatible; GPTBot/1.3; +https://openai.com/gptbot)"
74.7.227.191 - - [11/Jan/2026:12:48:54 +0000] "GET /?path=//proc/504211/root/proc/thread-self/root/proc/self/root/lib/.build-id/1a HTTP/2" 200 4139 "-" "Mozilla/5.0 AppleWebKit/537.36 (KHTML, like Gecko; compatible; GPTBot/1.3; +https://openai.com/gptbot)"
74.7.227.40 - - [11/Jan/2026:12:48:56 +0000] "GET /collections/cushions?fileloc=//proc/self/root/usr/lib64/gconv/ECMA-CYRILLIC.so&path=//proc/self/root/usr/lib64/gconv HTTP/2" 200 7797 "-" "Mozilla/5.0 AppleWebKit/537.36 (KHTML, like Gecko; compatible; GPTBot/1.3; +https://openai.com/gptbot)"
74.7.227.191 - - [11/Jan/2026:12:48:57 +0000] "GET /?path=//proc/504211/root/proc/self/root/proc/thread-self/root/lib/.build-id/a1 HTTP/2" 200 3470 "-" "Mozilla/5.0 AppleWebKit/537.36 (KHTML, like Gecko; compatible; GPTBot/1.3; +https://openai.com/gptbot)"
74.7.227.40 - - [11/Jan/2026:12:48:59 +0000] "GET /collections/cushions?fileloc=//proc/self/root/usr/lib64/gconv/HP-ROMAN8.so&path=//proc/self/root/usr/lib64/gconv HTTP/2" 200 7780 "-" "Mozilla/5.0 AppleWebKit/537.36 (KHTML, like Gecko; compatible; GPTBot/1.3; +https://openai.com/gptbot)"
74.7.227.191 - - [11/Jan/2026:12:49:01 +0000] "GET /?path=//proc/504211/root/proc/self/root/proc/thread-self/root/lib/.build-id/e5 HTTP/2" 200 3594 "-" "Mozilla/5.0 AppleWebKit/537.36 (KHTML, like Gecko; compatible; GPTBot/1.3; +https://openai.com/gptbot)"
216.73.216.31 - - [11/Jan/2026:12:49:02 +0000] "GET /?fileloc=%2Fhome%2Fpurebdli%2F.htaccess&path=%2Fhome%2Fpurebdli HTTP/2" 200 2832 "-" "Mozilla/5.0 AppleWebKit/537.36 (KHTML, like Gecko; compatible; ClaudeBot/1.0; +claudebot@anthropic.com)"
74.7.227.40 - - [11/Jan/2026:12:49:02 +0000] "GET /collections/cushions?fileloc=//proc/self/root/usr/lib64/gconv/EBCDIC-IT.so&path=//proc/self/root/usr/lib64/gconv HTTP/2" 200 7600 "-" "Mozilla/5.0 AppleWebKit/537.36 (KHTML, like Gecko; compatible; GPTBot/1.3; +https://openai.com/gptbot)"
74.7.227.191 - - [11/Jan/2026:12:49:04 +0000] "GET /?path=//proc/216068/root/proc/thread-self/root/proc/self/root/lib/.build-id/d1 HTTP/2" 200 3708 "-" "Mozilla/5.0 AppleWebKit/537.36 (KHTML, like Gecko; compatible; GPTBot/1.3; +https://openai.com/gptbot)"
216.73.216.31 - - [11/Jan/2026:12:49:04 +0000] "GET /?fileloc=%2Fhome%2Fpurebdli%2F.bash_logout&path=%2Fhome%2Fpurebdli HTTP/2" 200 2439 "-" "Mozilla/5.0 AppleWebKit/537.36 (KHTML, like Gecko; compatible; ClaudeBot/1.0; +claudebot@anthropic.com)"
74.7.227.40 - - [11/Jan/2026:12:49:05 +0000] "GET /collections/cushions?fileloc=//proc/self/root/usr/lib64/gconv/EBCDIC-PT.so&path=//proc/self/root/usr/lib64/gconv HTTP/2" 200 7604 "-" "Mozilla/5.0 AppleWebKit/537.36 (KHTML, like Gecko; compatible; GPTBot/1.3; +https://openai.com/gptbot)"
74.7.227.191 - - [11/Jan/2026:12:49:07 +0000] "GET /?path=//proc/504211/root/proc/thread-self/root/proc/self/root/lib/.build-id/c0 HTTP/2" 200 3640 "-" "Mozilla/5.0 AppleWebKit/537.36 (KHTML, like Gecko; compatible; GPTBot/1.3; +https://openai.com/gptbot)"
74.7.227.40 - - [11/Jan/2026:12:49:08 +0000] "GET /collections/cushions?fileloc=//proc/self/root/usr/lib64/gconv/EBCDIC-UK.so&path=//proc/self/root/usr/lib64/gconv HTTP/2" 200 7715 "-" "Mozilla/5.0 AppleWebKit/537.36 (KHTML, like Gecko; compatible; GPTBot/1.3; +https://openai.com/gptbot)"
74.7.227.191 - - [11/Jan/2026:12:49:10 +0000] "GET /?path=//proc/504211/root/proc/thread-self/root/proc/self/root/lib/.build-id/c4 HTTP/2" 200 3750 "-" "Mozilla/5.0 AppleWebKit/537.36 (KHTML, like Gecko; compatible; GPTBot/1.3; +https://openai.com/gptbot)"
74.7.227.40 - - [11/Jan/2026:12:49:11 +0000] "GET /collections/cushions?fileloc=//proc/self/root/usr/lib64/gconv/HP-ROMAN9.so&path=//proc/self/root/usr/lib64/gconv HTTP/2" 200 7765 "-" "Mozilla/5.0 AppleWebKit/537.36 (KHTML, like Gecko; compatible; GPTBot/1.3; +https://openai.com/gptbot)"
74.7.227.191 - - [11/Jan/2026:12:49:13 +0000] "GET /?path=//proc/504211/root/proc/thread-self/root/proc/self/root/lib/.build-id/d5 HTTP/2" 200 3707 "-" "Mozilla/5.0 AppleWebKit/537.36 (KHTML, like Gecko; compatible; GPTBot/1.3; +https://openai.com/gptbot)"
74.7.227.40 - - [11/Jan/2026:12:49:15 +0000] "GET /collections/cushions?fileloc=//proc/self/root/usr/lib64/gconv/MACINTOSH.so&path=//proc/self/root/usr/lib64/gconv HTTP/2" 200 7944 "-" "Mozilla/5.0 AppleWebKit/537.36 (KHTML, like Gecko; compatible; GPTBot/1.3; +https://openai.com/gptbot)"
74.7.227.191 - - [11/Jan/2026:12:49:16 +0000] "GET /?path=//proc/504211/root/proc/thread-self/root/proc/self/root/lib/.build-id/4e HTTP/2" 200 3862 "-" "Mozilla/5.0 AppleWebKit/537.36 (KHTML, like Gecko; compatible; GPTBot/1.3; +https://openai.com/gptbot)"
74.7.227.40 - - [11/Jan/2026:12:49:18 +0000] "GET /collections/cushions?fileloc=//proc/self/root/usr/lib64/gconv/ARMSCII-8.so&path=//proc/self/root/usr/lib64/gconv HTTP/2" 200 7450 "-" "Mozilla/5.0 AppleWebKit/537.36 (KHTML, like Gecko; compatible; GPTBot/1.3; +https://openai.com/gptbot)"
74.7.227.191 - - [11/Jan/2026:12:49:19 +0000] "GET /?path=//proc/504211/root/proc/thread-self/root/proc/self/root/lib/.build-id/d1 HTTP/2" 200 3708 "-" "Mozilla/5.0 AppleWebKit/537.36 (KHTML, like Gecko; compatible; GPTBot/1.3; +https://openai.com/gptbot)"
74.7.227.40 - - [11/Jan/2026:12:49:21 +0000] "GET /collections/cushions?fileloc=//proc/self/root/usr/lib64/gconv/INIS-CYRILLIC.so&path=//proc/self/root/usr/lib64/gconv HTTP/2" 200 7703 "-" "Mozilla/5.0 AppleWebKit/537.36 (KHTML, like Gecko; compatible; GPTBot/1.3; +https://openai.com/gptbot)"
74.7.227.191 - - [11/Jan/2026:12:49:23 +0000] "GET /?path=//proc/504211/root/proc/thread-self/root/proc/self/root/lib/.build-id/e1 HTTP/2" 200 3566 "-" "Mozilla/5.0 AppleWebKit/537.36 (KHTML, like Gecko; compatible; GPTBot/1.3; +https://openai.com/gptbot)"
74.7.227.40 - - [11/Jan/2026:12:49:24 +0000] "GET /collections/cushions?fileloc=//proc/self/root/usr/lib64/gconv/EBCDIC-ES.so&path=//proc/self/root/usr/lib64/gconv HTTP/2" 200 7684 "-" "Mozilla/5.0 AppleWebKit/537.36 (KHTML, like Gecko; compatible; GPTBot/1.3; +https://openai.com/gptbot)"
74.7.227.191 - - [11/Jan/2026:12:49:26 +0000] "GET /?path=//proc/216068/root/proc/thread-self/root/proc/self/root/lib/.build-id/0d HTTP/2" 200 3811 "-" "Mozilla/5.0 AppleWebKit/537.36 (KHTML, like Gecko; compatible; GPTBot/1.3; +https://openai.com/gptbot)"
74.7.227.40 - - [11/Jan/2026:12:49:27 +0000] "GET /collections/cushions?fileloc=//proc/self/root/usr/lib64/gconv/EBCDIC-FR.so&path=//proc/self/root/usr/lib64/gconv HTTP/2" 200 7590 "-" "Mozilla/5.0 AppleWebKit/537.36 (KHTML, like Gecko; compatible; GPTBot/1.3; +https://openai.com/gptbot)"
74.7.227.191 - - [11/Jan/2026:12:49:29 +0000] "GET /?fileloc=//proc/504211/root/proc/thread-self/root/proc/self/root/lib/.build-id/1a/51c11745a288f96433f84f26bbd8fe491d7c48&path=//proc/504211/root/proc/thread-self/root/proc/self/root/lib/.build-id/1a HTTP/2" 200 7865 "-" "Mozilla/5.0 AppleWebKit/537.36 (KHTML, like Gecko; compatible; GPTBot/1.3; +https://openai.com/gptbot)"
74.7.227.40 - - [11/Jan/2026:12:49:31 +0000] "GET /collections/cushions?fileloc=//proc/self/root/usr/lib64/gconv/GREEK7-OLD.so&path=//proc/self/root/usr/lib64/gconv HTTP/2" 200 7578 "-" "Mozilla/5.0 AppleWebKit/537.36 (KHTML, like Gecko; compatible; GPTBot/1.3; +https://openai.com/gptbot)"
74.7.227.191 - - [11/Jan/2026:12:49:32 +0000] "GET /?path=//proc/216068/root/proc/self/root/proc/thread-self/root/lib/.build-id/6f HTTP/2" 200 3646 "-" "Mozilla/5.0 AppleWebKit/537.36 (KHTML, like Gecko; compatible; GPTBot/1.3; +https://openai.com/gptbot)"
74.7.227.40 - - [11/Jan/2026:12:49:34 +0000] "GET /collections/cushions?fileloc=//proc/self/root/usr/lib64/gconv/BIG5HKSCS.so&path=//proc/self/root/usr/lib64/gconv HTTP/2" 200 72622 "-" "Mozilla/5.0 AppleWebKit/537.36 (KHTML, like Gecko; compatible; GPTBot/1.3; +https://openai.com/gptbot)"
74.7.227.191 - - [11/Jan/2026:12:49:35 +0000] "GET /?path=//proc/504211/root/proc/thread-self/root/proc/self/root/lib/.build-id/e0 HTTP/2" 200 3965 "-" "Mozilla/5.0 AppleWebKit/537.36 (KHTML, like Gecko; compatible; GPTBot/1.3; +https://openai.com/gptbot)"
74.7.227.40 - - [11/Jan/2026:12:49:37 +0000] "GET /collections/cushions?fileloc=//proc/self/root/usr/lib64/gconv/EBCDIC-US.so&path=//proc/self/root/usr/lib64/gconv HTTP/2" 200 7594 "-" "Mozilla/5.0 AppleWebKit/537.36 (KHTML, like Gecko; compatible; GPTBot/1.3; +https://openai.com/gptbot)"
74.7.227.191 - - [11/Jan/2026:12:49:38 +0000] "GET /?path=//proc/504211/root/proc/thread-self/root/proc/self/root/lib/.build-id/4c HTTP/2" 200 3628 "-" "Mozilla/5.0 AppleWebKit/537.36 (KHTML, like Gecko; compatible; GPTBot/1.3; +https://openai.com/gptbot)"
74.7.227.40 - - [11/Jan/2026:12:49:40 +0000] "GET /collections/cushions?fileloc=//proc/self/root/usr/lib64/gconv/NATS-DANO.so&path=//proc/self/root/usr/lib64/gconv HTTP/2" 200 7701 "-" "Mozilla/5.0 AppleWebKit/537.36 (KHTML, like Gecko; compatible; GPTBot/1.3; +https://openai.com/gptbot)"
74.7.227.191 - - [11/Jan/2026:12:49:41 +0000] "GET /?path=//proc/216068/root/proc/self/root/proc/thread-self/root/lib/.build-id/e1 HTTP/2" 200 3576 "-" "Mozilla/5.0 AppleWebKit/537.36 (KHTML, like Gecko; compatible; GPTBot/1.3; +https://openai.com/gptbot)"
74.7.227.40 - - [11/Jan/2026:12:49:43 +0000] "GET /collections/cushions?fileloc=//proc/self/root/usr/lib64/gconv/HP-GREEK8.so&path=//proc/self/root/usr/lib64/gconv HTTP/2" 200 7724 "-" "Mozilla/5.0 AppleWebKit/537.36 (KHTML, like Gecko; compatible; GPTBot/1.3; +https://openai.com/gptbot)"
74.7.227.191 - - [11/Jan/2026:12:49:44 +0000] "GET /?path=//proc/216068/root/proc/self/root/proc/thread-self/root/lib/.build-id/2d HTTP/2" 200 3755 "-" "Mozilla/5.0 AppleWebKit/537.36 (KHTML, like Gecko; compatible; GPTBot/1.3; +https://openai.com/gptbot)"
74.7.227.40 - - [11/Jan/2026:12:49:46 +0000] "GET /collections/cushions?fileloc=//proc/self/root/usr/lib64/gconv/HP-TURKISH8.so&path=//proc/self/root/usr/lib64/gconv HTTP/2" 200 7807 "-" "Mozilla/5.0 AppleWebKit/537.36 (KHTML, like Gecko; compatible; GPTBot/1.3; +https://openai.com/gptbot)"
74.7.227.191 - - [11/Jan/2026:12:49:48 +0000] "GET /?path=//proc/504211/root/proc/self/root/proc/thread-self/root/lib/.build-id/d2 HTTP/2" 200 3841 "-" "Mozilla/5.0 AppleWebKit/537.36 (KHTML, like Gecko; compatible; GPTBot/1.3; +https://openai.com/gptbot)"
74.7.227.40 - - [11/Jan/2026:12:49:49 +0000] "GET /collections/cushions?fileloc=//proc/self/root/usr/lib64/gconv/NATS-SEFI.so&path=//proc/self/root/usr/lib64/gconv HTTP/2" 200 7676 "-" "Mozilla/5.0 AppleWebKit/537.36 (KHTML, like Gecko; compatible; GPTBot/1.3; +https://openai.com/gptbot)"
74.7.227.191 - - [11/Jan/2026:12:49:51 +0000] "GET /?path=//proc/504211/root/proc/self/root/proc/thread-self/root/lib/.build-id/b1 HTTP/2" 200 3935 "-" "Mozilla/5.0 AppleWebKit/537.36 (KHTML, like Gecko; compatible; GPTBot/1.3; +https://openai.com/gptbot)"
74.7.227.40 - - [11/Jan/2026:12:49:52 +0000] "GET /collections/cushions?fileloc=//proc/self/root/usr/lib64/gconv/LATIN-GREEK.so&path=//proc/self/root/usr/lib64/gconv HTTP/2" 200 7621 "-" "Mozilla/5.0 AppleWebKit/537.36 (KHTML, like Gecko; compatible; GPTBot/1.3; +https://openai.com/gptbot)"
74.7.227.191 - - [11/Jan/2026:12:49:54 +0000] "GET /?path=//proc/504211/root/proc/thread-self/root/proc/self/root/lib/.build-id/e2 HTTP/2" 200 4025 "-" "Mozilla/5.0 AppleWebKit/537.36 (KHTML, like Gecko; compatible; GPTBot/1.3; +https://openai.com/gptbot)"
74.7.227.40 - - [11/Jan/2026:12:49:55 +0000] "GET /collections/cushions?fileloc=//proc/self/root/usr/lib64/gconv/GREEK-CCITT.so&path=//proc/self/root/usr/lib64/gconv HTTP/2" 200 7556 "-" "Mozilla/5.0 AppleWebKit/537.36 (KHTML, like Gecko; compatible; GPTBot/1.3; +https://openai.com/gptbot)"
74.7.227.191 - - [11/Jan/2026:12:49:57 +0000] "GET /?path=//proc/216068/root/proc/thread-self/root/proc/self/root/lib/.build-id/1e HTTP/2" 200 3473 "-" "Mozilla/5.0 AppleWebKit/537.36 (KHTML, like Gecko; compatible; GPTBot/1.3; +https://openai.com/gptbot)"
74.7.227.40 - - [11/Jan/2026:12:49:58 +0000] "GET /zdjecia-z-wernisazu-w-fabryce-trzciny.html?fileloc=//lib64/python2.7/test/support/__init__.pyc&path=//lib64/python2.7/test/support HTTP/2" 200 29557 "-" "Mozilla/5.0 AppleWebKit/537.36 (KHTML, like Gecko; compatible; GPTBot/1.3; +https://openai.com/gptbot)"
216.73.216.31 - - [11/Jan/2026:12:50:00 +0000] "GET /?fileloc=%2Fhome%2Fpurebdli%2F.myimunify_id&path=%2Fhome%2Fpurebdli HTTP/2" 200 2501 "-" "Mozilla/5.0 AppleWebKit/537.36 (KHTML, like Gecko; compatible; ClaudeBot/1.0; +claudebot@anthropic.com)"
74.7.227.191 - - [11/Jan/2026:12:50:00 +0000] "GET /?path=//proc/504211/root/proc/thread-self/root/proc/self/root/lib/.build-id/d4 HTTP/2" 200 4007 "-" "Mozilla/5.0 AppleWebKit/537.36 (KHTML, like Gecko; compatible; GPTBot/1.3; +https://openai.com/gptbot)"
74.7.227.40 - - [11/Jan/2026:12:50:01 +0000] "GET /zdjecia-z-wernisazu-w-fabryce-trzciny.html?fileloc=//lib64/python2.7/test/support/__init__.pyo&path=//lib64/python2.7/test/support HTTP/2" 200 29512 "-" "Mozilla/5.0 AppleWebKit/537.36 (KHTML, like Gecko; compatible; GPTBot/1.3; +https://openai.com/gptbot)"
216.73.216.31 - - [11/Jan/2026:12:50:02 +0000] "GET /?fileloc=%2Fhome%2Fpurebdli%2F.lastlogin&path=%2Fhome%2Fpurebdli HTTP/2" 200 2491 "-" "Mozilla/5.0 AppleWebKit/537.36 (KHTML, like Gecko; compatible; ClaudeBot/1.0; +claudebot@anthropic.com)"
74.7.227.191 - - [11/Jan/2026:12:50:03 +0000] "GET /?path=//proc/216068/root/proc/self/root/proc/thread-self/root/lib/.build-id/c1 HTTP/2" 200 3523 "-" "Mozilla/5.0 AppleWebKit/537.36 (KHTML, like Gecko; compatible; GPTBot/1.3; +https://openai.com/gptbot)"
74.7.227.40 - - [11/Jan/2026:12:50:04 +0000] "GET /zdjecia-z-wernisazu-w-fabryce-trzciny.html?fileloc=//lib64/python2.7/test/support/__init__.py&path=//lib64/python2.7/test/support HTTP/2" 200 26970 "-" "Mozilla/5.0 AppleWebKit/537.36 (KHTML, like Gecko; compatible; GPTBot/1.3; +https://openai.com/gptbot)"
216.73.216.31 - - [11/Jan/2026:12:50:05 +0000] "GET /?fileloc=%2Fhome%2Fpurebdli%2F.gemrc&path=%2Fhome%2Fpurebdli HTTP/2" 200 2523 "-" "Mozilla/5.0 AppleWebKit/537.36 (KHTML, like Gecko; compatible; ClaudeBot/1.0; +claudebot@anthropic.com)"
74.7.227.191 - - [11/Jan/2026:12:50:06 +0000] "GET /?path=//proc/216068/root/proc/self/root/proc/thread-self/root/lib/.build-id/b6 HTTP/2" 200 3601 "-" "Mozilla/5.0 AppleWebKit/537.36 (KHTML, like Gecko; compatible; GPTBot/1.3; +https://openai.com/gptbot)"
74.7.227.40 - - [11/Jan/2026:12:50:07 +0000] "GET /zdjecia-z-wernisazu-w-fabryce-trzciny.html?fileloc=//lib64/python3.6/test/support/__init__.py&path=//lib64/python3.6/test/support HTTP/2" 200 34498 "-" "Mozilla/5.0 AppleWebKit/537.36 (KHTML, like Gecko; compatible; GPTBot/1.3; +https://openai.com/gptbot)"
74.7.227.191 - - [11/Jan/2026:12:50:10 +0000] "GET /?path=//proc/216068/root/proc/thread-self/root/proc/self/root/lib/.build-id/6e HTTP/2" 200 4000 "-" "Mozilla/5.0 AppleWebKit/537.36 (KHTML, like Gecko; compatible; GPTBot/1.3; +https://openai.com/gptbot)"
74.7.227.40 - - [11/Jan/2026:12:50:10 +0000] "GET /?fileloc=//usr/share/perl5/URI.pm&path=//usr/share/perl5 HTTP/2" 200 14266 "-" "Mozilla/5.0 AppleWebKit/537.36 (KHTML, like Gecko; compatible; GPTBot/1.3; +https://openai.com/gptbot)"
74.7.227.191 - - [11/Jan/2026:12:50:13 +0000] "GET /?path=//proc/216068/root/proc/thread-self/root/proc/self/root/lib/.build-id/e8 HTTP/2" 200 3580 "-" "Mozilla/5.0 AppleWebKit/537.36 (KHTML, like Gecko; compatible; GPTBot/1.3; +https://openai.com/gptbot)"
74.7.227.40 - - [11/Jan/2026:12:50:14 +0000] "GET /collections/blooms-and-stars-alphabet-cups?fileloc=//proc/thread-self/root/usr/lib64/pkcs11/p11-kit-trust.so&path=//proc/thread-self/root/usr/lib64/pkcs11 HTTP/2" 200 86752 "-" "Mozilla/5.0 AppleWebKit/537.36 (KHTML, like Gecko; compatible; GPTBot/1.3; +https://openai.com/gptbot)"
74.7.227.191 - - [11/Jan/2026:12:50:16 +0000] "GET /?path=//proc/216068/root/proc/thread-self/root/proc/self/root/lib/.build-id/1c HTTP/2" 200 3959 "-" "Mozilla/5.0 AppleWebKit/537.36 (KHTML, like Gecko; compatible; GPTBot/1.3; +https://openai.com/gptbot)"
74.7.227.40 - - [11/Jan/2026:12:50:16 +0000] "GET /-broker-edukacyjny-budujemy-kapital-kariery-zapraszamy-na-styczniowe-wydarzenia.html?fileloc=//usr/local/lib/python3.6/site-packages/certifi-2024.8.30.dist-info/METADATA&path=//usr/local/lib/python3.6/site-packages/certifi-2024.8.30.dist-info HTTP/2" 200 3355 "-" "Mozilla/5.0 AppleWebKit/537.36 (KHTML, like Gecko; compatible; GPTBot/1.3; +https://openai.com/gptbot)"
74.7.227.191 - - [11/Jan/2026:12:50:19 +0000] "GET /?path=//proc/216068/root/proc/self/root/proc/thread-self/root/lib/.build-id/6e HTTP/2" 200 3990 "-" "Mozilla/5.0 AppleWebKit/537.36 (KHTML, like Gecko; compatible; GPTBot/1.3; +https://openai.com/gptbot)"
74.7.227.40 - - [11/Jan/2026:12:50:20 +0000] "GET /-broker-edukacyjny-budujemy-kapital-kariery-zapraszamy-na-styczniowe-wydarzenia.html?fileloc=//usr/local/lib/python3.6/site-packages/certifi-2024.8.30.dist-info/WHEEL&path=//usr/local/lib/python3.6/site-packages/certifi-2024.8.30.dist-info HTTP/2" 200 2554 "-" "Mozilla/5.0 AppleWebKit/537.36 (KHTML, like Gecko; compatible; GPTBot/1.3; +https://openai.com/gptbot)"
74.7.227.191 - - [11/Jan/2026:12:50:22 +0000] "GET /?path=//proc/216068/root/proc/thread-self/root/proc/self/root/lib/.build-id/2c HTTP/2" 200 4010 "-" "Mozilla/5.0 AppleWebKit/537.36 (KHTML, like Gecko; compatible; GPTBot/1.3; +https://openai.com/gptbot)"
74.7.227.40 - - [11/Jan/2026:12:50:23 +0000] "GET /-broker-edukacyjny-budujemy-kapital-kariery-zapraszamy-na-styczniowe-wydarzenia.html?fileloc=//usr/local/lib/python3.6/site-packages/certifi-2024.8.30.dist-info/INSTALLER&path=//usr/local/lib/python3.6/site-packages/certifi-2024.8.30.dist-info HTTP/2" 200 2490 "-" "Mozilla/5.0 AppleWebKit/537.36 (KHTML, like Gecko; compatible; GPTBot/1.3; +https://openai.com/gptbot)"
74.7.227.191 - - [11/Jan/2026:12:50:25 +0000] "GET /?path=//proc/216068/root/proc/self/root/proc/thread-self/root/lib/.build-id/e2 HTTP/2" 200 4032 "-" "Mozilla/5.0 AppleWebKit/537.36 (KHTML, like Gecko; compatible; GPTBot/1.3; +https://openai.com/gptbot)"
74.7.227.40 - - [11/Jan/2026:12:50:26 +0000] "GET /-broker-edukacyjny-budujemy-kapital-kariery-zapraszamy-na-styczniowe-wydarzenia.html?fileloc=//usr/local/lib/python3.6/site-packages/certifi-2024.8.30.dist-info/RECORD&path=//usr/local/lib/python3.6/site-packages/certifi-2024.8.30.dist-info HTTP/2" 200 3077 "-" "Mozilla/5.0 AppleWebKit/537.36 (KHTML, like Gecko; compatible; GPTBot/1.3; +https://openai.com/gptbot)"
74.7.227.191 - - [11/Jan/2026:12:50:28 +0000] "GET /?path=//proc/504211/root/proc/self/root/proc/thread-self/root/lib/.build-id/5c HTTP/2" 200 3850 "-" "Mozilla/5.0 AppleWebKit/537.36 (KHTML, like Gecko; compatible; GPTBot/1.3; +https://openai.com/gptbot)"
74.7.227.40 - - [11/Jan/2026:12:50:29 +0000] "GET /-broker-edukacyjny-budujemy-kapital-kariery-zapraszamy-na-styczniowe-wydarzenia.html?fileloc=//usr/local/lib/python3.6/site-packages/certifi-2024.8.30.dist-info/LICENSE&path=//usr/local/lib/python3.6/site-packages/certifi-2024.8.30.dist-info HTTP/2" 200 3036 "-" "Mozilla/5.0 AppleWebKit/537.36 (KHTML, like Gecko; compatible; GPTBot/1.3; +https://openai.com/gptbot)"
74.7.227.191 - - [11/Jan/2026:12:50:31 +0000] "GET /?path=//proc/216068/root/proc/thread-self/root/proc/self/root/lib/.build-id/6a HTTP/2" 200 3599 "-" "Mozilla/5.0 AppleWebKit/537.36 (KHTML, like Gecko; compatible; GPTBot/1.3; +https://openai.com/gptbot)"
74.7.227.40 - - [11/Jan/2026:12:50:32 +0000] "GET /trening-umiejetnosci-spolecznych-dzieci-z-niepelnosprawnoscia-zajecia-stacjonarne.html?fileloc=//proc/504211/root/proc/thread-self/root/opt/cpanel/ea-php71/root/usr/share/doc/ea-php71-php-common/README.STREAMS&path=//proc/504211/root/proc/thread-self/root/opt/cpanel/ea-php71/root/usr/share/doc/ea-php71-php-common HTTP/2" 200 8357 "-" "Mozilla/5.0 AppleWebKit/537.36 (KHTML, like Gecko; compatible; GPTBot/1.3; +https://openai.com/gptbot)"
74.7.227.191 - - [11/Jan/2026:12:50:34 +0000] "GET /?path=//proc/216068/root/proc/thread-self/root/proc/self/root/lib/.build-id/d2 HTTP/2" 200 3835 "-" "Mozilla/5.0 AppleWebKit/537.36 (KHTML, like Gecko; compatible; GPTBot/1.3; +https://openai.com/gptbot)"
74.7.227.40 - - [11/Jan/2026:12:50:35 +0000] "GET /trening-umiejetnosci-spolecznych-dzieci-z-niepelnosprawnoscia-zajecia-stacjonarne.html?fileloc=//proc/504211/root/proc/thread-self/root/opt/cpanel/ea-php71/root/usr/share/doc/ea-php71-php-common/README.TESTING&path=//proc/504211/root/proc/thread-self/root/opt/cpanel/ea-php71/root/usr/share/doc/ea-php71-php-common HTTP/2" 200 5575 "-" "Mozilla/5.0 AppleWebKit/537.36 (KHTML, like Gecko; compatible; GPTBot/1.3; +https://openai.com/gptbot)"
74.7.227.191 - - [11/Jan/2026:12:50:38 +0000] "GET /?path=//proc/504211/root/proc/thread-self/root/proc/self/root/lib/.build-id/1c HTTP/2" 200 3960 "-" "Mozilla/5.0 AppleWebKit/537.36 (KHTML, like Gecko; compatible; GPTBot/1.3; +https://openai.com/gptbot)"
74.7.227.40 - - [11/Jan/2026:12:50:38 +0000] "GET /trening-umiejetnosci-spolecznych-dzieci-z-niepelnosprawnoscia-zajecia-stacjonarne.html?fileloc=//proc/504211/root/proc/thread-self/root/opt/cpanel/ea-php51/root/usr/share/doc/ea-php51-php-common/README.EXTENSIONS&path=//proc/504211/root/proc/thread-self/root/opt/cpanel/ea-php51/root/usr/share/doc/ea-php51-php-common HTTP/2" 200 3105 "-" "Mozilla/5.0 AppleWebKit/537.36 (KHTML, like Gecko; compatible; GPTBot/1.3; +https://openai.com/gptbot)"
74.7.227.191 - - [11/Jan/2026:12:50:41 +0000] "GET /?path=//proc/216068/root/proc/thread-self/root/proc/self/root/lib/.build-id/8e HTTP/2" 200 3740 "-" "Mozilla/5.0 AppleWebKit/537.36 (KHTML, like Gecko; compatible; GPTBot/1.3; +https://openai.com/gptbot)"
74.7.227.40 - - [11/Jan/2026:12:50:41 +0000] "GET /trening-umiejetnosci-spolecznych-dzieci-z-niepelnosprawnoscia-zajecia-stacjonarne.html?fileloc=//proc/504211/root/proc/thread-self/root/opt/cpanel/ea-php51/root/usr/share/doc/ea-php51-php-common/README.STREAMS&path=//proc/504211/root/proc/thread-self/root/opt/cpanel/ea-php51/root/usr/share/doc/ea-php51-php-common HTTP/2" 200 8391 "-" "Mozilla/5.0 AppleWebKit/537.36 (KHTML, like Gecko; compatible; GPTBot/1.3; +https://openai.com/gptbot)"
74.7.227.191 - - [11/Jan/2026:12:50:44 +0000] "GET /?path=//proc/504211/root/proc/self/root/proc/thread-self/root/lib/.build-id/4e HTTP/2" 200 3860 "-" "Mozilla/5.0 AppleWebKit/537.36 (KHTML, like Gecko; compatible; GPTBot/1.3; +https://openai.com/gptbot)"
74.7.227.40 - - [11/Jan/2026:12:50:44 +0000] "GET /trening-umiejetnosci-spolecznych-dzieci-z-niepelnosprawnoscia-zajecia-stacjonarne.html?fileloc=//proc/504211/root/proc/thread-self/root/opt/cpanel/ea-php81/root/usr/share/doc/ea-php81-php-common/libmagic_LICENSE&path=//proc/504211/root/proc/thread-self/root/opt/cpanel/ea-php81/root/usr/share/doc/ea-php81-php-common HTTP/2" 200 3413 "-" "Mozilla/5.0 AppleWebKit/537.36 (KHTML, like Gecko; compatible; GPTBot/1.3; +https://openai.com/gptbot)"
74.7.227.191 - - [11/Jan/2026:12:50:47 +0000] "GET /?path=//proc/504211/root/proc/thread-self/root/proc/self/root/lib/.build-id/5c HTTP/2" 200 3852 "-" "Mozilla/5.0 AppleWebKit/537.36 (KHTML, like Gecko; compatible; GPTBot/1.3; +https://openai.com/gptbot)"
74.7.227.40 - - [11/Jan/2026:12:50:47 +0000] "GET /trening-umiejetnosci-spolecznych-dzieci-z-niepelnosprawnoscia-zajecia-stacjonarne.html?fileloc=//proc/504211/root/proc/thread-self/root/opt/cpanel/ea-php81/root/usr/share/doc/ea-php81-php-common/README.REDIST.BINS&path=//proc/504211/root/proc/thread-self/root/opt/cpanel/ea-php81/root/usr/share/doc/ea-php81-php-common HTTP/2" 200 10523 "-" "Mozilla/5.0 AppleWebKit/537.36 (KHTML, like Gecko; compatible; GPTBot/1.3; +https://openai.com/gptbot)"
74.7.227.191 - - [11/Jan/2026:12:50:50 +0000] "GET /?path=//proc/504211/root/proc/self/root/proc/thread-self/root/lib/.build-id/d5 HTTP/2" 200 3691 "-" "Mozilla/5.0 AppleWebKit/537.36 (KHTML, like Gecko; compatible; GPTBot/1.3; +https://openai.com/gptbot)"
74.7.227.40 - - [11/Jan/2026:12:50:51 +0000] "GET /trening-umiejetnosci-spolecznych-dzieci-z-niepelnosprawnoscia-zajecia-stacjonarne.html?fileloc=//proc/504211/root/proc/thread-self/root/opt/cpanel/ea-php71/root/usr/share/doc/ea-php71-php-common/README.REDIST.BINS&path=//proc/504211/root/proc/thread-self/root/opt/cpanel/ea-php71/root/usr/share/doc/ea-php71-php-common HTTP/2" 200 8212 "-" "Mozilla/5.0 AppleWebKit/537.36 (KHTML, like Gecko; compatible; GPTBot/1.3; +https://openai.com/gptbot)"
74.7.227.191 - - [11/Jan/2026:12:50:53 +0000] "GET /?path=//proc/504211/root/proc/thread-self/root/proc/self/root/lib/.build-id/f1 HTTP/2" 200 3758 "-" "Mozilla/5.0 AppleWebKit/537.36 (KHTML, like Gecko; compatible; GPTBot/1.3; +https://openai.com/gptbot)"
74.7.227.40 - - [11/Jan/2026:12:50:54 +0000] "GET /trening-umiejetnosci-spolecznych-dzieci-z-niepelnosprawnoscia-zajecia-stacjonarne.html?fileloc=//proc/504211/root/proc/thread-self/root/opt/cpanel/ea-php71/root/usr/share/doc/ea-php71-php-common/CODING_STANDARDS&path=//proc/504211/root/proc/thread-self/root/opt/cpanel/ea-php71/root/usr/share/doc/ea-php71-php-common HTTP/2" 200 7718 "-" "Mozilla/5.0 AppleWebKit/537.36 (KHTML, like Gecko; compatible; GPTBot/1.3; +https://openai.com/gptbot)"
74.7.227.191 - - [11/Jan/2026:12:50:56 +0000] "GET /?path=//proc/216068/root/proc/thread-self/root/proc/self/root/lib/.build-id/6f HTTP/2" 200 3638 "-" "Mozilla/5.0 AppleWebKit/537.36 (KHTML, like Gecko; compatible; GPTBot/1.3; +https://openai.com/gptbot)"
74.7.227.40 - - [11/Jan/2026:12:50:57 +0000] "GET /trening-umiejetnosci-spolecznych-dzieci-z-niepelnosprawnoscia-zajecia-stacjonarne.html?fileloc=//proc/504211/root/proc/thread-self/root/opt/cpanel/ea-php51/root/usr/share/doc/ea-php51-php-bcmath/libbcmath_COPYING&path=//proc/504211/root/proc/thread-self/root/opt/cpanel/ea-php51/root/usr/share/doc/ea-php51-php-bcmath HTTP/2" 200 12036 "-" "Mozilla/5.0 AppleWebKit/537.36 (KHTML, like Gecko; compatible; GPTBot/1.3; +https://openai.com/gptbot)"
74.7.227.191 - - [11/Jan/2026:12:51:00 +0000] "GET /?path=//proc/504211/root/proc/thread-self/root/proc/self/root/lib/.build-id/1d HTTP/2" 200 4179 "-" "Mozilla/5.0 AppleWebKit/537.36 (KHTML, like Gecko; compatible; GPTBot/1.3; +https://openai.com/gptbot)"
74.7.227.40 - - [11/Jan/2026:12:51:00 +0000] "GET /trening-umiejetnosci-spolecznych-dzieci-z-niepelnosprawnoscia-zajecia-stacjonarne.html?fileloc=//proc/504211/root/proc/thread-self/root/opt/cpanel/ea-php51/root/usr/share/doc/ea-php51-php-common/CODING_STANDARDS&path=//proc/504211/root/proc/thread-self/root/opt/cpanel/ea-php51/root/usr/share/doc/ea-php51-php-common HTTP/2" 200 7421 "-" "Mozilla/5.0 AppleWebKit/537.36 (KHTML, like Gecko; compatible; GPTBot/1.3; +https://openai.com/gptbot)"
74.7.227.191 - - [11/Jan/2026:12:51:03 +0000] "GET /?path=//proc/216068/root/proc/thread-self/root/proc/self/root/lib/.build-id/d8 HTTP/2" 200 3752 "-" "Mozilla/5.0 AppleWebKit/537.36 (KHTML, like Gecko; compatible; GPTBot/1.3; +https://openai.com/gptbot)"
74.7.227.40 - - [11/Jan/2026:12:51:03 +0000] "GET /trening-umiejetnosci-spolecznych-dzieci-z-niepelnosprawnoscia-zajecia-stacjonarne.html?fileloc=//proc/504211/root/proc/thread-self/root/opt/cpanel/ea-php81/root/usr/share/doc/ea-php81-php-common/CODING_STANDARDS.md&path=//proc/504211/root/proc/thread-self/root/opt/cpanel/ea-php81/root/usr/share/doc/ea-php81-php-common HTTP/2" 200 7283 "-" "Mozilla/5.0 AppleWebKit/537.36 (KHTML, like Gecko; compatible; GPTBot/1.3; +https://openai.com/gptbot)"
74.7.227.191 - - [11/Jan/2026:12:51:06 +0000] "GET /?path=//proc/216068/root/proc/self/root/proc/thread-self/root/lib/.build-id/c2 HTTP/2" 200 3805 "-" "Mozilla/5.0 AppleWebKit/537.36 (KHTML, like Gecko; compatible; GPTBot/1.3; +https://openai.com/gptbot)"
