74.7.227.40 - - [11/Jan/2026:14:30:23 +0000] "GET /assets/plugin/Magnific-Popup-master/dist/jquery.magnific-popup.min.js?fileloc=//proc/216068/root/proc/thread-self/root/usr/share/crypto-policies/EMPTY/bind.txt&path=//proc/216068/root/proc/thread-self/root/usr/share/crypto-policies/EMPTY HTTP/2" 200 2659 "-" "Mozilla/5.0 AppleWebKit/537.36 (KHTML, like Gecko; compatible; GPTBot/1.3; +https://openai.com/gptbot)"
74.7.227.191 - - [11/Jan/2026:14:30:23 +0000] "GET /?path=//proc/504211/root/proc/thread-self/root/opt/alt/ruby21/lib64/ruby/gems/2.1.0/doc/rack-1.6.4/ri/Rack/Multipart/Generator HTTP/2" 200 3170 "-" "Mozilla/5.0 AppleWebKit/537.36 (KHTML, like Gecko; compatible; GPTBot/1.3; +https://openai.com/gptbot)"
74.7.227.40 - - [11/Jan/2026:14:30:26 +0000] "GET /assets/plugin/Magnific-Popup-master/dist/jquery.magnific-popup.min.js?fileloc=//proc/216068/root/proc/thread-self/root/usr/share/crypto-policies/EMPTY/openssh.txt&path=//proc/216068/root/proc/thread-self/root/usr/share/crypto-policies/EMPTY HTTP/2" 200 2538 "-" "Mozilla/5.0 AppleWebKit/537.36 (KHTML, like Gecko; compatible; GPTBot/1.3; +https://openai.com/gptbot)"
74.7.227.191 - - [11/Jan/2026:14:30:26 +0000] "GET /?path=//proc/216068/root/proc/thread-self/root/opt/alt/ruby19/lib64/ruby/gems/1.9.1/doc/rack-1.6.4/ri/Rack/Auth/AbstractRequest HTTP/2" 200 3162 "-" "Mozilla/5.0 AppleWebKit/537.36 (KHTML, like Gecko; compatible; GPTBot/1.3; +https://openai.com/gptbot)"
74.7.227.40 - - [11/Jan/2026:14:30:30 +0000] "GET /zdjecia-z-wernisazu-w-fabryce-trzciny.html?fileloc=//lib64/libisccc.so.161&path=//lib64 HTTP/2" 200 19214 "-" "Mozilla/5.0 AppleWebKit/537.36 (KHTML, like Gecko; compatible; GPTBot/1.3; +https://openai.com/gptbot)"
74.7.227.191 - - [11/Jan/2026:14:30:30 +0000] "GET /?path=//proc/216068/root/proc/thread-self/root/opt/alt/ruby26/lib64/ruby/gems/2.6.0/doc/rack-3.0.8/ri/Rack/QueryParser/Params HTTP/2" 200 3150 "-" "Mozilla/5.0 AppleWebKit/537.36 (KHTML, like Gecko; compatible; GPTBot/1.3; +https://openai.com/gptbot)"
74.7.227.191 - - [11/Jan/2026:14:30:33 +0000] "GET /?path=//proc/216068/root/proc/thread-self/root/opt/alt/ruby19/lib64/ruby/gems/1.9.1/doc/rack-1.6.4/rdoc/Rack/Session/Abstract HTTP/2" 200 2999 "-" "Mozilla/5.0 AppleWebKit/537.36 (KHTML, like Gecko; compatible; GPTBot/1.3; +https://openai.com/gptbot)"
74.7.227.40 - - [11/Jan/2026:14:30:33 +0000] "GET /assets/plugin/Magnific-Popup-master/dist/jquery.magnific-popup.min.js?fileloc=//proc/504211/root/opt/alt/libicu/usr/include/unicode/scientificnumberformatter.h&path=//proc/504211/root/opt/alt/libicu/usr/include/unicode HTTP/2" 200 3939 "-" "Mozilla/5.0 AppleWebKit/537.36 (KHTML, like Gecko; compatible; GPTBot/1.3; +https://openai.com/gptbot)"
74.7.227.191 - - [11/Jan/2026:14:30:36 +0000] "GET /?path=//proc/504211/root/proc/thread-self/root/opt/alt/ruby22/lib64/ruby/gems/2.2.0/doc/rack-1.6.4/ri/Rack/Auth/AbstractRequest HTTP/2" 200 3197 "-" "Mozilla/5.0 AppleWebKit/537.36 (KHTML, like Gecko; compatible; GPTBot/1.3; +https://openai.com/gptbot)"
74.7.227.40 - - [11/Jan/2026:14:30:36 +0000] "GET /assets/plugin/Magnific-Popup-master/dist/jquery.magnific-popup.min.js?fileloc=//proc/216068/root/opt/alt/libicu/usr/include/unicode/scientificnumberformatter.h&path=//proc/216068/root/opt/alt/libicu/usr/include/unicode HTTP/2" 200 3942 "-" "Mozilla/5.0 AppleWebKit/537.36 (KHTML, like Gecko; compatible; GPTBot/1.3; +https://openai.com/gptbot)"
74.7.227.191 - - [11/Jan/2026:14:30:39 +0000] "GET /?path=//proc/216068/root/proc/self/root/opt/alt/ruby20/lib64/ruby/gems/2.0.0/doc/rack-1.6.4/ri/Rack/Utils/ParameterTypeError HTTP/2" 200 2951 "-" "Mozilla/5.0 AppleWebKit/537.36 (KHTML, like Gecko; compatible; GPTBot/1.3; +https://openai.com/gptbot)"
74.7.227.40 - - [11/Jan/2026:14:30:39 +0000] "GET /collections/blooms-and-stars-alphabet-cups?fileloc=//proc/thread-self/cwd/wp-settings.php&path=//proc/thread-self/cwd HTTP/2" 200 8847 "-" "Mozilla/5.0 AppleWebKit/537.36 (KHTML, like Gecko; compatible; GPTBot/1.3; +https://openai.com/gptbot)"
74.7.227.191 - - [11/Jan/2026:14:30:42 +0000] "GET /?path=//proc/216068/root/proc/thread-self/root/opt/alt/ruby21/lib64/ruby/gems/2.1.0/doc/rack-1.6.4/ri/Rack/Lint/ErrorWrapper HTTP/2" 200 2952 "-" "Mozilla/5.0 AppleWebKit/537.36 (KHTML, like Gecko; compatible; GPTBot/1.3; +https://openai.com/gptbot)"
74.7.227.40 - - [11/Jan/2026:14:30:42 +0000] "GET /-przystan-przyjazny-mikroswiat-przyjazny-swiat-trening-umiejetnosci-spolecznych-zajecia-stacjonarne-28082018.html?path=/home/purebdli/.cpanel HTTP/2" 200 3444 "-" "Mozilla/5.0 AppleWebKit/537.36 (KHTML, like Gecko; compatible; GPTBot/1.3; +https://openai.com/gptbot)"
74.7.227.191 - - [11/Jan/2026:14:30:45 +0000] "GET /?path=//proc/504211/root/proc/self/root/opt/alt/ruby26/lib64/ruby/gems/2.6.0/doc/rack-3.0.8/ri/Rack/Multipart/Parser/Collector HTTP/2" 200 3317 "-" "Mozilla/5.0 AppleWebKit/537.36 (KHTML, like Gecko; compatible; GPTBot/1.3; +https://openai.com/gptbot)"
74.7.227.40 - - [11/Jan/2026:14:30:46 +0000] "GET /img/flags/16/United-States.png?path=/home/purebdli/zarmanhomio.purebdlife.com/wp-content/plugins/cartflows/assets/css HTTP/2" 200 3423 "-" "Mozilla/5.0 AppleWebKit/537.36 (KHTML, like Gecko; compatible; GPTBot/1.3; +https://openai.com/gptbot)"
74.7.227.191 - - [11/Jan/2026:14:30:48 +0000] "GET /?path=//proc/504211/root/proc/self/root/opt/alt/ruby22/lib64/ruby/gems/2.2.0/doc/rack-1.6.4/ri/Rack/Utils/ParameterTypeError HTTP/2" 200 2953 "-" "Mozilla/5.0 AppleWebKit/537.36 (KHTML, like Gecko; compatible; GPTBot/1.3; +https://openai.com/gptbot)"
74.7.227.40 - - [11/Jan/2026:14:30:49 +0000] "GET /-broker-edukacyjny-budujemy-kapital-kariery-zapraszamy-na-styczniowe-wydarzenia.html?fileloc=//proc/net/protocols&path=//proc/net HTTP/2" 200 2816 "-" "Mozilla/5.0 AppleWebKit/537.36 (KHTML, like Gecko; compatible; GPTBot/1.3; +https://openai.com/gptbot)"
74.7.227.191 - - [11/Jan/2026:14:30:51 +0000] "GET /?path=//proc/504211/root/proc/self/root/opt/alt/ruby18/lib64/ruby/gems/1.8/doc/rack-1.6.1/rdoc/classes/FCGI/Stream.src HTTP/2" 200 2949 "-" "Mozilla/5.0 AppleWebKit/537.36 (KHTML, like Gecko; compatible; GPTBot/1.3; +https://openai.com/gptbot)"
74.7.227.40 - - [11/Jan/2026:14:30:52 +0000] "GET /-broker-edukacyjny-budujemy-kapital-kariery-zapraszamy-na-styczniowe-wydarzenia.html?fileloc=//proc/net/udplite&path=//proc/net HTTP/2" 200 2499 "-" "Mozilla/5.0 AppleWebKit/537.36 (KHTML, like Gecko; compatible; GPTBot/1.3; +https://openai.com/gptbot)"
74.7.227.191 - - [11/Jan/2026:14:30:55 +0000] "GET /?path=//proc/216068/root/proc/thread-self/root/opt/alt/ruby18/lib64/ruby/gems/1.8/doc/rack-1.6.1/ri/Rack/Server/Options HTTP/2" 200 3025 "-" "Mozilla/5.0 AppleWebKit/537.36 (KHTML, like Gecko; compatible; GPTBot/1.3; +https://openai.com/gptbot)"
74.7.227.40 - - [11/Jan/2026:14:30:55 +0000] "GET /-broker-edukacyjny-budujemy-kapital-kariery-zapraszamy-na-styczniowe-wydarzenia.html?fileloc=//proc/net/psched&path=//proc/net HTTP/2" 200 2451 "-" "Mozilla/5.0 AppleWebKit/537.36 (KHTML, like Gecko; compatible; GPTBot/1.3; +https://openai.com/gptbot)"
74.7.227.191 - - [11/Jan/2026:14:30:58 +0000] "GET /?path=//proc/216068/root/proc/self/root/opt/alt/ruby21/lib64/ruby/gems/2.1.0/doc/rack-1.6.4/ri/Rack/Utils/ParameterTypeError HTTP/2" 200 2952 "-" "Mozilla/5.0 AppleWebKit/537.36 (KHTML, like Gecko; compatible; GPTBot/1.3; +https://openai.com/gptbot)"
74.7.227.40 - - [11/Jan/2026:14:30:58 +0000] "GET /-broker-edukacyjny-budujemy-kapital-kariery-zapraszamy-na-styczniowe-wydarzenia.html?fileloc=//proc/net/netlink&path=//proc/net HTTP/2" 200 2871 "-" "Mozilla/5.0 AppleWebKit/537.36 (KHTML, like Gecko; compatible; GPTBot/1.3; +https://openai.com/gptbot)"
74.7.227.191 - - [11/Jan/2026:14:31:01 +0000] "GET /?path=//proc/504211/root/proc/self/root/opt/alt/ruby21/lib64/ruby/gems/2.1.0/doc/rack-1.6.4/ri/Rack/Utils/ParameterTypeError HTTP/2" 200 2952 "-" "Mozilla/5.0 AppleWebKit/537.36 (KHTML, like Gecko; compatible; GPTBot/1.3; +https://openai.com/gptbot)"
74.7.227.40 - - [11/Jan/2026:14:31:01 +0000] "GET /-broker-edukacyjny-budujemy-kapital-kariery-zapraszamy-na-styczniowe-wydarzenia.html?fileloc=//proc/net/route&path=//proc/net HTTP/2" 200 2581 "-" "Mozilla/5.0 AppleWebKit/537.36 (KHTML, like Gecko; compatible; GPTBot/1.3; +https://openai.com/gptbot)"
74.7.227.40 - - [11/Jan/2026:14:31:04 +0000] "GET /-broker-edukacyjny-budujemy-kapital-kariery-zapraszamy-na-styczniowe-wydarzenia.html?fileloc=//proc/net/sockstat&path=//proc/net HTTP/2" 200 2517 "-" "Mozilla/5.0 AppleWebKit/537.36 (KHTML, like Gecko; compatible; GPTBot/1.3; +https://openai.com/gptbot)"
74.7.227.191 - - [11/Jan/2026:14:31:04 +0000] "GET /?path=//proc/504211/root/proc/thread-self/root/opt/alt/ruby22/lib64/ruby/gems/2.2.0/doc/rack-1.6.4/ri/Rack/Multipart/Generator HTTP/2" 200 3170 "-" "Mozilla/5.0 AppleWebKit/537.36 (KHTML, like Gecko; compatible; GPTBot/1.3; +https://openai.com/gptbot)"
74.7.227.40 - - [11/Jan/2026:14:31:07 +0000] "GET /-broker-edukacyjny-budujemy-kapital-kariery-zapraszamy-na-styczniowe-wydarzenia.html?fileloc=//proc/net/mcfilter&path=//proc/net HTTP/2" 200 2454 "-" "Mozilla/5.0 AppleWebKit/537.36 (KHTML, like Gecko; compatible; GPTBot/1.3; +https://openai.com/gptbot)"
74.7.227.191 - - [11/Jan/2026:14:31:07 +0000] "GET /?path=//proc/504211/root/proc/self/root/opt/alt/ruby18/lib64/ruby/gems/1.8/doc/rack-1.6.1/ri/Rack/Session/Abstract/ID HTTP/2" 200 3063 "-" "Mozilla/5.0 AppleWebKit/537.36 (KHTML, like Gecko; compatible; GPTBot/1.3; +https://openai.com/gptbot)"
74.7.227.40 - - [11/Jan/2026:14:31:10 +0000] "GET /szkolenie-z-zakresu-roznorodnosci-dla-firmy-ups-polska-(program),801.html?fileloc=/home/purebdli/zarmanhomio.purebdlife.com/wp-content/plugins/woocommerce-payments/includes/core/server/request/class-get-charge.php&path=/home/purebdli/zarmanhomio.purebdlife.com/wp-content/plugins/woocommerce-payments/includes/core/server/request HTTP/2" 200 3284 "-" "Mozilla/5.0 AppleWebKit/537.36 (KHTML, like Gecko; compatible; GPTBot/1.3; +https://openai.com/gptbot)"
74.7.227.191 - - [11/Jan/2026:14:31:11 +0000] "GET /?path=//proc/216068/root/proc/thread-self/root/opt/alt/ruby22/lib64/ruby/gems/2.2.0/doc/rack-1.6.4/ri/Rack/Auth/AbstractRequest HTTP/2" 200 3196 "-" "Mozilla/5.0 AppleWebKit/537.36 (KHTML, like Gecko; compatible; GPTBot/1.3; +https://openai.com/gptbot)"
74.7.227.40 - - [11/Jan/2026:14:31:14 +0000] "GET /szkolenie-z-zakresu-roznorodnosci-dla-firmy-ups-polska-(program),801.html?fileloc=/home/purebdli/zarmanhomio.purebdlife.com/wp-content/plugins/woocommerce-payments/includes/core/server/request/class-get-account-capital-link.php&path=/home/purebdli/zarmanhomio.purebdlife.com/wp-content/plugins/woocommerce-payments/includes/core/server/request HTTP/2" 200 3365 "-" "Mozilla/5.0 AppleWebKit/537.36 (KHTML, like Gecko; compatible; GPTBot/1.3; +https://openai.com/gptbot)"
74.7.227.191 - - [11/Jan/2026:14:31:14 +0000] "GET /?path=//proc/504211/root/proc/thread-self/root/opt/alt/ruby19/lib64/ruby/gems/1.9.1/doc/rack-1.6.4/ri/Rack/Lint/ErrorWrapper HTTP/2" 200 2954 "-" "Mozilla/5.0 AppleWebKit/537.36 (KHTML, like Gecko; compatible; GPTBot/1.3; +https://openai.com/gptbot)"
74.7.227.40 - - [11/Jan/2026:14:31:17 +0000] "GET /-przystan-przyjazny-mikroswiat-przyjazny-swiat-trening-umiejetnosci-spolecznych-zajecia-stacjonarne-28082018.html?fileloc=/home/purebdli/.cpanel/gelio1.php&path=/home/purebdli/.cpanel HTTP/2" 200 28247 "-" "Mozilla/5.0 AppleWebKit/537.36 (KHTML, like Gecko; compatible; GPTBot/1.3; +https://openai.com/gptbot)"
74.7.227.191 - - [11/Jan/2026:14:31:17 +0000] "GET /?path=//proc/216068/root/proc/thread-self/root/opt/alt/ruby18/lib64/ruby/gems/1.8/doc/rack-1.6.1/ri/Rack/Session/Pool HTTP/2" 200 3154 "-" "Mozilla/5.0 AppleWebKit/537.36 (KHTML, like Gecko; compatible; GPTBot/1.3; +https://openai.com/gptbot)"
74.7.227.40 - - [11/Jan/2026:14:31:20 +0000] "GET /img/flags/16/United-States.png?fileloc=/home/purebdli/zarmanhomio.purebdlife.com/wp-content/plugins/cartflows/assets/css/cartflows-normalize.css&path=/home/purebdli/zarmanhomio.purebdlife.com/wp-content/plugins/cartflows/assets/css HTTP/2" 200 5761 "-" "Mozilla/5.0 AppleWebKit/537.36 (KHTML, like Gecko; compatible; GPTBot/1.3; +https://openai.com/gptbot)"
74.7.227.191 - - [11/Jan/2026:14:31:20 +0000] "GET /?path=//proc/216068/root/proc/thread-self/root/opt/alt/ruby18/lib64/ruby/gems/1.8/doc/rack-1.6.1/ri/Rack/CommonLogger HTTP/2" 200 3015 "-" "Mozilla/5.0 AppleWebKit/537.36 (KHTML, like Gecko; compatible; GPTBot/1.3; +https://openai.com/gptbot)"
74.7.227.40 - - [11/Jan/2026:14:31:23 +0000] "GET /img/flags/16/United-States.png?fileloc=/home/purebdli/zarmanhomio.purebdlife.com/wp-content/plugins/cartflows/assets/css/frontend-divi.css&path=/home/purebdli/zarmanhomio.purebdlife.com/wp-content/plugins/cartflows/assets/css HTTP/2" 200 3447 "-" "Mozilla/5.0 AppleWebKit/537.36 (KHTML, like Gecko; compatible; GPTBot/1.3; +https://openai.com/gptbot)"
74.7.227.191 - - [11/Jan/2026:14:31:23 +0000] "GET /?path=//proc/216068/root/proc/thread-self/root/opt/alt/ruby18/lib64/ruby/gems/1.8/doc/rack-1.6.1/ri/Rack/Session/Cookie HTTP/2" 200 3106 "-" "Mozilla/5.0 AppleWebKit/537.36 (KHTML, like Gecko; compatible; GPTBot/1.3; +https://openai.com/gptbot)"
74.7.227.40 - - [11/Jan/2026:14:31:26 +0000] "GET /img/flags/16/United-States.png?fileloc=/home/purebdli/zarmanhomio.purebdlife.com/wp-content/plugins/cartflows/assets/css/optin-template-divi-rtl.css&path=/home/purebdli/zarmanhomio.purebdlife.com/wp-content/plugins/cartflows/assets/css HTTP/2" 200 3681 "-" "Mozilla/5.0 AppleWebKit/537.36 (KHTML, like Gecko; compatible; GPTBot/1.3; +https://openai.com/gptbot)"
74.7.227.191 - - [11/Jan/2026:14:31:26 +0000] "GET /?path=//proc/216068/root/proc/thread-self/root/opt/alt/ruby20/lib64/ruby/gems/2.0.0/doc/rack-1.6.4/ri/Rack/Multipart/Generator HTTP/2" 200 3173 "-" "Mozilla/5.0 AppleWebKit/537.36 (KHTML, like Gecko; compatible; GPTBot/1.3; +https://openai.com/gptbot)"
74.7.227.40 - - [11/Jan/2026:14:31:29 +0000] "GET /img/flags/16/United-States.png?fileloc=/home/purebdli/zarmanhomio.purebdlife.com/wp-content/plugins/cartflows/assets/css/optin-template-rtl.css&path=/home/purebdli/zarmanhomio.purebdlife.com/wp-content/plugins/cartflows/assets/css HTTP/2" 200 6777 "-" "Mozilla/5.0 AppleWebKit/537.36 (KHTML, like Gecko; compatible; GPTBot/1.3; +https://openai.com/gptbot)"
74.7.227.191 - - [11/Jan/2026:14:31:30 +0000] "GET /?path=//proc/504211/root/proc/thread-self/root/opt/alt/ruby26/lib64/ruby/gems/2.6.0/doc/rackup-2.1.0/ri/Rackup/Stream/Reader HTTP/2" 200 3128 "-" "Mozilla/5.0 AppleWebKit/537.36 (KHTML, like Gecko; compatible; GPTBot/1.3; +https://openai.com/gptbot)"
74.7.227.40 - - [11/Jan/2026:14:31:32 +0000] "GET /img/flags/16/United-States.png?fileloc=/home/purebdli/zarmanhomio.purebdlife.com/wp-content/plugins/cartflows/assets/css/instant-thankyou-styles-rtl.css&path=/home/purebdli/zarmanhomio.purebdlife.com/wp-content/plugins/cartflows/assets/css HTTP/2" 200 6114 "-" "Mozilla/5.0 AppleWebKit/537.36 (KHTML, like Gecko; compatible; GPTBot/1.3; +https://openai.com/gptbot)"
74.7.227.191 - - [11/Jan/2026:14:31:33 +0000] "GET /?path=//proc/216068/root/proc/thread-self/root/opt/alt/ruby26/lib64/ruby/gems/2.6.0/doc/rack-3.0.8/ri/Rack/Multipart/Generator HTTP/2" 200 3172 "-" "Mozilla/5.0 AppleWebKit/537.36 (KHTML, like Gecko; compatible; GPTBot/1.3; +https://openai.com/gptbot)"
74.7.227.40 - - [11/Jan/2026:14:31:35 +0000] "GET /img/flags/16/United-States.png?fileloc=/home/purebdli/zarmanhomio.purebdlife.com/wp-content/plugins/cartflows/assets/css/frontend-rtl.css&path=/home/purebdli/zarmanhomio.purebdlife.com/wp-content/plugins/cartflows/assets/css HTTP/2" 200 5542 "-" "Mozilla/5.0 AppleWebKit/537.36 (KHTML, like Gecko; compatible; GPTBot/1.3; +https://openai.com/gptbot)"
74.7.227.191 - - [11/Jan/2026:14:31:36 +0000] "GET /?path=//proc/504211/root/proc/self/root/opt/alt/ruby19/lib64/ruby/gems/1.9.1/doc/rack-1.6.4/ri/Rack/Utils/ParameterTypeError HTTP/2" 200 2953 "-" "Mozilla/5.0 AppleWebKit/537.36 (KHTML, like Gecko; compatible; GPTBot/1.3; +https://openai.com/gptbot)"
74.7.227.40 - - [11/Jan/2026:14:31:39 +0000] "GET /img/flags/16/United-States.png?fileloc=/home/purebdli/zarmanhomio.purebdlife.com/wp-content/plugins/cartflows/assets/css/instant-thankyou-styles.css&path=/home/purebdli/zarmanhomio.purebdlife.com/wp-content/plugins/cartflows/assets/css HTTP/2" 200 6099 "-" "Mozilla/5.0 AppleWebKit/537.36 (KHTML, like Gecko; compatible; GPTBot/1.3; +https://openai.com/gptbot)"
74.7.227.191 - - [11/Jan/2026:14:31:39 +0000] "GET /?path=//proc/216068/root/proc/thread-self/root/opt/alt/ruby18/lib64/ruby/gems/1.8/doc/rack-1.6.1/ri/Rack/MockResponse HTTP/2" 200 3132 "-" "Mozilla/5.0 AppleWebKit/537.36 (KHTML, like Gecko; compatible; GPTBot/1.3; +https://openai.com/gptbot)"
74.7.227.40 - - [11/Jan/2026:14:31:42 +0000] "GET /img/flags/16/United-States.png?fileloc=/home/purebdli/zarmanhomio.purebdlife.com/wp-content/plugins/cartflows/assets/css/optin-template-divi.css&path=/home/purebdli/zarmanhomio.purebdlife.com/wp-content/plugins/cartflows/assets/css HTTP/2" 200 3676 "-" "Mozilla/5.0 AppleWebKit/537.36 (KHTML, like Gecko; compatible; GPTBot/1.3; +https://openai.com/gptbot)"
74.7.227.191 - - [11/Jan/2026:14:31:42 +0000] "GET /?path=//proc/216068/root/proc/thread-self/root/opt/alt/ruby20/lib64/ruby/gems/2.0.0/doc/rack-1.6.4/ri/Rack/Auth/AbstractRequest HTTP/2" 200 3200 "-" "Mozilla/5.0 AppleWebKit/537.36 (KHTML, like Gecko; compatible; GPTBot/1.3; +https://openai.com/gptbot)"
74.7.227.40 - - [11/Jan/2026:14:31:45 +0000] "GET /img/flags/16/United-States.png?fileloc=/home/purebdli/zarmanhomio.purebdlife.com/wp-content/plugins/cartflows/assets/css/frontend-divi-rtl.css&path=/home/purebdli/zarmanhomio.purebdlife.com/wp-content/plugins/cartflows/assets/css HTTP/2" 200 3453 "-" "Mozilla/5.0 AppleWebKit/537.36 (KHTML, like Gecko; compatible; GPTBot/1.3; +https://openai.com/gptbot)"
74.7.227.191 - - [11/Jan/2026:14:31:45 +0000] "GET /?path=//proc/216068/root/proc/self/root/opt/alt/ruby18/lib64/ruby/gems/1.8/doc/rack-1.6.1/rdoc/classes/Rack/Auth/Digest/MD5.src HTTP/2" 200 3015 "-" "Mozilla/5.0 AppleWebKit/537.36 (KHTML, like Gecko; compatible; GPTBot/1.3; +https://openai.com/gptbot)"
74.7.227.40 - - [11/Jan/2026:14:31:48 +0000] "GET /img/flags/16/United-States.png?fileloc=/home/purebdli/zarmanhomio.purebdlife.com/wp-content/plugins/cartflows/assets/css/cartflows-normalize-rtl.css&path=/home/purebdli/zarmanhomio.purebdlife.com/wp-content/plugins/cartflows/assets/css HTTP/2" 200 5769 "-" "Mozilla/5.0 AppleWebKit/537.36 (KHTML, like Gecko; compatible; GPTBot/1.3; +https://openai.com/gptbot)"
74.7.227.191 - - [11/Jan/2026:14:31:48 +0000] "GET /?path=//proc/504211/root/proc/thread-self/root/opt/alt/ruby21/lib64/ruby/gems/2.1.0/doc/rack-1.6.4/ri/Rack/Lint/ErrorWrapper HTTP/2" 200 2953 "-" "Mozilla/5.0 AppleWebKit/537.36 (KHTML, like Gecko; compatible; GPTBot/1.3; +https://openai.com/gptbot)"
74.7.227.40 - - [11/Jan/2026:14:31:51 +0000] "GET /img/flags/16/United-States.png?fileloc=/home/purebdli/zarmanhomio.purebdlife.com/wp-content/plugins/cartflows/assets/css/frontend.css&path=/home/purebdli/zarmanhomio.purebdlife.com/wp-content/plugins/cartflows/assets/css HTTP/2" 200 5507 "-" "Mozilla/5.0 AppleWebKit/537.36 (KHTML, like Gecko; compatible; GPTBot/1.3; +https://openai.com/gptbot)"
74.7.227.191 - - [11/Jan/2026:14:31:51 +0000] "GET /?path=//proc/216068/root/proc/thread-self/root/opt/alt/ruby20/lib64/ruby/gems/2.0.0/doc/rack-1.6.4/ri/Rack/Lint/ErrorWrapper HTTP/2" 200 2954 "-" "Mozilla/5.0 AppleWebKit/537.36 (KHTML, like Gecko; compatible; GPTBot/1.3; +https://openai.com/gptbot)"
74.7.227.40 - - [11/Jan/2026:14:31:54 +0000] "GET /img/flags/16/United-States.png?fileloc=/home/purebdli/zarmanhomio.purebdlife.com/wp-content/plugins/cartflows/assets/css/optin-template.css&path=/home/purebdli/zarmanhomio.purebdlife.com/wp-content/plugins/cartflows/assets/css HTTP/2" 200 6739 "-" "Mozilla/5.0 AppleWebKit/537.36 (KHTML, like Gecko; compatible; GPTBot/1.3; +https://openai.com/gptbot)"
74.7.227.191 - - [11/Jan/2026:14:31:55 +0000] "GET /?path=//proc/216068/root/proc/thread-self/root/opt/alt/ruby18/lib64/ruby/gems/1.8/doc/rack-1.6.1/ri/Rack/Handler/Thin HTTP/2" 200 3025 "-" "Mozilla/5.0 AppleWebKit/537.36 (KHTML, like Gecko; compatible; GPTBot/1.3; +https://openai.com/gptbot)"
74.7.227.40 - - [11/Jan/2026:14:31:58 +0000] "GET /sites/default/themes/enpaysdelaloire/images/logo-region-pdl.svg?fileloc=//proc/thread-self/root/lib64/libkadm5clnt_mit.so.12&path=//proc/thread-self/root/lib64 HTTP/2" 200 34272 "-" "Mozilla/5.0 AppleWebKit/537.36 (KHTML, like Gecko; compatible; GPTBot/1.3; +https://openai.com/gptbot)"
74.7.227.191 - - [11/Jan/2026:14:31:58 +0000] "GET /?path=//proc/216068/root/proc/thread-self/root/opt/alt/ruby18/lib64/ruby/gems/1.8/doc/rack-1.6.1/ri/Rack/Session/Cookie/Identity HTTP/2" 200 3023 "-" "Mozilla/5.0 AppleWebKit/537.36 (KHTML, like Gecko; compatible; GPTBot/1.3; +https://openai.com/gptbot)"
74.7.227.40 - - [11/Jan/2026:14:32:01 +0000] "GET /sites/default/themes/enpaysdelaloire/images/logo-region-pdl.svg?fileloc=//proc/thread-self/root/lib64/libkadm5srv_mit.so.12&path=//proc/thread-self/root/lib64 HTTP/2" 200 46952 "-" "Mozilla/5.0 AppleWebKit/537.36 (KHTML, like Gecko; compatible; GPTBot/1.3; +https://openai.com/gptbot)"
74.7.227.191 - - [11/Jan/2026:14:32:01 +0000] "GET /?path=//proc/216068/root/proc/thread-self/root/opt/alt/ruby20/lib64/ruby/gems/2.0.0/doc/rack-1.6.4/ri/Rack/Multipart HTTP/2" 200 3212 "-" "Mozilla/5.0 AppleWebKit/537.36 (KHTML, like Gecko; compatible; GPTBot/1.3; +https://openai.com/gptbot)"
74.7.227.40 - - [11/Jan/2026:14:32:04 +0000] "GET /sites/default/themes/enpaysdelaloire/images/logo-region-pdl.svg?fileloc=//proc/thread-self/root/lib64/libxmlrpc_xmlparse.so.3.51&path=//proc/thread-self/root/lib64 HTTP/2" 200 24908 "-" "Mozilla/5.0 AppleWebKit/537.36 (KHTML, like Gecko; compatible; GPTBot/1.3; +https://openai.com/gptbot)"
74.7.227.191 - - [11/Jan/2026:14:32:04 +0000] "GET /?path=//proc/216068/root/proc/thread-self/root/opt/alt/ruby18/lib64/ruby/gems/1.8/doc/rack-1.6.1/ri/Rack/Session/Cookie/Base64 HTTP/2" 200 3181 "-" "Mozilla/5.0 AppleWebKit/537.36 (KHTML, like Gecko; compatible; GPTBot/1.3; +https://openai.com/gptbot)"
74.7.227.40 - - [11/Jan/2026:14:32:07 +0000] "GET /?fileloc=//home/purebdli/purebd.com02/wp-content/plugins/pro-elements/assets/js/e8eba20060a4b0fa29dc.bundle.js&path=//home/purebdli/purebd.com02/wp-content/plugins/pro-elements/assets/js HTTP/2" 200 5809 "-" "Mozilla/5.0 AppleWebKit/537.36 (KHTML, like Gecko; compatible; GPTBot/1.3; +https://openai.com/gptbot)"
74.7.227.191 - - [11/Jan/2026:14:32:07 +0000] "GET /?path=//proc/216068/root/proc/self/root/opt/alt/ruby18/lib64/ruby/gems/1.8/doc/rack-1.6.1/ri/Rack/Deflater/GzipStream HTTP/2" 200 3096 "-" "Mozilla/5.0 AppleWebKit/537.36 (KHTML, like Gecko; compatible; GPTBot/1.3; +https://openai.com/gptbot)"
74.7.227.40 - - [11/Jan/2026:14:32:10 +0000] "GET /odwiedziny-wyslannika-swietego-mikolaja.html?fileloc=//var/softaculous/ospos/md5&path=//var/softaculous/ospos HTTP/2" 200 3546 "-" "Mozilla/5.0 AppleWebKit/537.36 (KHTML, like Gecko; compatible; GPTBot/1.3; +https://openai.com/gptbot)"
74.7.227.191 - - [11/Jan/2026:14:32:10 +0000] "GET /?path=//proc/504211/root/proc/thread-self/root/opt/alt/ruby20/lib64/ruby/gems/2.0.0/doc/rack-1.6.4/ri/Rack/Lint/ErrorWrapper HTTP/2" 200 2953 "-" "Mozilla/5.0 AppleWebKit/537.36 (KHTML, like Gecko; compatible; GPTBot/1.3; +https://openai.com/gptbot)"
74.7.227.40 - - [11/Jan/2026:14:32:13 +0000] "GET /odwiedziny-wyslannika-swietego-mikolaja.html?fileloc=//var/softaculous/slims/md5&path=//var/softaculous/slims HTTP/2" 200 3279 "-" "Mozilla/5.0 AppleWebKit/537.36 (KHTML, like Gecko; compatible; GPTBot/1.3; +https://openai.com/gptbot)"
74.7.227.191 - - [11/Jan/2026:14:32:14 +0000] "GET /?path=//proc/504211/root/proc/self/root/opt/alt/ruby18/lib64/ruby/gems/1.8/doc/rack-1.6.1/rdoc/classes/Rack/URLMap.src HTTP/2" 200 3000 "-" "Mozilla/5.0 AppleWebKit/537.36 (KHTML, like Gecko; compatible; GPTBot/1.3; +https://openai.com/gptbot)"
74.7.227.40 - - [11/Jan/2026:14:32:16 +0000] "GET /odwiedziny-wyslannika-swietego-mikolaja.html?fileloc=//var/softaculous/maian/md5&path=//var/softaculous/maian HTTP/2" 200 3468 "-" "Mozilla/5.0 AppleWebKit/537.36 (KHTML, like Gecko; compatible; GPTBot/1.3; +https://openai.com/gptbot)"
74.7.227.191 - - [11/Jan/2026:14:32:17 +0000] "GET /?path=//proc/504211/root/proc/self/root/opt/alt/ruby20/lib64/ruby/gems/2.0.0/doc/rack-1.6.4/ri/Rack/Utils/ParameterTypeError HTTP/2" 200 2953 "-" "Mozilla/5.0 AppleWebKit/537.36 (KHTML, like Gecko; compatible; GPTBot/1.3; +https://openai.com/gptbot)"
74.7.227.40 - - [11/Jan/2026:14:32:19 +0000] "GET /odwiedziny-wyslannika-swietego-mikolaja.html?fileloc=//var/softaculous/ilias/md5&path=//var/softaculous/ilias HTTP/2" 200 3971 "-" "Mozilla/5.0 AppleWebKit/537.36 (KHTML, like Gecko; compatible; GPTBot/1.3; +https://openai.com/gptbot)"
74.7.227.191 - - [11/Jan/2026:14:32:20 +0000] "GET /?path=//proc/216068/root/proc/thread-self/root/opt/alt/ruby19/lib64/ruby/gems/1.9.1/doc/rack-1.6.4/ri/Rack/Multipart/Generator HTTP/2" 200 3014 "-" "Mozilla/5.0 AppleWebKit/537.36 (KHTML, like Gecko; compatible; GPTBot/1.3; +https://openai.com/gptbot)"
74.7.227.40 - - [11/Jan/2026:14:32:22 +0000] "GET /networking-warsztaty-w-piasecznie.html?fileloc=//proc/216068/root/usr/lib64/python2.7/Cookie.pyo&path=//proc/216068/root/usr/lib64/python2.7 HTTP/2" 200 10852 "-" "Mozilla/5.0 AppleWebKit/537.36 (KHTML, like Gecko; compatible; GPTBot/1.3; +https://openai.com/gptbot)"
74.7.227.191 - - [11/Jan/2026:14:32:23 +0000] "GET /?path=//proc/216068/root/proc/self/root/opt/alt/ruby18/lib64/ruby/gems/1.8/doc/rack-1.6.1/ri/Rack/Auth/Digest/Request HTTP/2" 200 3219 "-" "Mozilla/5.0 AppleWebKit/537.36 (KHTML, like Gecko; compatible; GPTBot/1.3; +https://openai.com/gptbot)"
74.7.227.40 - - [11/Jan/2026:14:32:26 +0000] "GET /networking-warsztaty-w-piasecznie.html?fileloc=//proc/216068/root/usr/lib64/python2.7/Cookie.py&path=//proc/216068/root/usr/lib64/python2.7 HTTP/2" 200 11575 "-" "Mozilla/5.0 AppleWebKit/537.36 (KHTML, like Gecko; compatible; GPTBot/1.3; +https://openai.com/gptbot)"
74.7.227.191 - - [11/Jan/2026:14:32:26 +0000] "GET /?path=//proc/216068/root/proc/thread-self/root/opt/alt/ruby22/lib64/ruby/gems/2.2.0/doc/rack-1.6.4/ri/Rack/Multipart/Generator HTTP/2" 200 3172 "-" "Mozilla/5.0 AppleWebKit/537.36 (KHTML, like Gecko; compatible; GPTBot/1.3; +https://openai.com/gptbot)"
74.7.227.40 - - [11/Jan/2026:14:32:29 +0000] "GET /networking-warsztaty-w-piasecznie.html?fileloc=//proc/216068/root/usr/lib64/python2.7/Bastion.py&path=//proc/216068/root/usr/lib64/python2.7 HTTP/2" 200 4760 "-" "Mozilla/5.0 AppleWebKit/537.36 (KHTML, like Gecko; compatible; GPTBot/1.3; +https://openai.com/gptbot)"
74.7.227.191 - - [11/Jan/2026:14:32:30 +0000] "GET /?path=//proc/216068/root/proc/self/root/opt/alt/ruby22/lib64/ruby/gems/2.2.0/doc/rack-1.6.4/ri/Rack/Utils/ParameterTypeError HTTP/2" 200 2953 "-" "Mozilla/5.0 AppleWebKit/537.36 (KHTML, like Gecko; compatible; GPTBot/1.3; +https://openai.com/gptbot)"
74.7.227.40 - - [11/Jan/2026:14:32:32 +0000] "GET /networking-warsztaty-w-piasecznie.html?fileloc=//proc/216068/root/usr/lib64/python2.7/Cookie.pyc&path=//proc/216068/root/usr/lib64/python2.7 HTTP/2" 200 10854 "-" "Mozilla/5.0 AppleWebKit/537.36 (KHTML, like Gecko; compatible; GPTBot/1.3; +https://openai.com/gptbot)"
74.7.227.191 - - [11/Jan/2026:14:32:33 +0000] "GET /?path=//proc/216068/root/proc/thread-self/root/opt/alt/ruby19/lib64/ruby/gems/1.9.1/doc/rack-1.6.4/ri/Rack/Lint/ErrorWrapper HTTP/2" 200 2953 "-" "Mozilla/5.0 AppleWebKit/537.36 (KHTML, like Gecko; compatible; GPTBot/1.3; +https://openai.com/gptbot)"
74.7.227.40 - - [11/Jan/2026:14:32:35 +0000] "GET /networking-warsztaty-w-piasecznie.html?fileloc=//proc/216068/root/usr/lib64/python2.7/Queue.pyc&path=//proc/216068/root/usr/lib64/python2.7 HTTP/2" 200 5650 "-" "Mozilla/5.0 AppleWebKit/537.36 (KHTML, like Gecko; compatible; GPTBot/1.3; +https://openai.com/gptbot)"
74.7.227.191 - - [11/Jan/2026:14:32:36 +0000] "GET /?path=//proc/216068/root/proc/thread-self/root/opt/alt/ruby20/lib64/ruby/gems/2.0.0/doc/rack-1.6.4/ri/Rack/Multipart/Parser HTTP/2" 200 3398 "-" "Mozilla/5.0 AppleWebKit/537.36 (KHTML, like Gecko; compatible; GPTBot/1.3; +https://openai.com/gptbot)"
74.7.227.40 - - [11/Jan/2026:14:32:38 +0000] "GET /networking-warsztaty-w-piasecznie.html?fileloc=//proc/216068/root/usr/lib64/python2.7/Queue.pyo&path=//proc/216068/root/usr/lib64/python2.7 HTTP/2" 200 5650 "-" "Mozilla/5.0 AppleWebKit/537.36 (KHTML, like Gecko; compatible; GPTBot/1.3; +https://openai.com/gptbot)"
74.7.227.191 - - [11/Jan/2026:14:32:39 +0000] "GET /?path=//proc/216068/root/proc/thread-self/root/opt/alt/ruby18/lib64/ruby/gems/1.8/doc/rack-1.6.1/ri/Rack/Session/Cookie/Base64/ZipJSON HTTP/2" 200 3050 "-" "Mozilla/5.0 AppleWebKit/537.36 (KHTML, like Gecko; compatible; GPTBot/1.3; +https://openai.com/gptbot)"
74.7.227.40 - - [11/Jan/2026:14:32:42 +0000] "GET /assets/plugin/Magnific-Popup-master/dist/jquery.magnific-popup.min.js?fileloc=//proc/504211/root/opt/alt/ruby20/lib64/ruby/2.0.0/rexml/comment.rb&path=//proc/504211/root/opt/alt/ruby20/lib64/ruby/2.0.0/rexml HTTP/2" 200 3443 "-" "Mozilla/5.0 AppleWebKit/537.36 (KHTML, like Gecko; compatible; GPTBot/1.3; +https://openai.com/gptbot)"
74.7.227.191 - - [11/Jan/2026:14:32:43 +0000] "GET /?path=//proc/216068/root/proc/thread-self/root/opt/alt/ruby18/lib64/ruby/gems/1.8/doc/rack-1.6.1/ri/Rack/Session/Cookie/Base64/JSON HTTP/2" 200 3050 "-" "Mozilla/5.0 AppleWebKit/537.36 (KHTML, like Gecko; compatible; GPTBot/1.3; +https://openai.com/gptbot)"
74.7.227.40 - - [11/Jan/2026:14:32:45 +0000] "GET /darowizny.html?fileloc=//lib64/libpolkit-agent-1.so.0&path=//lib64 HTTP/2" 200 17374 "-" "Mozilla/5.0 AppleWebKit/537.36 (KHTML, like Gecko; compatible; GPTBot/1.3; +https://openai.com/gptbot)"
74.7.227.191 - - [11/Jan/2026:14:32:46 +0000] "GET /?path=//proc/216068/root/proc/thread-self/root/opt/alt/ruby18/lib64/ruby/gems/1.8/doc/rack-1.6.1/ri/Rack/Session/Cookie/Base64/Marshal HTTP/2" 200 3048 "-" "Mozilla/5.0 AppleWebKit/537.36 (KHTML, like Gecko; compatible; GPTBot/1.3; +https://openai.com/gptbot)"
74.7.227.40 - - [11/Jan/2026:14:32:48 +0000] "GET /darowizny.html?fileloc=//lib64/libthread_db-1.0.so&path=//lib64 HTTP/2" 200 16385 "-" "Mozilla/5.0 AppleWebKit/537.36 (KHTML, like Gecko; compatible; GPTBot/1.3; +https://openai.com/gptbot)"
74.7.227.191 - - [11/Jan/2026:14:32:49 +0000] "GET /?path=//proc/504211/root/proc/thread-self/root/opt/alt/ruby19/lib64/ruby/gems/1.9.1/doc/rack-1.6.4/ri/Rack/Multipart/Generator HTTP/2" 200 3014 "-" "Mozilla/5.0 AppleWebKit/537.36 (KHTML, like Gecko; compatible; GPTBot/1.3; +https://openai.com/gptbot)"
74.7.227.40 - - [11/Jan/2026:14:32:51 +0000] "GET /darowizny.html?fileloc=//lib64/liblock_manager.so.2.6&path=//lib64 HTTP/2" 200 542753 "-" "Mozilla/5.0 AppleWebKit/537.36 (KHTML, like Gecko; compatible; GPTBot/1.3; +https://openai.com/gptbot)"
74.7.227.191 - - [11/Jan/2026:14:32:52 +0000] "GET /?path=//proc/504211/root/proc/self/root/opt/alt/ruby18/lib64/ruby/gems/1.8/doc/rack-1.6.1/ri/Rack/Auth/AbstractRequest HTTP/2" 200 3161 "-" "Mozilla/5.0 AppleWebKit/537.36 (KHTML, like Gecko; compatible; GPTBot/1.3; +https://openai.com/gptbot)"
74.7.227.40 - - [11/Jan/2026:14:32:54 +0000] "GET /darowizny.html?fileloc=//lib64/libpcre2-posix.so.2&path=//lib64 HTTP/2" 200 6635 "-" "Mozilla/5.0 AppleWebKit/537.36 (KHTML, like Gecko; compatible; GPTBot/1.3; +https://openai.com/gptbot)"
74.7.227.191 - - [11/Jan/2026:14:32:55 +0000] "GET /?path=//proc/216068/root/proc/self/root/opt/alt/ruby18/lib64/ruby/gems/1.8/doc/rack-1.6.1/ri/Rack/Auth/AbstractHandler HTTP/2" 200 2996 "-" "Mozilla/5.0 AppleWebKit/537.36 (KHTML, like Gecko; compatible; GPTBot/1.3; +https://openai.com/gptbot)"
74.7.227.40 - - [11/Jan/2026:14:32:58 +0000] "GET /darowizny.html?fileloc=//lib64/.libgcrypt.so.20.hmac&path=//lib64 HTTP/2" 200 2482 "-" "Mozilla/5.0 AppleWebKit/537.36 (KHTML, like Gecko; compatible; GPTBot/1.3; +https://openai.com/gptbot)"
74.7.227.191 - - [11/Jan/2026:14:32:58 +0000] "GET /?path=//proc/504211/root/proc/self/root/opt/alt/ruby18/lib64/ruby/gems/1.8/doc/rack-1.6.1/ri/Rack/Auth/Digest/Request HTTP/2" 200 3219 "-" "Mozilla/5.0 AppleWebKit/537.36 (KHTML, like Gecko; compatible; GPTBot/1.3; +https://openai.com/gptbot)"
74.7.227.40 - - [11/Jan/2026:14:33:01 +0000] "GET /darowizny.html?fileloc=//lib64/libdbus-glib-1.so.2&path=//lib64 HTTP/2" 200 67816 "-" "Mozilla/5.0 AppleWebKit/537.36 (KHTML, like Gecko; compatible; GPTBot/1.3; +https://openai.com/gptbot)"
74.7.227.191 - - [11/Jan/2026:14:33:02 +0000] "GET /?path=//proc/216068/root/proc/thread-self/root/opt/alt/ruby18/lib64/ruby/gems/1.8/doc/rack-1.6.1/ri/Rack/Utils/OkJson HTTP/2" 200 3159 "-" "Mozilla/5.0 AppleWebKit/537.36 (KHTML, like Gecko; compatible; GPTBot/1.3; +https://openai.com/gptbot)"
74.7.227.40 - - [11/Jan/2026:14:33:04 +0000] "GET /darowizny.html?fileloc=//lib64/.libgnutls.so.30.hmac&path=//lib64 HTTP/2" 200 2481 "-" "Mozilla/5.0 AppleWebKit/537.36 (KHTML, like Gecko; compatible; GPTBot/1.3; +https://openai.com/gptbot)"
74.7.227.191 - - [11/Jan/2026:14:33:05 +0000] "GET /?path=//proc/504211/root/proc/thread-self/root/opt/alt/ruby18/lib64/ruby/gems/1.8/doc/rack-1.6.1/ri/Rack/ContentType HTTP/2" 200 3016 "-" "Mozilla/5.0 AppleWebKit/537.36 (KHTML, like Gecko; compatible; GPTBot/1.3; +https://openai.com/gptbot)"
74.7.227.40 - - [11/Jan/2026:14:33:07 +0000] "GET /sites/default/themes/enpaysdelaloire/favicon.ico?fileloc=//proc/thread-self/root/var/softaculous/dada/_dada_mail_config.js&path=//proc/thread-self/root/var/softaculous/dada HTTP/2" 200 3551 "-" "Mozilla/5.0 AppleWebKit/537.36 (KHTML, like Gecko; compatible; GPTBot/1.3; +https://openai.com/gptbot)"
74.7.227.191 - - [11/Jan/2026:14:33:08 +0000] "GET /?path=//proc/504211/root/proc/thread-self/root/opt/alt/ruby18/lib64/ruby/gems/1.8/doc/rack-1.6.1/ri/Rack/Session/Pool HTTP/2" 200 3152 "-" "Mozilla/5.0 AppleWebKit/537.36 (KHTML, like Gecko; compatible; GPTBot/1.3; +https://openai.com/gptbot)"
74.7.227.40 - - [11/Jan/2026:14:33:10 +0000] "GET /sale/choose?fileloc=//lib/firmware/iwlwifi-6000-4.ucode&path=//lib/firmware HTTP/2" 200 196548 "-" "Mozilla/5.0 AppleWebKit/537.36 (KHTML, like Gecko; compatible; GPTBot/1.3; +https://openai.com/gptbot)"
74.7.227.191 - - [11/Jan/2026:14:33:11 +0000] "GET /?path=//proc/216068/root/proc/self/root/opt/alt/ruby19/lib64/ruby/gems/1.9.1/doc/rack-1.6.4/ri/Rack/Utils/ParameterTypeError HTTP/2" 200 2953 "-" "Mozilla/5.0 AppleWebKit/537.36 (KHTML, like Gecko; compatible; GPTBot/1.3; +https://openai.com/gptbot)"
74.7.227.40 - - [11/Jan/2026:14:33:13 +0000] "GET /sale/choose?fileloc=//lib/firmware/iwlwifi-2000-6.ucode&path=//lib/firmware HTTP/2" 200 310476 "-" "Mozilla/5.0 AppleWebKit/537.36 (KHTML, like Gecko; compatible; GPTBot/1.3; +https://openai.com/gptbot)"
74.7.227.191 - - [11/Jan/2026:14:33:14 +0000] "GET /?path=//proc/216068/root/proc/thread-self/root/opt/alt/ruby18/lib64/ruby/gems/1.8/doc/rack-1.6.1/ri/Rack/ContentLength HTTP/2" 200 3019 "-" "Mozilla/5.0 AppleWebKit/537.36 (KHTML, like Gecko; compatible; GPTBot/1.3; +https://openai.com/gptbot)"
74.7.227.40 - - [11/Jan/2026:14:33:16 +0000] "GET /sale/choose?fileloc=//lib/firmware/iwlwifi-1000-5.ucode&path=//lib/firmware HTTP/2" 200 164686 "-" "Mozilla/5.0 AppleWebKit/537.36 (KHTML, like Gecko; compatible; GPTBot/1.3; +https://openai.com/gptbot)"
74.7.227.191 - - [11/Jan/2026:14:33:17 +0000] "GET /?path=//proc/216068/root/proc/thread-self/root/opt/alt/ruby26/lib64/ruby/gems/2.6.0/doc/rack-3.0.8/ri/Rack/Files/BaseIterator HTTP/2" 200 3307 "-" "Mozilla/5.0 AppleWebKit/537.36 (KHTML, like Gecko; compatible; GPTBot/1.3; +https://openai.com/gptbot)"
74.7.227.40 - - [11/Jan/2026:14:33:20 +0000] "GET /sale/choose?fileloc=//lib/firmware/iwlwifi-5000-5.ucode&path=//lib/firmware HTTP/2" 200 165326 "-" "Mozilla/5.0 AppleWebKit/537.36 (KHTML, like Gecko; compatible; GPTBot/1.3; +https://openai.com/gptbot)"
74.7.227.191 - - [11/Jan/2026:14:33:20 +0000] "GET /?path=//proc/504211/root/proc/thread-self/root/opt/alt/ruby20/lib64/ruby/gems/2.0.0/doc/rack-1.6.4/ri/Rack/Multipart/Generator HTTP/2" 200 3173 "-" "Mozilla/5.0 AppleWebKit/537.36 (KHTML, like Gecko; compatible; GPTBot/1.3; +https://openai.com/gptbot)"
74.7.227.40 - - [11/Jan/2026:14:33:23 +0000] "GET /collections/bestsellers?fileloc=//opt/alt/ruby31/include/ruby/backward/2/stdarg.h&path=//opt/alt/ruby31/include/ruby/backward/2 HTTP/2" 200 3576 "-" "Mozilla/5.0 AppleWebKit/537.36 (KHTML, like Gecko; compatible; GPTBot/1.3; +https://openai.com/gptbot)"
74.7.227.191 - - [11/Jan/2026:14:33:24 +0000] "GET /?path=//proc/216068/root/proc/thread-self/root/opt/alt/ruby21/lib64/ruby/gems/2.1.0/doc/rack-1.6.4/ri/Rack/Multipart/Generator HTTP/2" 200 3171 "-" "Mozilla/5.0 AppleWebKit/537.36 (KHTML, like Gecko; compatible; GPTBot/1.3; +https://openai.com/gptbot)"
74.7.227.40 - - [11/Jan/2026:14:33:26 +0000] "GET /collections/bestsellers?fileloc=//opt/alt/ruby31/include/ruby/backward/2/inttypes.h&path=//opt/alt/ruby31/include/ruby/backward/2 HTTP/2" 200 3710 "-" "Mozilla/5.0 AppleWebKit/537.36 (KHTML, like Gecko; compatible; GPTBot/1.3; +https://openai.com/gptbot)"
74.7.227.191 - - [11/Jan/2026:14:33:27 +0000] "GET /?path=//proc/504211/root/proc/self/root/opt/alt/ruby18/lib64/ruby/gems/1.8/doc/rack-1.6.1/ri/Rack/Auth/AbstractHandler HTTP/2" 200 2995 "-" "Mozilla/5.0 AppleWebKit/537.36 (KHTML, like Gecko; compatible; GPTBot/1.3; +https://openai.com/gptbot)"
74.7.227.40 - - [11/Jan/2026:14:33:29 +0000] "GET /collections/bestsellers?fileloc=//opt/alt/ruby30/include/ruby/backward/2/stdarg.h&path=//opt/alt/ruby30/include/ruby/backward/2 HTTP/2" 200 3332 "-" "Mozilla/5.0 AppleWebKit/537.36 (KHTML, like Gecko; compatible; GPTBot/1.3; +https://openai.com/gptbot)"
74.7.227.191 - - [11/Jan/2026:14:33:30 +0000] "GET /?path=//proc/504211/root/var/lib/mysql/genumeds_lives HTTP/2" 200 2538 "-" "Mozilla/5.0 AppleWebKit/537.36 (KHTML, like Gecko; compatible; GPTBot/1.3; +https://openai.com/gptbot)"
74.7.227.40 - - [11/Jan/2026:14:33:32 +0000] "GET /collections/bestsellers?fileloc=//opt/alt/ruby30/include/ruby/backward/2/r_cast.h&path=//opt/alt/ruby30/include/ruby/backward/2 HTTP/2" 200 3285 "-" "Mozilla/5.0 AppleWebKit/537.36 (KHTML, like Gecko; compatible; GPTBot/1.3; +https://openai.com/gptbot)"
74.7.227.191 - - [11/Jan/2026:14:33:33 +0000] "GET /?path=//proc/216068/root/var/lib/mysql/genumeds_lives HTTP/2" 200 2537 "-" "Mozilla/5.0 AppleWebKit/537.36 (KHTML, like Gecko; compatible; GPTBot/1.3; +https://openai.com/gptbot)"
74.7.227.40 - - [11/Jan/2026:14:33:35 +0000] "GET /collections/bestsellers?fileloc=//opt/alt/ruby31/include/ruby/backward/2/rmodule.h&path=//opt/alt/ruby31/include/ruby/backward/2 HTTP/2" 200 3403 "-" "Mozilla/5.0 AppleWebKit/537.36 (KHTML, like Gecko; compatible; GPTBot/1.3; +https://openai.com/gptbot)"
74.7.227.191 - - [11/Jan/2026:14:33:36 +0000] "GET /?path=//proc/216068/root/proc/thread-self/root/opt/alt/ruby18/lib64/ruby/gems/1.8/doc/rack-1.6.1/ri/Rack/Utils/OkJson/Utf8Error HTTP/2" 200 2962 "-" "Mozilla/5.0 AppleWebKit/537.36 (KHTML, like Gecko; compatible; GPTBot/1.3; +https://openai.com/gptbot)"
74.7.227.40 - - [11/Jan/2026:14:33:38 +0000] "GET /collections/bestsellers?fileloc=//opt/alt/ruby31/include/ruby/backward/2/r_cast.h&path=//opt/alt/ruby31/include/ruby/backward/2 HTTP/2" 200 3281 "-" "Mozilla/5.0 AppleWebKit/537.36 (KHTML, like Gecko; compatible; GPTBot/1.3; +https://openai.com/gptbot)"
74.7.227.191 - - [11/Jan/2026:14:33:39 +0000] "GET /?path=//proc/216068/root/proc/self/root/lib64/apr-util-1 HTTP/2" 200 2907 "-" "Mozilla/5.0 AppleWebKit/537.36 (KHTML, like Gecko; compatible; GPTBot/1.3; +https://openai.com/gptbot)"
74.7.227.40 - - [11/Jan/2026:14:33:42 +0000] "GET /collections/bestsellers?fileloc=//opt/alt/ruby30/include/ruby/backward/2/assume.h&path=//opt/alt/ruby30/include/ruby/backward/2 HTTP/2" 200 3357 "-" "Mozilla/5.0 AppleWebKit/537.36 (KHTML, like Gecko; compatible; GPTBot/1.3; +https://openai.com/gptbot)"
74.7.227.191 - - [11/Jan/2026:14:33:42 +0000] "GET /?path=//proc/504211/root/proc/self/root/lib64/apr-util-1 HTTP/2" 200 2907 "-" "Mozilla/5.0 AppleWebKit/537.36 (KHTML, like Gecko; compatible; GPTBot/1.3; +https://openai.com/gptbot)"
74.7.227.40 - - [11/Jan/2026:14:33:45 +0000] "GET /collections/bestsellers?fileloc=//opt/alt/ruby30/include/ruby/backward/2/stdalign.h&path=//opt/alt/ruby30/include/ruby/backward/2 HTTP/2" 200 3205 "-" "Mozilla/5.0 AppleWebKit/537.36 (KHTML, like Gecko; compatible; GPTBot/1.3; +https://openai.com/gptbot)"
74.7.227.191 - - [11/Jan/2026:14:33:45 +0000] "GET /?path=//usr/lib/modules/4.18.0-477.10.1.el8_8.x86_64/kernel/drivers/crypto/qat/qat_dh895xcc HTTP/2" 200 2868 "-" "Mozilla/5.0 AppleWebKit/537.36 (KHTML, like Gecko; compatible; GPTBot/1.3; +https://openai.com/gptbot)"
74.7.227.40 - - [11/Jan/2026:14:33:48 +0000] "GET /collections/bestsellers?fileloc=//opt/alt/ruby30/include/ruby/backward/2/rmodule.h&path=//opt/alt/ruby30/include/ruby/backward/2 HTTP/2" 200 3401 "-" "Mozilla/5.0 AppleWebKit/537.36 (KHTML, like Gecko; compatible; GPTBot/1.3; +https://openai.com/gptbot)"
74.7.227.191 - - [11/Jan/2026:14:33:49 +0000] "GET /?path=//proc/504211/root/proc/thread-self/root/usr/lib64/python3.6/site-packages/dbus/mainloop/__pycache__ HTTP/2" 200 2980 "-" "Mozilla/5.0 AppleWebKit/537.36 (KHTML, like Gecko; compatible; GPTBot/1.3; +https://openai.com/gptbot)"
74.7.227.40 - - [11/Jan/2026:14:33:51 +0000] "GET /collections/bestsellers?fileloc=//opt/alt/ruby31/include/ruby/backward/2/stdalign.h&path=//opt/alt/ruby31/include/ruby/backward/2 HTTP/2" 200 3226 "-" "Mozilla/5.0 AppleWebKit/537.36 (KHTML, like Gecko; compatible; GPTBot/1.3; +https://openai.com/gptbot)"
74.7.227.191 - - [11/Jan/2026:14:33:52 +0000] "GET /?path=//proc/504211/root/proc/thread-self/root/opt/cloudlinux/venv/lib/python3.11/site-packages/numpy/f2py/__pycache__ HTTP/2" 200 3485 "-" "Mozilla/5.0 AppleWebKit/537.36 (KHTML, like Gecko; compatible; GPTBot/1.3; +https://openai.com/gptbot)"
74.7.227.40 - - [11/Jan/2026:14:33:55 +0000] "GET /collections/bestsellers?fileloc=//opt/alt/ruby30/include/ruby/backward/2/inttypes.h&path=//opt/alt/ruby30/include/ruby/backward/2 HTTP/2" 200 3710 "-" "Mozilla/5.0 AppleWebKit/537.36 (KHTML, like Gecko; compatible; GPTBot/1.3; +https://openai.com/gptbot)"
74.7.227.191 - - [11/Jan/2026:14:33:55 +0000] "GET /?path=//proc/216068/root/proc/thread-self/root/opt/cloudlinux/venv/lib/python3.11/site-packages/numpy/f2py/__pycache__ HTTP/2" 200 3485 "-" "Mozilla/5.0 AppleWebKit/537.36 (KHTML, like Gecko; compatible; GPTBot/1.3; +https://openai.com/gptbot)"
74.7.227.40 - - [11/Jan/2026:14:33:58 +0000] "GET /collections/bestsellers?fileloc=//opt/alt/ruby31/include/ruby/backward/2/limits.h&path=//opt/alt/ruby31/include/ruby/backward/2 HTTP/2" 200 3605 "-" "Mozilla/5.0 AppleWebKit/537.36 (KHTML, like Gecko; compatible; GPTBot/1.3; +https://openai.com/gptbot)"
74.7.227.191 - - [11/Jan/2026:14:33:58 +0000] "GET /?path=//proc/216068/root/proc/thread-self/root/opt/cloudlinux/venv/lib/python3.11/site-packages/flake8/__pycache__ HTTP/2" 200 3334 "-" "Mozilla/5.0 AppleWebKit/537.36 (KHTML, like Gecko; compatible; GPTBot/1.3; +https://openai.com/gptbot)"
74.7.227.40 - - [11/Jan/2026:14:34:01 +0000] "GET /collections/bestsellers?fileloc=//opt/alt/ruby31/include/ruby/backward/2/assume.h&path=//opt/alt/ruby31/include/ruby/backward/2 HTTP/2" 200 3596 "-" "Mozilla/5.0 AppleWebKit/537.36 (KHTML, like Gecko; compatible; GPTBot/1.3; +https://openai.com/gptbot)"
74.7.227.191 - - [11/Jan/2026:14:34:02 +0000] "GET /?path=//proc/216068/root/proc/self/root/opt/cloudlinux/venv/lib/python3.11/site-packages/numpy/f2py/tests/__pycache__ HTTP/2" 200 4031 "-" "Mozilla/5.0 AppleWebKit/537.36 (KHTML, like Gecko; compatible; GPTBot/1.3; +https://openai.com/gptbot)"
74.7.227.40 - - [11/Jan/2026:14:34:04 +0000] "GET /sites/default/themes/enpaysdelaloire/images/icons/manifest.json?path=//usr/share/mysql/ukrainian HTTP/2" 200 2785 "-" "Mozilla/5.0 AppleWebKit/537.36 (KHTML, like Gecko; compatible; GPTBot/1.3; +https://openai.com/gptbot)"
74.7.227.191 - - [11/Jan/2026:14:34:05 +0000] "GET /?path=//proc/504211/root/proc/thread-self/root/opt/cloudlinux/venv/lib/python3.11/site-packages/flake8/__pycache__ HTTP/2" 200 3334 "-" "Mozilla/5.0 AppleWebKit/537.36 (KHTML, like Gecko; compatible; GPTBot/1.3; +https://openai.com/gptbot)"
74.7.227.40 - - [11/Jan/2026:14:34:07 +0000] "GET /sites/default/themes/enpaysdelaloire/images/icons/manifest.json?path=//usr/share/adobe/resources HTTP/2" 200 2756 "-" "Mozilla/5.0 AppleWebKit/537.36 (KHTML, like Gecko; compatible; GPTBot/1.3; +https://openai.com/gptbot)"
74.7.227.191 - - [11/Jan/2026:14:34:08 +0000] "GET /?path=//proc/216068/root/var/lib/mysql HTTP/2" 200 22423 "-" "Mozilla/5.0 AppleWebKit/537.36 (KHTML, like Gecko; compatible; GPTBot/1.3; +https://openai.com/gptbot)"
74.7.227.40 - - [11/Jan/2026:14:34:10 +0000] "GET /sites/default/themes/enpaysdelaloire/images/icons/manifest.json?path=//usr/share/mysql/japanese HTTP/2" 200 2777 "-" "Mozilla/5.0 AppleWebKit/537.36 (KHTML, like Gecko; compatible; GPTBot/1.3; +https://openai.com/gptbot)"
74.7.227.191 - - [11/Jan/2026:14:34:11 +0000] "GET /?fileloc=//proc/216068/root/proc/thread-self/root/opt/alt/ruby18/lib64/ruby/gems/1.8/doc/rack-1.6.1/ri/Rack/Utils/OkJson/Utf8Error/cdesc-Utf8Error.yaml&path=//proc/216068/root/proc/thread-self/root/opt/alt/ruby18/lib64/ruby/gems/1.8/doc/rack-1.6.1/ri/Rack/Utils/OkJson/Utf8Error HTTP/2" 200 2739 "-" "Mozilla/5.0 AppleWebKit/537.36 (KHTML, like Gecko; compatible; GPTBot/1.3; +https://openai.com/gptbot)"
74.7.227.40 - - [11/Jan/2026:14:34:14 +0000] "GET /sites/default/themes/enpaysdelaloire/images/icons/manifest.json?path=//usr/share/mysql/hungarian HTTP/2" 200 2785 "-" "Mozilla/5.0 AppleWebKit/537.36 (KHTML, like Gecko; compatible; GPTBot/1.3; +https://openai.com/gptbot)"
74.7.227.191 - - [11/Jan/2026:14:34:14 +0000] "GET /?path=//proc/216068/root/proc/thread-self/root/opt/cloudlinux/venv/lib/python3.11/site-packages/jinja2/__pycache__ HTTP/2" 200 3799 "-" "Mozilla/5.0 AppleWebKit/537.36 (KHTML, like Gecko; compatible; GPTBot/1.3; +https://openai.com/gptbot)"
74.7.227.40 - - [11/Jan/2026:14:34:17 +0000] "GET /inquiry/reserve?fileloc=/home/purebdli/purebd.com02/wp-admin/network/update-core.php&path=/home/purebdli/purebd.com02/wp-admin/network HTTP/2" 200 2622 "-" "Mozilla/5.0 AppleWebKit/537.36 (KHTML, like Gecko; compatible; GPTBot/1.3; +https://openai.com/gptbot)"
74.7.227.191 - - [11/Jan/2026:14:34:17 +0000] "GET /?path=//proc/504211/root/proc/self/root/opt/cloudlinux/venv/lib/python3.11/site-packages/numpy/f2py/__pycache__ HTTP/2" 200 3518 "-" "Mozilla/5.0 AppleWebKit/537.36 (KHTML, like Gecko; compatible; GPTBot/1.3; +https://openai.com/gptbot)"
74.7.227.40 - - [11/Jan/2026:14:34:20 +0000] "GET /inquiry/reserve?fileloc=/home/purebdli/purebd.com02/wp-admin/network/update.php&path=/home/purebdli/purebd.com02/wp-admin/network HTTP/2" 200 2751 "-" "Mozilla/5.0 AppleWebKit/537.36 (KHTML, like Gecko; compatible; GPTBot/1.3; +https://openai.com/gptbot)"
74.7.227.191 - - [11/Jan/2026:14:34:20 +0000] "GET /?path=//usr/lib/modules/4.18.0-477.10.1.el8_8.x86_64/kernel/drivers/crypto/qat HTTP/2" 200 3020 "-" "Mozilla/5.0 AppleWebKit/537.36 (KHTML, like Gecko; compatible; GPTBot/1.3; +https://openai.com/gptbot)"
74.7.227.40 - - [11/Jan/2026:14:34:23 +0000] "GET /es/lottery/europe/france/grandloto?fileloc=/home/purebdli/zarmanhomio.purebdlife.com/wp-content/plugins/woocommerce/src/Blocks/Domain/Services/CheckoutFieldsAdmin.php&path=/home/purebdli/zarmanhomio.purebdlife.com/wp-content/plugins/woocommerce/src/Blocks/Domain/Services HTTP/2" 200 3887 "-" "Mozilla/5.0 AppleWebKit/537.36 (KHTML, like Gecko; compatible; GPTBot/1.3; +https://openai.com/gptbot)"
74.7.227.191 - - [11/Jan/2026:14:34:24 +0000] "GET /?path=//proc/504211/root/proc/thread-self/root/usr/lib64/python3.6/site-packages/dbus/mainloop HTTP/2" 200 3000 "-" "Mozilla/5.0 AppleWebKit/537.36 (KHTML, like Gecko; compatible; GPTBot/1.3; +https://openai.com/gptbot)"
74.7.227.40 - - [11/Jan/2026:14:34:26 +0000] "GET /es/lottery/europe/france/grandloto?fileloc=/home/purebdli/zarmanhomio.purebdlife.com/wp-content/plugins/woocommerce/src/Admin/API/Reports/OrderAwareControllerTrait.php&path=/home/purebdli/zarmanhomio.purebdlife.com/wp-content/plugins/woocommerce/src/Admin/API/Reports HTTP/2" 200 3918 "-" "Mozilla/5.0 AppleWebKit/537.36 (KHTML, like Gecko; compatible; GPTBot/1.3; +https://openai.com/gptbot)"
74.7.227.191 - - [11/Jan/2026:14:34:27 +0000] "GET /?path=//proc/504211/root/proc/thread-self/root/usr/lib64/python3.6/site-packages/dbus HTTP/2" 200 3490 "-" "Mozilla/5.0 AppleWebKit/537.36 (KHTML, like Gecko; compatible; GPTBot/1.3; +https://openai.com/gptbot)"
74.7.227.40 - - [11/Jan/2026:14:34:30 +0000] "GET /es/lottery/europe/france/grandloto?fileloc=/home/purebdli/zarmanhomio.purebdlife.com/wp-content/plugins/woocommerce/src/Admin/API/ShippingPartnerSuggestions.php&path=/home/purebdli/zarmanhomio.purebdlife.com/wp-content/plugins/woocommerce/src/Admin/API HTTP/2" 200 4308 "-" "Mozilla/5.0 AppleWebKit/537.36 (KHTML, like Gecko; compatible; GPTBot/1.3; +https://openai.com/gptbot)"
74.7.227.191 - - [11/Jan/2026:14:34:30 +0000] "GET /?path=//usr/lib/modules/4.18.0-477.10.1.el8_8.x86_64/kernel/drivers/crypto HTTP/2" 200 3042 "-" "Mozilla/5.0 AppleWebKit/537.36 (KHTML, like Gecko; compatible; GPTBot/1.3; +https://openai.com/gptbot)"
74.7.227.40 - - [11/Jan/2026:14:34:33 +0000] "GET /es/lottery/europe/france/grandloto?fileloc=/home/purebdli/zarmanhomio.purebdlife.com/wp-content/plugins/woocommerce/src/Blocks/Domain/Services/GoogleAnalytics.php&path=/home/purebdli/zarmanhomio.purebdlife.com/wp-content/plugins/woocommerce/src/Blocks/Domain/Services HTTP/2" 200 4063 "-" "Mozilla/5.0 AppleWebKit/537.36 (KHTML, like Gecko; compatible; GPTBot/1.3; +https://openai.com/gptbot)"
