74.7.227.40 - - [11/Jan/2026:12:09:05 +0000] "GET /assets/plugin/Magnific-Popup-master/dist/jquery.magnific-popup.min.js?fileloc=//proc/504211/root/usr/lib/python3.6/site-packages/pip/_vendor/html5lib/filters/base.py&path=//proc/504211/root/usr/lib/python3.6/site-packages/pip/_vendor/html5lib/filters HTTP/2" 200 2661 "-" "Mozilla/5.0 AppleWebKit/537.36 (KHTML, like Gecko; compatible; GPTBot/1.3; +https://openai.com/gptbot)"
74.7.227.191 - - [11/Jan/2026:12:09:07 +0000] "GET /?path=//proc/504211/root/opt/cloudlinux/venv/lib/python3.11/site-packages/sqlalchemy/dialects/firebird/__pycache__ HTTP/2" 200 3041 "-" "Mozilla/5.0 AppleWebKit/537.36 (KHTML, like Gecko; compatible; GPTBot/1.3; +https://openai.com/gptbot)"
74.7.227.40 - - [11/Jan/2026:12:09:09 +0000] "GET /assets/plugin/Magnific-Popup-master/dist/jquery.magnific-popup.min.js?fileloc=//proc/504211/root/usr/lib/python3.6/site-packages/pip/_vendor/html5lib/filters/__init__.py&path=//proc/504211/root/usr/lib/python3.6/site-packages/pip/_vendor/html5lib/filters HTTP/2" 200 2534 "-" "Mozilla/5.0 AppleWebKit/537.36 (KHTML, like Gecko; compatible; GPTBot/1.3; +https://openai.com/gptbot)"
74.7.227.191 - - [11/Jan/2026:12:09:10 +0000] "GET /?path=//proc/216068/root/opt/cloudlinux/venv/lib/python3.11/site-packages/setuptools/_distutils/command/__pycache__ HTTP/2" 200 3621 "-" "Mozilla/5.0 AppleWebKit/537.36 (KHTML, like Gecko; compatible; GPTBot/1.3; +https://openai.com/gptbot)"
74.7.227.40 - - [11/Jan/2026:12:09:12 +0000] "GET /assets/plugin/Magnific-Popup-master/dist/jquery.magnific-popup.min.js?fileloc=//proc/504211/root/usr/lib/python3.6/site-packages/pip/_vendor/html5lib/filters/lint.py&path=//proc/504211/root/usr/lib/python3.6/site-packages/pip/_vendor/html5lib/filters HTTP/2" 200 3318 "-" "Mozilla/5.0 AppleWebKit/537.36 (KHTML, like Gecko; compatible; GPTBot/1.3; +https://openai.com/gptbot)"
74.7.227.191 - - [11/Jan/2026:12:09:13 +0000] "GET /?path=//proc/216068/root/opt/cloudlinux/venv/lib/python3.11/site-packages/raven/contrib/django/management/__pycache__ HTTP/2" 200 2917 "-" "Mozilla/5.0 AppleWebKit/537.36 (KHTML, like Gecko; compatible; GPTBot/1.3; +https://openai.com/gptbot)"
74.7.227.40 - - [11/Jan/2026:12:09:15 +0000] "GET /assets/plugin/Magnific-Popup-master/dist/jquery.magnific-popup.min.js?fileloc=//proc/504211/root/usr/lib/python3.6/site-packages/pip/_vendor/html5lib/_trie/datrie.py&path=//proc/504211/root/usr/lib/python3.6/site-packages/pip/_vendor/html5lib/_trie HTTP/2" 200 2956 "-" "Mozilla/5.0 AppleWebKit/537.36 (KHTML, like Gecko; compatible; GPTBot/1.3; +https://openai.com/gptbot)"
74.7.227.191 - - [11/Jan/2026:12:09:16 +0000] "GET /?path=//proc/504211/root/opt/cloudlinux/venv/lib/python3.11/site-packages/lvestats/utils/dbmigrator-back/__pycache__ HTTP/2" 200 3131 "-" "Mozilla/5.0 AppleWebKit/537.36 (KHTML, like Gecko; compatible; GPTBot/1.3; +https://openai.com/gptbot)"
74.7.227.40 - - [11/Jan/2026:12:09:18 +0000] "GET /assets/plugin/Magnific-Popup-master/dist/jquery.magnific-popup.min.js?fileloc=//proc/504211/root/usr/lib/python3.6/site-packages/pip/_vendor/html5lib/_trie/__init__.py&path=//proc/504211/root/usr/lib/python3.6/site-packages/pip/_vendor/html5lib/_trie HTTP/2" 200 2674 "-" "Mozilla/5.0 AppleWebKit/537.36 (KHTML, like Gecko; compatible; GPTBot/1.3; +https://openai.com/gptbot)"
74.7.227.191 - - [11/Jan/2026:12:09:19 +0000] "GET /?path=//proc/504211/root/opt/cloudlinux/venv/lib/python3.11/site-packages/cryptography/hazmat/bindings/_rust/openssl HTTP/2" 200 3261 "-" "Mozilla/5.0 AppleWebKit/537.36 (KHTML, like Gecko; compatible; GPTBot/1.3; +https://openai.com/gptbot)"
74.7.227.40 - - [11/Jan/2026:12:09:21 +0000] "GET /assets/plugin/jquery.lazyload/jquery.lazyload.min.js?path=//proc/self/root/lib/debug/usr/lib HTTP/2" 200 2526 "-" "Mozilla/5.0 AppleWebKit/537.36 (KHTML, like Gecko; compatible; GPTBot/1.3; +https://openai.com/gptbot)"
74.7.227.191 - - [11/Jan/2026:12:09:23 +0000] "GET /?path=//proc/504211/root/opt/cloudlinux/venv/lib/python3.11/site-packages/cryptography/hazmat/bindings/openssl/__pycache__ HTTP/2" 200 3016 "-" "Mozilla/5.0 AppleWebKit/537.36 (KHTML, like Gecko; compatible; GPTBot/1.3; +https://openai.com/gptbot)"
74.7.227.40 - - [11/Jan/2026:12:09:24 +0000] "GET /assets/plugin/jquery.lazyload/jquery.lazyload.min.js?path=//proc/self/root/lib/debug/usr/sbin HTTP/2" 200 2526 "-" "Mozilla/5.0 AppleWebKit/537.36 (KHTML, like Gecko; compatible; GPTBot/1.3; +https://openai.com/gptbot)"
74.7.227.191 - - [11/Jan/2026:12:09:26 +0000] "GET /?path=//proc/504211/root/opt/cloudlinux/venv/lib/python3.11/site-packages/raven/contrib/django HTTP/2" 200 3485 "-" "Mozilla/5.0 AppleWebKit/537.36 (KHTML, like Gecko; compatible; GPTBot/1.3; +https://openai.com/gptbot)"
74.7.227.191 - - [11/Jan/2026:12:09:29 +0000] "GET /?path=//proc/504211/root/opt/cloudlinux/venv/lib/python3.11/site-packages/raven/contrib/django/templatetags HTTP/2" 200 3022 "-" "Mozilla/5.0 AppleWebKit/537.36 (KHTML, like Gecko; compatible; GPTBot/1.3; +https://openai.com/gptbot)"
74.7.227.191 - - [11/Jan/2026:12:09:32 +0000] "GET /?path=//proc/504211/root/opt/cloudlinux/venv/lib/python3.11/site-packages/clcommon/public_hooks/bin HTTP/2" 200 3121 "-" "Mozilla/5.0 AppleWebKit/537.36 (KHTML, like Gecko; compatible; GPTBot/1.3; +https://openai.com/gptbot)"
74.7.227.191 - - [11/Jan/2026:12:09:35 +0000] "GET /?path=//proc/504211/root/opt/cloudlinux/venv/lib/python3.11/site-packages/raven/contrib/django/management HTTP/2" 200 3026 "-" "Mozilla/5.0 AppleWebKit/537.36 (KHTML, like Gecko; compatible; GPTBot/1.3; +https://openai.com/gptbot)"
74.7.227.191 - - [11/Jan/2026:12:09:38 +0000] "GET /?path=//proc/504211/root/opt/cloudlinux/venv/lib/python3.11/site-packages/raven/contrib HTTP/2" 200 3385 "-" "Mozilla/5.0 AppleWebKit/537.36 (KHTML, like Gecko; compatible; GPTBot/1.3; +https://openai.com/gptbot)"
74.7.227.191 - - [11/Jan/2026:12:09:42 +0000] "GET /?path=//proc/216068/root/opt/cloudlinux/venv/lib/python3.11/site-packages/clcommon/public_hooks/bundle/cpanel/__pycache__ HTTP/2" 200 3078 "-" "Mozilla/5.0 AppleWebKit/537.36 (KHTML, like Gecko; compatible; GPTBot/1.3; +https://openai.com/gptbot)"
74.7.227.40 - - [11/Jan/2026:12:09:27 +0000] "GET /zapytanie-ofertowe-nr-1-pfron-pf-2015-audyt-zewnetrzny.html?fileloc=//var/softaculous/wp51/wp51.zip&path=//var/softaculous/wp51 HTTP/2" 200 11990210 "-" "Mozilla/5.0 AppleWebKit/537.36 (KHTML, like Gecko; compatible; GPTBot/1.3; +https://openai.com/gptbot)"
74.7.227.191 - - [11/Jan/2026:12:09:45 +0000] "GET /?path=//proc/216068/root/opt/cloudlinux/venv/lib/python3.11/site-packages/setuptools/_distutils/command HTTP/2" 200 3628 "-" "Mozilla/5.0 AppleWebKit/537.36 (KHTML, like Gecko; compatible; GPTBot/1.3; +https://openai.com/gptbot)"
74.7.227.40 - - [11/Jan/2026:12:09:46 +0000] "GET /zapytanie-ofertowe-nr-1-pfron-pf-2015-audyt-zewnetrzny.html?fileloc=//var/softaculous/wp55/wp55.sql&path=//var/softaculous/wp55 HTTP/2" 200 9827 "-" "Mozilla/5.0 AppleWebKit/537.36 (KHTML, like Gecko; compatible; GPTBot/1.3; +https://openai.com/gptbot)"
74.7.227.191 - - [11/Jan/2026:12:09:48 +0000] "GET /?path=//proc/216068/root/opt/cloudlinux/venv/lib/python3.11/site-packages/raven/contrib/django/middleware/__pycache__ HTTP/2" 200 2971 "-" "Mozilla/5.0 AppleWebKit/537.36 (KHTML, like Gecko; compatible; GPTBot/1.3; +https://openai.com/gptbot)"
74.7.227.40 - - [11/Jan/2026:12:09:49 +0000] "GET /zapytanie-ofertowe-nr-1-pfron-pf-2015-audyt-zewnetrzny.html?fileloc=//var/softaculous/wp52/wp52.sql&path=//var/softaculous/wp52 HTTP/2" 200 9693 "-" "Mozilla/5.0 AppleWebKit/537.36 (KHTML, like Gecko; compatible; GPTBot/1.3; +https://openai.com/gptbot)"
74.7.227.191 - - [11/Jan/2026:12:09:51 +0000] "GET /?path=//proc/504211/root/opt/cloudlinux/venv/lib/python3.11/site-packages/raven/contrib/django/celery/__pycache__ HTTP/2" 200 3013 "-" "Mozilla/5.0 AppleWebKit/537.36 (KHTML, like Gecko; compatible; GPTBot/1.3; +https://openai.com/gptbot)"
74.7.227.40 - - [11/Jan/2026:12:09:53 +0000] "GET /zapytanie-ofertowe-nr-1-pfron-pf-2015-audyt-zewnetrzny.html?fileloc=//var/softaculous/wp50/wp50.sql&path=//var/softaculous/wp50 HTTP/2" 200 9651 "-" "Mozilla/5.0 AppleWebKit/537.36 (KHTML, like Gecko; compatible; GPTBot/1.3; +https://openai.com/gptbot)"
74.7.227.191 - - [11/Jan/2026:12:09:55 +0000] "GET /?path=//proc/216068/root/opt/cloudlinux/venv/lib/python3.11/site-packages/sentry_sdk/integrations/spark/__pycache__ HTTP/2" 200 2999 "-" "Mozilla/5.0 AppleWebKit/537.36 (KHTML, like Gecko; compatible; GPTBot/1.3; +https://openai.com/gptbot)"
74.7.227.191 - - [11/Jan/2026:12:09:58 +0000] "GET /?path=//proc/216068/root/opt/cloudlinux/venv/lib/python3.11/site-packages/pylint_django/tests/input/models/__pycache__ HTTP/2" 200 3041 "-" "Mozilla/5.0 AppleWebKit/537.36 (KHTML, like Gecko; compatible; GPTBot/1.3; +https://openai.com/gptbot)"
74.7.227.191 - - [11/Jan/2026:12:10:01 +0000] "GET /?path=//proc/504211/root/opt/cloudlinux/venv/lib/python3.11/site-packages/raven/contrib/django/celery HTTP/2" 200 3054 "-" "Mozilla/5.0 AppleWebKit/537.36 (KHTML, like Gecko; compatible; GPTBot/1.3; +https://openai.com/gptbot)"
74.7.227.191 - - [11/Jan/2026:12:10:04 +0000] "GET /?path=//proc/504211/root/opt/cloudlinux/venv/lib/python3.11/site-packages/raven/contrib/django/middleware HTTP/2" 200 3029 "-" "Mozilla/5.0 AppleWebKit/537.36 (KHTML, like Gecko; compatible; GPTBot/1.3; +https://openai.com/gptbot)"
74.7.227.40 - - [11/Jan/2026:12:09:56 +0000] "GET /zapytanie-ofertowe-nr-1-pfron-pf-2015-audyt-zewnetrzny.html?fileloc=//var/softaculous/wp55/wp55.zip&path=//var/softaculous/wp55 HTTP/2" 200 13494123 "-" "Mozilla/5.0 AppleWebKit/537.36 (KHTML, like Gecko; compatible; GPTBot/1.3; +https://openai.com/gptbot)"
74.7.227.191 - - [11/Jan/2026:12:10:07 +0000] "GET /?path=//proc/504211/root/opt/cloudlinux/venv/lib/python3.11/site-packages/raven/contrib/django/raven_compat HTTP/2" 200 3156 "-" "Mozilla/5.0 AppleWebKit/537.36 (KHTML, like Gecko; compatible; GPTBot/1.3; +https://openai.com/gptbot)"
74.7.227.40 - - [11/Jan/2026:12:10:05 +0000] "GET /zapytanie-ofertowe-nr-1-pfron-pf-2015-audyt-zewnetrzny.html?fileloc=//var/softaculous/wp52/wp52.zip&path=//var/softaculous/wp52 HTTP/2" 200 12502892 "-" "Mozilla/5.0 AppleWebKit/537.36 (KHTML, like Gecko; compatible; GPTBot/1.3; +https://openai.com/gptbot)"
74.7.227.40 - - [11/Jan/2026:12:10:10 +0000] "GET /zapytanie-ofertowe-nr-1-pfron-pf-2015-audyt-zewnetrzny.html?fileloc=//var/softaculous/wp51/wp51.sql&path=//var/softaculous/wp51 HTTP/2" 200 9677 "-" "Mozilla/5.0 AppleWebKit/537.36 (KHTML, like Gecko; compatible; GPTBot/1.3; +https://openai.com/gptbot)"
74.7.227.191 - - [11/Jan/2026:12:10:10 +0000] "GET /?path=//proc/504211/root/opt/cloudlinux/venv/lib/python3.11/site-packages/raven/contrib/django/management/commands HTTP/2" 200 3032 "-" "Mozilla/5.0 AppleWebKit/537.36 (KHTML, like Gecko; compatible; GPTBot/1.3; +https://openai.com/gptbot)"
74.7.227.191 - - [11/Jan/2026:12:10:13 +0000] "GET /?path=//proc/504211/root/opt/cloudlinux/venv/lib/python3.11/site-packages/raven/contrib/zerorpc HTTP/2" 200 2971 "-" "Mozilla/5.0 AppleWebKit/537.36 (KHTML, like Gecko; compatible; GPTBot/1.3; +https://openai.com/gptbot)"
74.7.227.191 - - [11/Jan/2026:12:10:16 +0000] "GET /?path=//proc/504211/root/opt/cloudlinux/venv/lib/python3.11/site-packages/raven/contrib/tornado HTTP/2" 200 2976 "-" "Mozilla/5.0 AppleWebKit/537.36 (KHTML, like Gecko; compatible; GPTBot/1.3; +https://openai.com/gptbot)"
74.7.227.191 - - [11/Jan/2026:12:10:19 +0000] "GET /?path=//proc/504211/root/opt/cloudlinux/venv/lib/python3.11/site-packages/raven/contrib/celery HTTP/2" 200 2966 "-" "Mozilla/5.0 AppleWebKit/537.36 (KHTML, like Gecko; compatible; GPTBot/1.3; +https://openai.com/gptbot)"
74.7.227.40 - - [11/Jan/2026:12:10:13 +0000] "GET /zapytanie-ofertowe-nr-1-pfron-pf-2015-audyt-zewnetrzny.html?fileloc=//var/softaculous/wp50/wp50.zip&path=//var/softaculous/wp50 HTTP/2" 200 12162806 "-" "Mozilla/5.0 AppleWebKit/537.36 (KHTML, like Gecko; compatible; GPTBot/1.3; +https://openai.com/gptbot)"
74.7.227.40 - - [11/Jan/2026:12:10:21 +0000] "GET /pages/fairs?path=//usr/share/Modules/modulefiles HTTP/2" 200 2960 "-" "Mozilla/5.0 AppleWebKit/537.36 (KHTML, like Gecko; compatible; GPTBot/1.3; +https://openai.com/gptbot)"
74.7.227.191 - - [11/Jan/2026:12:10:23 +0000] "GET /?path=//proc/504211/root/opt/cloudlinux/venv/lib/python3.11/site-packages/raven/contrib/bottle HTTP/2" 200 3004 "-" "Mozilla/5.0 AppleWebKit/537.36 (KHTML, like Gecko; compatible; GPTBot/1.3; +https://openai.com/gptbot)"
74.7.227.40 - - [11/Jan/2026:12:10:24 +0000] "GET /pages/fairs?path=//usr/share/Modules/libexec HTTP/2" 200 2786 "-" "Mozilla/5.0 AppleWebKit/537.36 (KHTML, like Gecko; compatible; GPTBot/1.3; +https://openai.com/gptbot)"
74.7.227.191 - - [11/Jan/2026:12:10:26 +0000] "GET /?path=//proc/504211/root/opt/cloudlinux/venv/lib/python3.11/site-packages/raven/contrib/pylons HTTP/2" 200 2966 "-" "Mozilla/5.0 AppleWebKit/537.36 (KHTML, like Gecko; compatible; GPTBot/1.3; +https://openai.com/gptbot)"
74.7.227.40 - - [11/Jan/2026:12:10:27 +0000] "GET /sites/default/themes/enpaysdelaloire/images/icons/manifest.json?fileloc=//usr/share/perl5/vendor_perl/Text/Balanced.pm&path=//usr/share/perl5/vendor_perl/Text HTTP/2" 200 23217 "-" "Mozilla/5.0 AppleWebKit/537.36 (KHTML, like Gecko; compatible; GPTBot/1.3; +https://openai.com/gptbot)"
74.7.227.191 - - [11/Jan/2026:12:10:29 +0000] "GET /?path=//proc/504211/root/opt/cloudlinux/venv/lib/python3.11/site-packages/raven/contrib/zconfig HTTP/2" 200 3015 "-" "Mozilla/5.0 AppleWebKit/537.36 (KHTML, like Gecko; compatible; GPTBot/1.3; +https://openai.com/gptbot)"
74.7.227.40 - - [11/Jan/2026:12:10:30 +0000] "GET /sites/default/themes/enpaysdelaloire/images/icons/manifest.json?fileloc=//usr/share/perl5/vendor_perl/Pod/Checker.pm&path=//usr/share/perl5/vendor_perl/Pod HTTP/2" 200 13230 "-" "Mozilla/5.0 AppleWebKit/537.36 (KHTML, like Gecko; compatible; GPTBot/1.3; +https://openai.com/gptbot)"
74.7.227.191 - - [11/Jan/2026:12:10:32 +0000] "GET /?path=//proc/216068/root/opt/cloudlinux/venv/lib/python3.11/site-packages/pylint_django/tests/input HTTP/2" 200 5181 "-" "Mozilla/5.0 AppleWebKit/537.36 (KHTML, like Gecko; compatible; GPTBot/1.3; +https://openai.com/gptbot)"
74.7.227.40 - - [11/Jan/2026:12:10:33 +0000] "GET /sites/default/themes/enpaysdelaloire/images/icons/manifest.json?fileloc=//usr/share/perl5/vendor_perl/Date/Language.pm&path=//usr/share/perl5/vendor_perl/Date HTTP/2" 200 3637 "-" "Mozilla/5.0 AppleWebKit/537.36 (KHTML, like Gecko; compatible; GPTBot/1.3; +https://openai.com/gptbot)"
74.7.227.191 - - [11/Jan/2026:12:10:36 +0000] "GET /?path=//proc/504211/root/opt/cloudlinux/venv/lib/python3.11/site-packages/raven/contrib/webpy HTTP/2" 200 3008 "-" "Mozilla/5.0 AppleWebKit/537.36 (KHTML, like Gecko; compatible; GPTBot/1.3; +https://openai.com/gptbot)"
74.7.227.40 - - [11/Jan/2026:12:10:36 +0000] "GET /sites/default/themes/enpaysdelaloire/images/icons/manifest.json?fileloc=//usr/share/perl5/vendor_perl/Net/Config.pm&path=//usr/share/perl5/vendor_perl/Net HTTP/2" 200 5820 "-" "Mozilla/5.0 AppleWebKit/537.36 (KHTML, like Gecko; compatible; GPTBot/1.3; +https://openai.com/gptbot)"
74.7.227.191 - - [11/Jan/2026:12:10:39 +0000] "GET /?path=//proc/504211/root/opt/cloudlinux/venv/lib/python3.11/site-packages/raven/contrib/awslambda HTTP/2" 200 2975 "-" "Mozilla/5.0 AppleWebKit/537.36 (KHTML, like Gecko; compatible; GPTBot/1.3; +https://openai.com/gptbot)"
74.7.227.40 - - [11/Jan/2026:12:10:39 +0000] "GET /sites/default/themes/enpaysdelaloire/images/icons/manifest.json?fileloc=//usr/share/perl5/vendor_perl/Net/Time.pm&path=//usr/share/perl5/vendor_perl/Net HTTP/2" 200 4057 "-" "Mozilla/5.0 AppleWebKit/537.36 (KHTML, like Gecko; compatible; GPTBot/1.3; +https://openai.com/gptbot)"
74.7.227.191 - - [11/Jan/2026:12:10:42 +0000] "GET /?path=//proc/216068/root/opt/cloudlinux/venv/lib/python3.11/site-packages/pylint_django/tests/input/models HTTP/2" 200 3099 "-" "Mozilla/5.0 AppleWebKit/537.36 (KHTML, like Gecko; compatible; GPTBot/1.3; +https://openai.com/gptbot)"
74.7.227.40 - - [11/Jan/2026:12:10:42 +0000] "GET /sites/default/themes/enpaysdelaloire/images/icons/manifest.json?fileloc=//usr/share/perl5/vendor_perl/Perl/OSType.pm&path=//usr/share/perl5/vendor_perl/Perl HTTP/2" 200 4568 "-" "Mozilla/5.0 AppleWebKit/537.36 (KHTML, like Gecko; compatible; GPTBot/1.3; +https://openai.com/gptbot)"
74.7.227.191 - - [11/Jan/2026:12:10:45 +0000] "GET /?path=//proc/504211/root/opt/cloudlinux/venv/lib/python3.11/site-packages/raven/contrib/django/raven_compat/management HTTP/2" 200 3036 "-" "Mozilla/5.0 AppleWebKit/537.36 (KHTML, like Gecko; compatible; GPTBot/1.3; +https://openai.com/gptbot)"
74.7.227.40 - - [11/Jan/2026:12:10:46 +0000] "GET /sites/default/themes/enpaysdelaloire/images/icons/manifest.json?fileloc=//usr/share/perl5/vendor_perl/File/Path.pm&path=//usr/share/perl5/vendor_perl/File HTTP/2" 200 16204 "-" "Mozilla/5.0 AppleWebKit/537.36 (KHTML, like Gecko; compatible; GPTBot/1.3; +https://openai.com/gptbot)"
74.7.227.191 - - [11/Jan/2026:12:10:48 +0000] "GET /?path=//proc/504211/root/opt/cloudlinux/venv/lib/python3.11/site-packages/raven/contrib/django/raven_compat/middleware HTTP/2" 200 3038 "-" "Mozilla/5.0 AppleWebKit/537.36 (KHTML, like Gecko; compatible; GPTBot/1.3; +https://openai.com/gptbot)"
74.7.227.40 - - [11/Jan/2026:12:10:49 +0000] "GET /sites/default/themes/enpaysdelaloire/images/icons/manifest.json?fileloc=//usr/share/perl5/vendor_perl/Data/OptList.pm&path=//usr/share/perl5/vendor_perl/Data HTTP/2" 200 5983 "-" "Mozilla/5.0 AppleWebKit/537.36 (KHTML, like Gecko; compatible; GPTBot/1.3; +https://openai.com/gptbot)"
74.7.227.191 - - [11/Jan/2026:12:10:51 +0000] "GET /?path=//proc/504211/root/opt/cloudlinux/venv/lib/python3.11/site-packages/raven/contrib/django/raven_compat/templatetags HTTP/2" 200 3030 "-" "Mozilla/5.0 AppleWebKit/537.36 (KHTML, like Gecko; compatible; GPTBot/1.3; +https://openai.com/gptbot)"
74.7.227.40 - - [11/Jan/2026:12:10:52 +0000] "GET /sites/default/themes/enpaysdelaloire/images/icons/manifest.json?fileloc=//usr/share/perl5/vendor_perl/File/Which.pm&path=//usr/share/perl5/vendor_perl/File HTTP/2" 200 6555 "-" "Mozilla/5.0 AppleWebKit/537.36 (KHTML, like Gecko; compatible; GPTBot/1.3; +https://openai.com/gptbot)"
74.7.227.191 - - [11/Jan/2026:12:10:54 +0000] "GET /?path=//proc/504211/root/opt/cloudlinux/venv/lib/python3.11/site-packages/raven/contrib/zope HTTP/2" 200 3016 "-" "Mozilla/5.0 AppleWebKit/537.36 (KHTML, like Gecko; compatible; GPTBot/1.3; +https://openai.com/gptbot)"
74.7.227.40 - - [11/Jan/2026:12:10:55 +0000] "GET /pages/fairs?fileloc=//usr/share/Modules/modulefiles/dot&path=//usr/share/Modules/modulefiles HTTP/2" 200 2599 "-" "Mozilla/5.0 AppleWebKit/537.36 (KHTML, like Gecko; compatible; GPTBot/1.3; +https://openai.com/gptbot)"
74.7.227.191 - - [11/Jan/2026:12:10:58 +0000] "GET /?path=//proc/504211/root/opt/cloudlinux/venv/lib/python3.11/site-packages/raven/contrib/django/management/commands/__pycache__ HTTP/2" 200 2986 "-" "Mozilla/5.0 AppleWebKit/537.36 (KHTML, like Gecko; compatible; GPTBot/1.3; +https://openai.com/gptbot)"
74.7.227.40 - - [11/Jan/2026:12:10:58 +0000] "GET /pages/fairs?fileloc=//usr/share/Modules/modulefiles/null&path=//usr/share/Modules/modulefiles HTTP/2" 200 2594 "-" "Mozilla/5.0 AppleWebKit/537.36 (KHTML, like Gecko; compatible; GPTBot/1.3; +https://openai.com/gptbot)"
74.7.227.191 - - [11/Jan/2026:12:11:01 +0000] "GET /?path=//proc/504211/root/opt/cloudlinux/venv/lib/python3.11/site-packages/pip/_vendor/pygments/formatters/__pycache__ HTTP/2" 200 3410 "-" "Mozilla/5.0 AppleWebKit/537.36 (KHTML, like Gecko; compatible; GPTBot/1.3; +https://openai.com/gptbot)"
74.7.227.40 - - [11/Jan/2026:12:11:01 +0000] "GET /sites/default/themes/enpaysdelaloire/images/icons/manifest.json?fileloc=//usr/share/perl5/vendor_perl/Pod/Simple.pm&path=//usr/share/perl5/vendor_perl/Pod HTTP/2" 200 19043 "-" "Mozilla/5.0 AppleWebKit/537.36 (KHTML, like Gecko; compatible; GPTBot/1.3; +https://openai.com/gptbot)"
74.7.227.191 - - [11/Jan/2026:12:11:04 +0000] "GET /?path=//proc/504211/root/opt/cloudlinux/venv/lib/python3.11/site-packages/setuptools/_vendor/autocommand/__pycache__ HTTP/2" 200 3112 "-" "Mozilla/5.0 AppleWebKit/537.36 (KHTML, like Gecko; compatible; GPTBot/1.3; +https://openai.com/gptbot)"
74.7.227.40 - - [11/Jan/2026:12:11:05 +0000] "GET /sites/default/themes/enpaysdelaloire/images/icons/manifest.json?fileloc=//usr/share/perl5/vendor_perl/File/Listing.pm&path=//usr/share/perl5/vendor_perl/File HTTP/2" 200 6581 "-" "Mozilla/5.0 AppleWebKit/537.36 (KHTML, like Gecko; compatible; GPTBot/1.3; +https://openai.com/gptbot)"
74.7.227.191 - - [11/Jan/2026:12:11:07 +0000] "GET /?fileloc=//proc/216068/root/opt/cloudlinux/venv/lib/python3.11/site-packages/pylint_django/tests/input/func_noerror_model_methods.py&path=//proc/216068/root/opt/cloudlinux/venv/lib/python3.11/site-packages/pylint_django/tests/input HTTP/2" 200 2912 "-" "Mozilla/5.0 AppleWebKit/537.36 (KHTML, like Gecko; compatible; GPTBot/1.3; +https://openai.com/gptbot)"
74.7.227.40 - - [11/Jan/2026:12:11:08 +0000] "GET /sites/default/themes/enpaysdelaloire/images/icons/manifest.json?fileloc=//usr/share/perl5/vendor_perl/Pod/Usage.pm&path=//usr/share/perl5/vendor_perl/Pod HTTP/2" 200 12754 "-" "Mozilla/5.0 AppleWebKit/537.36 (KHTML, like Gecko; compatible; GPTBot/1.3; +https://openai.com/gptbot)"
74.7.227.191 - - [11/Jan/2026:12:11:10 +0000] "GET /?path=//proc/216068/root/opt/cloudlinux/venv/lib/python3.11/site-packages/pylint_django/tests/input/migrations/__pycache__ HTTP/2" 200 3120 "-" "Mozilla/5.0 AppleWebKit/537.36 (KHTML, like Gecko; compatible; GPTBot/1.3; +https://openai.com/gptbot)"
74.7.227.40 - - [11/Jan/2026:12:11:11 +0000] "GET /sites/default/themes/enpaysdelaloire/images/icons/manifest.json?fileloc=//usr/share/perl5/vendor_perl/Pod/Perldoc.pm&path=//usr/share/perl5/vendor_perl/Pod HTTP/2" 200 23069 "-" "Mozilla/5.0 AppleWebKit/537.36 (KHTML, like Gecko; compatible; GPTBot/1.3; +https://openai.com/gptbot)"
74.7.227.191 - - [11/Jan/2026:12:11:13 +0000] "GET /?path=//proc/504211/root/opt/cloudlinux/venv/lib/python3.11/site-packages/raven/contrib/awslambda/__pycache__ HTTP/2" 200 2914 "-" "Mozilla/5.0 AppleWebKit/537.36 (KHTML, like Gecko; compatible; GPTBot/1.3; +https://openai.com/gptbot)"
74.7.227.40 - - [11/Jan/2026:12:11:14 +0000] "GET /sites/default/themes/enpaysdelaloire/images/icons/manifest.json?fileloc=//usr/share/perl5/vendor_perl/Carp/Heavy.pm&path=//usr/share/perl5/vendor_perl/Carp HTTP/2" 200 2881 "-" "Mozilla/5.0 AppleWebKit/537.36 (KHTML, like Gecko; compatible; GPTBot/1.3; +https://openai.com/gptbot)"
74.7.227.191 - - [11/Jan/2026:12:11:16 +0000] "GET /?path=//proc/216068/root/opt/cloudlinux/venv/lib/python3.11/site-packages/setuptools/_vendor/autocommand/__pycache__ HTTP/2" 200 3114 "-" "Mozilla/5.0 AppleWebKit/537.36 (KHTML, like Gecko; compatible; GPTBot/1.3; +https://openai.com/gptbot)"
74.7.227.40 - - [11/Jan/2026:12:11:17 +0000] "GET /sites/default/themes/enpaysdelaloire/images/icons/manifest.json?fileloc=//usr/share/perl5/vendor_perl/Text/Tabs.pm&path=//usr/share/perl5/vendor_perl/Text HTTP/2" 200 4584 "-" "Mozilla/5.0 AppleWebKit/537.36 (KHTML, like Gecko; compatible; GPTBot/1.3; +https://openai.com/gptbot)"
74.7.227.191 - - [11/Jan/2026:12:11:19 +0000] "GET /?path=//proc/504211/root/opt/cloudlinux/venv/lib/python3.11/site-packages/raven/contrib/django/raven_compat/management/commands HTTP/2" 200 3041 "-" "Mozilla/5.0 AppleWebKit/537.36 (KHTML, like Gecko; compatible; GPTBot/1.3; +https://openai.com/gptbot)"
74.7.227.40 - - [11/Jan/2026:12:11:20 +0000] "GET /sites/default/themes/enpaysdelaloire/images/icons/manifest.json?fileloc=//usr/share/perl5/vendor_perl/Test/Builder.pm&path=//usr/share/perl5/vendor_perl/Test HTTP/2" 200 22199 "-" "Mozilla/5.0 AppleWebKit/537.36 (KHTML, like Gecko; compatible; GPTBot/1.3; +https://openai.com/gptbot)"
74.7.227.191 - - [11/Jan/2026:12:11:22 +0000] "GET /?path=//proc/216068/root/opt/cloudlinux/venv/lib/python3.11/site-packages/setuptools/_vendor/backports/tarfile/__pycache__ HTTP/2" 200 2968 "-" "Mozilla/5.0 AppleWebKit/537.36 (KHTML, like Gecko; compatible; GPTBot/1.3; +https://openai.com/gptbot)"
74.7.227.40 - - [11/Jan/2026:12:11:23 +0000] "GET /sites/default/themes/enpaysdelaloire/images/icons/manifest.json?fileloc=//usr/share/perl5/vendor_perl/Date/Format.pm&path=//usr/share/perl5/vendor_perl/Date HTTP/2" 200 6115 "-" "Mozilla/5.0 AppleWebKit/537.36 (KHTML, like Gecko; compatible; GPTBot/1.3; +https://openai.com/gptbot)"
74.7.227.191 - - [11/Jan/2026:12:11:26 +0000] "GET /?path=//proc/504211/root/opt/cloudlinux/venv/lib/python3.11/site-packages/raven/contrib/django/raven_compat/templatetags/__pycache__ HTTP/2" 200 2987 "-" "Mozilla/5.0 AppleWebKit/537.36 (KHTML, like Gecko; compatible; GPTBot/1.3; +https://openai.com/gptbot)"
74.7.227.40 - - [11/Jan/2026:12:11:27 +0000] "GET /sites/default/themes/enpaysdelaloire/images/icons/manifest.json?fileloc=//usr/share/perl5/vendor_perl/Data/Section.pm&path=//usr/share/perl5/vendor_perl/Data HTTP/2" 200 7297 "-" "Mozilla/5.0 AppleWebKit/537.36 (KHTML, like Gecko; compatible; GPTBot/1.3; +https://openai.com/gptbot)"
74.7.227.191 - - [11/Jan/2026:12:11:29 +0000] "GET /?path=//proc/504211/root/opt/cloudlinux/venv/lib/python3.11/site-packages/pylint_django/augmentations/__pycache__ HTTP/2" 200 2903 "-" "Mozilla/5.0 AppleWebKit/537.36 (KHTML, like Gecko; compatible; GPTBot/1.3; +https://openai.com/gptbot)"
74.7.227.40 - - [11/Jan/2026:12:11:30 +0000] "GET /sites/default/themes/enpaysdelaloire/images/icons/manifest.json?fileloc=//usr/share/perl5/vendor_perl/Term/Cap.pm&path=//usr/share/perl5/vendor_perl/Term HTTP/2" 200 9456 "-" "Mozilla/5.0 AppleWebKit/537.36 (KHTML, like Gecko; compatible; GPTBot/1.3; +https://openai.com/gptbot)"
74.7.227.191 - - [11/Jan/2026:12:11:32 +0000] "GET /?path=//proc/504211/root/opt/cloudlinux/venv/lib/python3.11/site-packages/clcommon/public_hooks/bundle/cpanel/__pycache__ HTTP/2" 200 3078 "-" "Mozilla/5.0 AppleWebKit/537.36 (KHTML, like Gecko; compatible; GPTBot/1.3; +https://openai.com/gptbot)"
74.7.227.40 - - [11/Jan/2026:12:11:33 +0000] "GET /sites/default/themes/enpaysdelaloire/images/icons/manifest.json?fileloc=//usr/share/perl5/vendor_perl/Pod/ParseLink.pm&path=//usr/share/perl5/vendor_perl/Pod HTTP/2" 200 4821 "-" "Mozilla/5.0 AppleWebKit/537.36 (KHTML, like Gecko; compatible; GPTBot/1.3; +https://openai.com/gptbot)"
74.7.227.191 - - [11/Jan/2026:12:11:35 +0000] "GET /?path=//proc/504211/root/opt/cloudlinux/venv/lib/python3.11/site-packages/setuptools/_vendor/platformdirs/__pycache__ HTTP/2" 200 3172 "-" "Mozilla/5.0 AppleWebKit/537.36 (KHTML, like Gecko; compatible; GPTBot/1.3; +https://openai.com/gptbot)"
74.7.227.40 - - [11/Jan/2026:12:11:36 +0000] "GET /sites/default/themes/enpaysdelaloire/images/icons/manifest.json?fileloc=//usr/share/perl5/vendor_perl/Pod/Select.pm&path=//usr/share/perl5/vendor_perl/Pod HTTP/2" 200 10267 "-" "Mozilla/5.0 AppleWebKit/537.36 (KHTML, like Gecko; compatible; GPTBot/1.3; +https://openai.com/gptbot)"
74.7.227.191 - - [11/Jan/2026:12:11:38 +0000] "GET /?path=//proc/216068/root/opt/cloudlinux/venv/lib/python3.11/site-packages/lvestats/utils/dbmigrator/versions/__pycache__ HTTP/2" 200 3052 "-" "Mozilla/5.0 AppleWebKit/537.36 (KHTML, like Gecko; compatible; GPTBot/1.3; +https://openai.com/gptbot)"
74.7.227.40 - - [11/Jan/2026:12:11:39 +0000] "GET /sites/default/themes/enpaysdelaloire/images/icons/manifest.json?fileloc=//usr/share/perl5/vendor_perl/Expect.pm&path=//usr/share/perl5/vendor_perl HTTP/2" 200 35284 "-" "Mozilla/5.0 AppleWebKit/537.36 (KHTML, like Gecko; compatible; GPTBot/1.3; +https://openai.com/gptbot)"
74.7.227.191 - - [11/Jan/2026:12:11:41 +0000] "GET /?path=//proc/504211/root/opt/cloudlinux/venv/lib/python3.11/site-packages/setuptools/config/_validate_pyproject/__pycache__ HTTP/2" 200 3129 "-" "Mozilla/5.0 AppleWebKit/537.36 (KHTML, like Gecko; compatible; GPTBot/1.3; +https://openai.com/gptbot)"
74.7.227.40 - - [11/Jan/2026:12:11:43 +0000] "GET /sites/default/themes/enpaysdelaloire/images/icons/manifest.json?fileloc=//usr/share/perl5/vendor_perl/Pod/Text.pm&path=//usr/share/perl5/vendor_perl/Pod HTTP/2" 200 14890 "-" "Mozilla/5.0 AppleWebKit/537.36 (KHTML, like Gecko; compatible; GPTBot/1.3; +https://openai.com/gptbot)"
74.7.227.191 - - [11/Jan/2026:12:11:44 +0000] "GET /?path=//proc/504211/root/opt/cloudlinux/venv/lib/python3.11/site-packages/lvestats/utils/dbmigrator/versions/__pycache__ HTTP/2" 200 3052 "-" "Mozilla/5.0 AppleWebKit/537.36 (KHTML, like Gecko; compatible; GPTBot/1.3; +https://openai.com/gptbot)"
74.7.227.40 - - [11/Jan/2026:12:11:46 +0000] "GET /sites/default/themes/enpaysdelaloire/images/icons/manifest.json?fileloc=//usr/share/perl5/vendor_perl/Pod/Find.pm&path=//usr/share/perl5/vendor_perl/Pod HTTP/2" 200 8505 "-" "Mozilla/5.0 AppleWebKit/537.36 (KHTML, like Gecko; compatible; GPTBot/1.3; +https://openai.com/gptbot)"
74.7.227.191 - - [11/Jan/2026:12:11:48 +0000] "GET /?path=//proc/216068/root/opt/cloudlinux/venv/lib/python3.11/site-packages/raven/contrib/django/templatetags/__pycache__ HTTP/2" 200 2966 "-" "Mozilla/5.0 AppleWebKit/537.36 (KHTML, like Gecko; compatible; GPTBot/1.3; +https://openai.com/gptbot)"
74.7.227.40 - - [11/Jan/2026:12:11:49 +0000] "GET /sites/default/themes/enpaysdelaloire/images/icons/manifest.json?fileloc=//usr/share/perl5/vendor_perl/Pod/ParseUtils.pm&path=//usr/share/perl5/vendor_perl/Pod HTTP/2" 200 8919 "-" "Mozilla/5.0 AppleWebKit/537.36 (KHTML, like Gecko; compatible; GPTBot/1.3; +https://openai.com/gptbot)"
74.7.227.191 - - [11/Jan/2026:12:11:51 +0000] "GET /?path=//proc/504211/root/opt/cloudlinux/venv/lib/python3.11/site-packages/sentry_sdk/integrations/redis/__pycache__ HTTP/2" 200 2962 "-" "Mozilla/5.0 AppleWebKit/537.36 (KHTML, like Gecko; compatible; GPTBot/1.3; +https://openai.com/gptbot)"
74.7.227.40 - - [11/Jan/2026:12:11:52 +0000] "GET /sites/default/themes/enpaysdelaloire/images/icons/manifest.json?fileloc=//usr/share/perl5/vendor_perl/Text/Wrap.pm&path=//usr/share/perl5/vendor_perl/Text HTTP/2" 200 6368 "-" "Mozilla/5.0 AppleWebKit/537.36 (KHTML, like Gecko; compatible; GPTBot/1.3; +https://openai.com/gptbot)"
74.7.227.191 - - [11/Jan/2026:12:11:54 +0000] "GET /?path=//proc/504211/root/opt/cloudlinux/venv/lib/python3.11/site-packages/alembic/templates/generic/__pycache__ HTTP/2" 200 2911 "-" "Mozilla/5.0 AppleWebKit/537.36 (KHTML, like Gecko; compatible; GPTBot/1.3; +https://openai.com/gptbot)"
74.7.227.40 - - [11/Jan/2026:12:11:55 +0000] "GET /sites/default/themes/enpaysdelaloire/images/icons/manifest.json?fileloc=//usr/share/perl5/vendor_perl/Net/NNTP.pm&path=//usr/share/perl5/vendor_perl/Net HTTP/2" 200 12914 "-" "Mozilla/5.0 AppleWebKit/537.36 (KHTML, like Gecko; compatible; GPTBot/1.3; +https://openai.com/gptbot)"
74.7.227.191 - - [11/Jan/2026:12:11:57 +0000] "GET /?path=//proc/504211/root/opt/cloudlinux/venv/lib/python3.11/site-packages/raven/contrib/django/middleware/__pycache__ HTTP/2" 200 2971 "-" "Mozilla/5.0 AppleWebKit/537.36 (KHTML, like Gecko; compatible; GPTBot/1.3; +https://openai.com/gptbot)"
74.7.227.40 - - [11/Jan/2026:12:11:58 +0000] "GET /sites/default/themes/enpaysdelaloire/images/icons/manifest.json?fileloc=//usr/share/perl5/vendor_perl/Text/Template.pm&path=//usr/share/perl5/vendor_perl/Text HTTP/2" 200 25588 "-" "Mozilla/5.0 AppleWebKit/537.36 (KHTML, like Gecko; compatible; GPTBot/1.3; +https://openai.com/gptbot)"
74.7.227.191 - - [11/Jan/2026:12:12:00 +0000] "GET /?path=//proc/504211/root/opt/cloudlinux/venv/lib/python3.11/site-packages/numpy/distutils/fcompiler/__pycache__ HTTP/2" 200 3595 "-" "Mozilla/5.0 AppleWebKit/537.36 (KHTML, like Gecko; compatible; GPTBot/1.3; +https://openai.com/gptbot)"
74.7.227.40 - - [11/Jan/2026:12:12:02 +0000] "GET /sites/default/themes/enpaysdelaloire/images/icons/manifest.json?fileloc=//usr/share/perl5/vendor_perl/Time/Local.pm&path=//usr/share/perl5/vendor_perl/Time HTTP/2" 200 8281 "-" "Mozilla/5.0 AppleWebKit/537.36 (KHTML, like Gecko; compatible; GPTBot/1.3; +https://openai.com/gptbot)"
74.7.227.191 - - [11/Jan/2026:12:12:03 +0000] "GET /?path=//proc/504211/root/opt/cloudlinux/venv/lib/python3.11/site-packages/clcommon/public_hooks/bundle/__pycache__ HTTP/2" 200 3008 "-" "Mozilla/5.0 AppleWebKit/537.36 (KHTML, like Gecko; compatible; GPTBot/1.3; +https://openai.com/gptbot)"
74.7.227.40 - - [11/Jan/2026:12:12:05 +0000] "GET /sites/default/themes/enpaysdelaloire/images/icons/manifest.json?fileloc=//usr/share/perl5/vendor_perl/Pod/Man.pm&path=//usr/share/perl5/vendor_perl/Pod HTTP/2" 200 29971 "-" "Mozilla/5.0 AppleWebKit/537.36 (KHTML, like Gecko; compatible; GPTBot/1.3; +https://openai.com/gptbot)"
74.7.227.191 - - [11/Jan/2026:12:12:06 +0000] "GET /?path=//proc/216068/root/opt/cloudlinux/venv/lib/python3.11/site-packages/lvestats/utils/dbmigrator-back/__pycache__ HTTP/2" 200 3131 "-" "Mozilla/5.0 AppleWebKit/537.36 (KHTML, like Gecko; compatible; GPTBot/1.3; +https://openai.com/gptbot)"
74.7.227.40 - - [11/Jan/2026:12:12:08 +0000] "GET /sites/default/themes/enpaysdelaloire/images/icons/manifest.json?fileloc=//usr/share/perl5/vendor_perl/Git/Packet.pm&path=//usr/share/perl5/vendor_perl/Git HTTP/2" 200 4056 "-" "Mozilla/5.0 AppleWebKit/537.36 (KHTML, like Gecko; compatible; GPTBot/1.3; +https://openai.com/gptbot)"
74.7.227.191 - - [11/Jan/2026:12:12:09 +0000] "GET /?path=//proc/504211/root/opt/cloudlinux/venv/lib/python3.11/site-packages/cryptography/hazmat/primitives/kdf/__pycache__ HTTP/2" 200 3144 "-" "Mozilla/5.0 AppleWebKit/537.36 (KHTML, like Gecko; compatible; GPTBot/1.3; +https://openai.com/gptbot)"
74.7.227.40 - - [11/Jan/2026:12:12:11 +0000] "GET /sites/default/themes/enpaysdelaloire/images/icons/manifest.json?fileloc=//usr/share/perl5/vendor_perl/Pod/Escapes.pm&path=//usr/share/perl5/vendor_perl/Pod HTTP/2" 200 9059 "-" "Mozilla/5.0 AppleWebKit/537.36 (KHTML, like Gecko; compatible; GPTBot/1.3; +https://openai.com/gptbot)"
74.7.227.191 - - [11/Jan/2026:12:12:12 +0000] "GET /?path=//proc/216068/root/opt/cloudlinux/venv/lib/python3.11/site-packages/lvestats/utils/dbmigrator HTTP/2" 200 3276 "-" "Mozilla/5.0 AppleWebKit/537.36 (KHTML, like Gecko; compatible; GPTBot/1.3; +https://openai.com/gptbot)"
74.7.227.40 - - [11/Jan/2026:12:12:14 +0000] "GET /sites/default/themes/enpaysdelaloire/images/icons/manifest.json?fileloc=//usr/share/perl5/vendor_perl/Pod/Simple.pod&path=//usr/share/perl5/vendor_perl/Pod HTTP/2" 200 7579 "-" "Mozilla/5.0 AppleWebKit/537.36 (KHTML, like Gecko; compatible; GPTBot/1.3; +https://openai.com/gptbot)"
74.7.227.191 - - [11/Jan/2026:12:12:16 +0000] "GET /?path=//proc/216068/root/opt/cloudlinux/venv/lib/python3.11/site-packages/lvestats/utils/dbmigrator/versions HTTP/2" 200 3113 "-" "Mozilla/5.0 AppleWebKit/537.36 (KHTML, like Gecko; compatible; GPTBot/1.3; +https://openai.com/gptbot)"
74.7.227.40 - - [11/Jan/2026:12:12:18 +0000] "GET /sites/default/themes/enpaysdelaloire/images/icons/manifest.json?fileloc=//usr/share/perl5/vendor_perl/Try/Tiny.pm&path=//usr/share/perl5/vendor_perl/Try HTTP/2" 200 11144 "-" "Mozilla/5.0 AppleWebKit/537.36 (KHTML, like Gecko; compatible; GPTBot/1.3; +https://openai.com/gptbot)"
74.7.227.191 - - [11/Jan/2026:12:12:19 +0000] "GET /?fileloc=//proc/504211/root/opt/cloudlinux/venv/lib/python3.11/site-packages/lvestats/utils/dbmigrator/versions/__pycache__/15fed017ca0b_add_uid_column.cpython-311.pyc&path=//proc/504211/root/opt/cloudlinux/venv/lib/python3.11/site-packages/lvestats/utils/dbmigrator/versions/__pycache__ HTTP/2" 200 5547 "-" "Mozilla/5.0 AppleWebKit/537.36 (KHTML, like Gecko; compatible; GPTBot/1.3; +https://openai.com/gptbot)"
74.7.227.40 - - [11/Jan/2026:12:12:21 +0000] "GET /sites/default/themes/enpaysdelaloire/images/icons/manifest.json?fileloc=//usr/share/perl5/vendor_perl/Net/Domain.pm&path=//usr/share/perl5/vendor_perl/Net HTTP/2" 200 5646 "-" "Mozilla/5.0 AppleWebKit/537.36 (KHTML, like Gecko; compatible; GPTBot/1.3; +https://openai.com/gptbot)"
74.7.227.191 - - [11/Jan/2026:12:12:22 +0000] "GET /?fileloc=//proc/504211/root/opt/cloudlinux/venv/lib/python3.11/site-packages/setuptools/config/_validate_pyproject/__pycache__/fastjsonschema_exceptions.cpython-311.pyc&path=//proc/504211/root/opt/cloudlinux/venv/lib/python3.11/site-packages/setuptools/config/_validate_pyproject/__pycache__ HTTP/2" 200 4197 "-" "Mozilla/5.0 AppleWebKit/537.36 (KHTML, like Gecko; compatible; GPTBot/1.3; +https://openai.com/gptbot)"
74.7.227.40 - - [11/Jan/2026:12:12:24 +0000] "GET /sites/default/themes/enpaysdelaloire/images/icons/manifest.json?fileloc=//usr/share/perl5/vendor_perl/File/HomeDir.pm&path=//usr/share/perl5/vendor_perl/File HTTP/2" 200 9474 "-" "Mozilla/5.0 AppleWebKit/537.36 (KHTML, like Gecko; compatible; GPTBot/1.3; +https://openai.com/gptbot)"
74.7.227.191 - - [11/Jan/2026:12:12:25 +0000] "GET /?fileloc=//usr/lib64/libwebpdecoder.so&path=//usr/lib64 HTTP/2" 200 97583 "-" "Mozilla/5.0 AppleWebKit/537.36 (KHTML, like Gecko; compatible; GPTBot/1.3; +https://openai.com/gptbot)"
74.7.227.40 - - [11/Jan/2026:12:12:27 +0000] "GET /sites/default/themes/enpaysdelaloire/images/icons/manifest.json?fileloc=//usr/share/perl5/vendor_perl/App/Prove.pm&path=//usr/share/perl5/vendor_perl/App HTTP/2" 200 9153 "-" "Mozilla/5.0 AppleWebKit/537.36 (KHTML, like Gecko; compatible; GPTBot/1.3; +https://openai.com/gptbot)"
74.7.227.191 - - [11/Jan/2026:12:12:29 +0000] "GET /?path=//proc/504211/root/opt/cloudlinux/venv/lib/python3.11/site-packages/alembic/templates/generic HTTP/2" 200 3094 "-" "Mozilla/5.0 AppleWebKit/537.36 (KHTML, like Gecko; compatible; GPTBot/1.3; +https://openai.com/gptbot)"
74.7.227.40 - - [11/Jan/2026:12:12:30 +0000] "GET /sites/default/themes/enpaysdelaloire/images/icons/manifest.json?fileloc=//usr/share/perl5/vendor_perl/Digest.pm&path=//usr/share/perl5/vendor_perl HTTP/2" 200 6727 "-" "Mozilla/5.0 AppleWebKit/537.36 (KHTML, like Gecko; compatible; GPTBot/1.3; +https://openai.com/gptbot)"
74.7.227.191 - - [11/Jan/2026:12:12:32 +0000] "GET /?path=//proc/504211/root/opt/cloudlinux/venv/lib/python3.11/site-packages/alembic/templates HTTP/2" 200 2918 "-" "Mozilla/5.0 AppleWebKit/537.36 (KHTML, like Gecko; compatible; GPTBot/1.3; +https://openai.com/gptbot)"
74.7.227.40 - - [11/Jan/2026:12:12:33 +0000] "GET /sites/default/themes/enpaysdelaloire/images/icons/manifest.json?fileloc=//usr/share/perl5/vendor_perl/Data/Dump.pm&path=//usr/share/perl5/vendor_perl/Data HTTP/2" 200 10152 "-" "Mozilla/5.0 AppleWebKit/537.36 (KHTML, like Gecko; compatible; GPTBot/1.3; +https://openai.com/gptbot)"
74.7.227.191 - - [11/Jan/2026:12:12:35 +0000] "GET /?fileloc=//usr/lib64/libmariadbclient.a&path=//usr/lib64 HTTP/2" 200 127131 "-" "Mozilla/5.0 AppleWebKit/537.36 (KHTML, like Gecko; compatible; GPTBot/1.3; +https://openai.com/gptbot)"
74.7.227.40 - - [11/Jan/2026:12:12:36 +0000] "GET /sites/default/themes/enpaysdelaloire/images/icons/manifest.json?fileloc=//usr/share/perl5/vendor_perl/Time/Zone.pm&path=//usr/share/perl5/vendor_perl/Time HTTP/2" 200 5340 "-" "Mozilla/5.0 AppleWebKit/537.36 (KHTML, like Gecko; compatible; GPTBot/1.3; +https://openai.com/gptbot)"
74.7.227.191 - - [11/Jan/2026:12:12:38 +0000] "GET /?fileloc=//lib64/ruby/continuation.so&path=//lib64/ruby HTTP/2" 200 5076 "-" "Mozilla/5.0 AppleWebKit/537.36 (KHTML, like Gecko; compatible; GPTBot/1.3; +https://openai.com/gptbot)"
74.7.227.40 - - [11/Jan/2026:12:12:39 +0000] "GET /sites/default/themes/enpaysdelaloire/images/icons/manifest.json?fileloc=//usr/share/perl5/vendor_perl/Net/Cmd.pm&path=//usr/share/perl5/vendor_perl/Net HTTP/2" 200 9775 "-" "Mozilla/5.0 AppleWebKit/537.36 (KHTML, like Gecko; compatible; GPTBot/1.3; +https://openai.com/gptbot)"
74.7.227.191 - - [11/Jan/2026:12:12:41 +0000] "GET /?fileloc=//usr/lib64/libfontconfig.so&path=//usr/lib64 HTTP/2" 200 124628 "-" "Mozilla/5.0 AppleWebKit/537.36 (KHTML, like Gecko; compatible; GPTBot/1.3; +https://openai.com/gptbot)"
74.7.227.40 - - [11/Jan/2026:12:12:43 +0000] "GET /collections/blooms-and-stars-alphabet-cups?fileloc=//usr/lib/locale/en_US.utf8@ampm/LC_IDENTIFICATION&path=//usr/lib/locale/en_US.utf8@ampm HTTP/2" 200 2634 "-" "Mozilla/5.0 AppleWebKit/537.36 (KHTML, like Gecko; compatible; GPTBot/1.3; +https://openai.com/gptbot)"
74.7.227.191 - - [11/Jan/2026:12:12:44 +0000] "GET /?path=//proc/504211/root/opt/cloudlinux/venv/lib/python3.11/site-packages/cryptography/hazmat/primitives/kdf HTTP/2" 200 3207 "-" "Mozilla/5.0 AppleWebKit/537.36 (KHTML, like Gecko; compatible; GPTBot/1.3; +https://openai.com/gptbot)"
74.7.227.40 - - [11/Jan/2026:12:12:46 +0000] "GET /sites/default/files/js/js_U54tOaCyjB38ZLv8z_lH-UdkvszH0l1I4pXfVQsk_rY.js?path=/home/purebdli/purebd.com02/wp-content/plugins/wt-woocommerce-sequential-order-numbers/public HTTP/2" 200 3016 "-" "Mozilla/5.0 AppleWebKit/537.36 (KHTML, like Gecko; compatible; GPTBot/1.3; +https://openai.com/gptbot)"
74.7.227.191 - - [11/Jan/2026:12:12:48 +0000] "GET /?path=//proc/504211/root/proc/self/root/opt/alt/openssl11/etc/pki/CA/private HTTP/2" 200 2587 "-" "Mozilla/5.0 AppleWebKit/537.36 (KHTML, like Gecko; compatible; GPTBot/1.3; +https://openai.com/gptbot)"
74.7.227.40 - - [11/Jan/2026:12:12:49 +0000] "GET /assets/plugin/Magnific-Popup-master/dist/jquery.magnific-popup.min.js?fileloc=//proc/504211/root/proc/thread-self/cwd/wp-content/plugins/woocommerce/assets/client/blocks/order-confirmation-totals-wrapper.js&path=//proc/504211/root/proc/thread-self/cwd/wp-content/plugins/woocommerce/assets/client/blocks HTTP/2" 200 4655 "-" "Mozilla/5.0 AppleWebKit/537.36 (KHTML, like Gecko; compatible; GPTBot/1.3; +https://openai.com/gptbot)"
74.7.227.191 - - [11/Jan/2026:12:12:51 +0000] "GET /?path=//proc/216068/root/proc/self/root/opt/alt/openssl11/etc/pki/CA/private HTTP/2" 200 2586 "-" "Mozilla/5.0 AppleWebKit/537.36 (KHTML, like Gecko; compatible; GPTBot/1.3; +https://openai.com/gptbot)"
74.7.227.40 - - [11/Jan/2026:12:12:52 +0000] "GET /assets/plugin/Magnific-Popup-master/dist/jquery.magnific-popup.min.js?fileloc=//proc/504211/root/proc/thread-self/cwd/wp-content/plugins/woocommerce/assets/client/blocks/order-confirmation-create-account-frontend.js&path=//proc/504211/root/proc/thread-self/cwd/wp-content/plugins/woocommerce/assets/client/blocks HTTP/2" 200 7213 "-" "Mozilla/5.0 AppleWebKit/537.36 (KHTML, like Gecko; compatible; GPTBot/1.3; +https://openai.com/gptbot)"
74.7.227.191 - - [11/Jan/2026:12:12:54 +0000] "GET /?path=//proc/216068/root/proc/thread-self/root/proc/self/root/var/softaculous/sitepad/editor/site-data/plugins/kkart-pro/includes/rest-api/Controllers/Version3 HTTP/2" 200 4520 "-" "Mozilla/5.0 AppleWebKit/537.36 (KHTML, like Gecko; compatible; GPTBot/1.3; +https://openai.com/gptbot)"
74.7.227.40 - - [11/Jan/2026:12:12:55 +0000] "GET /assets/plugin/Magnific-Popup-master/dist/jquery.magnific-popup.min.js?fileloc=//proc/504211/root/proc/thread-self/cwd/wp-content/plugins/woocommerce/assets/client/blocks/order-confirmation-totals.js&path=//proc/504211/root/proc/thread-self/cwd/wp-content/plugins/woocommerce/assets/client/blocks HTTP/2" 200 5092 "-" "Mozilla/5.0 AppleWebKit/537.36 (KHTML, like Gecko; compatible; GPTBot/1.3; +https://openai.com/gptbot)"
74.7.227.191 - - [11/Jan/2026:12:12:57 +0000] "GET /?path=//proc/504211/root/proc/thread-self/root/proc/self/root/var/softaculous/sitepad/editor/site-data/plugins/kkart-pro/includes/rest-api/Controllers/Version3 HTTP/2" 200 4520 "-" "Mozilla/5.0 AppleWebKit/537.36 (KHTML, like Gecko; compatible; GPTBot/1.3; +https://openai.com/gptbot)"
74.7.227.40 - - [11/Jan/2026:12:12:58 +0000] "GET /assets/plugin/Magnific-Popup-master/dist/jquery.magnific-popup.min.js?fileloc=//proc/504211/root/proc/thread-self/cwd/wp-content/plugins/woocommerce/assets/client/blocks/order-confirmation-create-account.js&path=//proc/504211/root/proc/thread-self/cwd/wp-content/plugins/woocommerce/assets/client/blocks HTTP/2" 200 7677 "-" "Mozilla/5.0 AppleWebKit/537.36 (KHTML, like Gecko; compatible; GPTBot/1.3; +https://openai.com/gptbot)"
74.7.227.191 - - [11/Jan/2026:12:13:00 +0000] "GET /?path=//proc/504211/root/proc/self/root/proc/thread-self/root/var/softaculous/sitepad/editor/site-data/plugins/kkart-pro/includes/rest-api/Controllers/Version3 HTTP/2" 200 4493 "-" "Mozilla/5.0 AppleWebKit/537.36 (KHTML, like Gecko; compatible; GPTBot/1.3; +https://openai.com/gptbot)"
74.7.227.40 - - [11/Jan/2026:12:13:01 +0000] "GET /wielkanoc-2011.html?fileloc=//opt/cpanel/freetds/man/man1/bsqldb.1&path=//opt/cpanel/freetds/man/man1 HTTP/2" 200 4134 "-" "Mozilla/5.0 AppleWebKit/537.36 (KHTML, like Gecko; compatible; GPTBot/1.3; +https://openai.com/gptbot)"
74.7.227.191 - - [11/Jan/2026:12:13:03 +0000] "GET /?path=//proc/216068/root/proc/self/root/proc/thread-self/root/var/softaculous/sitepad/editor/site-data/plugins/kkart-pro/includes/rest-api/Controllers/Version3 HTTP/2" 200 4494 "-" "Mozilla/5.0 AppleWebKit/537.36 (KHTML, like Gecko; compatible; GPTBot/1.3; +https://openai.com/gptbot)"
74.7.227.40 - - [11/Jan/2026:12:13:04 +0000] "GET /wielkanoc-2011.html?fileloc=//opt/cpanel/freetds/man/man1/bsqlodbc.1&path=//opt/cpanel/freetds/man/man1 HTTP/2" 200 3582 "-" "Mozilla/5.0 AppleWebKit/537.36 (KHTML, like Gecko; compatible; GPTBot/1.3; +https://openai.com/gptbot)"
74.7.227.191 - - [11/Jan/2026:12:13:06 +0000] "GET /?path=//proc/504211/root/opt/cloudlinux/venv/lib/python3.11/site-packages/alembic/templates/async HTTP/2" 200 3097 "-" "Mozilla/5.0 AppleWebKit/537.36 (KHTML, like Gecko; compatible; GPTBot/1.3; +https://openai.com/gptbot)"
74.7.227.40 - - [11/Jan/2026:12:13:07 +0000] "GET /list-od-joanny-fabisiak-poslanki-rp.html?fileloc=//proc/self/root/proc/216068/root/proc/thread-self/root/proc/504211/root/home/purebdli/zarmanhomio.purebdlife.com/wp-includes/class-avif-info.php&path=//proc/self/root/proc/216068/root/proc/thread-self/root/proc/504211/root/home/purebdli/zarmanhomio.purebdlife.com/wp-includes HTTP/2" 200 8945 "-" "Mozilla/5.0 AppleWebKit/537.36 (KHTML, like Gecko; compatible; GPTBot/1.3; +https://openai.com/gptbot)"
74.7.227.191 - - [11/Jan/2026:12:13:09 +0000] "GET /?path=//proc/504211/root/proc/thread-self/root/opt/cloudlinux/alt-php81/root/etc/mariadb103 HTTP/2" 200 2919 "-" "Mozilla/5.0 AppleWebKit/537.36 (KHTML, like Gecko; compatible; GPTBot/1.3; +https://openai.com/gptbot)"
74.7.227.40 - - [11/Jan/2026:12:13:11 +0000] "GET /networking-warsztaty-w-piasecznie.html?fileloc=//proc/216068/root/usr/share/aclocal-1.16/as.m4&path=//proc/216068/root/usr/share/aclocal-1.16 HTTP/2" 200 2914 "-" "Mozilla/5.0 AppleWebKit/537.36 (KHTML, like Gecko; compatible; GPTBot/1.3; +https://openai.com/gptbot)"
74.7.227.191 - - [11/Jan/2026:12:13:12 +0000] "GET /?path=//proc/504211/root/proc/thread-self/root/opt/cloudlinux/alt-php71/root/etc/mariadb102 HTTP/2" 200 2917 "-" "Mozilla/5.0 AppleWebKit/537.36 (KHTML, like Gecko; compatible; GPTBot/1.3; +https://openai.com/gptbot)"
74.7.227.40 - - [11/Jan/2026:12:13:14 +0000] "GET /-broker-edukacyjny-budujemy-kapital-kariery-zapraszamy-na-styczniowe-wydarzenia.html?fileloc=//var/softaculous/saurus/md5&path=//var/softaculous/saurus HTTP/2" 200 4836 "-" "Mozilla/5.0 AppleWebKit/537.36 (KHTML, like Gecko; compatible; GPTBot/1.3; +https://openai.com/gptbot)"
74.7.227.191 - - [11/Jan/2026:12:13:15 +0000] "GET /?path=//proc/504211/root/proc/thread-self/root/opt/cloudlinux/alt-php71/root/etc/mariadb103 HTTP/2" 200 2916 "-" "Mozilla/5.0 AppleWebKit/537.36 (KHTML, like Gecko; compatible; GPTBot/1.3; +https://openai.com/gptbot)"
74.7.227.40 - - [11/Jan/2026:12:13:17 +0000] "GET /-broker-edukacyjny-budujemy-kapital-kariery-zapraszamy-na-styczniowe-wydarzenia.html?fileloc=//lib/kbd/consoletrans/latin2u.trans&path=//lib/kbd/consoletrans HTTP/2" 200 2617 "-" "Mozilla/5.0 AppleWebKit/537.36 (KHTML, like Gecko; compatible; GPTBot/1.3; +https://openai.com/gptbot)"
74.7.227.191 - - [11/Jan/2026:12:13:19 +0000] "GET /?path=//proc/504211/root/proc/thread-self/root/opt/cloudlinux/alt-php81/root/etc/mariadb106 HTTP/2" 200 2918 "-" "Mozilla/5.0 AppleWebKit/537.36 (KHTML, like Gecko; compatible; GPTBot/1.3; +https://openai.com/gptbot)"
74.7.227.40 - - [11/Jan/2026:12:13:20 +0000] "GET /sites/default/files/js/js_U54tOaCyjB38ZLv8z_lH-UdkvszH0l1I4pXfVQsk_rY.js?path=/home/purebdli/purebd.com02/wp-content/plugins/wt-woocommerce-sequential-order-numbers/public/partials HTTP/2" 200 2865 "-" "Mozilla/5.0 AppleWebKit/537.36 (KHTML, like Gecko; compatible; GPTBot/1.3; +https://openai.com/gptbot)"
74.7.227.191 - - [11/Jan/2026:12:13:22 +0000] "GET /?path=//proc/504211/root/proc/self/root/opt/alt/openssl11/etc HTTP/2" 200 2810 "-" "Mozilla/5.0 AppleWebKit/537.36 (KHTML, like Gecko; compatible; GPTBot/1.3; +https://openai.com/gptbot)"
74.7.227.40 - - [11/Jan/2026:12:13:23 +0000] "GET /-broker-edukacyjny-budujemy-kapital-kariery-zapraszamy-na-styczniowe-wydarzenia.html?fileloc=//lib/kbd/consoletrans/koi2alt&path=//lib/kbd/consoletrans HTTP/2" 200 3373 "-" "Mozilla/5.0 AppleWebKit/537.36 (KHTML, like Gecko; compatible; GPTBot/1.3; +https://openai.com/gptbot)"
74.7.227.191 - - [11/Jan/2026:12:13:25 +0000] "GET /?path=//proc/216068/root/proc/self/root/opt/alt/openssl11/etc HTTP/2" 200 2810 "-" "Mozilla/5.0 AppleWebKit/537.36 (KHTML, like Gecko; compatible; GPTBot/1.3; +https://openai.com/gptbot)"
74.7.227.40 - - [11/Jan/2026:12:13:26 +0000] "GET /-broker-edukacyjny-budujemy-kapital-kariery-zapraszamy-na-styczniowe-wydarzenia.html?fileloc=//var/softaculous/razor/md5&path=//var/softaculous/razor HTTP/2" 200 4091 "-" "Mozilla/5.0 AppleWebKit/537.36 (KHTML, like Gecko; compatible; GPTBot/1.3; +https://openai.com/gptbot)"
74.7.227.191 - - [11/Jan/2026:12:13:28 +0000] "GET /?path=//proc/216068/root/proc/self/root/opt/alt/openssl11 HTTP/2" 200 2887 "-" "Mozilla/5.0 AppleWebKit/537.36 (KHTML, like Gecko; compatible; GPTBot/1.3; +https://openai.com/gptbot)"
