74.7.227.40 - - [11/Jan/2026:14:13:00 +0000] "GET /assets/plugin/Magnific-Popup-master/dist/jquery.magnific-popup.min.js?path=//proc/504211/root/proc/thread-self/root/lib/firmware/qcom/apq8096 HTTP/2" 200 3051 "-" "Mozilla/5.0 AppleWebKit/537.36 (KHTML, like Gecko; compatible; GPTBot/1.3; +https://openai.com/gptbot)"
74.7.227.191 - - [11/Jan/2026:14:13:00 +0000] "GET /?path=//proc/504211/root/proc/thread-self/root/proc/self/root/lib/rpm/platform/ppc64iseries-linux HTTP/2" 200 2866 "-" "Mozilla/5.0 AppleWebKit/537.36 (KHTML, like Gecko; compatible; GPTBot/1.3; +https://openai.com/gptbot)"
74.7.227.40 - - [11/Jan/2026:14:13:03 +0000] "GET /assets/plugin/Magnific-Popup-master/dist/jquery.magnific-popup.min.js?path=//proc/504211/root/proc/thread-self/root/var/lib/mysql/gvscom_wp5473 HTTP/2" 200 2570 "-" "Mozilla/5.0 AppleWebKit/537.36 (KHTML, like Gecko; compatible; GPTBot/1.3; +https://openai.com/gptbot)"
74.7.227.191 - - [11/Jan/2026:14:13:04 +0000] "GET /?path=//proc/504211/root/proc/thread-self/root/proc/self/root/lib/rpm/platform/ppc64pseries-linux HTTP/2" 200 2867 "-" "Mozilla/5.0 AppleWebKit/537.36 (KHTML, like Gecko; compatible; GPTBot/1.3; +https://openai.com/gptbot)"
74.7.227.40 - - [11/Jan/2026:14:13:06 +0000] "GET /assets/plugin/Magnific-Popup-master/dist/jquery.magnific-popup.min.js?path=//proc/216068/root/proc/thread-self/root/usr/lib/firmware/RTL8192E HTTP/2" 200 2926 "-" "Mozilla/5.0 AppleWebKit/537.36 (KHTML, like Gecko; compatible; GPTBot/1.3; +https://openai.com/gptbot)"
74.7.227.191 - - [11/Jan/2026:14:13:07 +0000] "GET /?path=//proc/216068/root/proc/thread-self/root/proc/self/root/lib/rpm/platform/ppc64iseries-linux HTTP/2" 200 2868 "-" "Mozilla/5.0 AppleWebKit/537.36 (KHTML, like Gecko; compatible; GPTBot/1.3; +https://openai.com/gptbot)"
74.7.227.40 - - [11/Jan/2026:14:13:09 +0000] "GET /assets/plugin/Magnific-Popup-master/dist/jquery.magnific-popup.min.js?path=//proc/504211/root/proc/thread-self/root/var/lib/mysql/prakrit1_wp826 HTTP/2" 200 2569 "-" "Mozilla/5.0 AppleWebKit/537.36 (KHTML, like Gecko; compatible; GPTBot/1.3; +https://openai.com/gptbot)"
74.7.227.191 - - [11/Jan/2026:14:13:10 +0000] "GET /?path=//proc/504211/root/proc/thread-self/root/proc/self/root/proc/sys/net/core HTTP/2" 200 3904 "-" "Mozilla/5.0 AppleWebKit/537.36 (KHTML, like Gecko; compatible; GPTBot/1.3; +https://openai.com/gptbot)"
74.7.227.40 - - [11/Jan/2026:14:13:12 +0000] "GET /assets/plugin/Magnific-Popup-master/dist/jquery.magnific-popup.min.js?path=//proc/216068/root/proc/thread-self/root/var/lib/mysql/islamic4_wp876 HTTP/2" 200 2569 "-" "Mozilla/5.0 AppleWebKit/537.36 (KHTML, like Gecko; compatible; GPTBot/1.3; +https://openai.com/gptbot)"
74.7.227.191 - - [11/Jan/2026:14:13:14 +0000] "GET /?path=//proc/216068/root/proc/thread-self/root/proc/self/root/proc/net/stat HTTP/2" 200 2940 "-" "Mozilla/5.0 AppleWebKit/537.36 (KHTML, like Gecko; compatible; GPTBot/1.3; +https://openai.com/gptbot)"
74.7.227.40 - - [11/Jan/2026:14:13:15 +0000] "GET /assets/plugin/Magnific-Popup-master/dist/jquery.magnific-popup.min.js?path=//proc/504211/root/proc/self/root/lib/kbd/keymaps/legacy/i386/olpc HTTP/2" 200 2908 "-" "Mozilla/5.0 AppleWebKit/537.36 (KHTML, like Gecko; compatible; GPTBot/1.3; +https://openai.com/gptbot)"
74.7.227.191 - - [11/Jan/2026:14:13:17 +0000] "GET /?path=//proc/504211/root/proc/self/root/proc/thread-self/root/proc/self/net HTTP/2" 200 4152 "-" "Mozilla/5.0 AppleWebKit/537.36 (KHTML, like Gecko; compatible; GPTBot/1.3; +https://openai.com/gptbot)"
74.7.227.40 - - [11/Jan/2026:14:13:18 +0000] "GET /assets/plugin/Magnific-Popup-master/dist/jquery.magnific-popup.min.js?path=//proc/216068/root/proc/thread-self/root/var/lib/mysql/shoppin1_wp459 HTTP/2" 200 2568 "-" "Mozilla/5.0 AppleWebKit/537.36 (KHTML, like Gecko; compatible; GPTBot/1.3; +https://openai.com/gptbot)"
74.7.227.191 - - [11/Jan/2026:14:13:20 +0000] "GET /?path=//proc/504211/root/proc/thread-self/root/proc/self/root/proc/net/stat HTTP/2" 200 2940 "-" "Mozilla/5.0 AppleWebKit/537.36 (KHTML, like Gecko; compatible; GPTBot/1.3; +https://openai.com/gptbot)"
74.7.227.40 - - [11/Jan/2026:14:13:21 +0000] "GET /assets/plugin/Magnific-Popup-master/dist/jquery.magnific-popup.min.js?path=//proc/504211/root/proc/thread-self/root/var/lib/mysql/aowsafc1_wp747 HTTP/2" 200 2568 "-" "Mozilla/5.0 AppleWebKit/537.36 (KHTML, like Gecko; compatible; GPTBot/1.3; +https://openai.com/gptbot)"
74.7.227.191 - - [11/Jan/2026:14:13:23 +0000] "GET /?path=//proc/504211/root/proc/self/root/proc/thread-self/root/proc/sys/net/core HTTP/2" 200 3908 "-" "Mozilla/5.0 AppleWebKit/537.36 (KHTML, like Gecko; compatible; GPTBot/1.3; +https://openai.com/gptbot)"
74.7.227.40 - - [11/Jan/2026:14:13:24 +0000] "GET /assets/plugin/Magnific-Popup-master/dist/jquery.magnific-popup.min.js?path=//proc/216068/root/proc/thread-self/root/var/lib/mysql/gvscom_wp5473 HTTP/2" 200 2570 "-" "Mozilla/5.0 AppleWebKit/537.36 (KHTML, like Gecko; compatible; GPTBot/1.3; +https://openai.com/gptbot)"
74.7.227.191 - - [11/Jan/2026:14:13:26 +0000] "GET /?path=//proc/216068/root/proc/self/root/proc/thread-self/root/proc/self/net HTTP/2" 200 4153 "-" "Mozilla/5.0 AppleWebKit/537.36 (KHTML, like Gecko; compatible; GPTBot/1.3; +https://openai.com/gptbot)"
74.7.227.40 - - [11/Jan/2026:14:13:27 +0000] "GET /assets/plugin/Magnific-Popup-master/dist/jquery.magnific-popup.min.js?path=//proc/504211/root/proc/thread-self/root/usr/lib/firmware/RTL8192E HTTP/2" 200 2926 "-" "Mozilla/5.0 AppleWebKit/537.36 (KHTML, like Gecko; compatible; GPTBot/1.3; +https://openai.com/gptbot)"
74.7.227.191 - - [11/Jan/2026:14:13:29 +0000] "GET /?path=//proc/1280235/root/usr/lib/firmware/av7110 HTTP/2" 200 2533 "-" "Mozilla/5.0 AppleWebKit/537.36 (KHTML, like Gecko; compatible; GPTBot/1.3; +https://openai.com/gptbot)"
74.7.227.40 - - [11/Jan/2026:14:13:31 +0000] "GET /assets/plugin/Magnific-Popup-master/dist/jquery.magnific-popup.min.js?path=//proc/504211/root/proc/thread-self/root/var/lib/mysql/shoppin1_wp459 HTTP/2" 200 2567 "-" "Mozilla/5.0 AppleWebKit/537.36 (KHTML, like Gecko; compatible; GPTBot/1.3; +https://openai.com/gptbot)"
74.7.227.191 - - [11/Jan/2026:14:13:32 +0000] "GET /?fileloc=//var/softaculous/readerself/md5&path=//var/softaculous/readerself HTTP/2" 200 3945 "-" "Mozilla/5.0 AppleWebKit/537.36 (KHTML, like Gecko; compatible; GPTBot/1.3; +https://openai.com/gptbot)"
74.7.227.40 - - [11/Jan/2026:14:13:34 +0000] "GET /assets/plugin/Magnific-Popup-master/dist/jquery.magnific-popup.min.js?fileloc=//proc/504211/root/proc/thread-self/root/lib/firmware/qcom/apq8096/a530_zap.mbn&path=//proc/504211/root/proc/thread-self/root/lib/firmware/qcom/apq8096 HTTP/2" 200 6414 "-" "Mozilla/5.0 AppleWebKit/537.36 (KHTML, like Gecko; compatible; GPTBot/1.3; +https://openai.com/gptbot)"
74.7.227.191 - - [11/Jan/2026:14:13:35 +0000] "GET /?path=//proc/504211/root/proc/self/root/opt/alt/ruby18/lib64/ruby/1.8/net HTTP/2" 200 3162 "-" "Mozilla/5.0 AppleWebKit/537.36 (KHTML, like Gecko; compatible; GPTBot/1.3; +https://openai.com/gptbot)"
74.7.227.40 - - [11/Jan/2026:14:13:37 +0000] "GET /assets/plugin/Magnific-Popup-master/dist/jquery.magnific-popup.min.js?path=//proc/216068/root/proc/thread-self/root/var/lib/mysql/shodesh1_wp908 HTTP/2" 200 2570 "-" "Mozilla/5.0 AppleWebKit/537.36 (KHTML, like Gecko; compatible; GPTBot/1.3; +https://openai.com/gptbot)"
74.7.227.191 - - [11/Jan/2026:14:13:38 +0000] "GET /?path=//proc/216068/root/proc/self/root/opt/alt/ruby18/lib64/ruby/1.8/net HTTP/2" 200 3162 "-" "Mozilla/5.0 AppleWebKit/537.36 (KHTML, like Gecko; compatible; GPTBot/1.3; +https://openai.com/gptbot)"
74.7.227.40 - - [11/Jan/2026:14:13:40 +0000] "GET /assets/plugin/Magnific-Popup-master/dist/jquery.magnific-popup.min.js?fileloc=//proc/216068/root/proc/thread-self/root/usr/lib/firmware/RTL8192E/main.img&path=//proc/216068/root/proc/thread-self/root/usr/lib/firmware/RTL8192E HTTP/2" 200 23945 "-" "Mozilla/5.0 AppleWebKit/537.36 (KHTML, like Gecko; compatible; GPTBot/1.3; +https://openai.com/gptbot)"
74.7.227.191 - - [11/Jan/2026:14:13:42 +0000] "GET /?fileloc=//usr/lib64/libct.so.4.0.0&path=//usr/lib64 HTTP/2" 200 169855 "-" "Mozilla/5.0 AppleWebKit/537.36 (KHTML, like Gecko; compatible; GPTBot/1.3; +https://openai.com/gptbot)"
74.7.227.40 - - [11/Jan/2026:14:13:43 +0000] "GET /assets/plugin/Magnific-Popup-master/dist/jquery.magnific-popup.min.js?path=//proc/216068/root/proc/thread-self/root/var/lib/mysql/prakrit1_wp927 HTTP/2" 200 2569 "-" "Mozilla/5.0 AppleWebKit/537.36 (KHTML, like Gecko; compatible; GPTBot/1.3; +https://openai.com/gptbot)"
74.7.227.191 - - [11/Jan/2026:14:13:45 +0000] "GET /?fileloc=//proc/504211/root/proc/thread-self/root/proc/self/root/proc/sys/net/core/netdev_tstamp_prequeue&path=//proc/504211/root/proc/thread-self/root/proc/self/root/proc/sys/net/core HTTP/2" 200 2532 "-" "Mozilla/5.0 AppleWebKit/537.36 (KHTML, like Gecko; compatible; GPTBot/1.3; +https://openai.com/gptbot)"
74.7.227.40 - - [11/Jan/2026:14:13:46 +0000] "GET /assets/plugin/Magnific-Popup-master/dist/jquery.magnific-popup.min.js?path=//proc/216068/root/proc/thread-self/root/var/lib/mysql/onlines1_wp580 HTTP/2" 200 2569 "-" "Mozilla/5.0 AppleWebKit/537.36 (KHTML, like Gecko; compatible; GPTBot/1.3; +https://openai.com/gptbot)"
74.7.227.191 - - [11/Jan/2026:14:13:48 +0000] "GET /?fileloc=//proc/504211/root/proc/thread-self/root/proc/self/root/proc/sys/net/core/somaxconn&path=//proc/504211/root/proc/thread-self/root/proc/self/root/proc/sys/net/core HTTP/2" 200 2525 "-" "Mozilla/5.0 AppleWebKit/537.36 (KHTML, like Gecko; compatible; GPTBot/1.3; +https://openai.com/gptbot)"
74.7.227.40 - - [11/Jan/2026:14:13:49 +0000] "GET /assets/plugin/Magnific-Popup-master/dist/jquery.magnific-popup.min.js?path=//proc/504211/root/proc/self/root/var/lib/mysql/kalerchitra_wp4702 HTTP/2" 200 2568 "-" "Mozilla/5.0 AppleWebKit/537.36 (KHTML, like Gecko; compatible; GPTBot/1.3; +https://openai.com/gptbot)"
74.7.227.191 - - [11/Jan/2026:14:13:51 +0000] "GET /?fileloc=//proc/504211/root/proc/self/root/proc/thread-self/root/proc/self/net/snmp&path=//proc/504211/root/proc/self/root/proc/thread-self/root/proc/self/net HTTP/2" 200 3253 "-" "Mozilla/5.0 AppleWebKit/537.36 (KHTML, like Gecko; compatible; GPTBot/1.3; +https://openai.com/gptbot)"
74.7.227.40 - - [11/Jan/2026:14:13:52 +0000] "GET /assets/plugin/Magnific-Popup-master/dist/jquery.magnific-popup.min.js?path=//proc/504211/root/proc/thread-self/root/var/lib/mysql/natural5_wp415 HTTP/2" 200 2570 "-" "Mozilla/5.0 AppleWebKit/537.36 (KHTML, like Gecko; compatible; GPTBot/1.3; +https://openai.com/gptbot)"
74.7.227.191 - - [11/Jan/2026:14:13:54 +0000] "GET /?fileloc=//proc/504211/root/proc/self/root/proc/thread-self/root/proc/self/net/tcp6&path=//proc/504211/root/proc/self/root/proc/thread-self/root/proc/self/net HTTP/2" 200 3230 "-" "Mozilla/5.0 AppleWebKit/537.36 (KHTML, like Gecko; compatible; GPTBot/1.3; +https://openai.com/gptbot)"
74.7.227.40 - - [11/Jan/2026:14:13:55 +0000] "GET /warsztaty-aktywnosc-zawodowa-i-spoleczna-osob-z-niepelnosprawnoscia.html?fileloc=//proc/self/root/opt/alt/ruby23/lib64/ruby/2.3.0/shell/process-controller.rb&path=//proc/self/root/opt/alt/ruby23/lib64/ruby/2.3.0/shell HTTP/2" 200 4550 "-" "Mozilla/5.0 AppleWebKit/537.36 (KHTML, like Gecko; compatible; GPTBot/1.3; +https://openai.com/gptbot)"
74.7.227.191 - - [11/Jan/2026:14:13:57 +0000] "GET /?fileloc=//proc/504211/root/proc/self/root/proc/thread-self/root/proc/sys/net/core/netdev_tstamp_prequeue&path=//proc/504211/root/proc/self/root/proc/thread-self/root/proc/sys/net/core HTTP/2" 200 2528 "-" "Mozilla/5.0 AppleWebKit/537.36 (KHTML, like Gecko; compatible; GPTBot/1.3; +https://openai.com/gptbot)"
74.7.227.40 - - [11/Jan/2026:14:13:58 +0000] "GET /warsztaty-aktywnosc-zawodowa-i-spoleczna-osob-z-niepelnosprawnoscia.html?fileloc=//proc/self/root/opt/alt/ruby19/lib64/ruby/1.9.1/shell/process-controller.rb&path=//proc/self/root/opt/alt/ruby19/lib64/ruby/1.9.1/shell HTTP/2" 200 4623 "-" "Mozilla/5.0 AppleWebKit/537.36 (KHTML, like Gecko; compatible; GPTBot/1.3; +https://openai.com/gptbot)"
74.7.227.191 - - [11/Jan/2026:14:14:01 +0000] "GET /?fileloc=//proc/216068/root/proc/self/root/proc/thread-self/root/proc/self/net/packet&path=//proc/216068/root/proc/self/root/proc/thread-self/root/proc/self/net HTTP/2" 200 2564 "-" "Mozilla/5.0 AppleWebKit/537.36 (KHTML, like Gecko; compatible; GPTBot/1.3; +https://openai.com/gptbot)"
74.7.227.40 - - [11/Jan/2026:14:14:01 +0000] "GET /assets/plugin/Magnific-Popup-master/dist/jquery.magnific-popup.min.js?fileloc=//proc/504211/root/proc/thread-self/root/usr/lib/firmware/RTL8192E/main.img&path=//proc/504211/root/proc/thread-self/root/usr/lib/firmware/RTL8192E HTTP/2" 200 23945 "-" "Mozilla/5.0 AppleWebKit/537.36 (KHTML, like Gecko; compatible; GPTBot/1.3; +https://openai.com/gptbot)"
74.7.227.191 - - [11/Jan/2026:14:14:04 +0000] "GET /?path=//proc/1280235/root/usr/lib HTTP/2" 200 2506 "-" "Mozilla/5.0 AppleWebKit/537.36 (KHTML, like Gecko; compatible; GPTBot/1.3; +https://openai.com/gptbot)"
74.7.227.40 - - [11/Jan/2026:14:14:05 +0000] "GET /warsztaty-aktywnosc-zawodowa-i-spoleczna-osob-z-niepelnosprawnoscia.html?fileloc=//proc/self/root/opt/alt/ruby24/lib64/ruby/2.4.0/shell/process-controller.rb&path=//proc/self/root/opt/alt/ruby24/lib64/ruby/2.4.0/shell HTTP/2" 200 4547 "-" "Mozilla/5.0 AppleWebKit/537.36 (KHTML, like Gecko; compatible; GPTBot/1.3; +https://openai.com/gptbot)"
74.7.227.191 - - [11/Jan/2026:14:14:07 +0000] "GET /?path=//proc/1280235/root/usr HTTP/2" 200 2497 "-" "Mozilla/5.0 AppleWebKit/537.36 (KHTML, like Gecko; compatible; GPTBot/1.3; +https://openai.com/gptbot)"
74.7.227.40 - - [11/Jan/2026:14:14:08 +0000] "GET /warsztaty-aktywnosc-zawodowa-i-spoleczna-osob-z-niepelnosprawnoscia.html?fileloc=//proc/self/root/opt/alt/ruby25/lib64/ruby/2.5.0/shell/process-controller.rb&path=//proc/self/root/opt/alt/ruby25/lib64/ruby/2.5.0/shell HTTP/2" 200 4557 "-" "Mozilla/5.0 AppleWebKit/537.36 (KHTML, like Gecko; compatible; GPTBot/1.3; +https://openai.com/gptbot)"
74.7.227.191 - - [11/Jan/2026:14:14:10 +0000] "GET /?path=//proc/1280235/root/usr/lib/firmware HTTP/2" 200 2525 "-" "Mozilla/5.0 AppleWebKit/537.36 (KHTML, like Gecko; compatible; GPTBot/1.3; +https://openai.com/gptbot)"
74.7.227.40 - - [11/Jan/2026:14:14:11 +0000] "GET /warsztaty-aktywnosc-zawodowa-i-spoleczna-osob-z-niepelnosprawnoscia.html?fileloc=//proc/self/root/opt/alt/ruby22/lib64/ruby/2.2.0/shell/process-controller.rb&path=//proc/self/root/opt/alt/ruby22/lib64/ruby/2.2.0/shell HTTP/2" 200 4527 "-" "Mozilla/5.0 AppleWebKit/537.36 (KHTML, like Gecko; compatible; GPTBot/1.3; +https://openai.com/gptbot)"
74.7.227.191 - - [11/Jan/2026:14:14:13 +0000] "GET /?fileloc=//proc/216068/root/proc/self/root/proc/thread-self/root/proc/self/net/udp6&path=//proc/216068/root/proc/self/root/proc/thread-self/root/proc/self/net HTTP/2" 200 2662 "-" "Mozilla/5.0 AppleWebKit/537.36 (KHTML, like Gecko; compatible; GPTBot/1.3; +https://openai.com/gptbot)"
74.7.227.40 - - [11/Jan/2026:14:14:14 +0000] "GET /warsztaty-aktywnosc-zawodowa-i-spoleczna-osob-z-niepelnosprawnoscia.html?fileloc=//proc/self/root/opt/alt/ruby20/lib64/ruby/2.0.0/shell/process-controller.rb&path=//proc/self/root/opt/alt/ruby20/lib64/ruby/2.0.0/shell HTTP/2" 200 4617 "-" "Mozilla/5.0 AppleWebKit/537.36 (KHTML, like Gecko; compatible; GPTBot/1.3; +https://openai.com/gptbot)"
74.7.227.191 - - [11/Jan/2026:14:14:16 +0000] "GET /?fileloc=//proc/216068/root/proc/self/root/proc/thread-self/root/proc/self/net/tcp6&path=//proc/216068/root/proc/self/root/proc/thread-self/root/proc/self/net HTTP/2" 200 3236 "-" "Mozilla/5.0 AppleWebKit/537.36 (KHTML, like Gecko; compatible; GPTBot/1.3; +https://openai.com/gptbot)"
74.7.227.40 - - [11/Jan/2026:14:14:17 +0000] "GET /warsztaty-aktywnosc-zawodowa-i-spoleczna-osob-z-niepelnosprawnoscia.html?fileloc=//proc/self/root/opt/alt/ruby26/lib64/ruby/2.6.0/shell/process-controller.rb&path=//proc/self/root/opt/alt/ruby26/lib64/ruby/2.6.0/shell HTTP/2" 200 4557 "-" "Mozilla/5.0 AppleWebKit/537.36 (KHTML, like Gecko; compatible; GPTBot/1.3; +https://openai.com/gptbot)"
74.7.227.191 - - [11/Jan/2026:14:14:19 +0000] "GET /?fileloc=//proc/216068/root/proc/self/root/proc/thread-self/root/proc/self/net/raw6&path=//proc/216068/root/proc/self/root/proc/thread-self/root/proc/self/net HTTP/2" 200 2570 "-" "Mozilla/5.0 AppleWebKit/537.36 (KHTML, like Gecko; compatible; GPTBot/1.3; +https://openai.com/gptbot)"
74.7.227.40 - - [11/Jan/2026:14:14:20 +0000] "GET /warsztaty-aktywnosc-zawodowa-i-spoleczna-osob-z-niepelnosprawnoscia.html?fileloc=//proc/self/root/opt/alt/ruby21/lib64/ruby/2.1.0/shell/process-controller.rb&path=//proc/self/root/opt/alt/ruby21/lib64/ruby/2.1.0/shell HTTP/2" 200 4615 "-" "Mozilla/5.0 AppleWebKit/537.36 (KHTML, like Gecko; compatible; GPTBot/1.3; +https://openai.com/gptbot)"
74.7.227.191 - - [11/Jan/2026:14:14:22 +0000] "GET /?fileloc=//proc/504211/root/proc/self/root/proc/thread-self/root/proc/self/net/udp6&path=//proc/504211/root/proc/self/root/proc/thread-self/root/proc/self/net HTTP/2" 200 2662 "-" "Mozilla/5.0 AppleWebKit/537.36 (KHTML, like Gecko; compatible; GPTBot/1.3; +https://openai.com/gptbot)"
74.7.227.40 - - [11/Jan/2026:14:14:23 +0000] "GET /assets/plugin/Magnific-Popup-master/dist/jquery.magnific-popup.min.js?fileloc=//proc/216068/root/proc/thread-self/cwd/wp-content/plugins/wp-file-manager/lib/themes/.htaccess&path=//proc/216068/root/proc/thread-self/cwd/wp-content/plugins/wp-file-manager/lib/themes HTTP/2" 200 2635 "-" "Mozilla/5.0 AppleWebKit/537.36 (KHTML, like Gecko; compatible; GPTBot/1.3; +https://openai.com/gptbot)"
74.7.227.191 - - [11/Jan/2026:14:14:25 +0000] "GET /?fileloc=//proc/504211/root/proc/self/root/proc/thread-self/root/proc/self/net/raw6&path=//proc/504211/root/proc/self/root/proc/thread-self/root/proc/self/net HTTP/2" 200 2570 "-" "Mozilla/5.0 AppleWebKit/537.36 (KHTML, like Gecko; compatible; GPTBot/1.3; +https://openai.com/gptbot)"
74.7.227.40 - - [11/Jan/2026:14:14:27 +0000] "GET /assets/plugin/Magnific-Popup-master/dist/jquery.magnific-popup.min.js?fileloc=//proc/216068/root/proc/thread-self/cwd/wp-content/plugins/wp-file-manager/lib/img/volume_icon_local.png&path=//proc/216068/root/proc/thread-self/cwd/wp-content/plugins/wp-file-manager/lib/img HTTP/2" 200 3002 "-" "Mozilla/5.0 AppleWebKit/537.36 (KHTML, like Gecko; compatible; GPTBot/1.3; +https://openai.com/gptbot)"
74.7.227.191 - - [11/Jan/2026:14:14:28 +0000] "GET /?fileloc=//proc/504211/root/proc/self/root/proc/thread-self/root/proc/self/net/ip6_flowlabel&path=//proc/504211/root/proc/self/root/proc/thread-self/root/proc/self/net HTTP/2" 200 2539 "-" "Mozilla/5.0 AppleWebKit/537.36 (KHTML, like Gecko; compatible; GPTBot/1.3; +https://openai.com/gptbot)"
74.7.227.40 - - [11/Jan/2026:14:14:30 +0000] "GET /assets/plugin/Magnific-Popup-master/dist/jquery.magnific-popup.min.js?fileloc=//proc/504211/root/proc/thread-self/cwd/wp-content/plugins/wp-file-manager/lib/js/ui/sortbutton.js&path=//proc/504211/root/proc/thread-self/cwd/wp-content/plugins/wp-file-manager/lib/js/ui HTTP/2" 200 3951 "-" "Mozilla/5.0 AppleWebKit/537.36 (KHTML, like Gecko; compatible; GPTBot/1.3; +https://openai.com/gptbot)"
74.7.227.191 - - [11/Jan/2026:14:14:32 +0000] "GET /?fileloc=//proc/216068/root/proc/self/root/proc/thread-self/root/proc/self/net/ip6_flowlabel&path=//proc/216068/root/proc/self/root/proc/thread-self/root/proc/self/net HTTP/2" 200 2539 "-" "Mozilla/5.0 AppleWebKit/537.36 (KHTML, like Gecko; compatible; GPTBot/1.3; +https://openai.com/gptbot)"
74.7.227.40 - - [11/Jan/2026:14:14:33 +0000] "GET /assets/plugin/Magnific-Popup-master/dist/jquery.magnific-popup.min.js?fileloc=//proc/216068/root/proc/thread-self/cwd/wp-content/plugins/wp-file-manager/lib/img/tui-icon-a.svg&path=//proc/216068/root/proc/thread-self/cwd/wp-content/plugins/wp-file-manager/lib/img HTTP/2" 200 8509 "-" "Mozilla/5.0 AppleWebKit/537.36 (KHTML, like Gecko; compatible; GPTBot/1.3; +https://openai.com/gptbot)"
74.7.227.191 - - [11/Jan/2026:14:14:35 +0000] "GET /?fileloc=//proc/216068/root/proc/self/root/proc/thread-self/root/proc/self/net/if_inet6&path=//proc/216068/root/proc/self/root/proc/thread-self/root/proc/self/net HTTP/2" 200 2582 "-" "Mozilla/5.0 AppleWebKit/537.36 (KHTML, like Gecko; compatible; GPTBot/1.3; +https://openai.com/gptbot)"
74.7.227.40 - - [11/Jan/2026:14:14:36 +0000] "GET /assets/plugin/Magnific-Popup-master/dist/jquery.magnific-popup.min.js?fileloc=//proc/504211/root/proc/thread-self/cwd/wp-content/plugins/wp-file-manager/lib/js/ui/.htaccess&path=//proc/504211/root/proc/thread-self/cwd/wp-content/plugins/wp-file-manager/lib/js/ui HTTP/2" 200 2650 "-" "Mozilla/5.0 AppleWebKit/537.36 (KHTML, like Gecko; compatible; GPTBot/1.3; +https://openai.com/gptbot)"
74.7.227.191 - - [11/Jan/2026:14:14:38 +0000] "GET /?fileloc=//proc/504211/root/proc/self/root/proc/thread-self/root/proc/self/net/sockstat6&path=//proc/504211/root/proc/self/root/proc/thread-self/root/proc/self/net HTTP/2" 200 2548 "-" "Mozilla/5.0 AppleWebKit/537.36 (KHTML, like Gecko; compatible; GPTBot/1.3; +https://openai.com/gptbot)"
74.7.227.40 - - [11/Jan/2026:14:14:39 +0000] "GET /assets/plugin/Magnific-Popup-master/dist/jquery.magnific-popup.min.js?fileloc=//proc/504211/root/proc/thread-self/cwd/wp-content/plugins/wp-file-manager/lib/js/elFinder.history.js&path=//proc/504211/root/proc/thread-self/cwd/wp-content/plugins/wp-file-manager/lib/js HTTP/2" 200 3532 "-" "Mozilla/5.0 AppleWebKit/537.36 (KHTML, like Gecko; compatible; GPTBot/1.3; +https://openai.com/gptbot)"
74.7.227.191 - - [11/Jan/2026:14:14:41 +0000] "GET /?fileloc=//proc/216068/root/proc/self/root/proc/thread-self/root/proc/self/net/sockstat6&path=//proc/216068/root/proc/self/root/proc/thread-self/root/proc/self/net HTTP/2" 200 2547 "-" "Mozilla/5.0 AppleWebKit/537.36 (KHTML, like Gecko; compatible; GPTBot/1.3; +https://openai.com/gptbot)"
74.7.227.40 - - [11/Jan/2026:14:14:42 +0000] "GET /assets/plugin/Magnific-Popup-master/dist/jquery.magnific-popup.min.js?fileloc=//proc/504211/root/proc/thread-self/cwd/wp-content/plugins/wp-file-manager/lib/img/src/icons-small.xcf&path=//proc/504211/root/proc/thread-self/cwd/wp-content/plugins/wp-file-manager/lib/img/src HTTP/2" 200 12209 "-" "Mozilla/5.0 AppleWebKit/537.36 (KHTML, like Gecko; compatible; GPTBot/1.3; +https://openai.com/gptbot)"
74.7.227.191 - - [11/Jan/2026:14:14:44 +0000] "GET /?fileloc=//proc/216068/root/proc/self/root/proc/thread-self/root/proc/self/net/mcfilter6&path=//proc/216068/root/proc/self/root/proc/thread-self/root/proc/self/net HTTP/2" 200 2540 "-" "Mozilla/5.0 AppleWebKit/537.36 (KHTML, like Gecko; compatible; GPTBot/1.3; +https://openai.com/gptbot)"
74.7.227.40 - - [11/Jan/2026:14:14:45 +0000] "GET /assets/plugin/Magnific-Popup-master/dist/jquery.magnific-popup.min.js?fileloc=//proc/216068/root/proc/thread-self/cwd/wp-content/plugins/wp-file-manager/lib/img/src/trashmesh.xcf&path=//proc/216068/root/proc/thread-self/cwd/wp-content/plugins/wp-file-manager/lib/img/src HTTP/2" 200 2959 "-" "Mozilla/5.0 AppleWebKit/537.36 (KHTML, like Gecko; compatible; GPTBot/1.3; +https://openai.com/gptbot)"
74.7.227.191 - - [11/Jan/2026:14:14:47 +0000] "GET /?fileloc=//proc/504211/root/proc/self/root/proc/thread-self/root/proc/self/net/icmp6&path=//proc/504211/root/proc/self/root/proc/thread-self/root/proc/self/net HTTP/2" 200 2570 "-" "Mozilla/5.0 AppleWebKit/537.36 (KHTML, like Gecko; compatible; GPTBot/1.3; +https://openai.com/gptbot)"
74.7.227.40 - - [11/Jan/2026:14:14:49 +0000] "GET /assets/plugin/Magnific-Popup-master/dist/jquery.magnific-popup.min.js?fileloc=//proc/504211/root/proc/thread-self/cwd/wp-content/plugins/wp-file-manager/lib/img/volume_icon_sql.png&path=//proc/504211/root/proc/thread-self/cwd/wp-content/plugins/wp-file-manager/lib/img HTTP/2" 200 3229 "-" "Mozilla/5.0 AppleWebKit/537.36 (KHTML, like Gecko; compatible; GPTBot/1.3; +https://openai.com/gptbot)"
74.7.227.191 - - [11/Jan/2026:14:14:50 +0000] "GET /?fileloc=//proc/216068/root/proc/self/root/proc/thread-self/root/proc/self/net/anycast6&path=//proc/216068/root/proc/self/root/proc/thread-self/root/proc/self/net HTTP/2" 200 2497 "-" "Mozilla/5.0 AppleWebKit/537.36 (KHTML, like Gecko; compatible; GPTBot/1.3; +https://openai.com/gptbot)"
74.7.227.40 - - [11/Jan/2026:14:14:52 +0000] "GET /assets/plugin/Magnific-Popup-master/dist/jquery.magnific-popup.min.js?fileloc=//proc/216068/root/proc/thread-self/cwd/wp-content/plugins/wp-file-manager/lib/js/ui/panel.js&path=//proc/216068/root/proc/thread-self/cwd/wp-content/plugins/wp-file-manager/lib/js/ui HTTP/2" 200 2835 "-" "Mozilla/5.0 AppleWebKit/537.36 (KHTML, like Gecko; compatible; GPTBot/1.3; +https://openai.com/gptbot)"
74.7.227.191 - - [11/Jan/2026:14:14:53 +0000] "GET /?fileloc=//proc/216068/root/proc/self/root/proc/thread-self/root/proc/self/net/rt6_stats&path=//proc/216068/root/proc/self/root/proc/thread-self/root/proc/self/net HTTP/2" 200 2524 "-" "Mozilla/5.0 AppleWebKit/537.36 (KHTML, like Gecko; compatible; GPTBot/1.3; +https://openai.com/gptbot)"
74.7.227.40 - - [11/Jan/2026:14:14:55 +0000] "GET /assets/plugin/Magnific-Popup-master/dist/jquery.magnific-popup.min.js?fileloc=//proc/216068/root/proc/thread-self/cwd/wp-content/plugins/wp-file-manager/lib/img/src/icons-big.psd&path=//proc/216068/root/proc/thread-self/cwd/wp-content/plugins/wp-file-manager/lib/img/src HTTP/2" 200 154821 "-" "Mozilla/5.0 AppleWebKit/537.36 (KHTML, like Gecko; compatible; GPTBot/1.3; +https://openai.com/gptbot)"
74.7.227.191 - - [11/Jan/2026:14:14:56 +0000] "GET /?fileloc=//proc/504211/root/proc/self/root/proc/thread-self/root/proc/self/net/snmp6&path=//proc/504211/root/proc/self/root/proc/thread-self/root/proc/self/net HTTP/2" 200 3343 "-" "Mozilla/5.0 AppleWebKit/537.36 (KHTML, like Gecko; compatible; GPTBot/1.3; +https://openai.com/gptbot)"
74.7.227.40 - - [11/Jan/2026:14:14:58 +0000] "GET /assets/plugin/Magnific-Popup-master/dist/jquery.magnific-popup.min.js?fileloc=//proc/504211/root/proc/thread-self/cwd/wp-content/plugins/wp-file-manager/lib/js/worker/.htaccess&path=//proc/504211/root/proc/thread-self/cwd/wp-content/plugins/wp-file-manager/lib/js/worker HTTP/2" 200 2650 "-" "Mozilla/5.0 AppleWebKit/537.36 (KHTML, like Gecko; compatible; GPTBot/1.3; +https://openai.com/gptbot)"
74.7.227.191 - - [11/Jan/2026:14:15:00 +0000] "GET /?fileloc=//proc/216068/root/proc/self/root/proc/thread-self/root/proc/self/net/udplite6&path=//proc/216068/root/proc/self/root/proc/thread-self/root/proc/self/net HTTP/2" 200 2571 "-" "Mozilla/5.0 AppleWebKit/537.36 (KHTML, like Gecko; compatible; GPTBot/1.3; +https://openai.com/gptbot)"
74.7.227.40 - - [11/Jan/2026:14:15:01 +0000] "GET /assets/plugin/Magnific-Popup-master/dist/jquery.magnific-popup.min.js?fileloc=//proc/216068/root/proc/thread-self/cwd/wp-content/plugins/wp-file-manager/lib/js/elFinder.options.js&path=//proc/216068/root/proc/thread-self/cwd/wp-content/plugins/wp-file-manager/lib/js HTTP/2" 200 16329 "-" "Mozilla/5.0 AppleWebKit/537.36 (KHTML, like Gecko; compatible; GPTBot/1.3; +https://openai.com/gptbot)"
74.7.227.191 - - [11/Jan/2026:14:15:03 +0000] "GET /?fileloc=//proc/504211/root/proc/self/root/proc/thread-self/root/proc/self/net/mcfilter6&path=//proc/504211/root/proc/self/root/proc/thread-self/root/proc/self/net HTTP/2" 200 2540 "-" "Mozilla/5.0 AppleWebKit/537.36 (KHTML, like Gecko; compatible; GPTBot/1.3; +https://openai.com/gptbot)"
74.7.227.40 - - [11/Jan/2026:14:15:04 +0000] "GET /assets/plugin/Magnific-Popup-master/dist/jquery.magnific-popup.min.js?fileloc=//proc/504211/root/proc/thread-self/cwd/wp-content/plugins/wp-file-manager/lib/js/ui/path.js&path=//proc/504211/root/proc/thread-self/cwd/wp-content/plugins/wp-file-manager/lib/js/ui HTTP/2" 200 4637 "-" "Mozilla/5.0 AppleWebKit/537.36 (KHTML, like Gecko; compatible; GPTBot/1.3; +https://openai.com/gptbot)"
74.7.227.191 - - [11/Jan/2026:14:15:06 +0000] "GET /?fileloc=//proc/216068/root/proc/self/root/proc/thread-self/root/proc/self/net/igmp6&path=//proc/216068/root/proc/self/root/proc/thread-self/root/proc/self/net HTTP/2" 200 2556 "-" "Mozilla/5.0 AppleWebKit/537.36 (KHTML, like Gecko; compatible; GPTBot/1.3; +https://openai.com/gptbot)"
74.7.227.40 - - [11/Jan/2026:14:15:07 +0000] "GET /assets/plugin/Magnific-Popup-master/dist/jquery.magnific-popup.min.js?fileloc=//proc/504211/root/proc/thread-self/cwd/wp-content/plugins/wp-file-manager/lib/js/ui/workzone.js&path=//proc/504211/root/proc/thread-self/cwd/wp-content/plugins/wp-file-manager/lib/js/ui HTTP/2" 200 3188 "-" "Mozilla/5.0 AppleWebKit/537.36 (KHTML, like Gecko; compatible; GPTBot/1.3; +https://openai.com/gptbot)"
74.7.227.191 - - [11/Jan/2026:14:15:09 +0000] "GET /?fileloc=//proc/216068/root/proc/self/root/proc/thread-self/root/proc/self/net/snmp6&path=//proc/216068/root/proc/self/root/proc/thread-self/root/proc/self/net HTTP/2" 200 3352 "-" "Mozilla/5.0 AppleWebKit/537.36 (KHTML, like Gecko; compatible; GPTBot/1.3; +https://openai.com/gptbot)"
74.7.227.40 - - [11/Jan/2026:14:15:11 +0000] "GET /assets/plugin/Magnific-Popup-master/dist/jquery.magnific-popup.min.js?fileloc=//proc/216068/root/proc/thread-self/cwd/wp-content/plugins/wp-file-manager/lib/js/ui/fullscreenbutton.js&path=//proc/216068/root/proc/thread-self/cwd/wp-content/plugins/wp-file-manager/lib/js/ui HTTP/2" 200 2864 "-" "Mozilla/5.0 AppleWebKit/537.36 (KHTML, like Gecko; compatible; GPTBot/1.3; +https://openai.com/gptbot)"
74.7.227.191 - - [11/Jan/2026:14:15:13 +0000] "GET /?fileloc=//proc/504211/root/proc/self/root/proc/thread-self/root/proc/self/net/rt6_stats&path=//proc/504211/root/proc/self/root/proc/thread-self/root/proc/self/net HTTP/2" 200 2524 "-" "Mozilla/5.0 AppleWebKit/537.36 (KHTML, like Gecko; compatible; GPTBot/1.3; +https://openai.com/gptbot)"
74.7.227.40 - - [11/Jan/2026:14:15:14 +0000] "GET /assets/plugin/Magnific-Popup-master/dist/jquery.magnific-popup.min.js?fileloc=//proc/504211/root/proc/thread-self/cwd/wp-content/plugins/wp-file-manager/lib/img/toolbar.png&path=//proc/504211/root/proc/thread-self/cwd/wp-content/plugins/wp-file-manager/lib/img HTTP/2" 200 9476 "-" "Mozilla/5.0 AppleWebKit/537.36 (KHTML, like Gecko; compatible; GPTBot/1.3; +https://openai.com/gptbot)"
74.7.227.191 - - [11/Jan/2026:14:15:16 +0000] "GET /?fileloc=//proc/216068/root/proc/self/root/proc/thread-self/root/proc/self/net/icmp6&path=//proc/216068/root/proc/self/root/proc/thread-self/root/proc/self/net HTTP/2" 200 2570 "-" "Mozilla/5.0 AppleWebKit/537.36 (KHTML, like Gecko; compatible; GPTBot/1.3; +https://openai.com/gptbot)"
74.7.227.40 - - [11/Jan/2026:14:15:17 +0000] "GET /assets/plugin/Magnific-Popup-master/dist/jquery.magnific-popup.min.js?fileloc=//proc/504211/root/proc/thread-self/cwd/wp-content/plugins/wp-file-manager/lib/img/src/editor-icons.xcf&path=//proc/504211/root/proc/thread-self/cwd/wp-content/plugins/wp-file-manager/lib/img/src HTTP/2" 200 9390 "-" "Mozilla/5.0 AppleWebKit/537.36 (KHTML, like Gecko; compatible; GPTBot/1.3; +https://openai.com/gptbot)"
74.7.227.191 - - [11/Jan/2026:14:15:19 +0000] "GET /?fileloc=//proc/216068/root/proc/self/root/proc/thread-self/root/proc/self/net/ipv6_route&path=//proc/216068/root/proc/self/root/proc/thread-self/root/proc/self/net HTTP/2" 200 2809 "-" "Mozilla/5.0 AppleWebKit/537.36 (KHTML, like Gecko; compatible; GPTBot/1.3; +https://openai.com/gptbot)"
74.7.227.40 - - [11/Jan/2026:14:15:20 +0000] "GET /assets/plugin/Magnific-Popup-master/dist/jquery.magnific-popup.min.js?fileloc=//proc/216068/root/proc/thread-self/cwd/wp-content/plugins/wp-file-manager/lib/js/elfinder.min.js&path=//proc/216068/root/proc/thread-self/cwd/wp-content/plugins/wp-file-manager/lib/js HTTP/2" 200 178464 "-" "Mozilla/5.0 AppleWebKit/537.36 (KHTML, like Gecko; compatible; GPTBot/1.3; +https://openai.com/gptbot)"
74.7.227.191 - - [11/Jan/2026:14:15:22 +0000] "GET /?fileloc=//proc/504211/root/proc/self/root/proc/thread-self/root/proc/self/net/ipv6_route&path=//proc/504211/root/proc/self/root/proc/thread-self/root/proc/self/net HTTP/2" 200 2808 "-" "Mozilla/5.0 AppleWebKit/537.36 (KHTML, like Gecko; compatible; GPTBot/1.3; +https://openai.com/gptbot)"
74.7.227.40 - - [11/Jan/2026:14:15:23 +0000] "GET /assets/plugin/Magnific-Popup-master/dist/jquery.magnific-popup.min.js?fileloc=//proc/504211/root/proc/thread-self/cwd/wp-content/plugins/wp-file-manager/lib/img/src/toolbar.xcf&path=//proc/504211/root/proc/thread-self/cwd/wp-content/plugins/wp-file-manager/lib/img/src HTTP/2" 200 25421 "-" "Mozilla/5.0 AppleWebKit/537.36 (KHTML, like Gecko; compatible; GPTBot/1.3; +https://openai.com/gptbot)"
74.7.227.191 - - [11/Jan/2026:14:15:25 +0000] "GET /?fileloc=//proc/504211/root/proc/self/root/proc/thread-self/root/proc/self/net/if_inet6&path=//proc/504211/root/proc/self/root/proc/thread-self/root/proc/self/net HTTP/2" 200 2582 "-" "Mozilla/5.0 AppleWebKit/537.36 (KHTML, like Gecko; compatible; GPTBot/1.3; +https://openai.com/gptbot)"
74.7.227.40 - - [11/Jan/2026:14:15:26 +0000] "GET /assets/plugin/Magnific-Popup-master/dist/jquery.magnific-popup.min.js?fileloc=//proc/504211/root/proc/thread-self/cwd/wp-content/plugins/wp-file-manager/lib/js/elFinder.version.js&path=//proc/504211/root/proc/thread-self/cwd/wp-content/plugins/wp-file-manager/lib/js HTTP/2" 200 2595 "-" "Mozilla/5.0 AppleWebKit/537.36 (KHTML, like Gecko; compatible; GPTBot/1.3; +https://openai.com/gptbot)"
74.7.227.191 - - [11/Jan/2026:14:15:28 +0000] "GET /?fileloc=//proc/504211/root/proc/self/root/proc/thread-self/root/proc/self/net/anycast6&path=//proc/504211/root/proc/self/root/proc/thread-self/root/proc/self/net HTTP/2" 200 2495 "-" "Mozilla/5.0 AppleWebKit/537.36 (KHTML, like Gecko; compatible; GPTBot/1.3; +https://openai.com/gptbot)"
74.7.227.40 - - [11/Jan/2026:14:15:30 +0000] "GET /assets/plugin/Magnific-Popup-master/dist/jquery.magnific-popup.min.js?fileloc=//proc/216068/root/proc/thread-self/cwd/wp-content/plugins/wp-file-manager/lib/img/toolbar.png&path=//proc/216068/root/proc/thread-self/cwd/wp-content/plugins/wp-file-manager/lib/img HTTP/2" 200 9478 "-" "Mozilla/5.0 AppleWebKit/537.36 (KHTML, like Gecko; compatible; GPTBot/1.3; +https://openai.com/gptbot)"
74.7.227.191 - - [11/Jan/2026:14:15:31 +0000] "GET /?fileloc=//proc/504211/root/proc/self/root/proc/thread-self/root/proc/self/net/igmp6&path=//proc/504211/root/proc/self/root/proc/thread-self/root/proc/self/net HTTP/2" 200 2556 "-" "Mozilla/5.0 AppleWebKit/537.36 (KHTML, like Gecko; compatible; GPTBot/1.3; +https://openai.com/gptbot)"
74.7.227.40 - - [11/Jan/2026:14:15:33 +0000] "GET /assets/plugin/Magnific-Popup-master/dist/jquery.magnific-popup.min.js?fileloc=//proc/504211/root/proc/thread-self/cwd/wp-content/plugins/wp-file-manager/lib/js/ui/searchbutton.js&path=//proc/504211/root/proc/thread-self/cwd/wp-content/plugins/wp-file-manager/lib/js/ui HTTP/2" 200 5864 "-" "Mozilla/5.0 AppleWebKit/537.36 (KHTML, like Gecko; compatible; GPTBot/1.3; +https://openai.com/gptbot)"
74.7.227.191 - - [11/Jan/2026:14:15:35 +0000] "GET /?fileloc=//proc/504211/root/proc/self/root/proc/thread-self/root/proc/self/net/udplite6&path=//proc/504211/root/proc/self/root/proc/thread-self/root/proc/self/net HTTP/2" 200 2571 "-" "Mozilla/5.0 AppleWebKit/537.36 (KHTML, like Gecko; compatible; GPTBot/1.3; +https://openai.com/gptbot)"
74.7.227.40 - - [11/Jan/2026:14:15:36 +0000] "GET /assets/plugin/Magnific-Popup-master/dist/jquery.magnific-popup.min.js?fileloc=//proc/504211/root/proc/thread-self/cwd/wp-content/plugins/wp-file-manager/lib/img/edit_onlineconvert.png&path=//proc/504211/root/proc/thread-self/cwd/wp-content/plugins/wp-file-manager/lib/img HTTP/2" 200 3570 "-" "Mozilla/5.0 AppleWebKit/537.36 (KHTML, like Gecko; compatible; GPTBot/1.3; +https://openai.com/gptbot)"
74.7.227.191 - - [11/Jan/2026:14:15:38 +0000] "GET /?fileloc=//proc/504211/root/proc/self/root/proc/thread-self/root/proc/sys/net/core/somaxconn&path=//proc/504211/root/proc/self/root/proc/thread-self/root/proc/sys/net/core HTTP/2" 200 2520 "-" "Mozilla/5.0 AppleWebKit/537.36 (KHTML, like Gecko; compatible; GPTBot/1.3; +https://openai.com/gptbot)"
74.7.227.40 - - [11/Jan/2026:14:15:39 +0000] "GET /assets/plugin/Magnific-Popup-master/dist/jquery.magnific-popup.min.js?fileloc=//proc/216068/root/proc/thread-self/cwd/wp-content/plugins/wp-file-manager/lib/js/elFinder.history.js&path=//proc/216068/root/proc/thread-self/cwd/wp-content/plugins/wp-file-manager/lib/js HTTP/2" 200 3532 "-" "Mozilla/5.0 AppleWebKit/537.36 (KHTML, like Gecko; compatible; GPTBot/1.3; +https://openai.com/gptbot)"
74.7.227.191 - - [11/Jan/2026:14:15:41 +0000] "GET /?path=//proc/216068/root/proc/self/root/proc/thread-self/root/proc/self/net/netfilter HTTP/2" 200 2845 "-" "Mozilla/5.0 AppleWebKit/537.36 (KHTML, like Gecko; compatible; GPTBot/1.3; +https://openai.com/gptbot)"
74.7.227.40 - - [11/Jan/2026:14:15:43 +0000] "GET /assets/plugin/Magnific-Popup-master/dist/jquery.magnific-popup.min.js?fileloc=//proc/504211/root/proc/thread-self/cwd/wp-content/plugins/wp-file-manager/lib/img/src/icons-big.psd&path=//proc/504211/root/proc/thread-self/cwd/wp-content/plugins/wp-file-manager/lib/img/src HTTP/2" 200 154662 "-" "Mozilla/5.0 AppleWebKit/537.36 (KHTML, like Gecko; compatible; GPTBot/1.3; +https://openai.com/gptbot)"
74.7.227.191 - - [11/Jan/2026:14:15:44 +0000] "GET /?fileloc=//proc/504211/root/proc/self/root/proc/thread-self/root/proc/sys/net/core/wmem_default&path=//proc/504211/root/proc/self/root/proc/thread-self/root/proc/sys/net/core HTTP/2" 200 2524 "-" "Mozilla/5.0 AppleWebKit/537.36 (KHTML, like Gecko; compatible; GPTBot/1.3; +https://openai.com/gptbot)"
74.7.227.40 - - [11/Jan/2026:14:15:46 +0000] "GET /assets/plugin/Magnific-Popup-master/dist/jquery.magnific-popup.min.js?fileloc=//proc/216068/root/proc/thread-self/cwd/wp-content/plugins/wp-file-manager/lib/js/extras/.htaccess&path=//proc/216068/root/proc/thread-self/cwd/wp-content/plugins/wp-file-manager/lib/js/extras HTTP/2" 200 2649 "-" "Mozilla/5.0 AppleWebKit/537.36 (KHTML, like Gecko; compatible; GPTBot/1.3; +https://openai.com/gptbot)"
74.7.227.191 - - [11/Jan/2026:14:15:47 +0000] "GET /?fileloc=//proc/504211/root/proc/thread-self/root/proc/self/root/proc/sys/net/core/busy_poll&path=//proc/504211/root/proc/thread-self/root/proc/self/root/proc/sys/net/core HTTP/2" 200 2522 "-" "Mozilla/5.0 AppleWebKit/537.36 (KHTML, like Gecko; compatible; GPTBot/1.3; +https://openai.com/gptbot)"
74.7.227.40 - - [11/Jan/2026:14:15:49 +0000] "GET /assets/plugin/Magnific-Popup-master/dist/jquery.magnific-popup.min.js?fileloc=//proc/504211/root/proc/thread-self/cwd/wp-content/plugins/wp-file-manager/lib/img/edit_aceeditor.png&path=//proc/504211/root/proc/thread-self/cwd/wp-content/plugins/wp-file-manager/lib/img HTTP/2" 200 3129 "-" "Mozilla/5.0 AppleWebKit/537.36 (KHTML, like Gecko; compatible; GPTBot/1.3; +https://openai.com/gptbot)"
74.7.227.191 - - [11/Jan/2026:14:15:50 +0000] "GET /?fileloc=//proc/504211/root/proc/thread-self/root/proc/self/root/proc/sys/net/core/busy_read&path=//proc/504211/root/proc/thread-self/root/proc/self/root/proc/sys/net/core HTTP/2" 200 2521 "-" "Mozilla/5.0 AppleWebKit/537.36 (KHTML, like Gecko; compatible; GPTBot/1.3; +https://openai.com/gptbot)"
74.7.227.40 - - [11/Jan/2026:14:15:52 +0000] "GET /assets/plugin/Magnific-Popup-master/dist/jquery.magnific-popup.min.js?fileloc=//proc/216068/root/proc/thread-self/cwd/wp-content/plugins/wp-file-manager/lib/img/edit_simplemde.png&path=//proc/216068/root/proc/thread-self/cwd/wp-content/plugins/wp-file-manager/lib/img HTTP/2" 200 2715 "-" "Mozilla/5.0 AppleWebKit/537.36 (KHTML, like Gecko; compatible; GPTBot/1.3; +https://openai.com/gptbot)"
74.7.227.191 - - [11/Jan/2026:14:15:54 +0000] "GET /?fileloc=//proc/504211/root/proc/self/root/proc/thread-self/root/proc/sys/net/core/optmem_max&path=//proc/504211/root/proc/self/root/proc/thread-self/root/proc/sys/net/core HTTP/2" 200 2521 "-" "Mozilla/5.0 AppleWebKit/537.36 (KHTML, like Gecko; compatible; GPTBot/1.3; +https://openai.com/gptbot)"
74.7.227.40 - - [11/Jan/2026:14:15:55 +0000] "GET /assets/plugin/Magnific-Popup-master/dist/jquery.magnific-popup.min.js?fileloc=//proc/216068/root/proc/thread-self/cwd/wp-content/plugins/wp-file-manager/lib/js/elFinder.mimetypes.js&path=//proc/216068/root/proc/thread-self/cwd/wp-content/plugins/wp-file-manager/lib/js HTTP/2" 200 10293 "-" "Mozilla/5.0 AppleWebKit/537.36 (KHTML, like Gecko; compatible; GPTBot/1.3; +https://openai.com/gptbot)"
74.7.227.191 - - [11/Jan/2026:14:15:57 +0000] "GET /?fileloc=//proc/504211/root/proc/self/root/proc/thread-self/root/proc/sys/net/core/netdev_rss_key&path=//proc/504211/root/proc/self/root/proc/thread-self/root/proc/sys/net/core HTTP/2" 200 2527 "-" "Mozilla/5.0 AppleWebKit/537.36 (KHTML, like Gecko; compatible; GPTBot/1.3; +https://openai.com/gptbot)"
74.7.227.40 - - [11/Jan/2026:14:15:59 +0000] "GET /assets/plugin/Magnific-Popup-master/dist/jquery.magnific-popup.min.js?fileloc=//proc/216068/root/proc/thread-self/cwd/wp-content/plugins/wp-file-manager/lib/files/.htaccess&path=//proc/216068/root/proc/thread-self/cwd/wp-content/plugins/wp-file-manager/lib/files HTTP/2" 200 2640 "-" "Mozilla/5.0 AppleWebKit/537.36 (KHTML, like Gecko; compatible; GPTBot/1.3; +https://openai.com/gptbot)"
74.7.227.191 - - [11/Jan/2026:14:16:00 +0000] "GET /?fileloc=//proc/504211/root/proc/thread-self/root/proc/self/root/proc/sys/net/core/netdev_rss_key&path=//proc/504211/root/proc/thread-self/root/proc/self/root/proc/sys/net/core HTTP/2" 200 2533 "-" "Mozilla/5.0 AppleWebKit/537.36 (KHTML, like Gecko; compatible; GPTBot/1.3; +https://openai.com/gptbot)"
74.7.227.40 - - [11/Jan/2026:14:16:02 +0000] "GET /assets/plugin/Magnific-Popup-master/dist/jquery.magnific-popup.min.js?fileloc=//proc/216068/root/proc/thread-self/cwd/wp-content/plugins/wp-file-manager/lib/js/ui/path.js&path=//proc/216068/root/proc/thread-self/cwd/wp-content/plugins/wp-file-manager/lib/js/ui HTTP/2" 200 4639 "-" "Mozilla/5.0 AppleWebKit/537.36 (KHTML, like Gecko; compatible; GPTBot/1.3; +https://openai.com/gptbot)"
74.7.227.191 - - [11/Jan/2026:14:16:03 +0000] "GET /?fileloc=//proc/504211/root/proc/self/root/proc/thread-self/root/proc/sys/net/core/warnings&path=//proc/504211/root/proc/self/root/proc/thread-self/root/proc/sys/net/core HTTP/2" 200 2514 "-" "Mozilla/5.0 AppleWebKit/537.36 (KHTML, like Gecko; compatible; GPTBot/1.3; +https://openai.com/gptbot)"
74.7.227.40 - - [11/Jan/2026:14:16:05 +0000] "GET /assets/plugin/Magnific-Popup-master/dist/jquery.magnific-popup.min.js?fileloc=//proc/216068/root/proc/thread-self/cwd/wp-content/plugins/wp-file-manager/lib/img/spinner-mini-bk.gif&path=//proc/216068/root/proc/thread-self/cwd/wp-content/plugins/wp-file-manager/lib/img HTTP/2" 200 4176 "-" "Mozilla/5.0 AppleWebKit/537.36 (KHTML, like Gecko; compatible; GPTBot/1.3; +https://openai.com/gptbot)"
74.7.227.191 - - [11/Jan/2026:14:16:06 +0000] "GET /?fileloc=//proc/504211/root/proc/self/root/proc/thread-self/root/proc/sys/net/core/netdev_budget_usecs&path=//proc/504211/root/proc/self/root/proc/thread-self/root/proc/sys/net/core HTTP/2" 200 2528 "-" "Mozilla/5.0 AppleWebKit/537.36 (KHTML, like Gecko; compatible; GPTBot/1.3; +https://openai.com/gptbot)"
74.7.227.40 - - [11/Jan/2026:14:16:08 +0000] "GET /assets/plugin/Magnific-Popup-master/dist/jquery.magnific-popup.min.js?fileloc=//proc/504211/root/proc/thread-self/cwd/wp-content/plugins/wp-file-manager/lib/img/volume_icon_network.svg&path=//proc/504211/root/proc/thread-self/cwd/wp-content/plugins/wp-file-manager/lib/img HTTP/2" 200 6127 "-" "Mozilla/5.0 AppleWebKit/537.36 (KHTML, like Gecko; compatible; GPTBot/1.3; +https://openai.com/gptbot)"
74.7.227.191 - - [11/Jan/2026:14:16:09 +0000] "GET /?fileloc=//proc/504211/root/proc/thread-self/root/proc/self/root/proc/sys/net/core/flow_limit_table_len&path=//proc/504211/root/proc/thread-self/root/proc/self/root/proc/sys/net/core HTTP/2" 200 2535 "-" "Mozilla/5.0 AppleWebKit/537.36 (KHTML, like Gecko; compatible; GPTBot/1.3; +https://openai.com/gptbot)"
74.7.227.40 - - [11/Jan/2026:14:16:11 +0000] "GET /assets/plugin/Magnific-Popup-master/dist/jquery.magnific-popup.min.js?fileloc=//proc/216068/root/proc/thread-self/cwd/wp-content/plugins/wp-file-manager/lib/js/ui/stat.js&path=//proc/216068/root/proc/thread-self/cwd/wp-content/plugins/wp-file-manager/lib/js/ui HTTP/2" 200 3935 "-" "Mozilla/5.0 AppleWebKit/537.36 (KHTML, like Gecko; compatible; GPTBot/1.3; +https://openai.com/gptbot)"
74.7.227.191 - - [11/Jan/2026:14:16:13 +0000] "GET /?fileloc=//proc/504211/root/proc/thread-self/root/proc/self/root/proc/sys/net/core/netdev_budget&path=//proc/504211/root/proc/thread-self/root/proc/self/root/proc/sys/net/core HTTP/2" 200 2527 "-" "Mozilla/5.0 AppleWebKit/537.36 (KHTML, like Gecko; compatible; GPTBot/1.3; +https://openai.com/gptbot)"
74.7.227.40 - - [11/Jan/2026:14:16:14 +0000] "GET /assets/plugin/Magnific-Popup-master/dist/jquery.magnific-popup.min.js?fileloc=//proc/216068/root/proc/thread-self/cwd/wp-content/plugins/wp-file-manager/lib/img/edit_creativecloud.png&path=//proc/216068/root/proc/thread-self/cwd/wp-content/plugins/wp-file-manager/lib/img HTTP/2" 200 3277 "-" "Mozilla/5.0 AppleWebKit/537.36 (KHTML, like Gecko; compatible; GPTBot/1.3; +https://openai.com/gptbot)"
74.7.227.191 - - [11/Jan/2026:14:16:16 +0000] "GET /?fileloc=//proc/216068/root/proc/self/root/proc/thread-self/root/proc/self/net/netfilter/nf_log&path=//proc/216068/root/proc/self/root/proc/thread-self/root/proc/self/net/netfilter HTTP/2" 200 2551 "-" "Mozilla/5.0 AppleWebKit/537.36 (KHTML, like Gecko; compatible; GPTBot/1.3; +https://openai.com/gptbot)"
74.7.227.40 - - [11/Jan/2026:14:16:18 +0000] "GET /assets/plugin/Magnific-Popup-master/dist/jquery.magnific-popup.min.js?fileloc=//proc/504211/root/proc/thread-self/cwd/wp-content/plugins/wp-file-manager/lib/img/arrows-normal.png&path=//proc/504211/root/proc/thread-self/cwd/wp-content/plugins/wp-file-manager/lib/img HTTP/2" 200 2780 "-" "Mozilla/5.0 AppleWebKit/537.36 (KHTML, like Gecko; compatible; GPTBot/1.3; +https://openai.com/gptbot)"
74.7.227.191 - - [11/Jan/2026:14:16:19 +0000] "GET /?fileloc=//proc/504211/root/proc/self/root/proc/thread-self/root/proc/sys/net/core/xfrm_aevent_etime&path=//proc/504211/root/proc/self/root/proc/thread-self/root/proc/sys/net/core HTTP/2" 200 2527 "-" "Mozilla/5.0 AppleWebKit/537.36 (KHTML, like Gecko; compatible; GPTBot/1.3; +https://openai.com/gptbot)"
74.7.227.40 - - [11/Jan/2026:14:16:21 +0000] "GET /assets/plugin/Magnific-Popup-master/dist/jquery.magnific-popup.min.js?fileloc=//proc/504211/root/proc/thread-self/cwd/wp-content/plugins/wp-file-manager/lib/img/src/icons-big.pxm&path=//proc/504211/root/proc/thread-self/cwd/wp-content/plugins/wp-file-manager/lib/img/src HTTP/2" 200 108481 "-" "Mozilla/5.0 AppleWebKit/537.36 (KHTML, like Gecko; compatible; GPTBot/1.3; +https://openai.com/gptbot)"
74.7.227.191 - - [11/Jan/2026:14:16:22 +0000] "GET /?fileloc=//proc/504211/root/proc/self/root/proc/thread-self/root/proc/sys/net/core/rmem_default&path=//proc/504211/root/proc/self/root/proc/thread-self/root/proc/sys/net/core HTTP/2" 200 2524 "-" "Mozilla/5.0 AppleWebKit/537.36 (KHTML, like Gecko; compatible; GPTBot/1.3; +https://openai.com/gptbot)"
74.7.227.40 - - [11/Jan/2026:14:16:24 +0000] "GET /assets/plugin/Magnific-Popup-master/dist/jquery.magnific-popup.min.js?fileloc=//proc/504211/root/proc/thread-self/cwd/wp-content/plugins/wp-file-manager/lib/js/elfinder.min.js&path=//proc/504211/root/proc/thread-self/cwd/wp-content/plugins/wp-file-manager/lib/js HTTP/2" 200 178464 "-" "Mozilla/5.0 AppleWebKit/537.36 (KHTML, like Gecko; compatible; GPTBot/1.3; +https://openai.com/gptbot)"
74.7.227.191 - - [11/Jan/2026:14:16:25 +0000] "GET /?fileloc=//proc/504211/root/proc/self/root/proc/thread-self/root/proc/sys/net/core/bpf_jit_harden&path=//proc/504211/root/proc/self/root/proc/thread-self/root/proc/sys/net/core HTTP/2" 200 2520 "-" "Mozilla/5.0 AppleWebKit/537.36 (KHTML, like Gecko; compatible; GPTBot/1.3; +https://openai.com/gptbot)"
74.7.227.40 - - [11/Jan/2026:14:16:27 +0000] "GET /assets/plugin/Magnific-Popup-master/dist/jquery.magnific-popup.min.js?fileloc=//proc/504211/root/proc/thread-self/cwd/wp-content/plugins/wp-file-manager/lib/img/volume_icon_local.svg&path=//proc/504211/root/proc/thread-self/cwd/wp-content/plugins/wp-file-manager/lib/img HTTP/2" 200 5801 "-" "Mozilla/5.0 AppleWebKit/537.36 (KHTML, like Gecko; compatible; GPTBot/1.3; +https://openai.com/gptbot)"
74.7.227.191 - - [11/Jan/2026:14:16:28 +0000] "GET /?fileloc=//proc/504211/root/proc/self/root/proc/thread-self/root/proc/sys/net/core/flow_limit_table_len&path=//proc/504211/root/proc/self/root/proc/thread-self/root/proc/sys/net/core HTTP/2" 200 2529 "-" "Mozilla/5.0 AppleWebKit/537.36 (KHTML, like Gecko; compatible; GPTBot/1.3; +https://openai.com/gptbot)"
74.7.227.40 - - [11/Jan/2026:14:16:30 +0000] "GET /assets/plugin/Magnific-Popup-master/dist/jquery.magnific-popup.min.js?fileloc=//proc/216068/root/proc/thread-self/cwd/wp-content/plugins/wp-file-manager/lib/js/ui/button.js&path=//proc/216068/root/proc/thread-self/cwd/wp-content/plugins/wp-file-manager/lib/js/ui HTTP/2" 200 4148 "-" "Mozilla/5.0 AppleWebKit/537.36 (KHTML, like Gecko; compatible; GPTBot/1.3; +https://openai.com/gptbot)"
74.7.227.191 - - [11/Jan/2026:14:16:31 +0000] "GET /?fileloc=//proc/504211/root/proc/self/root/proc/thread-self/root/proc/self/net/nf_conntrack_expect&path=//proc/504211/root/proc/self/root/proc/thread-self/root/proc/self/net HTTP/2" 200 2505 "-" "Mozilla/5.0 AppleWebKit/537.36 (KHTML, like Gecko; compatible; GPTBot/1.3; +https://openai.com/gptbot)"
74.7.227.40 - - [11/Jan/2026:14:16:33 +0000] "GET /assets/plugin/Magnific-Popup-master/dist/jquery.magnific-popup.min.js?fileloc=//proc/504211/root/proc/thread-self/cwd/wp-content/plugins/wp-file-manager/lib/img/tui-icon-d.svg&path=//proc/504211/root/proc/thread-self/cwd/wp-content/plugins/wp-file-manager/lib/img HTTP/2" 200 8393 "-" "Mozilla/5.0 AppleWebKit/537.36 (KHTML, like Gecko; compatible; GPTBot/1.3; +https://openai.com/gptbot)"
