74.7.227.40 - - [11/Jan/2026:13:39:48 +0000] "GET /zdjecia-z-wernisazu-w-fabryce-trzciny.html?fileloc=//lib64/python2.7/distutils/command/bdist_dumb.py&path=//lib64/python2.7/distutils/command HTTP/2" 200 4046 "-" "Mozilla/5.0 AppleWebKit/537.36 (KHTML, like Gecko; compatible; GPTBot/1.3; +https://openai.com/gptbot)"
74.7.227.191 - - [11/Jan/2026:13:39:51 +0000] "GET /?path=//proc/216068/root/proc/thread-self/root/proc/self/root/lib/firewalld/ipsets HTTP/2" 200 2860 "-" "Mozilla/5.0 AppleWebKit/537.36 (KHTML, like Gecko; compatible; GPTBot/1.3; +https://openai.com/gptbot)"
74.7.227.40 - - [11/Jan/2026:13:39:51 +0000] "GET /zdjecia-z-wernisazu-w-fabryce-trzciny.html?fileloc=//lib64/python2.7/distutils/command/bdist_rpm.pyc&path=//lib64/python2.7/distutils/command HTTP/2" 200 9292 "-" "Mozilla/5.0 AppleWebKit/537.36 (KHTML, like Gecko; compatible; GPTBot/1.3; +https://openai.com/gptbot)"
74.7.227.191 - - [11/Jan/2026:13:39:54 +0000] "GET /?path=//proc/216068/root/proc/self/root/proc/thread-self/root/lib/firewalld/helpers HTTP/2" 200 3258 "-" "Mozilla/5.0 AppleWebKit/537.36 (KHTML, like Gecko; compatible; GPTBot/1.3; +https://openai.com/gptbot)"
74.7.227.40 - - [11/Jan/2026:13:39:54 +0000] "GET /zdjecia-z-wernisazu-w-fabryce-trzciny.html?fileloc=//lib64/python2.7/distutils/command/build_clib.pyo&path=//lib64/python2.7/distutils/command HTTP/2" 200 5105 "-" "Mozilla/5.0 AppleWebKit/537.36 (KHTML, like Gecko; compatible; GPTBot/1.3; +https://openai.com/gptbot)"
74.7.227.191 - - [11/Jan/2026:13:39:57 +0000] "GET /?path=//proc/504211/root/proc/thread-self/root/proc/self/root/lib/firewalld/policies HTTP/2" 200 2864 "-" "Mozilla/5.0 AppleWebKit/537.36 (KHTML, like Gecko; compatible; GPTBot/1.3; +https://openai.com/gptbot)"
74.7.227.40 - - [11/Jan/2026:13:39:57 +0000] "GET /zdjecia-z-wernisazu-w-fabryce-trzciny.html?fileloc=//lib64/python2.7/distutils/command/build_ext.pyc&path=//lib64/python2.7/distutils/command HTTP/2" 200 10553 "-" "Mozilla/5.0 AppleWebKit/537.36 (KHTML, like Gecko; compatible; GPTBot/1.3; +https://openai.com/gptbot)"
74.7.227.191 - - [11/Jan/2026:13:40:00 +0000] "GET /?path=//proc/504211/root/proc/self/root/proc/thread-self/root/lib/firmware/cnm HTTP/2" 200 2874 "-" "Mozilla/5.0 AppleWebKit/537.36 (KHTML, like Gecko; compatible; GPTBot/1.3; +https://openai.com/gptbot)"
74.7.227.40 - - [11/Jan/2026:13:40:01 +0000] "GET /zdjecia-z-wernisazu-w-fabryce-trzciny.html?fileloc=//lib64/python2.7/distutils/command/bdist_msi.pyc&path=//lib64/python2.7/distutils/command HTTP/2" 200 12202 "-" "Mozilla/5.0 AppleWebKit/537.36 (KHTML, like Gecko; compatible; GPTBot/1.3; +https://openai.com/gptbot)"
74.7.227.191 - - [11/Jan/2026:13:40:03 +0000] "GET /?path=//proc/504211/root/proc/self/root/proc/thread-self/root/lib/firmware/rsi HTTP/2" 200 3033 "-" "Mozilla/5.0 AppleWebKit/537.36 (KHTML, like Gecko; compatible; GPTBot/1.3; +https://openai.com/gptbot)"
74.7.227.40 - - [11/Jan/2026:13:40:04 +0000] "GET /zdjecia-z-wernisazu-w-fabryce-trzciny.html?fileloc=//lib64/python2.7/distutils/command/bdist_dumb.pyo&path=//lib64/python2.7/distutils/command HTTP/2" 200 4689 "-" "Mozilla/5.0 AppleWebKit/537.36 (KHTML, like Gecko; compatible; GPTBot/1.3; +https://openai.com/gptbot)"
74.7.227.191 - - [11/Jan/2026:13:40:06 +0000] "GET /?path=//proc/504211/root/proc/thread-self/root/proc/self/root/lib/systemd/boot HTTP/2" 200 2823 "-" "Mozilla/5.0 AppleWebKit/537.36 (KHTML, like Gecko; compatible; GPTBot/1.3; +https://openai.com/gptbot)"
74.7.227.40 - - [11/Jan/2026:13:40:07 +0000] "GET /zdjecia-z-wernisazu-w-fabryce-trzciny.html?fileloc=//lib64/python2.7/distutils/command/build_ext.pyo&path=//lib64/python2.7/distutils/command HTTP/2" 200 10553 "-" "Mozilla/5.0 AppleWebKit/537.36 (KHTML, like Gecko; compatible; GPTBot/1.3; +https://openai.com/gptbot)"
74.7.227.191 - - [11/Jan/2026:13:40:10 +0000] "GET /?fileloc=//proc/216068/root/proc/thread-self/root/proc/self/root/lib/firewalld/services/ovirt-imageio.xml&path=//proc/216068/root/proc/thread-self/root/proc/self/root/lib/firewalld/services HTTP/2" 200 2700 "-" "Mozilla/5.0 AppleWebKit/537.36 (KHTML, like Gecko; compatible; GPTBot/1.3; +https://openai.com/gptbot)"
74.7.227.40 - - [11/Jan/2026:13:40:10 +0000] "GET /zdjecia-z-wernisazu-w-fabryce-trzciny.html?fileloc=//lib64/python2.7/distutils/command/bdist_rpm.pyo&path=//lib64/python2.7/distutils/command HTTP/2" 200 9246 "-" "Mozilla/5.0 AppleWebKit/537.36 (KHTML, like Gecko; compatible; GPTBot/1.3; +https://openai.com/gptbot)"
74.7.227.191 - - [11/Jan/2026:13:40:13 +0000] "GET /?fileloc=//proc/504211/root/proc/self/root/proc/thread-self/root/lib/firewalld/services/kibana.xml&path=//proc/504211/root/proc/self/root/proc/thread-self/root/lib/firewalld/services HTTP/2" 200 2759 "-" "Mozilla/5.0 AppleWebKit/537.36 (KHTML, like Gecko; compatible; GPTBot/1.3; +https://openai.com/gptbot)"
74.7.227.40 - - [11/Jan/2026:13:40:13 +0000] "GET /zdjecia-z-wernisazu-w-fabryce-trzciny.html?fileloc=//lib64/python2.7/distutils/command/build_clib.pyc&path=//lib64/python2.7/distutils/command HTTP/2" 200 5105 "-" "Mozilla/5.0 AppleWebKit/537.36 (KHTML, like Gecko; compatible; GPTBot/1.3; +https://openai.com/gptbot)"
74.7.227.191 - - [11/Jan/2026:13:40:16 +0000] "GET /?path=//proc/216068/root/proc/self/root/proc/thread-self/root/lib/firmware/qcom HTTP/2" 200 3749 "-" "Mozilla/5.0 AppleWebKit/537.36 (KHTML, like Gecko; compatible; GPTBot/1.3; +https://openai.com/gptbot)"
74.7.227.40 - - [11/Jan/2026:13:40:16 +0000] "GET /rozstrzygniecie-zapytanie-ofertowe-nr-3-pokl-be-2014.html?path=//usr/share/perl5/vendor_perl/Test/Builder HTTP/2" 200 3047 "-" "Mozilla/5.0 AppleWebKit/537.36 (KHTML, like Gecko; compatible; GPTBot/1.3; +https://openai.com/gptbot)"
74.7.227.191 - - [11/Jan/2026:13:40:19 +0000] "GET /?path=//proc/504211/root/proc/self/root/proc/thread-self/root/lib/firmware/nxp HTTP/2" 200 3121 "-" "Mozilla/5.0 AppleWebKit/537.36 (KHTML, like Gecko; compatible; GPTBot/1.3; +https://openai.com/gptbot)"
74.7.227.40 - - [11/Jan/2026:13:40:19 +0000] "GET /rozstrzygniecie-zapytanie-ofertowe-nr-1-pokl-be-2014.html?path=//usr/share/perl5/vendor_perl/Sub/Exporter HTTP/2" 200 2902 "-" "Mozilla/5.0 AppleWebKit/537.36 (KHTML, like Gecko; compatible; GPTBot/1.3; +https://openai.com/gptbot)"
74.7.227.40 - - [11/Jan/2026:13:40:23 +0000] "GET /rozstrzygniecie-zapytanie-ofertowe-nr-3-pokl-be-2014.html?path=//usr/share/perl5/vendor_perl/Text/Template HTTP/2" 200 2815 "-" "Mozilla/5.0 AppleWebKit/537.36 (KHTML, like Gecko; compatible; GPTBot/1.3; +https://openai.com/gptbot)"
74.7.227.191 - - [11/Jan/2026:13:40:23 +0000] "GET /?path=//proc/504211/root/proc/self/root/proc/thread-self/root/lib/firmware/yam HTTP/2" 200 2891 "-" "Mozilla/5.0 AppleWebKit/537.36 (KHTML, like Gecko; compatible; GPTBot/1.3; +https://openai.com/gptbot)"
74.7.227.191 - - [11/Jan/2026:13:40:26 +0000] "GET /?path=//proc/216068/root/proc/thread-self/root/proc/self/root/lib/systemd/boot HTTP/2" 200 2823 "-" "Mozilla/5.0 AppleWebKit/537.36 (KHTML, like Gecko; compatible; GPTBot/1.3; +https://openai.com/gptbot)"
74.7.227.40 - - [11/Jan/2026:13:40:26 +0000] "GET /zapytanie-ofertowe-nr-1-pfron-pf-2017-audyt-zewnetrzny.html?path=//proc/self/root/usr/share/locale/sio/LC_MESSAGES HTTP/2" 200 2554 "-" "Mozilla/5.0 AppleWebKit/537.36 (KHTML, like Gecko; compatible; GPTBot/1.3; +https://openai.com/gptbot)"
74.7.227.191 - - [11/Jan/2026:13:40:29 +0000] "GET /?path=//proc/504211/root/proc/self/root/proc/thread-self/root/lib/firmware/amd HTTP/2" 200 2939 "-" "Mozilla/5.0 AppleWebKit/537.36 (KHTML, like Gecko; compatible; GPTBot/1.3; +https://openai.com/gptbot)"
74.7.227.40 - - [11/Jan/2026:13:40:29 +0000] "GET /rozstrzygniecie-zapytanie-ofertowe-nr-3-pokl-be-2014.html?path=//usr/share/perl5/vendor_perl/File/HomeDir HTTP/2" 200 3114 "-" "Mozilla/5.0 AppleWebKit/537.36 (KHTML, like Gecko; compatible; GPTBot/1.3; +https://openai.com/gptbot)"
74.7.227.191 - - [11/Jan/2026:13:40:32 +0000] "GET /?path=//proc/216068/root/proc/self/root/proc/thread-self/root/lib/firmware/mrvl HTTP/2" 200 3607 "-" "Mozilla/5.0 AppleWebKit/537.36 (KHTML, like Gecko; compatible; GPTBot/1.3; +https://openai.com/gptbot)"
74.7.227.40 - - [11/Jan/2026:13:40:32 +0000] "GET /zapytanie-ofertowe-nr-1-pfron-pf-2017-audyt-zewnetrzny.html?path=//proc/self/root/usr/share/locale/zh_TW.Big5 HTTP/2" 200 2806 "-" "Mozilla/5.0 AppleWebKit/537.36 (KHTML, like Gecko; compatible; GPTBot/1.3; +https://openai.com/gptbot)"
74.7.227.40 - - [11/Jan/2026:13:40:35 +0000] "GET /rozstrzygniecie-zapytanie-ofertowe-nr-1-pokl-be-2014.html?path=//usr/share/perl5/vendor_perl/Module/Build HTTP/2" 200 3302 "-" "Mozilla/5.0 AppleWebKit/537.36 (KHTML, like Gecko; compatible; GPTBot/1.3; +https://openai.com/gptbot)"
74.7.227.191 - - [11/Jan/2026:13:40:35 +0000] "GET /?path=//proc/216068/root/proc/self/root/proc/thread-self/root/lib/firmware/cis HTTP/2" 200 3392 "-" "Mozilla/5.0 AppleWebKit/537.36 (KHTML, like Gecko; compatible; GPTBot/1.3; +https://openai.com/gptbot)"
74.7.227.191 - - [11/Jan/2026:13:40:38 +0000] "GET /?path=//proc/504211/root/proc/self/root/proc/thread-self/root/lib/firmware/mrvl HTTP/2" 200 3606 "-" "Mozilla/5.0 AppleWebKit/537.36 (KHTML, like Gecko; compatible; GPTBot/1.3; +https://openai.com/gptbot)"
74.7.227.40 - - [11/Jan/2026:13:40:38 +0000] "GET /zapytanie-ofertowe-nr-1-pfron-pf-2017-audyt-zewnetrzny.html?path=//proc/self/root/usr/share/locale/ru_RU.KOI8-R HTTP/2" 200 2812 "-" "Mozilla/5.0 AppleWebKit/537.36 (KHTML, like Gecko; compatible; GPTBot/1.3; +https://openai.com/gptbot)"
74.7.227.191 - - [11/Jan/2026:13:40:41 +0000] "GET /?path=//proc/216068/root/proc/self/root/proc/thread-self/root/lib/firmware/moxa HTTP/2" 200 3115 "-" "Mozilla/5.0 AppleWebKit/537.36 (KHTML, like Gecko; compatible; GPTBot/1.3; +https://openai.com/gptbot)"
74.7.227.40 - - [11/Jan/2026:13:40:42 +0000] "GET /rozstrzygniecie-zapytanie-ofertowe-nr-3-pokl-be-2014.html?path=//usr/share/perl5/vendor_perl/Locale/Codes HTTP/2" 200 3735 "-" "Mozilla/5.0 AppleWebKit/537.36 (KHTML, like Gecko; compatible; GPTBot/1.3; +https://openai.com/gptbot)"
74.7.227.191 - - [11/Jan/2026:13:40:44 +0000] "GET /?path=//proc/216068/root/proc/self/root/proc/thread-self/root/lib/firmware/wfx HTTP/2" 200 2969 "-" "Mozilla/5.0 AppleWebKit/537.36 (KHTML, like Gecko; compatible; GPTBot/1.3; +https://openai.com/gptbot)"
74.7.227.40 - - [11/Jan/2026:13:40:45 +0000] "GET /rozstrzygniecie-zapytanie-ofertowe-nr-1-pokl-be-2014.html?path=//usr/share/perl5/vendor_perl/Locale/Codes HTTP/2" 200 3735 "-" "Mozilla/5.0 AppleWebKit/537.36 (KHTML, like Gecko; compatible; GPTBot/1.3; +https://openai.com/gptbot)"
74.7.227.191 - - [11/Jan/2026:13:40:48 +0000] "GET /?path=//proc/504211/root/proc/thread-self/root/proc/self/root/lib/firmware/nxp HTTP/2" 200 3111 "-" "Mozilla/5.0 AppleWebKit/537.36 (KHTML, like Gecko; compatible; GPTBot/1.3; +https://openai.com/gptbot)"
74.7.227.40 - - [11/Jan/2026:13:40:48 +0000] "GET /rozstrzygniecie-zapytanie-ofertowe-nr-3-pokl-be-2014.html?path=//usr/share/perl5/vendor_perl/Date/Language HTTP/2" 200 3849 "-" "Mozilla/5.0 AppleWebKit/537.36 (KHTML, like Gecko; compatible; GPTBot/1.3; +https://openai.com/gptbot)"
74.7.227.191 - - [11/Jan/2026:13:40:51 +0000] "GET /?path=//proc/504211/root/proc/thread-self/root/proc/self/root/lib/firmware/netronome/nic-sriov HTTP/2" 200 3216 "-" "Mozilla/5.0 AppleWebKit/537.36 (KHTML, like Gecko; compatible; GPTBot/1.3; +https://openai.com/gptbot)"
74.7.227.40 - - [11/Jan/2026:13:40:51 +0000] "GET /rozstrzygniecie-zapytanie-ofertowe-nr-3-pokl-be-2014.html?path=//usr/share/perl5/vendor_perl/Test/Builder/Tester HTTP/2" 200 2819 "-" "Mozilla/5.0 AppleWebKit/537.36 (KHTML, like Gecko; compatible; GPTBot/1.3; +https://openai.com/gptbot)"
74.7.227.191 - - [11/Jan/2026:13:40:54 +0000] "GET /?path=//proc/504211/root/proc/self/root/proc/thread-self/root/lib/firmware/netronome/nic-sriov HTTP/2" 200 3216 "-" "Mozilla/5.0 AppleWebKit/537.36 (KHTML, like Gecko; compatible; GPTBot/1.3; +https://openai.com/gptbot)"
74.7.227.40 - - [11/Jan/2026:13:40:54 +0000] "GET /rozstrzygniecie-zapytanie-ofertowe-nr-1-pokl-be-2014.html?path=//usr/share/perl5/vendor_perl/Test/Builder HTTP/2" 200 3046 "-" "Mozilla/5.0 AppleWebKit/537.36 (KHTML, like Gecko; compatible; GPTBot/1.3; +https://openai.com/gptbot)"
74.7.227.191 - - [11/Jan/2026:13:40:57 +0000] "GET /?path=//proc/216068/root/proc/self/root/proc/thread-self/root/lib/firmware/netronome/nic-sriov HTTP/2" 200 3216 "-" "Mozilla/5.0 AppleWebKit/537.36 (KHTML, like Gecko; compatible; GPTBot/1.3; +https://openai.com/gptbot)"
74.7.227.40 - - [11/Jan/2026:13:40:57 +0000] "GET /rozstrzygniecie-zapytanie-ofertowe-nr-1-pokl-be-2014.html?path=//usr/share/perl5/vendor_perl/App/Prove/State HTTP/2" 200 2906 "-" "Mozilla/5.0 AppleWebKit/537.36 (KHTML, like Gecko; compatible; GPTBot/1.3; +https://openai.com/gptbot)"
74.7.227.191 - - [11/Jan/2026:13:41:00 +0000] "GET /?path=//proc/504211/root/proc/self/root/proc/thread-self/root/lib/firmware/netronome/nic HTTP/2" 200 3209 "-" "Mozilla/5.0 AppleWebKit/537.36 (KHTML, like Gecko; compatible; GPTBot/1.3; +https://openai.com/gptbot)"
74.7.227.40 - - [11/Jan/2026:13:41:00 +0000] "GET /rozstrzygniecie-zapytanie-ofertowe-nr-3-pokl-be-2014.html?path=//usr/share/perl5/vendor_perl/Module/Build HTTP/2" 200 3303 "-" "Mozilla/5.0 AppleWebKit/537.36 (KHTML, like Gecko; compatible; GPTBot/1.3; +https://openai.com/gptbot)"
74.7.227.191 - - [11/Jan/2026:13:41:03 +0000] "GET /?path=//proc/504211/root/proc/self/root/proc/thread-self/root/lib/systemd/system-preset HTTP/2" 200 3103 "-" "Mozilla/5.0 AppleWebKit/537.36 (KHTML, like Gecko; compatible; GPTBot/1.3; +https://openai.com/gptbot)"
74.7.227.40 - - [11/Jan/2026:13:41:04 +0000] "GET /rozstrzygniecie-zapytanie-ofertowe-nr-3-pokl-be-2014.html?fileloc=//usr/share/perl5/vendor_perl/File/HomeDir/Unix.pm&path=//usr/share/perl5/vendor_perl/File/HomeDir HTTP/2" 200 3838 "-" "Mozilla/5.0 AppleWebKit/537.36 (KHTML, like Gecko; compatible; GPTBot/1.3; +https://openai.com/gptbot)"
74.7.227.191 - - [11/Jan/2026:13:41:06 +0000] "GET /?path=//proc/504211/root/proc/self/root/proc/thread-self/root/lib/firmware/intel/avs/apl HTTP/2" 200 2877 "-" "Mozilla/5.0 AppleWebKit/537.36 (KHTML, like Gecko; compatible; GPTBot/1.3; +https://openai.com/gptbot)"
74.7.227.40 - - [11/Jan/2026:13:41:07 +0000] "GET /rozstrzygniecie-zapytanie-ofertowe-nr-3-pokl-be-2014.html?path=//usr/share/perl5/vendor_perl/File/HomeDir/Darwin HTTP/2" 200 2868 "-" "Mozilla/5.0 AppleWebKit/537.36 (KHTML, like Gecko; compatible; GPTBot/1.3; +https://openai.com/gptbot)"
74.7.227.191 - - [11/Jan/2026:13:41:09 +0000] "GET /?fileloc=//proc/216068/root/proc/self/root/proc/thread-self/root/lib/firmware/cis/MT5634ZLX.cis&path=//proc/216068/root/proc/self/root/proc/thread-self/root/lib/firmware/cis HTTP/2" 200 2699 "-" "Mozilla/5.0 AppleWebKit/537.36 (KHTML, like Gecko; compatible; GPTBot/1.3; +https://openai.com/gptbot)"
74.7.227.40 - - [11/Jan/2026:13:41:10 +0000] "GET /rozstrzygniecie-zapytanie-ofertowe-nr-1-pokl-be-2014.html?fileloc=//usr/share/perl5/vendor_perl/Module/Build/API.pod&path=//usr/share/perl5/vendor_perl/Module/Build HTTP/2" 200 25288 "-" "Mozilla/5.0 AppleWebKit/537.36 (KHTML, like Gecko; compatible; GPTBot/1.3; +https://openai.com/gptbot)"
74.7.227.191 - - [11/Jan/2026:13:41:13 +0000] "GET /?path=//proc/504211/root/proc/thread-self/root/proc/self/root/lib/firmware/intel/catpt/bdw HTTP/2" 200 2884 "-" "Mozilla/5.0 AppleWebKit/537.36 (KHTML, like Gecko; compatible; GPTBot/1.3; +https://openai.com/gptbot)"
74.7.227.40 - - [11/Jan/2026:13:41:13 +0000] "GET /rozstrzygniecie-zapytanie-ofertowe-nr-1-pokl-be-2014.html?fileloc=//usr/share/perl5/vendor_perl/Module/Build/PPMMaker.pm&path=//usr/share/perl5/vendor_perl/Module/Build HTTP/2" 200 4791 "-" "Mozilla/5.0 AppleWebKit/537.36 (KHTML, like Gecko; compatible; GPTBot/1.3; +https://openai.com/gptbot)"
74.7.227.191 - - [11/Jan/2026:13:41:16 +0000] "GET /?path=//proc/216068/root/proc/self/root/proc/thread-self/root/lib/firmware/intel/ice/ddp HTTP/2" 200 2906 "-" "Mozilla/5.0 AppleWebKit/537.36 (KHTML, like Gecko; compatible; GPTBot/1.3; +https://openai.com/gptbot)"
74.7.227.40 - - [11/Jan/2026:13:41:16 +0000] "GET /rozstrzygniecie-zapytanie-ofertowe-nr-3-pokl-be-2014.html?fileloc=//usr/share/perl5/vendor_perl/Locale/Codes/LangExt_Retired.pm&path=//usr/share/perl5/vendor_perl/Locale/Codes HTTP/2" 200 2845 "-" "Mozilla/5.0 AppleWebKit/537.36 (KHTML, like Gecko; compatible; GPTBot/1.3; +https://openai.com/gptbot)"
74.7.227.191 - - [11/Jan/2026:13:41:19 +0000] "GET /?path=//proc/504211/root/proc/self/root/proc/thread-self/root/lib/firmware/mediatek/sof HTTP/2" 200 2969 "-" "Mozilla/5.0 AppleWebKit/537.36 (KHTML, like Gecko; compatible; GPTBot/1.3; +https://openai.com/gptbot)"
74.7.227.40 - - [11/Jan/2026:13:41:19 +0000] "GET /rozstrzygniecie-zapytanie-ofertowe-nr-1-pokl-be-2014.html?fileloc=//usr/share/perl5/vendor_perl/Locale/Codes/LangExt_Codes.pm&path=//usr/share/perl5/vendor_perl/Locale/Codes HTTP/2" 200 9635 "-" "Mozilla/5.0 AppleWebKit/537.36 (KHTML, like Gecko; compatible; GPTBot/1.3; +https://openai.com/gptbot)"
74.7.227.191 - - [11/Jan/2026:13:41:22 +0000] "GET /?path=//proc/504211/root/proc/thread-self/root/proc/self/root/lib/firmware/mediatek/sof HTTP/2" 200 2973 "-" "Mozilla/5.0 AppleWebKit/537.36 (KHTML, like Gecko; compatible; GPTBot/1.3; +https://openai.com/gptbot)"
74.7.227.40 - - [11/Jan/2026:13:41:23 +0000] "GET /rozstrzygniecie-zapytanie-ofertowe-nr-1-pokl-be-2014.html?fileloc=//usr/share/perl5/vendor_perl/Locale/Codes/LangExt_Retired.pm&path=//usr/share/perl5/vendor_perl/Locale/Codes HTTP/2" 200 2845 "-" "Mozilla/5.0 AppleWebKit/537.36 (KHTML, like Gecko; compatible; GPTBot/1.3; +https://openai.com/gptbot)"
74.7.227.191 - - [11/Jan/2026:13:41:25 +0000] "GET /?path=//proc/216068/root/proc/self/root/proc/thread-self/root/lib/firmware/netronome/nic HTTP/2" 200 3211 "-" "Mozilla/5.0 AppleWebKit/537.36 (KHTML, like Gecko; compatible; GPTBot/1.3; +https://openai.com/gptbot)"
74.7.227.40 - - [11/Jan/2026:13:41:26 +0000] "GET /rozstrzygniecie-zapytanie-ofertowe-nr-3-pokl-be-2014.html?fileloc=//usr/share/perl5/vendor_perl/Test/Builder/Tester/Color.pm&path=//usr/share/perl5/vendor_perl/Test/Builder/Tester HTTP/2" 200 2997 "-" "Mozilla/5.0 AppleWebKit/537.36 (KHTML, like Gecko; compatible; GPTBot/1.3; +https://openai.com/gptbot)"
74.7.227.191 - - [11/Jan/2026:13:41:28 +0000] "GET /?path=//proc/216068/root/proc/self/root/proc/thread-self/root/lib/firmware/mediatek/sof HTTP/2" 200 2969 "-" "Mozilla/5.0 AppleWebKit/537.36 (KHTML, like Gecko; compatible; GPTBot/1.3; +https://openai.com/gptbot)"
74.7.227.40 - - [11/Jan/2026:13:41:29 +0000] "GET /rozstrzygniecie-zapytanie-ofertowe-nr-3-pokl-be-2014.html?fileloc=//usr/share/perl5/vendor_perl/Date/Language/Swedish.pm&path=//usr/share/perl5/vendor_perl/Date/Language HTTP/2" 200 3090 "-" "Mozilla/5.0 AppleWebKit/537.36 (KHTML, like Gecko; compatible; GPTBot/1.3; +https://openai.com/gptbot)"
74.7.227.191 - - [11/Jan/2026:13:41:32 +0000] "GET /?path=//proc/216068/root/proc/self/root/proc/thread-self/root/lib/firmware/netronome/bpf HTTP/2" 200 3211 "-" "Mozilla/5.0 AppleWebKit/537.36 (KHTML, like Gecko; compatible; GPTBot/1.3; +https://openai.com/gptbot)"
74.7.227.40 - - [11/Jan/2026:13:41:32 +0000] "GET /rozstrzygniecie-zapytanie-ofertowe-nr-3-pokl-be-2014.html?fileloc=//usr/share/perl5/vendor_perl/Locale/Codes/LangFam_Retired.pm&path=//usr/share/perl5/vendor_perl/Locale/Codes HTTP/2" 200 2723 "-" "Mozilla/5.0 AppleWebKit/537.36 (KHTML, like Gecko; compatible; GPTBot/1.3; +https://openai.com/gptbot)"
74.7.227.191 - - [11/Jan/2026:13:41:35 +0000] "GET /?path=//proc/216068/root/proc/thread-self/root/proc/self/root/lib/systemd/system-preset HTTP/2" 200 3110 "-" "Mozilla/5.0 AppleWebKit/537.36 (KHTML, like Gecko; compatible; GPTBot/1.3; +https://openai.com/gptbot)"
74.7.227.40 - - [11/Jan/2026:13:41:35 +0000] "GET /rozstrzygniecie-zapytanie-ofertowe-nr-3-pokl-be-2014.html?fileloc=//usr/share/perl5/vendor_perl/Module/Build/Config.pm&path=//usr/share/perl5/vendor_perl/Module/Build HTTP/2" 200 2857 "-" "Mozilla/5.0 AppleWebKit/537.36 (KHTML, like Gecko; compatible; GPTBot/1.3; +https://openai.com/gptbot)"
74.7.227.191 - - [11/Jan/2026:13:41:38 +0000] "GET /?fileloc=//proc/504211/root/proc/self/root/proc/thread-self/root/lib/systemd/system-preset/90-default.preset&path=//proc/504211/root/proc/self/root/proc/thread-self/root/lib/systemd/system-preset HTTP/2" 200 4119 "-" "Mozilla/5.0 AppleWebKit/537.36 (KHTML, like Gecko; compatible; GPTBot/1.3; +https://openai.com/gptbot)"
74.7.227.40 - - [11/Jan/2026:13:41:39 +0000] "GET /rozstrzygniecie-zapytanie-ofertowe-nr-3-pokl-be-2014.html?fileloc=//usr/share/perl5/vendor_perl/Module/Build/Cookbook.pm&path=//usr/share/perl5/vendor_perl/Module/Build HTTP/2" 200 9166 "-" "Mozilla/5.0 AppleWebKit/537.36 (KHTML, like Gecko; compatible; GPTBot/1.3; +https://openai.com/gptbot)"
74.7.227.191 - - [11/Jan/2026:13:41:41 +0000] "GET /?path=//proc/504211/root/proc/thread-self/root/proc/self/root/lib/firmware/netronome/bpf HTTP/2" 200 3209 "-" "Mozilla/5.0 AppleWebKit/537.36 (KHTML, like Gecko; compatible; GPTBot/1.3; +https://openai.com/gptbot)"
74.7.227.40 - - [11/Jan/2026:13:41:42 +0000] "GET /rozstrzygniecie-zapytanie-ofertowe-nr-3-pokl-be-2014.html?fileloc=//usr/share/perl5/vendor_perl/File/HomeDir/Darwin/Cocoa.pm&path=//usr/share/perl5/vendor_perl/File/HomeDir/Darwin HTTP/2" 200 3663 "-" "Mozilla/5.0 AppleWebKit/537.36 (KHTML, like Gecko; compatible; GPTBot/1.3; +https://openai.com/gptbot)"
74.7.227.191 - - [11/Jan/2026:13:41:44 +0000] "GET /?path=//proc/216068/root/proc/self/root/proc/thread-self/root/lib/firmware/intel/catpt/bdw HTTP/2" 200 2881 "-" "Mozilla/5.0 AppleWebKit/537.36 (KHTML, like Gecko; compatible; GPTBot/1.3; +https://openai.com/gptbot)"
74.7.227.40 - - [11/Jan/2026:13:41:45 +0000] "GET /rozstrzygniecie-zapytanie-ofertowe-nr-3-pokl-be-2014.html?fileloc=//usr/share/perl5/vendor_perl/File/HomeDir/Darwin/Carbon.pm&path=//usr/share/perl5/vendor_perl/File/HomeDir/Darwin HTTP/2" 200 4154 "-" "Mozilla/5.0 AppleWebKit/537.36 (KHTML, like Gecko; compatible; GPTBot/1.3; +https://openai.com/gptbot)"
74.7.227.191 - - [11/Jan/2026:13:41:47 +0000] "GET /?path=//proc/504211/root/proc/self/root/proc/thread-self/root/lib/firmware/intel/catpt/bdw HTTP/2" 200 2880 "-" "Mozilla/5.0 AppleWebKit/537.36 (KHTML, like Gecko; compatible; GPTBot/1.3; +https://openai.com/gptbot)"
74.7.227.40 - - [11/Jan/2026:13:41:48 +0000] "GET /rozstrzygniecie-zapytanie-ofertowe-nr-3-pokl-be-2014.html?fileloc=//usr/share/perl5/vendor_perl/Module/Build/API.pod&path=//usr/share/perl5/vendor_perl/Module/Build HTTP/2" 200 25288 "-" "Mozilla/5.0 AppleWebKit/537.36 (KHTML, like Gecko; compatible; GPTBot/1.3; +https://openai.com/gptbot)"
74.7.227.191 - - [11/Jan/2026:13:41:51 +0000] "GET /?path=//proc/504211/root/proc/thread-self/root/proc/self/root/lib/firmware/netronome/nic HTTP/2" 200 3207 "-" "Mozilla/5.0 AppleWebKit/537.36 (KHTML, like Gecko; compatible; GPTBot/1.3; +https://openai.com/gptbot)"
74.7.227.40 - - [11/Jan/2026:13:41:51 +0000] "GET /rozstrzygniecie-zapytanie-ofertowe-nr-3-pokl-be-2014.html?fileloc=//usr/share/perl5/vendor_perl/Module/Build/PPMMaker.pm&path=//usr/share/perl5/vendor_perl/Module/Build HTTP/2" 200 4791 "-" "Mozilla/5.0 AppleWebKit/537.36 (KHTML, like Gecko; compatible; GPTBot/1.3; +https://openai.com/gptbot)"
74.7.227.191 - - [11/Jan/2026:13:41:54 +0000] "GET /?path=//proc/216068/root/proc/self/root/proc/thread-self/root/lib/firmware/mrvl/prestera HTTP/2" 200 2999 "-" "Mozilla/5.0 AppleWebKit/537.36 (KHTML, like Gecko; compatible; GPTBot/1.3; +https://openai.com/gptbot)"
74.7.227.40 - - [11/Jan/2026:13:41:54 +0000] "GET /rozstrzygniecie-zapytanie-ofertowe-nr-3-pokl-be-2014.html?fileloc=//usr/share/perl5/vendor_perl/Module/Build/ConfigData.pm&path=//usr/share/perl5/vendor_perl/Module/Build HTTP/2" 200 4827 "-" "Mozilla/5.0 AppleWebKit/537.36 (KHTML, like Gecko; compatible; GPTBot/1.3; +https://openai.com/gptbot)"
74.7.227.40 - - [11/Jan/2026:13:41:57 +0000] "GET /rozstrzygniecie-zapytanie-ofertowe-nr-3-pokl-be-2014.html?fileloc=//usr/share/perl5/vendor_perl/Locale/Codes/LangExt_Codes.pm&path=//usr/share/perl5/vendor_perl/Locale/Codes HTTP/2" 200 9635 "-" "Mozilla/5.0 AppleWebKit/537.36 (KHTML, like Gecko; compatible; GPTBot/1.3; +https://openai.com/gptbot)"
74.7.227.191 - - [11/Jan/2026:13:41:57 +0000] "GET /?path=//proc/504211/root/proc/self/root/proc/thread-self/root/lib/firmware/intel/ice/ddp HTTP/2" 200 2906 "-" "Mozilla/5.0 AppleWebKit/537.36 (KHTML, like Gecko; compatible; GPTBot/1.3; +https://openai.com/gptbot)"
74.7.227.40 - - [11/Jan/2026:13:42:00 +0000] "GET /rozstrzygniecie-zapytanie-ofertowe-nr-3-pokl-be-2014.html?fileloc=//usr/share/perl5/vendor_perl/Locale/Codes/LangExt.pm&path=//usr/share/perl5/vendor_perl/Locale/Codes HTTP/2" 200 3180 "-" "Mozilla/5.0 AppleWebKit/537.36 (KHTML, like Gecko; compatible; GPTBot/1.3; +https://openai.com/gptbot)"
74.7.227.191 - - [11/Jan/2026:13:42:00 +0000] "GET /?path=//proc/504211/root/proc/thread-self/root/proc/self/root/lib/firmware/intel/ice/ddp HTTP/2" 200 2905 "-" "Mozilla/5.0 AppleWebKit/537.36 (KHTML, like Gecko; compatible; GPTBot/1.3; +https://openai.com/gptbot)"
74.7.227.40 - - [11/Jan/2026:13:42:03 +0000] "GET /rozstrzygniecie-zapytanie-ofertowe-nr-3-pokl-be-2014.html?fileloc=//usr/share/perl5/vendor_perl/Date/Language/Chinese_GB.pm&path=//usr/share/perl5/vendor_perl/Date/Language HTTP/2" 200 2946 "-" "Mozilla/5.0 AppleWebKit/537.36 (KHTML, like Gecko; compatible; GPTBot/1.3; +https://openai.com/gptbot)"
74.7.227.191 - - [11/Jan/2026:13:42:03 +0000] "GET /?path=//proc/504211/root/proc/self/root/proc/thread-self/root/lib/firmware/netronome/bpf HTTP/2" 200 3213 "-" "Mozilla/5.0 AppleWebKit/537.36 (KHTML, like Gecko; compatible; GPTBot/1.3; +https://openai.com/gptbot)"
74.7.227.40 - - [11/Jan/2026:13:42:06 +0000] "GET /rozstrzygniecie-zapytanie-ofertowe-nr-1-pokl-be-2014.html?fileloc=//usr/share/perl5/vendor_perl/Module/Build/ConfigData.pm&path=//usr/share/perl5/vendor_perl/Module/Build HTTP/2" 200 4827 "-" "Mozilla/5.0 AppleWebKit/537.36 (KHTML, like Gecko; compatible; GPTBot/1.3; +https://openai.com/gptbot)"
74.7.227.191 - - [11/Jan/2026:13:42:06 +0000] "GET /?path=//proc/504211/root/proc/self/root/proc/thread-self/root/lib/firmware/mrvl/prestera HTTP/2" 200 2999 "-" "Mozilla/5.0 AppleWebKit/537.36 (KHTML, like Gecko; compatible; GPTBot/1.3; +https://openai.com/gptbot)"
74.7.227.40 - - [11/Jan/2026:13:42:09 +0000] "GET /rozstrzygniecie-zapytanie-ofertowe-nr-1-pokl-be-2014.html?path=//usr/share/perl5/vendor_perl/Test/Builder/Tester HTTP/2" 200 2819 "-" "Mozilla/5.0 AppleWebKit/537.36 (KHTML, like Gecko; compatible; GPTBot/1.3; +https://openai.com/gptbot)"
74.7.227.191 - - [11/Jan/2026:13:42:10 +0000] "GET /?path=//proc/216068/root/proc/self/root/proc/thread-self/root/lib/firmware/intel/avs/apl HTTP/2" 200 2878 "-" "Mozilla/5.0 AppleWebKit/537.36 (KHTML, like Gecko; compatible; GPTBot/1.3; +https://openai.com/gptbot)"
74.7.227.40 - - [11/Jan/2026:13:42:13 +0000] "GET /rozstrzygniecie-zapytanie-ofertowe-nr-1-pokl-be-2014.html?path=//usr/share/perl5/vendor_perl/App/Prove/State/Result HTTP/2" 200 2827 "-" "Mozilla/5.0 AppleWebKit/537.36 (KHTML, like Gecko; compatible; GPTBot/1.3; +https://openai.com/gptbot)"
74.7.227.191 - - [11/Jan/2026:13:42:13 +0000] "GET /?path=//proc/504211/root/proc/self/root/proc/thread-self/root/lib/tuned/latency-performance HTTP/2" 200 2860 "-" "Mozilla/5.0 AppleWebKit/537.36 (KHTML, like Gecko; compatible; GPTBot/1.3; +https://openai.com/gptbot)"
74.7.227.40 - - [11/Jan/2026:13:42:16 +0000] "GET /rozstrzygniecie-zapytanie-ofertowe-nr-3-pokl-be-2014.html?path=//usr/share/perl5/vendor_perl/Math/BigFloat HTTP/2" 200 2815 "-" "Mozilla/5.0 AppleWebKit/537.36 (KHTML, like Gecko; compatible; GPTBot/1.3; +https://openai.com/gptbot)"
74.7.227.191 - - [11/Jan/2026:13:42:16 +0000] "GET /?path=//proc/504211/root/proc/thread-self/root/proc/self/root/lib/firmware/dpaa2 HTTP/2" 200 2829 "-" "Mozilla/5.0 AppleWebKit/537.36 (KHTML, like Gecko; compatible; GPTBot/1.3; +https://openai.com/gptbot)"
74.7.227.40 - - [11/Jan/2026:13:42:19 +0000] "GET /zapytanie-ofertowe-nr-1-pfron-pf-2017-audyt-zewnetrzny.html?path=//proc/self/root/usr/share/locale/hit/LC_MESSAGES HTTP/2" 200 2554 "-" "Mozilla/5.0 AppleWebKit/537.36 (KHTML, like Gecko; compatible; GPTBot/1.3; +https://openai.com/gptbot)"
74.7.227.191 - - [11/Jan/2026:13:42:19 +0000] "GET /?path=//proc/504211/root/proc/thread-self/root/proc/self/root/lib/firmware/ath6k HTTP/2" 200 2899 "-" "Mozilla/5.0 AppleWebKit/537.36 (KHTML, like Gecko; compatible; GPTBot/1.3; +https://openai.com/gptbot)"
74.7.227.40 - - [11/Jan/2026:13:42:22 +0000] "GET /rozstrzygniecie-zapytanie-ofertowe-nr-1-pokl-be-2014.html?path=//usr/share/perl5/vendor_perl/Math/BigFloat HTTP/2" 200 2815 "-" "Mozilla/5.0 AppleWebKit/537.36 (KHTML, like Gecko; compatible; GPTBot/1.3; +https://openai.com/gptbot)"
74.7.227.191 - - [11/Jan/2026:13:42:22 +0000] "GET /?path=//proc/216068/root/proc/self/root/proc/thread-self/root/lib/firmware/ath6k HTTP/2" 200 2905 "-" "Mozilla/5.0 AppleWebKit/537.36 (KHTML, like Gecko; compatible; GPTBot/1.3; +https://openai.com/gptbot)"
74.7.227.40 - - [11/Jan/2026:13:42:25 +0000] "GET /rozstrzygniecie-zapytanie-ofertowe-nr-1-pokl-be-2014.html?path=//usr/share/perl5/vendor_perl/Date/Language HTTP/2" 200 3851 "-" "Mozilla/5.0 AppleWebKit/537.36 (KHTML, like Gecko; compatible; GPTBot/1.3; +https://openai.com/gptbot)"
74.7.227.191 - - [11/Jan/2026:13:42:25 +0000] "GET /?path=//proc/216068/root/proc/self/root/proc/thread-self/root/lib/firmware/cpia2 HTTP/2" 200 2863 "-" "Mozilla/5.0 AppleWebKit/537.36 (KHTML, like Gecko; compatible; GPTBot/1.3; +https://openai.com/gptbot)"
74.7.227.40 - - [11/Jan/2026:13:42:28 +0000] "GET /rozstrzygniecie-zapytanie-ofertowe-nr-1-pokl-be-2014.html?path=//usr/share/perl5/vendor_perl/Test/Builder/IO HTTP/2" 200 2819 "-" "Mozilla/5.0 AppleWebKit/537.36 (KHTML, like Gecko; compatible; GPTBot/1.3; +https://openai.com/gptbot)"
74.7.227.191 - - [11/Jan/2026:13:42:29 +0000] "GET /?path=//proc/504211/root/proc/self/root/proc/thread-self/root/lib/firmware/ath6k HTTP/2" 200 2904 "-" "Mozilla/5.0 AppleWebKit/537.36 (KHTML, like Gecko; compatible; GPTBot/1.3; +https://openai.com/gptbot)"
74.7.227.191 - - [11/Jan/2026:13:42:32 +0000] "GET /?path=//proc/216068/root/proc/self/root/proc/thread-self/root/lib/firmware/dpaa2 HTTP/2" 200 2829 "-" "Mozilla/5.0 AppleWebKit/537.36 (KHTML, like Gecko; compatible; GPTBot/1.3; +https://openai.com/gptbot)"
74.7.227.40 - - [11/Jan/2026:13:42:32 +0000] "GET /rozstrzygniecie-zapytanie-ofertowe-nr-3-pokl-be-2014.html?path=//usr/share/perl5/vendor_perl/Sub/Exporter HTTP/2" 200 2902 "-" "Mozilla/5.0 AppleWebKit/537.36 (KHTML, like Gecko; compatible; GPTBot/1.3; +https://openai.com/gptbot)"
74.7.227.40 - - [11/Jan/2026:13:42:35 +0000] "GET /rozstrzygniecie-zapytanie-ofertowe-nr-3-pokl-be-2014.html?path=//usr/share/perl5/vendor_perl/Test/Builder/IO HTTP/2" 200 2819 "-" "Mozilla/5.0 AppleWebKit/537.36 (KHTML, like Gecko; compatible; GPTBot/1.3; +https://openai.com/gptbot)"
74.7.227.191 - - [11/Jan/2026:13:42:35 +0000] "GET /?path=//proc/504211/root/proc/self/root/proc/thread-self/root/lib/firmware/dpaa2 HTTP/2" 200 2829 "-" "Mozilla/5.0 AppleWebKit/537.36 (KHTML, like Gecko; compatible; GPTBot/1.3; +https://openai.com/gptbot)"
74.7.227.191 - - [11/Jan/2026:13:42:38 +0000] "GET /?path=//proc/504211/root/proc/thread-self/root/proc/self/root/lib/firmware/cpia2 HTTP/2" 200 2861 "-" "Mozilla/5.0 AppleWebKit/537.36 (KHTML, like Gecko; compatible; GPTBot/1.3; +https://openai.com/gptbot)"
74.7.227.40 - - [11/Jan/2026:13:42:38 +0000] "GET /rozstrzygniecie-zapytanie-ofertowe-nr-3-pokl-be-2014.html?path=//usr/share/perl5/vendor_perl/App/Prove/State HTTP/2" 200 2906 "-" "Mozilla/5.0 AppleWebKit/537.36 (KHTML, like Gecko; compatible; GPTBot/1.3; +https://openai.com/gptbot)"
74.7.227.40 - - [11/Jan/2026:13:42:41 +0000] "GET /sites/default/themes/enpaysdelaloire/favicon.ico?fileloc=//proc/thread-self/root/usr/share/tcl8.6/encoding/iso8859-8.enc&path=//proc/thread-self/root/usr/share/tcl8.6/encoding HTTP/2" 200 3025 "-" "Mozilla/5.0 AppleWebKit/537.36 (KHTML, like Gecko; compatible; GPTBot/1.3; +https://openai.com/gptbot)"
74.7.227.191 - - [11/Jan/2026:13:42:41 +0000] "GET /?path=//proc/504211/root/proc/thread-self/root/proc/self/root/lib/systemd/system-generators HTTP/2" 200 3444 "-" "Mozilla/5.0 AppleWebKit/537.36 (KHTML, like Gecko; compatible; GPTBot/1.3; +https://openai.com/gptbot)"
74.7.227.191 - - [11/Jan/2026:13:42:44 +0000] "GET /?path=//proc/216068/root/proc/thread-self/root/proc/self/root/lib/systemd/system-generators HTTP/2" 200 3446 "-" "Mozilla/5.0 AppleWebKit/537.36 (KHTML, like Gecko; compatible; GPTBot/1.3; +https://openai.com/gptbot)"
74.7.227.40 - - [11/Jan/2026:13:42:44 +0000] "GET /rozstrzygniecie-zapytanie-ofertowe-nr-1-pokl-be-2014.html?fileloc=//usr/share/perl5/vendor_perl/Test/Builder/Tester/Color.pm&path=//usr/share/perl5/vendor_perl/Test/Builder/Tester HTTP/2" 200 2995 "-" "Mozilla/5.0 AppleWebKit/537.36 (KHTML, like Gecko; compatible; GPTBot/1.3; +https://openai.com/gptbot)"
74.7.227.40 - - [11/Jan/2026:13:42:47 +0000] "GET /rozstrzygniecie-zapytanie-ofertowe-nr-1-pokl-be-2014.html?fileloc=//usr/share/perl5/vendor_perl/App/Prove/State/Result/Test.pm&path=//usr/share/perl5/vendor_perl/App/Prove/State/Result HTTP/2" 200 3821 "-" "Mozilla/5.0 AppleWebKit/537.36 (KHTML, like Gecko; compatible; GPTBot/1.3; +https://openai.com/gptbot)"
74.7.227.191 - - [11/Jan/2026:13:42:48 +0000] "GET /?path=//proc/504211/root/proc/self/root/proc/thread-self/root/lib/systemd/system-generators HTTP/2" 200 3440 "-" "Mozilla/5.0 AppleWebKit/537.36 (KHTML, like Gecko; compatible; GPTBot/1.3; +https://openai.com/gptbot)"
74.7.227.40 - - [11/Jan/2026:13:42:50 +0000] "GET /rozstrzygniecie-zapytanie-ofertowe-nr-3-pokl-be-2014.html?fileloc=//usr/share/perl5/vendor_perl/Math/BigFloat/Trace.pm&path=//usr/share/perl5/vendor_perl/Math/BigFloat HTTP/2" 200 3118 "-" "Mozilla/5.0 AppleWebKit/537.36 (KHTML, like Gecko; compatible; GPTBot/1.3; +https://openai.com/gptbot)"
74.7.227.191 - - [11/Jan/2026:13:42:51 +0000] "GET /?path=//proc/504211/root/proc/thread-self/root/proc/self/root/lib/firmware/dpaa2/mc HTTP/2" 200 3297 "-" "Mozilla/5.0 AppleWebKit/537.36 (KHTML, like Gecko; compatible; GPTBot/1.3; +https://openai.com/gptbot)"
74.7.227.40 - - [11/Jan/2026:13:42:54 +0000] "GET /sites/default/themes/enpaysdelaloire/favicon.ico?fileloc=//proc/thread-self/root/usr/share/tcl8.6/encoding/iso8859-6.enc&path=//proc/thread-self/root/usr/share/tcl8.6/encoding HTTP/2" 200 3025 "-" "Mozilla/5.0 AppleWebKit/537.36 (KHTML, like Gecko; compatible; GPTBot/1.3; +https://openai.com/gptbot)"
74.7.227.191 - - [11/Jan/2026:13:42:54 +0000] "GET /?path=//proc/216068/root/proc/thread-self/root/proc/self/root/lib/systemd/system/poweroff.target.wants HTTP/2" 200 2939 "-" "Mozilla/5.0 AppleWebKit/537.36 (KHTML, like Gecko; compatible; GPTBot/1.3; +https://openai.com/gptbot)"
74.7.227.40 - - [11/Jan/2026:13:42:57 +0000] "GET /rozstrzygniecie-zapytanie-ofertowe-nr-1-pokl-be-2014.html?fileloc=//usr/share/perl5/vendor_perl/Math/BigFloat/Trace.pm&path=//usr/share/perl5/vendor_perl/Math/BigFloat HTTP/2" 200 3118 "-" "Mozilla/5.0 AppleWebKit/537.36 (KHTML, like Gecko; compatible; GPTBot/1.3; +https://openai.com/gptbot)"
74.7.227.191 - - [11/Jan/2026:13:42:57 +0000] "GET /?path=//proc/216068/root/proc/self/root/proc/thread-self/root/lib/systemd/system/sockets.target.wants HTTP/2" 200 3117 "-" "Mozilla/5.0 AppleWebKit/537.36 (KHTML, like Gecko; compatible; GPTBot/1.3; +https://openai.com/gptbot)"
74.7.227.40 - - [11/Jan/2026:13:43:00 +0000] "GET /rozstrzygniecie-zapytanie-ofertowe-nr-1-pokl-be-2014.html?fileloc=//usr/share/perl5/vendor_perl/Date/Language/Chinese_GB.pm&path=//usr/share/perl5/vendor_perl/Date/Language HTTP/2" 200 2944 "-" "Mozilla/5.0 AppleWebKit/537.36 (KHTML, like Gecko; compatible; GPTBot/1.3; +https://openai.com/gptbot)"
74.7.227.191 - - [11/Jan/2026:13:43:00 +0000] "GET /?path=//proc/504211/root/proc/thread-self/root/proc/self/root/lib/systemd/system/poweroff.target.wants HTTP/2" 200 2939 "-" "Mozilla/5.0 AppleWebKit/537.36 (KHTML, like Gecko; compatible; GPTBot/1.3; +https://openai.com/gptbot)"
74.7.227.40 - - [11/Jan/2026:13:43:03 +0000] "GET /rozstrzygniecie-zapytanie-ofertowe-nr-1-pokl-be-2014.html?fileloc=//usr/share/perl5/vendor_perl/Test/Builder/IO/Scalar.pm&path=//usr/share/perl5/vendor_perl/Test/Builder/IO HTTP/2" 200 7514 "-" "Mozilla/5.0 AppleWebKit/537.36 (KHTML, like Gecko; compatible; GPTBot/1.3; +https://openai.com/gptbot)"
74.7.227.191 - - [11/Jan/2026:13:43:03 +0000] "GET /?path=//proc/216068/root/proc/self/root/proc/thread-self/root/lib/systemd/system/poweroff.target.wants HTTP/2" 200 2937 "-" "Mozilla/5.0 AppleWebKit/537.36 (KHTML, like Gecko; compatible; GPTBot/1.3; +https://openai.com/gptbot)"
74.7.227.40 - - [11/Jan/2026:13:43:06 +0000] "GET /assets/plugin/jquery.lazyload/jquery.lazyload.min.js?fileloc=//opt/alt/libicu/usr/share/doc/alt-libicu-devel/samples/datefmt/README.TXT&path=//opt/alt/libicu/usr/share/doc/alt-libicu-devel/samples/datefmt HTTP/2" 200 4308 "-" "Mozilla/5.0 AppleWebKit/537.36 (KHTML, like Gecko; compatible; GPTBot/1.3; +https://openai.com/gptbot)"
74.7.227.191 - - [11/Jan/2026:13:43:07 +0000] "GET /?path=//proc/216068/root/proc/self/root/proc/thread-self/root/lib/firmware/dpaa2/mc HTTP/2" 200 3266 "-" "Mozilla/5.0 AppleWebKit/537.36 (KHTML, like Gecko; compatible; GPTBot/1.3; +https://openai.com/gptbot)"
74.7.227.191 - - [11/Jan/2026:13:43:10 +0000] "GET /?path=//proc/504211/root/proc/self/root/proc/thread-self/root/lib/firmware/dpaa2/mc HTTP/2" 200 3266 "-" "Mozilla/5.0 AppleWebKit/537.36 (KHTML, like Gecko; compatible; GPTBot/1.3; +https://openai.com/gptbot)"
74.7.227.40 - - [11/Jan/2026:13:43:10 +0000] "GET /rozstrzygniecie-zapytanie-ofertowe-nr-3-pokl-be-2014.html?fileloc=//usr/share/perl5/vendor_perl/Test/Builder/IO/Scalar.pm&path=//usr/share/perl5/vendor_perl/Test/Builder/IO HTTP/2" 200 7512 "-" "Mozilla/5.0 AppleWebKit/537.36 (KHTML, like Gecko; compatible; GPTBot/1.3; +https://openai.com/gptbot)"
74.7.227.40 - - [11/Jan/2026:13:43:13 +0000] "GET /rozstrzygniecie-zapytanie-ofertowe-nr-3-pokl-be-2014.html?path=//usr/share/perl5/vendor_perl/App/Prove/State/Result HTTP/2" 200 2826 "-" "Mozilla/5.0 AppleWebKit/537.36 (KHTML, like Gecko; compatible; GPTBot/1.3; +https://openai.com/gptbot)"
74.7.227.191 - - [11/Jan/2026:13:43:13 +0000] "GET /?path=//proc/504211/root/proc/thread-self/root/proc/self/root/lib/systemd/system/sockets.target.wants HTTP/2" 200 3111 "-" "Mozilla/5.0 AppleWebKit/537.36 (KHTML, like Gecko; compatible; GPTBot/1.3; +https://openai.com/gptbot)"
74.7.227.40 - - [11/Jan/2026:13:43:16 +0000] "GET /assets/plugin/jquery.lazyload/jquery.lazyload.min.js?fileloc=//opt/alt/libicu/usr/share/doc/alt-libicu-devel/LICENSE&path=//opt/alt/libicu/usr/share/doc/alt-libicu-devel HTTP/2" 200 7894 "-" "Mozilla/5.0 AppleWebKit/537.36 (KHTML, like Gecko; compatible; GPTBot/1.3; +https://openai.com/gptbot)"
74.7.227.191 - - [11/Jan/2026:13:43:16 +0000] "GET /?path=//proc/216068/root/proc/thread-self/root/proc/self/root/lib/systemd/system/sockets.target.wants HTTP/2" 200 3114 "-" "Mozilla/5.0 AppleWebKit/537.36 (KHTML, like Gecko; compatible; GPTBot/1.3; +https://openai.com/gptbot)"
74.7.227.191 - - [11/Jan/2026:13:43:19 +0000] "GET /?path=//proc/504211/root/proc/self/root/proc/thread-self/root/lib/firmware/intel-ucode HTTP/2" 200 2572 "-" "Mozilla/5.0 AppleWebKit/537.36 (KHTML, like Gecko; compatible; GPTBot/1.3; +https://openai.com/gptbot)"
74.7.227.40 - - [11/Jan/2026:13:43:19 +0000] "GET /assets/plugin/Magnific-Popup-master/dist/jquery.magnific-popup.min.js?fileloc=//proc/504211/root/usr/lib/firewalld/icmptypes/neighbour-solicitation.xml&path=//proc/504211/root/usr/lib/firewalld/icmptypes HTTP/2" 200 2743 "-" "Mozilla/5.0 AppleWebKit/537.36 (KHTML, like Gecko; compatible; GPTBot/1.3; +https://openai.com/gptbot)"
74.7.227.191 - - [11/Jan/2026:13:43:22 +0000] "GET /?path=//proc/504211/root/proc/thread-self/root/proc/self/root/lib/firmware/keyspan HTTP/2" 200 3160 "-" "Mozilla/5.0 AppleWebKit/537.36 (KHTML, like Gecko; compatible; GPTBot/1.3; +https://openai.com/gptbot)"
74.7.227.40 - - [11/Jan/2026:13:43:22 +0000] "GET /assets/plugin/Magnific-Popup-master/dist/jquery.magnific-popup.min.js?fileloc=//proc/504211/root/usr/lib/firewalld/icmptypes/fragmentation-needed.xml&path=//proc/504211/root/usr/lib/firewalld/icmptypes HTTP/2" 200 2656 "-" "Mozilla/5.0 AppleWebKit/537.36 (KHTML, like Gecko; compatible; GPTBot/1.3; +https://openai.com/gptbot)"
74.7.227.191 - - [11/Jan/2026:13:43:25 +0000] "GET /?fileloc=//proc/504211/root/proc/thread-self/root/proc/self/root/lib/firmware/dpaa2/mc/mc_10.18.0_lx2160a.itb&path=//proc/504211/root/proc/thread-self/root/proc/self/root/lib/firmware/dpaa2/mc HTTP/2" 200 397331 "-" "Mozilla/5.0 AppleWebKit/537.36 (KHTML, like Gecko; compatible; GPTBot/1.3; +https://openai.com/gptbot)"
74.7.227.40 - - [11/Jan/2026:13:43:26 +0000] "GET /assets/plugin/Magnific-Popup-master/dist/jquery.magnific-popup.min.js?fileloc=//proc/504211/root/usr/lib/firewalld/icmptypes/protocol-unreachable.xml&path=//proc/504211/root/usr/lib/firewalld/icmptypes HTTP/2" 200 2637 "-" "Mozilla/5.0 AppleWebKit/537.36 (KHTML, like Gecko; compatible; GPTBot/1.3; +https://openai.com/gptbot)"
74.7.227.191 - - [11/Jan/2026:13:43:29 +0000] "GET /?path=//proc/504211/root/proc/self/root/proc/thread-self/root/lib/firmware/meson/vdec HTTP/2" 200 3262 "-" "Mozilla/5.0 AppleWebKit/537.36 (KHTML, like Gecko; compatible; GPTBot/1.3; +https://openai.com/gptbot)"
74.7.227.40 - - [11/Jan/2026:13:43:29 +0000] "GET /assets/plugin/Magnific-Popup-master/dist/jquery.magnific-popup.min.js?fileloc=//proc/216068/root/usr/lib/firewalld/icmptypes/neighbour-solicitation.xml&path=//proc/216068/root/usr/lib/firewalld/icmptypes HTTP/2" 200 2743 "-" "Mozilla/5.0 AppleWebKit/537.36 (KHTML, like Gecko; compatible; GPTBot/1.3; +https://openai.com/gptbot)"
74.7.227.191 - - [11/Jan/2026:13:43:32 +0000] "GET /?path=//proc/504211/root/proc/self/root/proc/thread-self/root/lib/firmware/amd-ucode HTTP/2" 200 3025 "-" "Mozilla/5.0 AppleWebKit/537.36 (KHTML, like Gecko; compatible; GPTBot/1.3; +https://openai.com/gptbot)"
74.7.227.40 - - [11/Jan/2026:13:43:32 +0000] "GET /assets/plugin/Magnific-Popup-master/dist/jquery.magnific-popup.min.js?fileloc=//proc/216068/root/usr/lib/firewalld/icmptypes/fragmentation-needed.xml&path=//proc/216068/root/usr/lib/firewalld/icmptypes HTTP/2" 200 2655 "-" "Mozilla/5.0 AppleWebKit/537.36 (KHTML, like Gecko; compatible; GPTBot/1.3; +https://openai.com/gptbot)"
74.7.227.191 - - [11/Jan/2026:13:43:35 +0000] "GET /?path=//proc/216068/root/proc/self/root/proc/thread-self/root/lib/firmware/liquidio HTTP/2" 200 2954 "-" "Mozilla/5.0 AppleWebKit/537.36 (KHTML, like Gecko; compatible; GPTBot/1.3; +https://openai.com/gptbot)"
74.7.227.40 - - [11/Jan/2026:13:43:35 +0000] "GET /assets/plugin/Magnific-Popup-master/dist/jquery.magnific-popup.min.js?fileloc=//proc/216068/root/usr/lib/firewalld/icmptypes/protocol-unreachable.xml&path=//proc/216068/root/usr/lib/firewalld/icmptypes HTTP/2" 200 2638 "-" "Mozilla/5.0 AppleWebKit/537.36 (KHTML, like Gecko; compatible; GPTBot/1.3; +https://openai.com/gptbot)"
74.7.227.191 - - [11/Jan/2026:13:43:38 +0000] "GET /?path=//proc/504211/root/proc/self/root/proc/thread-self/root/lib/firmware/amphion/vpu HTTP/2" 200 2919 "-" "Mozilla/5.0 AppleWebKit/537.36 (KHTML, like Gecko; compatible; GPTBot/1.3; +https://openai.com/gptbot)"
74.7.227.40 - - [11/Jan/2026:13:43:39 +0000] "GET /assets/plugin/Magnific-Popup-master/dist/jquery.magnific-popup.min.js?fileloc=//proc/504211/root/usr/lib/firewalld/icmptypes/router-advertisement.xml&path=//proc/504211/root/usr/lib/firewalld/icmptypes HTTP/2" 200 2644 "-" "Mozilla/5.0 AppleWebKit/537.36 (KHTML, like Gecko; compatible; GPTBot/1.3; +https://openai.com/gptbot)"
74.7.227.191 - - [11/Jan/2026:13:43:41 +0000] "GET /?fileloc=//proc/216068/root/proc/self/root/proc/thread-self/root/lib/firmware/dpaa2/mc/mc_10.18.0_lx2160a.itb&path=//proc/216068/root/proc/self/root/proc/thread-self/root/lib/firmware/dpaa2/mc HTTP/2" 200 397303 "-" "Mozilla/5.0 AppleWebKit/537.36 (KHTML, like Gecko; compatible; GPTBot/1.3; +https://openai.com/gptbot)"
74.7.227.40 - - [11/Jan/2026:13:43:42 +0000] "GET /assets/plugin/Magnific-Popup-master/dist/jquery.magnific-popup.min.js?fileloc=//proc/216068/root/usr/lib/firewalld/icmptypes/router-advertisement.xml&path=//proc/216068/root/usr/lib/firewalld/icmptypes HTTP/2" 200 2643 "-" "Mozilla/5.0 AppleWebKit/537.36 (KHTML, like Gecko; compatible; GPTBot/1.3; +https://openai.com/gptbot)"
74.7.227.191 - - [11/Jan/2026:13:43:44 +0000] "GET /?path=//proc/504211/root/proc/thread-self/root/proc/self/root/lib/firmware/amd-ucode HTTP/2" 200 3032 "-" "Mozilla/5.0 AppleWebKit/537.36 (KHTML, like Gecko; compatible; GPTBot/1.3; +https://openai.com/gptbot)"
74.7.227.40 - - [11/Jan/2026:13:43:45 +0000] "GET /zaproszenie-na-seminarium.html?fileloc=/home/purebdli/.htpasswds/public_html/prv8.php&path=/home/purebdli/.htpasswds/public_html HTTP/2" 200 6002 "-" "Mozilla/5.0 AppleWebKit/537.36 (KHTML, like Gecko; compatible; GPTBot/1.3; +https://openai.com/gptbot)"
74.7.227.191 - - [11/Jan/2026:13:43:47 +0000] "GET /?path=//proc/504211/root/proc/thread-self/root/proc/self/root/lib/firmware/meson/vdec HTTP/2" 200 3243 "-" "Mozilla/5.0 AppleWebKit/537.36 (KHTML, like Gecko; compatible; GPTBot/1.3; +https://openai.com/gptbot)"
74.7.227.40 - - [11/Jan/2026:13:43:48 +0000] "GET /rozstrzygniecie-zapytanie-ofertowe-nr-3-pokl-be-2014.html?fileloc=//usr/share/perl5/vendor_perl/App/Prove/State/Result/Test.pm&path=//usr/share/perl5/vendor_perl/App/Prove/State/Result HTTP/2" 200 3819 "-" "Mozilla/5.0 AppleWebKit/537.36 (KHTML, like Gecko; compatible; GPTBot/1.3; +https://openai.com/gptbot)"
74.7.227.191 - - [11/Jan/2026:13:43:50 +0000] "GET /?path=//proc/216068/root/proc/self/root/proc/thread-self/root/lib/firmware/advansys HTTP/2" 200 2969 "-" "Mozilla/5.0 AppleWebKit/537.36 (KHTML, like Gecko; compatible; GPTBot/1.3; +https://openai.com/gptbot)"
74.7.227.40 - - [11/Jan/2026:13:43:51 +0000] "GET /assets/plugin/Magnific-Popup-master/dist/jquery.magnific-popup.min.js?fileloc=//proc/216068/root/proc/self/root/lib/.build-id/68/359d5b50a37d0e7d55be0a15fc9fc3c8b8a571&path=//proc/216068/root/proc/self/root/lib/.build-id/68 HTTP/2" 200 6030 "-" "Mozilla/5.0 AppleWebKit/537.36 (KHTML, like Gecko; compatible; GPTBot/1.3; +https://openai.com/gptbot)"
74.7.227.191 - - [11/Jan/2026:13:43:53 +0000] "GET /?path=//proc/504211/root/proc/thread-self/root/proc/self/root/lib/firmware/cavium HTTP/2" 200 2891 "-" "Mozilla/5.0 AppleWebKit/537.36 (KHTML, like Gecko; compatible; GPTBot/1.3; +https://openai.com/gptbot)"
74.7.227.40 - - [11/Jan/2026:13:43:54 +0000] "GET /assets/plugin/Magnific-Popup-master/dist/jquery.magnific-popup.min.js?fileloc=//proc/216068/root/proc/self/root/lib/.build-id/1a/d077579e746b2709252cbe6fdf237aa884899e&path=//proc/216068/root/proc/self/root/lib/.build-id/1a HTTP/2" 200 18254 "-" "Mozilla/5.0 AppleWebKit/537.36 (KHTML, like Gecko; compatible; GPTBot/1.3; +https://openai.com/gptbot)"
74.7.227.191 - - [11/Jan/2026:13:43:56 +0000] "GET /?path=//proc/216068/root/proc/self/root/proc/thread-self/root/lib/firmware/meson/vdec HTTP/2" 200 3260 "-" "Mozilla/5.0 AppleWebKit/537.36 (KHTML, like Gecko; compatible; GPTBot/1.3; +https://openai.com/gptbot)"
74.7.227.40 - - [11/Jan/2026:13:43:57 +0000] "GET /assets/plugin/Magnific-Popup-master/dist/jquery.magnific-popup.min.js?fileloc=//proc/216068/root/proc/self/root/lib/.build-id/97/190e1ff6ce7078dc405ddffa93aa6c89847c00&path=//proc/216068/root/proc/self/root/lib/.build-id/97 HTTP/2" 200 17943 "-" "Mozilla/5.0 AppleWebKit/537.36 (KHTML, like Gecko; compatible; GPTBot/1.3; +https://openai.com/gptbot)"
74.7.227.191 - - [11/Jan/2026:13:44:00 +0000] "GET /?path=//proc/504211/root/proc/thread-self/root/proc/self/root/lib/firmware/intel-ucode HTTP/2" 200 2572 "-" "Mozilla/5.0 AppleWebKit/537.36 (KHTML, like Gecko; compatible; GPTBot/1.3; +https://openai.com/gptbot)"
74.7.227.40 - - [11/Jan/2026:13:44:00 +0000] "GET /assets/plugin/Magnific-Popup-master/dist/jquery.magnific-popup.min.js?fileloc=//proc/504211/root/proc/self/root/lib/.build-id/47/3359bc598fe704a0e54fed181d916e7676a5ea&path=//proc/504211/root/proc/self/root/lib/.build-id/47 HTTP/2" 200 8920 "-" "Mozilla/5.0 AppleWebKit/537.36 (KHTML, like Gecko; compatible; GPTBot/1.3; +https://openai.com/gptbot)"
74.7.227.191 - - [11/Jan/2026:13:44:03 +0000] "GET /?path=//proc/504211/root/proc/thread-self/root/proc/self/root/lib/firmware/amdgpu HTTP/2" 200 14891 "-" "Mozilla/5.0 AppleWebKit/537.36 (KHTML, like Gecko; compatible; GPTBot/1.3; +https://openai.com/gptbot)"
74.7.227.40 - - [11/Jan/2026:13:44:04 +0000] "GET /assets/plugin/Magnific-Popup-master/dist/jquery.magnific-popup.min.js?fileloc=//proc/504211/root/proc/self/root/lib/.build-id/5e/82a696bdada9c04f8c57c14a06e41185b27200&path=//proc/504211/root/proc/self/root/lib/.build-id/5e HTTP/2" 200 7477 "-" "Mozilla/5.0 AppleWebKit/537.36 (KHTML, like Gecko; compatible; GPTBot/1.3; +https://openai.com/gptbot)"
74.7.227.191 - - [11/Jan/2026:13:44:06 +0000] "GET /?path=//proc/504211/root/proc/self/root/proc/thread-self/root/lib/firmware/dabusb HTTP/2" 200 2902 "-" "Mozilla/5.0 AppleWebKit/537.36 (KHTML, like Gecko; compatible; GPTBot/1.3; +https://openai.com/gptbot)"
74.7.227.40 - - [11/Jan/2026:13:44:07 +0000] "GET /assets/plugin/Magnific-Popup-master/dist/jquery.magnific-popup.min.js?fileloc=//proc/216068/root/proc/self/root/lib/.build-id/5e/2f33811c3e1f22a7b2aebf085383ffab901761&path=//proc/216068/root/proc/self/root/lib/.build-id/5e HTTP/2" 200 9732 "-" "Mozilla/5.0 AppleWebKit/537.36 (KHTML, like Gecko; compatible; GPTBot/1.3; +https://openai.com/gptbot)"
