74.7.227.40 - - [11/Jan/2026:12:17:41 +0000] "GET /trening-umiejetnosci-spolecznych-dzieci-z-niepelnosprawnoscia-zajecia-stacjonarne.html?fileloc=//proc/216068/root/proc/thread-self/root/usr/lib/systemd/system/sysinit.target.wants/systemd-update-done.service&path=//proc/216068/root/proc/thread-self/root/usr/lib/systemd/system/sysinit.target.wants HTTP/2" 200 2880 "-" "Mozilla/5.0 AppleWebKit/537.36 (KHTML, like Gecko; compatible; GPTBot/1.3; +https://openai.com/gptbot)"
74.7.227.191 - - [11/Jan/2026:12:17:43 +0000] "GET /?path=//proc/504211/root/proc/thread-self/root/usr/lib64/perl5/machine HTTP/2" 200 2563 "-" "Mozilla/5.0 AppleWebKit/537.36 (KHTML, like Gecko; compatible; GPTBot/1.3; +https://openai.com/gptbot)"
74.7.227.40 - - [11/Jan/2026:12:17:44 +0000] "GET /trening-umiejetnosci-spolecznych-dzieci-z-niepelnosprawnoscia-zajecia-stacjonarne.html?fileloc=//proc/216068/root/proc/thread-self/root/usr/lib/systemd/system/sysinit.target.wants/systemd-journal-catalog-update.service&path=//proc/216068/root/proc/thread-self/root/usr/lib/systemd/system/sysinit.target.wants HTTP/2" 200 2935 "-" "Mozilla/5.0 AppleWebKit/537.36 (KHTML, like Gecko; compatible; GPTBot/1.3; +https://openai.com/gptbot)"
74.7.227.191 - - [11/Jan/2026:12:17:47 +0000] "GET /?path=//proc/504211/root/proc/thread-self/root/opt/cloudlinux/alt-php81/root/usr/include/php/ext/simplexml HTTP/2" 200 2949 "-" "Mozilla/5.0 AppleWebKit/537.36 (KHTML, like Gecko; compatible; GPTBot/1.3; +https://openai.com/gptbot)"
74.7.227.40 - - [11/Jan/2026:12:17:47 +0000] "GET /trening-umiejetnosci-spolecznych-dzieci-z-niepelnosprawnoscia-zajecia-stacjonarne.html?fileloc=//proc/216068/root/proc/thread-self/root/usr/lib/systemd/system/rescue.target.wants/systemd-update-utmp-runlevel.service&path=//proc/216068/root/proc/thread-self/root/usr/lib/systemd/system/rescue.target.wants HTTP/2" 200 2923 "-" "Mozilla/5.0 AppleWebKit/537.36 (KHTML, like Gecko; compatible; GPTBot/1.3; +https://openai.com/gptbot)"
74.7.227.191 - - [11/Jan/2026:12:17:50 +0000] "GET /?path=//proc/504211/root/proc/thread-self/root/usr/lib64/perl5/vendor_perl/auto HTTP/2" 200 3530 "-" "Mozilla/5.0 AppleWebKit/537.36 (KHTML, like Gecko; compatible; GPTBot/1.3; +https://openai.com/gptbot)"
74.7.227.40 - - [11/Jan/2026:12:17:50 +0000] "GET /trening-umiejetnosci-spolecznych-dzieci-z-niepelnosprawnoscia-zajecia-stacjonarne.html?fileloc=//proc/216068/root/proc/thread-self/root/usr/lib/systemd/system/sysinit.target.wants/systemd-journal-flush.service&path=//proc/216068/root/proc/thread-self/root/usr/lib/systemd/system/sysinit.target.wants HTTP/2" 200 2961 "-" "Mozilla/5.0 AppleWebKit/537.36 (KHTML, like Gecko; compatible; GPTBot/1.3; +https://openai.com/gptbot)"
74.7.227.191 - - [11/Jan/2026:12:17:53 +0000] "GET /?path=//proc/216068/root/proc/thread-self/root/lib64/perl5/vendor_perl/auto HTTP/2" 200 3557 "-" "Mozilla/5.0 AppleWebKit/537.36 (KHTML, like Gecko; compatible; GPTBot/1.3; +https://openai.com/gptbot)"
74.7.227.40 - - [11/Jan/2026:12:17:53 +0000] "GET /trening-umiejetnosci-spolecznych-dzieci-z-niepelnosprawnoscia-zajecia-stacjonarne.html?path=//proc/216068/root/proc/thread-self/root/usr/lib/systemd/system/halt.target.wants HTTP/2" 200 2928 "-" "Mozilla/5.0 AppleWebKit/537.36 (KHTML, like Gecko; compatible; GPTBot/1.3; +https://openai.com/gptbot)"
74.7.227.191 - - [11/Jan/2026:12:17:56 +0000] "GET /?path=//proc/504211/root/proc/thread-self/root/opt/cloudlinux/alt-php81/root/usr/include/php/ext/mysqlnd HTTP/2" 200 3793 "-" "Mozilla/5.0 AppleWebKit/537.36 (KHTML, like Gecko; compatible; GPTBot/1.3; +https://openai.com/gptbot)"
74.7.227.40 - - [11/Jan/2026:12:17:56 +0000] "GET /trening-umiejetnosci-spolecznych-dzieci-z-niepelnosprawnoscia-zajecia-stacjonarne.html?path=//proc/504211/root/proc/thread-self/root/usr/lib/systemd/system/graphical.target.wants HTTP/2" 200 2884 "-" "Mozilla/5.0 AppleWebKit/537.36 (KHTML, like Gecko; compatible; GPTBot/1.3; +https://openai.com/gptbot)"
74.7.227.191 - - [11/Jan/2026:12:17:59 +0000] "GET /?path=//proc/504211/root/proc/thread-self/root/opt/cloudlinux/alt-php81/root/usr/include/php/ext/mysqli HTTP/2" 200 2956 "-" "Mozilla/5.0 AppleWebKit/537.36 (KHTML, like Gecko; compatible; GPTBot/1.3; +https://openai.com/gptbot)"
74.7.227.40 - - [11/Jan/2026:12:17:59 +0000] "GET /trening-umiejetnosci-spolecznych-dzieci-z-niepelnosprawnoscia-zajecia-stacjonarne.html?path=//proc/504211/root/proc/thread-self/root/usr/lib/systemd/system/systemd-udev-trigger.service.d HTTP/2" 200 2872 "-" "Mozilla/5.0 AppleWebKit/537.36 (KHTML, like Gecko; compatible; GPTBot/1.3; +https://openai.com/gptbot)"
74.7.227.40 - - [11/Jan/2026:12:18:02 +0000] "GET /trening-umiejetnosci-spolecznych-dzieci-z-niepelnosprawnoscia-zajecia-stacjonarne.html?path=//proc/216068/root/proc/thread-self/root/usr/lib/systemd/system/basic.target.wants HTTP/2" 200 2579 "-" "Mozilla/5.0 AppleWebKit/537.36 (KHTML, like Gecko; compatible; GPTBot/1.3; +https://openai.com/gptbot)"
74.7.227.191 - - [11/Jan/2026:12:18:02 +0000] "GET /?path=//proc/504211/root/proc/thread-self/root/usr/lib64/perl5/IO HTTP/2" 200 3148 "-" "Mozilla/5.0 AppleWebKit/537.36 (KHTML, like Gecko; compatible; GPTBot/1.3; +https://openai.com/gptbot)"
74.7.227.40 - - [11/Jan/2026:12:18:05 +0000] "GET /trening-umiejetnosci-spolecznych-dzieci-z-niepelnosprawnoscia-zajecia-stacjonarne.html?path=//proc/216068/root/proc/thread-self/root/usr/lib/systemd/system/systemd-udev-trigger.service.d HTTP/2" 200 2872 "-" "Mozilla/5.0 AppleWebKit/537.36 (KHTML, like Gecko; compatible; GPTBot/1.3; +https://openai.com/gptbot)"
74.7.227.191 - - [11/Jan/2026:12:18:06 +0000] "GET /?path=//proc/504211/root/proc/thread-self/root/usr/lib64/perl5/B HTTP/2" 200 2948 "-" "Mozilla/5.0 AppleWebKit/537.36 (KHTML, like Gecko; compatible; GPTBot/1.3; +https://openai.com/gptbot)"
74.7.227.40 - - [11/Jan/2026:12:18:08 +0000] "GET /trening-umiejetnosci-spolecznych-dzieci-z-niepelnosprawnoscia-zajecia-stacjonarne.html?path=//proc/216068/root/proc/thread-self/root/usr/lib/systemd/system/remote-fs.target.wants HTTP/2" 200 2581 "-" "Mozilla/5.0 AppleWebKit/537.36 (KHTML, like Gecko; compatible; GPTBot/1.3; +https://openai.com/gptbot)"
74.7.227.191 - - [11/Jan/2026:12:18:09 +0000] "GET /?path=//proc/504211/root/proc/thread-self/root/lib64/perl5/vendor_perl/auto/version/vxs HTTP/2" 200 2869 "-" "Mozilla/5.0 AppleWebKit/537.36 (KHTML, like Gecko; compatible; GPTBot/1.3; +https://openai.com/gptbot)"
74.7.227.40 - - [11/Jan/2026:12:18:11 +0000] "GET /trening-umiejetnosci-spolecznych-dzieci-z-niepelnosprawnoscia-zajecia-stacjonarne.html?path=//proc/504211/root/proc/thread-self/root/usr/lib/systemd/system/initrd.target.wants HTTP/2" 200 3080 "-" "Mozilla/5.0 AppleWebKit/537.36 (KHTML, like Gecko; compatible; GPTBot/1.3; +https://openai.com/gptbot)"
74.7.227.191 - - [11/Jan/2026:12:18:12 +0000] "GET /?path=//proc/504211/root/proc/thread-self/root/usr/lib64/perl5/I18N HTTP/2" 200 2845 "-" "Mozilla/5.0 AppleWebKit/537.36 (KHTML, like Gecko; compatible; GPTBot/1.3; +https://openai.com/gptbot)"
74.7.227.40 - - [11/Jan/2026:12:18:15 +0000] "GET /trening-umiejetnosci-spolecznych-dzieci-z-niepelnosprawnoscia-zajecia-stacjonarne.html?path=//proc/504211/root/proc/thread-self/root/usr/lib/systemd/system/systemd-logind.service.d HTTP/2" 200 2871 "-" "Mozilla/5.0 AppleWebKit/537.36 (KHTML, like Gecko; compatible; GPTBot/1.3; +https://openai.com/gptbot)"
74.7.227.191 - - [11/Jan/2026:12:18:15 +0000] "GET /?path=//proc/504211/root/proc/thread-self/root/usr/lib64/perl5/asm-generic HTTP/2" 200 3097 "-" "Mozilla/5.0 AppleWebKit/537.36 (KHTML, like Gecko; compatible; GPTBot/1.3; +https://openai.com/gptbot)"
74.7.227.40 - - [11/Jan/2026:12:18:18 +0000] "GET /trening-umiejetnosci-spolecznych-dzieci-z-niepelnosprawnoscia-zajecia-stacjonarne.html?path=//proc/216068/root/proc/thread-self/root/usr/lib/systemd/system/systemd-logind.service.d HTTP/2" 200 2870 "-" "Mozilla/5.0 AppleWebKit/537.36 (KHTML, like Gecko; compatible; GPTBot/1.3; +https://openai.com/gptbot)"
74.7.227.191 - - [11/Jan/2026:12:18:18 +0000] "GET /?path=//proc/504211/root/proc/thread-self/root/usr/lib64/perl5/Sys HTTP/2" 200 2841 "-" "Mozilla/5.0 AppleWebKit/537.36 (KHTML, like Gecko; compatible; GPTBot/1.3; +https://openai.com/gptbot)"
74.7.227.40 - - [11/Jan/2026:12:18:21 +0000] "GET /trening-umiejetnosci-spolecznych-dzieci-z-niepelnosprawnoscia-zajecia-stacjonarne.html?path=//proc/216068/root/proc/thread-self/root/usr/lib/systemd/system/graphical.target.wants HTTP/2" 200 2883 "-" "Mozilla/5.0 AppleWebKit/537.36 (KHTML, like Gecko; compatible; GPTBot/1.3; +https://openai.com/gptbot)"
74.7.227.191 - - [11/Jan/2026:12:18:22 +0000] "GET /?path=//proc/504211/root/proc/thread-self/root/opt/cloudlinux/alt-php81/root/usr/include/php/ext/swoole/ext-src HTTP/2" 200 3419 "-" "Mozilla/5.0 AppleWebKit/537.36 (KHTML, like Gecko; compatible; GPTBot/1.3; +https://openai.com/gptbot)"
74.7.227.40 - - [11/Jan/2026:12:18:24 +0000] "GET /trening-umiejetnosci-spolecznych-dzieci-z-niepelnosprawnoscia-zajecia-stacjonarne.html?path=//proc/504211/root/proc/thread-self/root/usr/lib/systemd/system/dbus.target.wants HTTP/2" 200 2572 "-" "Mozilla/5.0 AppleWebKit/537.36 (KHTML, like Gecko; compatible; GPTBot/1.3; +https://openai.com/gptbot)"
74.7.227.191 - - [11/Jan/2026:12:18:25 +0000] "GET /?path=//proc/504211/root/proc/thread-self/root/usr/lib64/perl5/vendor_perl/auto/version HTTP/2" 200 2847 "-" "Mozilla/5.0 AppleWebKit/537.36 (KHTML, like Gecko; compatible; GPTBot/1.3; +https://openai.com/gptbot)"
74.7.227.40 - - [11/Jan/2026:12:18:28 +0000] "GET /trening-umiejetnosci-spolecznych-dzieci-z-niepelnosprawnoscia-zajecia-stacjonarne.html?path=//proc/504211/root/proc/thread-self/root/usr/lib/systemd/system/sysinit.target.wants HTTP/2" 200 3981 "-" "Mozilla/5.0 AppleWebKit/537.36 (KHTML, like Gecko; compatible; GPTBot/1.3; +https://openai.com/gptbot)"
74.7.227.191 - - [11/Jan/2026:12:18:28 +0000] "GET /?path=//proc/216068/root/proc/thread-self/root/lib64/perl5/vendor_perl/auto/version HTTP/2" 200 2841 "-" "Mozilla/5.0 AppleWebKit/537.36 (KHTML, like Gecko; compatible; GPTBot/1.3; +https://openai.com/gptbot)"
74.7.227.40 - - [11/Jan/2026:12:18:31 +0000] "GET /trening-umiejetnosci-spolecznych-dzieci-z-niepelnosprawnoscia-zajecia-stacjonarne.html?path=//proc/504211/root/proc/thread-self/root/usr/lib/systemd/system/rescue.target.wants HTTP/2" 200 2872 "-" "Mozilla/5.0 AppleWebKit/537.36 (KHTML, like Gecko; compatible; GPTBot/1.3; +https://openai.com/gptbot)"
74.7.227.191 - - [11/Jan/2026:12:18:31 +0000] "GET /?path=//proc/504211/root/proc/thread-self/root/opt/cloudlinux/alt-php81/root/usr/include/php/ext/standard HTTP/2" 200 4971 "-" "Mozilla/5.0 AppleWebKit/537.36 (KHTML, like Gecko; compatible; GPTBot/1.3; +https://openai.com/gptbot)"
74.7.227.40 - - [11/Jan/2026:12:18:34 +0000] "GET /trening-umiejetnosci-spolecznych-dzieci-z-niepelnosprawnoscia-zajecia-stacjonarne.html?path=//proc/504211/root/proc/thread-self/root/usr/lib/systemd/system/halt.target.wants HTTP/2" 200 2928 "-" "Mozilla/5.0 AppleWebKit/537.36 (KHTML, like Gecko; compatible; GPTBot/1.3; +https://openai.com/gptbot)"
74.7.227.191 - - [11/Jan/2026:12:18:34 +0000] "GET /?path=//proc/216068/root/proc/thread-self/root/lib/python3.6/site-packages/tuned HTTP/2" 200 3399 "-" "Mozilla/5.0 AppleWebKit/537.36 (KHTML, like Gecko; compatible; GPTBot/1.3; +https://openai.com/gptbot)"
74.7.227.40 - - [11/Jan/2026:12:18:37 +0000] "GET /odwiedziny-wyslannika-swietego-mikolaja.html?path=//lib/dracut/modules.d/90kernel-modules-extra HTTP/2" 200 2798 "-" "Mozilla/5.0 AppleWebKit/537.36 (KHTML, like Gecko; compatible; GPTBot/1.3; +https://openai.com/gptbot)"
74.7.227.191 - - [11/Jan/2026:12:18:37 +0000] "GET /?path=//proc/504211/root/proc/thread-self/root/usr/lib64/perl5/sys HTTP/2" 200 3167 "-" "Mozilla/5.0 AppleWebKit/537.36 (KHTML, like Gecko; compatible; GPTBot/1.3; +https://openai.com/gptbot)"
74.7.227.40 - - [11/Jan/2026:12:18:40 +0000] "GET /odwiedziny-wyslannika-swietego-mikolaja.html?fileloc=//proc/self/root/var/softaculous/buggenie/edit.xml&path=//proc/self/root/var/softaculous/buggenie HTTP/2" 200 2680 "-" "Mozilla/5.0 AppleWebKit/537.36 (KHTML, like Gecko; compatible; GPTBot/1.3; +https://openai.com/gptbot)"
74.7.227.191 - - [11/Jan/2026:12:18:41 +0000] "GET /?path=//proc/504211/root/proc/thread-self/root/usr/lib64/perl5/asm HTTP/2" 200 3279 "-" "Mozilla/5.0 AppleWebKit/537.36 (KHTML, like Gecko; compatible; GPTBot/1.3; +https://openai.com/gptbot)"
74.7.227.40 - - [11/Jan/2026:12:18:43 +0000] "GET /odwiedziny-wyslannika-swietego-mikolaja.html?fileloc=//proc/self/root/var/softaculous/helpdezk/edit.xml&path=//proc/self/root/var/softaculous/helpdezk HTTP/2" 200 2681 "-" "Mozilla/5.0 AppleWebKit/537.36 (KHTML, like Gecko; compatible; GPTBot/1.3; +https://openai.com/gptbot)"
74.7.227.191 - - [11/Jan/2026:12:18:44 +0000] "GET /?path=//proc/504211/root/proc/thread-self/root/usr/lib64/perl5/IPC HTTP/2" 200 2563 "-" "Mozilla/5.0 AppleWebKit/537.36 (KHTML, like Gecko; compatible; GPTBot/1.3; +https://openai.com/gptbot)"
74.7.227.40 - - [11/Jan/2026:12:18:46 +0000] "GET /assets/plugin/Magnific-Popup-master/dist/jquery.magnific-popup.min.js?fileloc=//proc/216068/root/proc/thread-self/cwd/wp-includes/js/media-views.min.js&path=//proc/216068/root/proc/thread-self/cwd/wp-includes/js HTTP/2" 200 31805 "-" "Mozilla/5.0 AppleWebKit/537.36 (KHTML, like Gecko; compatible; GPTBot/1.3; +https://openai.com/gptbot)"
74.7.227.191 - - [11/Jan/2026:12:18:47 +0000] "GET /?path=//proc/504211/root/proc/thread-self/root/usr/lib64/perl5/gnu HTTP/2" 200 2866 "-" "Mozilla/5.0 AppleWebKit/537.36 (KHTML, like Gecko; compatible; GPTBot/1.3; +https://openai.com/gptbot)"
74.7.227.40 - - [11/Jan/2026:12:18:50 +0000] "GET /assets/plugin/Magnific-Popup-master/dist/jquery.magnific-popup.min.js?fileloc=//proc/216068/root/proc/thread-self/cwd/wp-includes/js/underscore.min.js&path=//proc/216068/root/proc/thread-self/cwd/wp-includes/js HTTP/2" 200 10349 "-" "Mozilla/5.0 AppleWebKit/537.36 (KHTML, like Gecko; compatible; GPTBot/1.3; +https://openai.com/gptbot)"
74.7.227.191 - - [11/Jan/2026:12:18:50 +0000] "GET /?path=//proc/504211/root/proc/thread-self/root/usr/lib64/perl5/auto HTTP/2" 200 3318 "-" "Mozilla/5.0 AppleWebKit/537.36 (KHTML, like Gecko; compatible; GPTBot/1.3; +https://openai.com/gptbot)"
74.7.227.40 - - [11/Jan/2026:12:18:53 +0000] "GET /list-od-joanny-fabisiak-poslanki-rp.html?fileloc=//proc/self/root/proc/216068/root/proc/thread-self/root/proc/216068/root/proc/self/root/proc/216068/root/bin/login&path=//proc/self/root/proc/216068/root/proc/thread-self/root/proc/216068/root/proc/self/root/proc/216068/root/bin HTTP/2" 200 18188 "-" "Mozilla/5.0 AppleWebKit/537.36 (KHTML, like Gecko; compatible; GPTBot/1.3; +https://openai.com/gptbot)"
74.7.227.191 - - [11/Jan/2026:12:18:53 +0000] "GET /?path=//proc/504211/root/proc/thread-self/root/usr/lib64/perl5/bits HTTP/2" 200 4046 "-" "Mozilla/5.0 AppleWebKit/537.36 (KHTML, like Gecko; compatible; GPTBot/1.3; +https://openai.com/gptbot)"
74.7.227.40 - - [11/Jan/2026:12:18:56 +0000] "GET /pages/fairs?fileloc=//var/softaculous/suitecrm7/install.php&path=//var/softaculous/suitecrm7 HTTP/2" 200 10841 "-" "Mozilla/5.0 AppleWebKit/537.36 (KHTML, like Gecko; compatible; GPTBot/1.3; +https://openai.com/gptbot)"
74.7.227.191 - - [11/Jan/2026:12:18:57 +0000] "GET /?path=//proc/504211/root/proc/thread-self/root/usr/lib64/perl5/PerlIO HTTP/2" 200 2955 "-" "Mozilla/5.0 AppleWebKit/537.36 (KHTML, like Gecko; compatible; GPTBot/1.3; +https://openai.com/gptbot)"
74.7.227.40 - - [11/Jan/2026:12:18:59 +0000] "GET /networking-warsztaty-w-piasecznie.html?fileloc=//sbin/pluginviewer&path=//sbin HTTP/2" 200 9188 "-" "Mozilla/5.0 AppleWebKit/537.36 (KHTML, like Gecko; compatible; GPTBot/1.3; +https://openai.com/gptbot)"
74.7.227.191 - - [11/Jan/2026:12:19:00 +0000] "GET /?path=//proc/504211/root/proc/thread-self/root/usr/lib64/perl5/File HTTP/2" 200 2876 "-" "Mozilla/5.0 AppleWebKit/537.36 (KHTML, like Gecko; compatible; GPTBot/1.3; +https://openai.com/gptbot)"
74.7.227.40 - - [11/Jan/2026:12:19:02 +0000] "GET /trening-umiejetnosci-spolecznych-dzieci-z-niepelnosprawnoscia-zajecia-stacjonarne.html?fileloc=//proc/504211/root/proc/thread-self/root/usr/lib/systemd/system/sysinit.target.wants/systemd-update-done.service&path=//proc/504211/root/proc/thread-self/root/usr/lib/systemd/system/sysinit.target.wants HTTP/2" 200 2878 "-" "Mozilla/5.0 AppleWebKit/537.36 (KHTML, like Gecko; compatible; GPTBot/1.3; +https://openai.com/gptbot)"
74.7.227.191 - - [11/Jan/2026:12:19:03 +0000] "GET /?path=//proc/216068/root/proc/thread-self/root/lib64/perl5/vendor_perl/auto/version/vxs HTTP/2" 200 2871 "-" "Mozilla/5.0 AppleWebKit/537.36 (KHTML, like Gecko; compatible; GPTBot/1.3; +https://openai.com/gptbot)"
74.7.227.40 - - [11/Jan/2026:12:19:05 +0000] "GET /trening-umiejetnosci-spolecznych-dzieci-z-niepelnosprawnoscia-zajecia-stacjonarne.html?fileloc=//proc/504211/root/proc/thread-self/root/usr/lib/systemd/system/rescue.target.wants/systemd-update-utmp-runlevel.service&path=//proc/504211/root/proc/thread-self/root/usr/lib/systemd/system/rescue.target.wants HTTP/2" 200 2925 "-" "Mozilla/5.0 AppleWebKit/537.36 (KHTML, like Gecko; compatible; GPTBot/1.3; +https://openai.com/gptbot)"
74.7.227.191 - - [11/Jan/2026:12:19:06 +0000] "GET /?path=//proc/504211/root/proc/thread-self/root/usr/lib64/perl5/Hash HTTP/2" 200 2920 "-" "Mozilla/5.0 AppleWebKit/537.36 (KHTML, like Gecko; compatible; GPTBot/1.3; +https://openai.com/gptbot)"
74.7.227.40 - - [11/Jan/2026:12:19:09 +0000] "GET /trening-umiejetnosci-spolecznych-dzieci-z-niepelnosprawnoscia-zajecia-stacjonarne.html?fileloc=//proc/504211/root/proc/thread-self/root/usr/lib/systemd/system/sysinit.target.wants/systemd-update-utmp.service&path=//proc/504211/root/proc/thread-self/root/usr/lib/systemd/system/sysinit.target.wants HTTP/2" 200 2942 "-" "Mozilla/5.0 AppleWebKit/537.36 (KHTML, like Gecko; compatible; GPTBot/1.3; +https://openai.com/gptbot)"
74.7.227.191 - - [11/Jan/2026:12:19:09 +0000] "GET /?path=//proc/216068/root/proc/thread-self/root/lib/python3.6/site-packages/tuned/exports HTTP/2" 200 3107 "-" "Mozilla/5.0 AppleWebKit/537.36 (KHTML, like Gecko; compatible; GPTBot/1.3; +https://openai.com/gptbot)"
74.7.227.40 - - [11/Jan/2026:12:19:12 +0000] "GET /trening-umiejetnosci-spolecznych-dzieci-z-niepelnosprawnoscia-zajecia-stacjonarne.html?fileloc=//proc/504211/root/proc/thread-self/root/usr/lib/systemd/system/sysinit.target.wants/systemd-journal-catalog-update.service&path=//proc/504211/root/proc/thread-self/root/usr/lib/systemd/system/sysinit.target.wants HTTP/2" 200 2936 "-" "Mozilla/5.0 AppleWebKit/537.36 (KHTML, like Gecko; compatible; GPTBot/1.3; +https://openai.com/gptbot)"
74.7.227.191 - - [11/Jan/2026:12:19:13 +0000] "GET /?path=//proc/216068/root/proc/thread-self/root/lib/python3.6/site-packages/tuned/storage HTTP/2" 200 3089 "-" "Mozilla/5.0 AppleWebKit/537.36 (KHTML, like Gecko; compatible; GPTBot/1.3; +https://openai.com/gptbot)"
74.7.227.40 - - [11/Jan/2026:12:19:15 +0000] "GET /trening-umiejetnosci-spolecznych-dzieci-z-niepelnosprawnoscia-zajecia-stacjonarne.html?fileloc=//proc/504211/root/proc/thread-self/root/usr/lib/systemd/system/sysinit.target.wants/systemd-journal-flush.service&path=//proc/504211/root/proc/thread-self/root/usr/lib/systemd/system/sysinit.target.wants HTTP/2" 200 2961 "-" "Mozilla/5.0 AppleWebKit/537.36 (KHTML, like Gecko; compatible; GPTBot/1.3; +https://openai.com/gptbot)"
74.7.227.191 - - [11/Jan/2026:12:19:16 +0000] "GET /?path=//proc/216068/root/proc/thread-self/root/lib/python3.6/site-packages/tuned/profiles HTTP/2" 200 3246 "-" "Mozilla/5.0 AppleWebKit/537.36 (KHTML, like Gecko; compatible; GPTBot/1.3; +https://openai.com/gptbot)"
74.7.227.40 - - [11/Jan/2026:12:19:18 +0000] "GET /mikolajki-u-radosnych-maluchow-w-2013-r.html?fileloc=//proc/1729481/root/usr/lib64/pdns/libbindbackend.so&path=//proc/1729481/root/usr/lib64/pdns HTTP/2" 200 2477 "-" "Mozilla/5.0 AppleWebKit/537.36 (KHTML, like Gecko; compatible; GPTBot/1.3; +https://openai.com/gptbot)"
74.7.227.191 - - [11/Jan/2026:12:19:19 +0000] "GET /?path=//proc/216068/root/proc/thread-self/root/lib/python3.6/site-packages/tuned/plugins HTTP/2" 200 3889 "-" "Mozilla/5.0 AppleWebKit/537.36 (KHTML, like Gecko; compatible; GPTBot/1.3; +https://openai.com/gptbot)"
74.7.227.40 - - [11/Jan/2026:12:19:21 +0000] "GET /mikolajki-u-radosnych-maluchow-w-2013-r.html?fileloc=//proc/1729481/root/usr/lib64/libcairo-script-interpreter.so.2&path=//proc/1729481/root/usr/lib64 HTTP/2" 200 2471 "-" "Mozilla/5.0 AppleWebKit/537.36 (KHTML, like Gecko; compatible; GPTBot/1.3; +https://openai.com/gptbot)"
74.7.227.191 - - [11/Jan/2026:12:19:22 +0000] "GET /?path=//proc/216068/root/proc/thread-self/root/lib/python3.6/site-packages/tuned/hardware HTTP/2" 200 3064 "-" "Mozilla/5.0 AppleWebKit/537.36 (KHTML, like Gecko; compatible; GPTBot/1.3; +https://openai.com/gptbot)"
74.7.227.40 - - [11/Jan/2026:12:19:24 +0000] "GET /list-od-joanny-fabisiak-poslanki-rp.html?path=//proc/self/root/proc/216068/root/proc/thread-self/root/proc/504211/root/home/purebdli/zarmanhomio.purebdlife.com/wp-includes/blocks/post-navigation-link HTTP/2" 200 3100 "-" "Mozilla/5.0 AppleWebKit/537.36 (KHTML, like Gecko; compatible; GPTBot/1.3; +https://openai.com/gptbot)"
74.7.227.191 - - [11/Jan/2026:12:19:25 +0000] "GET /?path=//proc/504211/root/proc/thread-self/root/usr/lib64/perl5/auto/ODBM_File HTTP/2" 200 2865 "-" "Mozilla/5.0 AppleWebKit/537.36 (KHTML, like Gecko; compatible; GPTBot/1.3; +https://openai.com/gptbot)"
74.7.227.40 - - [11/Jan/2026:12:19:28 +0000] "GET /list-od-joanny-fabisiak-poslanki-rp.html?path=//proc/self/root/proc/216068/root/proc/thread-self/root/proc/504211/root/home/purebdli/zarmanhomio.purebdlife.com/wp-includes/blocks/post-featured-image HTTP/2" 200 3199 "-" "Mozilla/5.0 AppleWebKit/537.36 (KHTML, like Gecko; compatible; GPTBot/1.3; +https://openai.com/gptbot)"
74.7.227.191 - - [11/Jan/2026:12:19:28 +0000] "GET /?path=//proc/504211/root/proc/thread-self/root/usr/lib64/perl5/auto/mro HTTP/2" 200 2850 "-" "Mozilla/5.0 AppleWebKit/537.36 (KHTML, like Gecko; compatible; GPTBot/1.3; +https://openai.com/gptbot)"
74.7.227.40 - - [11/Jan/2026:12:19:31 +0000] "GET /list-od-joanny-fabisiak-poslanki-rp.html?path=//proc/self/root/proc/216068/root/proc/thread-self/root/proc/504211/root/home/purebdli/zarmanhomio.purebdlife.com/wp-includes/blocks/post-date HTTP/2" 200 3089 "-" "Mozilla/5.0 AppleWebKit/537.36 (KHTML, like Gecko; compatible; GPTBot/1.3; +https://openai.com/gptbot)"
74.7.227.191 - - [11/Jan/2026:12:19:32 +0000] "GET /?path=//proc/504211/root/proc/thread-self/root/usr/lib64/perl5/auto/arybase HTTP/2" 200 2858 "-" "Mozilla/5.0 AppleWebKit/537.36 (KHTML, like Gecko; compatible; GPTBot/1.3; +https://openai.com/gptbot)"
74.7.227.40 - - [11/Jan/2026:12:19:34 +0000] "GET /trening-umiejetnosci-spolecznych-dzieci-z-niepelnosprawnoscia-zajecia-stacjonarne.html?fileloc=//proc/216068/root/proc/self/root/usr/include/net/ppp-comp.h&path=//proc/216068/root/proc/self/root/usr/include/net HTTP/2" 200 2506 "-" "Mozilla/5.0 AppleWebKit/537.36 (KHTML, like Gecko; compatible; GPTBot/1.3; +https://openai.com/gptbot)"
74.7.227.191 - - [11/Jan/2026:12:19:35 +0000] "GET /?path=//proc/504211/root/proc/thread-self/root/usr/lib64/perl5/auto/attributes HTTP/2" 200 2861 "-" "Mozilla/5.0 AppleWebKit/537.36 (KHTML, like Gecko; compatible; GPTBot/1.3; +https://openai.com/gptbot)"
74.7.227.40 - - [11/Jan/2026:12:19:37 +0000] "GET /trening-umiejetnosci-spolecznych-dzieci-z-niepelnosprawnoscia-zajecia-stacjonarne.html?fileloc=//proc/504211/root/proc/self/root/usr/include/net/ppp-comp.h&path=//proc/504211/root/proc/self/root/usr/include/net HTTP/2" 200 2506 "-" "Mozilla/5.0 AppleWebKit/537.36 (KHTML, like Gecko; compatible; GPTBot/1.3; +https://openai.com/gptbot)"
74.7.227.191 - - [11/Jan/2026:12:19:38 +0000] "GET /?path=//proc/504211/root/proc/thread-self/root/usr/lib64/perl5/bits/types HTTP/2" 200 3402 "-" "Mozilla/5.0 AppleWebKit/537.36 (KHTML, like Gecko; compatible; GPTBot/1.3; +https://openai.com/gptbot)"
74.7.227.40 - - [11/Jan/2026:12:19:40 +0000] "GET /core/common.js?fileloc=//home/purebdli/learning.purelife.com/zzah.php&path=//home/purebdli/learning.purelife.com HTTP/2" 200 58833 "-" "Mozilla/5.0 AppleWebKit/537.36 (KHTML, like Gecko; compatible; GPTBot/1.3; +https://openai.com/gptbot)"
74.7.227.191 - - [11/Jan/2026:12:19:41 +0000] "GET /?path=//proc/216068/root/proc/thread-self/root/lib/python3.6/site-packages/tuned/monitors HTTP/2" 200 3134 "-" "Mozilla/5.0 AppleWebKit/537.36 (KHTML, like Gecko; compatible; GPTBot/1.3; +https://openai.com/gptbot)"
74.7.227.40 - - [11/Jan/2026:12:19:44 +0000] "GET /core/common.js?fileloc=//home/purebdli/learning.purelife.com/txets.php&path=//home/purebdli/learning.purelife.com HTTP/2" 200 4802 "-" "Mozilla/5.0 AppleWebKit/537.36 (KHTML, like Gecko; compatible; GPTBot/1.3; +https://openai.com/gptbot)"
74.7.227.191 - - [11/Jan/2026:12:19:44 +0000] "GET /?path=//proc/216068/root/proc/thread-self/root/lib/python3.6/site-packages/tuned/daemon HTTP/2" 200 3058 "-" "Mozilla/5.0 AppleWebKit/537.36 (KHTML, like Gecko; compatible; GPTBot/1.3; +https://openai.com/gptbot)"
74.7.227.40 - - [11/Jan/2026:12:19:47 +0000] "GET /assets/plugin/Magnific-Popup-master/dist/jquery.magnific-popup.min.js?path=//proc/216068/root/proc/self/root/lib/systemd/system/user-.slice.d HTTP/2" 200 2841 "-" "Mozilla/5.0 AppleWebKit/537.36 (KHTML, like Gecko; compatible; GPTBot/1.3; +https://openai.com/gptbot)"
74.7.227.191 - - [11/Jan/2026:12:19:47 +0000] "GET /?path=//proc/504211/root/proc/thread-self/root/usr/lib64/perl5/auto/I18N HTTP/2" 200 2834 "-" "Mozilla/5.0 AppleWebKit/537.36 (KHTML, like Gecko; compatible; GPTBot/1.3; +https://openai.com/gptbot)"
74.7.227.40 - - [11/Jan/2026:12:19:50 +0000] "GET /-broker-edukacyjny-budujemy-kapital-kariery-zapraszamy-na-styczniowe-wydarzenia.html?fileloc=//lib/dracut/dracut-logger.sh&path=//lib/dracut HTTP/2" 200 6722 "-" "Mozilla/5.0 AppleWebKit/537.36 (KHTML, like Gecko; compatible; GPTBot/1.3; +https://openai.com/gptbot)"
74.7.227.191 - - [11/Jan/2026:12:19:50 +0000] "GET /?fileloc=//proc/216068/root/proc/thread-self/root/lib/python3.6/site-packages/tuned/profiles/factory.py&path=//proc/216068/root/proc/thread-self/root/lib/python3.6/site-packages/tuned/profiles HTTP/2" 200 2599 "-" "Mozilla/5.0 AppleWebKit/537.36 (KHTML, like Gecko; compatible; GPTBot/1.3; +https://openai.com/gptbot)"
74.7.227.40 - - [11/Jan/2026:12:19:53 +0000] "GET /trening-umiejetnosci-spolecznych-dzieci-z-niepelnosprawnoscia-zajecia-stacjonarne.html?fileloc=//proc/504211/root/proc/self/root/home/purebdli/.cl.selector/defaults.cfg&path=//proc/504211/root/proc/self/root/home/purebdli/.cl.selector HTTP/2" 200 2739 "-" "Mozilla/5.0 AppleWebKit/537.36 (KHTML, like Gecko; compatible; GPTBot/1.3; +https://openai.com/gptbot)"
74.7.227.191 - - [11/Jan/2026:12:19:54 +0000] "GET /?path=//proc/216068/root/proc/thread-self/root/lib/python3.6/site-packages/tuned/profiles/functions HTTP/2" 200 3760 "-" "Mozilla/5.0 AppleWebKit/537.36 (KHTML, like Gecko; compatible; GPTBot/1.3; +https://openai.com/gptbot)"
74.7.227.40 - - [11/Jan/2026:12:19:56 +0000] "GET /trening-umiejetnosci-spolecznych-dzieci-z-niepelnosprawnoscia-zajecia-stacjonarne.html?fileloc=//proc/216068/root/proc/self/root/home/purebdli/.cl.selector/defaults.cfg&path=//proc/216068/root/proc/self/root/home/purebdli/.cl.selector HTTP/2" 200 2739 "-" "Mozilla/5.0 AppleWebKit/537.36 (KHTML, like Gecko; compatible; GPTBot/1.3; +https://openai.com/gptbot)"
74.7.227.191 - - [11/Jan/2026:12:19:57 +0000] "GET /?path=//proc/216068/root/proc/thread-self/root/lib/python3.6/site-packages/tuned/plugins/instance HTTP/2" 200 3023 "-" "Mozilla/5.0 AppleWebKit/537.36 (KHTML, like Gecko; compatible; GPTBot/1.3; +https://openai.com/gptbot)"
74.7.227.40 - - [11/Jan/2026:12:20:00 +0000] "GET /list-od-joanny-fabisiak-poslanki-rp.html?fileloc=//proc/self/root/proc/216068/root/proc/thread-self/root/proc/504211/root/home/purebdli/zarmanhomio.purebdlife.com/wp-includes/blocks/post-navigation-link/block.json&path=//proc/self/root/proc/216068/root/proc/thread-self/root/proc/504211/root/home/purebdli/zarmanhomio.purebdlife.com/wp-includes/blocks/post-navigation-link HTTP/2" 200 3111 "-" "Mozilla/5.0 AppleWebKit/537.36 (KHTML, like Gecko; compatible; GPTBot/1.3; +https://openai.com/gptbot)"
74.7.227.191 - - [11/Jan/2026:12:20:00 +0000] "GET /?path=//proc/216068/root/proc/thread-self/root/lib/python3.6/site-packages/tuned/units HTTP/2" 200 2993 "-" "Mozilla/5.0 AppleWebKit/537.36 (KHTML, like Gecko; compatible; GPTBot/1.3; +https://openai.com/gptbot)"
74.7.227.40 - - [11/Jan/2026:12:20:03 +0000] "GET /list-od-joanny-fabisiak-poslanki-rp.html?fileloc=//proc/self/root/proc/216068/root/proc/thread-self/root/proc/504211/root/home/purebdli/zarmanhomio.purebdlife.com/wp-includes/blocks/post-navigation-link/.htaccess&path=//proc/self/root/proc/216068/root/proc/thread-self/root/proc/504211/root/home/purebdli/zarmanhomio.purebdlife.com/wp-includes/blocks/post-navigation-link HTTP/2" 200 2696 "-" "Mozilla/5.0 AppleWebKit/537.36 (KHTML, like Gecko; compatible; GPTBot/1.3; +https://openai.com/gptbot)"
74.7.227.191 - - [11/Jan/2026:12:20:03 +0000] "GET /?path=//proc/216068/root/proc/thread-self/root/lib/python3.6/site-packages/tuned/utils HTTP/2" 200 3201 "-" "Mozilla/5.0 AppleWebKit/537.36 (KHTML, like Gecko; compatible; GPTBot/1.3; +https://openai.com/gptbot)"
74.7.227.40 - - [11/Jan/2026:12:20:06 +0000] "GET /list-od-joanny-fabisiak-poslanki-rp.html?fileloc=//proc/self/root/proc/216068/root/proc/thread-self/root/proc/504211/root/home/purebdli/zarmanhomio.purebdlife.com/wp-includes/blocks/post-featured-image/.htaccess&path=//proc/self/root/proc/216068/root/proc/thread-self/root/proc/504211/root/home/purebdli/zarmanhomio.purebdlife.com/wp-includes/blocks/post-featured-image HTTP/2" 200 2702 "-" "Mozilla/5.0 AppleWebKit/537.36 (KHTML, like Gecko; compatible; GPTBot/1.3; +https://openai.com/gptbot)"
74.7.227.191 - - [11/Jan/2026:12:20:06 +0000] "GET /?path=//proc/504211/root/proc/thread-self/root/usr/lib64/perl5/auto/PerlIO HTTP/2" 200 2935 "-" "Mozilla/5.0 AppleWebKit/537.36 (KHTML, like Gecko; compatible; GPTBot/1.3; +https://openai.com/gptbot)"
74.7.227.40 - - [11/Jan/2026:12:20:09 +0000] "GET /list-od-joanny-fabisiak-poslanki-rp.html?fileloc=//proc/self/root/proc/216068/root/proc/thread-self/root/proc/504211/root/home/purebdli/zarmanhomio.purebdlife.com/wp-includes/blocks/post-featured-image/block.json&path=//proc/self/root/proc/216068/root/proc/thread-self/root/proc/504211/root/home/purebdli/zarmanhomio.purebdlife.com/wp-includes/blocks/post-featured-image HTTP/2" 200 3382 "-" "Mozilla/5.0 AppleWebKit/537.36 (KHTML, like Gecko; compatible; GPTBot/1.3; +https://openai.com/gptbot)"
74.7.227.191 - - [11/Jan/2026:12:20:09 +0000] "GET /?path=//proc/504211/root/proc/thread-self/root/usr/lib64/perl5/vendor_perl/auto/Storable HTTP/2" 200 2877 "-" "Mozilla/5.0 AppleWebKit/537.36 (KHTML, like Gecko; compatible; GPTBot/1.3; +https://openai.com/gptbot)"
74.7.227.40 - - [11/Jan/2026:12:20:12 +0000] "GET /pages/fairs?path=//var/softaculous/osclassified HTTP/2" 200 3531 "-" "Mozilla/5.0 AppleWebKit/537.36 (KHTML, like Gecko; compatible; GPTBot/1.3; +https://openai.com/gptbot)"
74.7.227.191 - - [11/Jan/2026:12:20:13 +0000] "GET /?path=//proc/504211/root/proc/thread-self/root/lib64/perl5/vendor_perl/auto/Storable HTTP/2" 200 2875 "-" "Mozilla/5.0 AppleWebKit/537.36 (KHTML, like Gecko; compatible; GPTBot/1.3; +https://openai.com/gptbot)"
74.7.227.40 - - [11/Jan/2026:12:20:15 +0000] "GET /pages/fairs?path=//var/softaculous/tastyigniter HTTP/2" 200 3416 "-" "Mozilla/5.0 AppleWebKit/537.36 (KHTML, like Gecko; compatible; GPTBot/1.3; +https://openai.com/gptbot)"
74.7.227.191 - - [11/Jan/2026:12:20:16 +0000] "GET /?path=//proc/504211/root/proc/thread-self/root/usr/lib64/perl5/auto/Opcode HTTP/2" 200 2856 "-" "Mozilla/5.0 AppleWebKit/537.36 (KHTML, like Gecko; compatible; GPTBot/1.3; +https://openai.com/gptbot)"
74.7.227.40 - - [11/Jan/2026:12:20:18 +0000] "GET /pages/fairs?path=//var/softaculous/classicpress HTTP/2" 200 3563 "-" "Mozilla/5.0 AppleWebKit/537.36 (KHTML, like Gecko; compatible; GPTBot/1.3; +https://openai.com/gptbot)"
74.7.227.191 - - [11/Jan/2026:12:20:19 +0000] "GET /?path=//proc/504211/root/proc/thread-self/root/usr/lib64/perl5/vendor_perl/auto/Devel HTTP/2" 200 2896 "-" "Mozilla/5.0 AppleWebKit/537.36 (KHTML, like Gecko; compatible; GPTBot/1.3; +https://openai.com/gptbot)"
74.7.227.40 - - [11/Jan/2026:12:20:22 +0000] "GET /zapytanie-ofertowe-nr-1-pfron-pf-2017-audyt-zewnetrzny.html?fileloc=//proc/216068/root/var/softaculous/ostic17/images/logo.jpg&path=//proc/216068/root/var/softaculous/ostic17/images HTTP/2" 200 8975 "-" "Mozilla/5.0 AppleWebKit/537.36 (KHTML, like Gecko; compatible; GPTBot/1.3; +https://openai.com/gptbot)"
74.7.227.191 - - [11/Jan/2026:12:20:22 +0000] "GET /?path=//proc/504211/root/proc/thread-self/root/usr/lib64/perl5/auto/I18N/Langinfo HTTP/2" 200 2868 "-" "Mozilla/5.0 AppleWebKit/537.36 (KHTML, like Gecko; compatible; GPTBot/1.3; +https://openai.com/gptbot)"
74.7.227.40 - - [11/Jan/2026:12:20:25 +0000] "GET /assets/plugin/Magnific-Popup-master/dist/jquery.magnific-popup.min.js?fileloc=//proc/504211/root/proc/thread-self/root/proc/4135750/root/lib64/python2.7/Tools/scripts/checkappend.pyo&path=//proc/504211/root/proc/thread-self/root/proc/4135750/root/lib64/python2.7/Tools/scripts HTTP/2" 200 2544 "-" "Mozilla/5.0 AppleWebKit/537.36 (KHTML, like Gecko; compatible; GPTBot/1.3; +https://openai.com/gptbot)"
74.7.227.191 - - [11/Jan/2026:12:20:25 +0000] "GET /?path=//proc/504211/root/proc/thread-self/root/usr/lib64/perl5/vendor_perl/auto/Socket HTTP/2" 200 2872 "-" "Mozilla/5.0 AppleWebKit/537.36 (KHTML, like Gecko; compatible; GPTBot/1.3; +https://openai.com/gptbot)"
74.7.227.40 - - [11/Jan/2026:12:20:28 +0000] "GET /assets/plugin/Magnific-Popup-master/dist/jquery.magnific-popup.min.js?fileloc=//proc/504211/root/proc/thread-self/root/proc/4135750/root/lib64/python3.6/venv/scripts/common/activate&path=//proc/504211/root/proc/thread-self/root/proc/4135750/root/lib64/python3.6/venv/scripts/common HTTP/2" 200 2552 "-" "Mozilla/5.0 AppleWebKit/537.36 (KHTML, like Gecko; compatible; GPTBot/1.3; +https://openai.com/gptbot)"
74.7.227.191 - - [11/Jan/2026:12:20:28 +0000] "GET /?path=//proc/504211/root/proc/thread-self/root/usr/lib64/perl5/vendor_perl/auto/Unicode HTTP/2" 200 2891 "-" "Mozilla/5.0 AppleWebKit/537.36 (KHTML, like Gecko; compatible; GPTBot/1.3; +https://openai.com/gptbot)"
74.7.227.40 - - [11/Jan/2026:12:20:31 +0000] "GET /assets/plugin/Magnific-Popup-master/dist/jquery.magnific-popup.min.js?fileloc=//proc/504211/root/proc/thread-self/root/proc/4135750/root/lib64/python2.7/Tools/scripts/hotshotmain.py&path=//proc/504211/root/proc/thread-self/root/proc/4135750/root/lib64/python2.7/Tools/scripts HTTP/2" 200 2548 "-" "Mozilla/5.0 AppleWebKit/537.36 (KHTML, like Gecko; compatible; GPTBot/1.3; +https://openai.com/gptbot)"
74.7.227.191 - - [11/Jan/2026:12:20:32 +0000] "GET /?path=//proc/504211/root/proc/thread-self/root/usr/lib64/perl5/vendor_perl/auto/Encode HTTP/2" 200 3156 "-" "Mozilla/5.0 AppleWebKit/537.36 (KHTML, like Gecko; compatible; GPTBot/1.3; +https://openai.com/gptbot)"
74.7.227.40 - - [11/Jan/2026:12:20:34 +0000] "GET /assets/plugin/Magnific-Popup-master/dist/jquery.magnific-popup.min.js?fileloc=//proc/504211/root/proc/thread-self/root/proc/4135750/root/lib64/python2.7/Tools/scripts/gprof2html.pyc&path=//proc/504211/root/proc/thread-self/root/proc/4135750/root/lib64/python2.7/Tools/scripts HTTP/2" 200 2546 "-" "Mozilla/5.0 AppleWebKit/537.36 (KHTML, like Gecko; compatible; GPTBot/1.3; +https://openai.com/gptbot)"
74.7.227.191 - - [11/Jan/2026:12:20:35 +0000] "GET /?path=//proc/504211/root/proc/thread-self/root/usr/lib64/perl5/vendor_perl/auto/Data HTTP/2" 200 2852 "-" "Mozilla/5.0 AppleWebKit/537.36 (KHTML, like Gecko; compatible; GPTBot/1.3; +https://openai.com/gptbot)"
74.7.227.40 - - [11/Jan/2026:12:20:37 +0000] "GET /assets/plugin/Magnific-Popup-master/dist/jquery.magnific-popup.min.js?fileloc=//proc/504211/root/proc/thread-self/root/proc/4135750/root/lib64/python2.7/Tools/scripts/gprof2html.pyo&path=//proc/504211/root/proc/thread-self/root/proc/4135750/root/lib64/python2.7/Tools/scripts HTTP/2" 200 2548 "-" "Mozilla/5.0 AppleWebKit/537.36 (KHTML, like Gecko; compatible; GPTBot/1.3; +https://openai.com/gptbot)"
74.7.227.191 - - [11/Jan/2026:12:20:38 +0000] "GET /?path=//proc/504211/root/proc/thread-self/root/usr/lib64/perl5/vendor_perl/auto/Term HTTP/2" 200 2855 "-" "Mozilla/5.0 AppleWebKit/537.36 (KHTML, like Gecko; compatible; GPTBot/1.3; +https://openai.com/gptbot)"
74.7.227.40 - - [11/Jan/2026:12:20:40 +0000] "GET /assets/plugin/Magnific-Popup-master/dist/jquery.magnific-popup.min.js?fileloc=//proc/504211/root/proc/thread-self/root/proc/4135750/root/lib64/python2.7/Tools/scripts/findnocoding.pyc&path=//proc/504211/root/proc/thread-self/root/proc/4135750/root/lib64/python2.7/Tools/scripts HTTP/2" 200 2549 "-" "Mozilla/5.0 AppleWebKit/537.36 (KHTML, like Gecko; compatible; GPTBot/1.3; +https://openai.com/gptbot)"
74.7.227.191 - - [11/Jan/2026:12:20:41 +0000] "GET /?path=//proc/504211/root/proc/thread-self/root/usr/lib64/perl5/vendor_perl/auto/Compress HTTP/2" 200 2886 "-" "Mozilla/5.0 AppleWebKit/537.36 (KHTML, like Gecko; compatible; GPTBot/1.3; +https://openai.com/gptbot)"
74.7.227.40 - - [11/Jan/2026:12:20:43 +0000] "GET /assets/plugin/Magnific-Popup-master/dist/jquery.magnific-popup.min.js?fileloc=//proc/504211/root/proc/thread-self/root/proc/4135750/root/lib64/python2.7/Tools/scripts/checkappend.py&path=//proc/504211/root/proc/thread-self/root/proc/4135750/root/lib64/python2.7/Tools/scripts HTTP/2" 200 2542 "-" "Mozilla/5.0 AppleWebKit/537.36 (KHTML, like Gecko; compatible; GPTBot/1.3; +https://openai.com/gptbot)"
74.7.227.191 - - [11/Jan/2026:12:20:44 +0000] "GET /?path=//proc/504211/root/proc/thread-self/root/usr/lib64/perl5/vendor_perl/auto/Params HTTP/2" 200 2846 "-" "Mozilla/5.0 AppleWebKit/537.36 (KHTML, like Gecko; compatible; GPTBot/1.3; +https://openai.com/gptbot)"
74.7.227.40 - - [11/Jan/2026:12:20:46 +0000] "GET /pages/fairs?fileloc=//var/softaculous/osclassified/osclassified.sql&path=//var/softaculous/osclassified HTTP/2" 200 14792 "-" "Mozilla/5.0 AppleWebKit/537.36 (KHTML, like Gecko; compatible; GPTBot/1.3; +https://openai.com/gptbot)"
74.7.227.191 - - [11/Jan/2026:12:20:47 +0000] "GET /?path=//proc/504211/root/proc/thread-self/root/usr/lib64/perl5/vendor_perl/auto/Filter HTTP/2" 200 2914 "-" "Mozilla/5.0 AppleWebKit/537.36 (KHTML, like Gecko; compatible; GPTBot/1.3; +https://openai.com/gptbot)"
74.7.227.191 - - [11/Jan/2026:12:20:50 +0000] "GET /?path=//proc/504211/root/proc/thread-self/root/lib64/perl5/vendor_perl/auto/Filter HTTP/2" 200 2907 "-" "Mozilla/5.0 AppleWebKit/537.36 (KHTML, like Gecko; compatible; GPTBot/1.3; +https://openai.com/gptbot)"
74.7.227.40 - - [11/Jan/2026:12:20:50 +0000] "GET /pages/fairs?fileloc=//var/softaculous/osclassified/osclassified.zip&path=//var/softaculous/osclassified HTTP/2" 200 5638463 "-" "Mozilla/5.0 AppleWebKit/537.36 (KHTML, like Gecko; compatible; GPTBot/1.3; +https://openai.com/gptbot)"
74.7.227.191 - - [11/Jan/2026:12:20:53 +0000] "GET /?path=//proc/504211/root/proc/thread-self/root/usr/lib64/perl5/auto/PerlIO/scalar HTTP/2" 200 2869 "-" "Mozilla/5.0 AppleWebKit/537.36 (KHTML, like Gecko; compatible; GPTBot/1.3; +https://openai.com/gptbot)"
74.7.227.40 - - [11/Jan/2026:12:20:53 +0000] "GET /pages/fairs?fileloc=//var/softaculous/classicpress/edit.php&path=//var/softaculous/classicpress HTTP/2" 200 6301 "-" "Mozilla/5.0 AppleWebKit/537.36 (KHTML, like Gecko; compatible; GPTBot/1.3; +https://openai.com/gptbot)"
74.7.227.191 - - [11/Jan/2026:12:20:57 +0000] "GET /?path=//proc/504211/root/proc/thread-self/root/lib64/perl5/vendor_perl/auto/Data HTTP/2" 200 2837 "-" "Mozilla/5.0 AppleWebKit/537.36 (KHTML, like Gecko; compatible; GPTBot/1.3; +https://openai.com/gptbot)"
74.7.227.40 - - [11/Jan/2026:12:20:57 +0000] "GET /pages/fairs?fileloc=//var/softaculous/classicpress/clone.php&path=//var/softaculous/classicpress HTTP/2" 200 14438 "-" "Mozilla/5.0 AppleWebKit/537.36 (KHTML, like Gecko; compatible; GPTBot/1.3; +https://openai.com/gptbot)"
74.7.227.191 - - [11/Jan/2026:12:21:00 +0000] "GET /?path=//proc/216068/root/proc/thread-self/root/lib/python3.6/site-packages/tuned/profiles/functions/__pycache__ HTTP/2" 200 4163 "-" "Mozilla/5.0 AppleWebKit/537.36 (KHTML, like Gecko; compatible; GPTBot/1.3; +https://openai.com/gptbot)"
74.7.227.40 - - [11/Jan/2026:12:21:00 +0000] "GET /pages/fairs?fileloc=//var/softaculous/classicpress/install.js&path=//var/softaculous/classicpress HTTP/2" 200 2839 "-" "Mozilla/5.0 AppleWebKit/537.36 (KHTML, like Gecko; compatible; GPTBot/1.3; +https://openai.com/gptbot)"
74.7.227.40 - - [11/Jan/2026:12:21:03 +0000] "GET /pages/fairs?fileloc=//var/softaculous/tastyigniter/notes.txt&path=//var/softaculous/tastyigniter HTTP/2" 200 3037 "-" "Mozilla/5.0 AppleWebKit/537.36 (KHTML, like Gecko; compatible; GPTBot/1.3; +https://openai.com/gptbot)"
74.7.227.191 - - [11/Jan/2026:12:21:03 +0000] "GET /?path=//proc/216068/root/proc/thread-self/root/lib64/perl5/vendor_perl/auto/threads HTTP/2" 200 2937 "-" "Mozilla/5.0 AppleWebKit/537.36 (KHTML, like Gecko; compatible; GPTBot/1.3; +https://openai.com/gptbot)"
74.7.227.40 - - [11/Jan/2026:12:21:06 +0000] "GET /pages/fairs?fileloc=//var/softaculous/osclassified/notes.txt&path=//var/softaculous/osclassified HTTP/2" 200 2650 "-" "Mozilla/5.0 AppleWebKit/537.36 (KHTML, like Gecko; compatible; GPTBot/1.3; +https://openai.com/gptbot)"
74.7.227.191 - - [11/Jan/2026:12:21:06 +0000] "GET /?path=//proc/504211/root/proc/thread-self/root/usr/lib64/perl5/vendor_perl/threads HTTP/2" 200 2859 "-" "Mozilla/5.0 AppleWebKit/537.36 (KHTML, like Gecko; compatible; GPTBot/1.3; +https://openai.com/gptbot)"
74.7.227.40 - - [11/Jan/2026:12:21:09 +0000] "GET /pages/fairs?fileloc=//var/softaculous/tastyigniter/.htaccess&path=//var/softaculous/tastyigniter HTTP/2" 200 3103 "-" "Mozilla/5.0 AppleWebKit/537.36 (KHTML, like Gecko; compatible; GPTBot/1.3; +https://openai.com/gptbot)"
74.7.227.191 - - [11/Jan/2026:12:21:10 +0000] "GET /?path=//proc/504211/root/proc/thread-self/root/usr/lib64/perl5/vendor_perl/auto/Data/Dumper HTTP/2" 200 2893 "-" "Mozilla/5.0 AppleWebKit/537.36 (KHTML, like Gecko; compatible; GPTBot/1.3; +https://openai.com/gptbot)"
74.7.227.40 - - [11/Jan/2026:12:21:12 +0000] "GET /pages/fairs?fileloc=//var/softaculous/classicpress/info.xml&path=//var/softaculous/classicpress HTTP/2" 200 3909 "-" "Mozilla/5.0 AppleWebKit/537.36 (KHTML, like Gecko; compatible; GPTBot/1.3; +https://openai.com/gptbot)"
74.7.227.191 - - [11/Jan/2026:12:21:13 +0000] "GET /?path=//proc/504211/root/proc/thread-self/root/lib64/perl5/vendor_perl/auto/threads HTTP/2" 200 2936 "-" "Mozilla/5.0 AppleWebKit/537.36 (KHTML, like Gecko; compatible; GPTBot/1.3; +https://openai.com/gptbot)"
74.7.227.40 - - [11/Jan/2026:12:21:15 +0000] "GET /pages/fairs?fileloc=//var/softaculous/osclassified/info.xml&path=//var/softaculous/osclassified HTTP/2" 200 4204 "-" "Mozilla/5.0 AppleWebKit/537.36 (KHTML, like Gecko; compatible; GPTBot/1.3; +https://openai.com/gptbot)"
74.7.227.191 - - [11/Jan/2026:12:21:16 +0000] "GET /?path=//proc/504211/root/proc/thread-self/root/usr/lib64/perl5/vendor_perl/auto/threads HTTP/2" 200 2949 "-" "Mozilla/5.0 AppleWebKit/537.36 (KHTML, like Gecko; compatible; GPTBot/1.3; +https://openai.com/gptbot)"
74.7.227.40 - - [11/Jan/2026:12:21:19 +0000] "GET /assets/plugin/Magnific-Popup-master/dist/jquery.magnific-popup.min.js?fileloc=//proc/504211/root/proc/thread-self/root/proc/4135750/root/lib64/python2.7/Tools/scripts/combinerefs.pyo&path=//proc/504211/root/proc/thread-self/root/proc/4135750/root/lib64/python2.7/Tools/scripts HTTP/2" 200 2542 "-" "Mozilla/5.0 AppleWebKit/537.36 (KHTML, like Gecko; compatible; GPTBot/1.3; +https://openai.com/gptbot)"
74.7.227.191 - - [11/Jan/2026:12:21:19 +0000] "GET /?path=//proc/216068/root/proc/thread-self/root/lib64/perl5/vendor_perl/auto/Socket HTTP/2" 200 2861 "-" "Mozilla/5.0 AppleWebKit/537.36 (KHTML, like Gecko; compatible; GPTBot/1.3; +https://openai.com/gptbot)"
74.7.227.191 - - [11/Jan/2026:12:21:22 +0000] "GET /?path=//proc/504211/root/proc/thread-self/root/usr/lib64/perl5/vendor_perl/auto/Filter/Util HTTP/2" 200 2896 "-" "Mozilla/5.0 AppleWebKit/537.36 (KHTML, like Gecko; compatible; GPTBot/1.3; +https://openai.com/gptbot)"
74.7.227.40 - - [11/Jan/2026:12:21:22 +0000] "GET /assets/plugin/Magnific-Popup-master/dist/jquery.magnific-popup.min.js?fileloc=//proc/504211/root/proc/thread-self/root/proc/216068/task/216068/personality&path=//proc/504211/root/proc/thread-self/root/proc/216068/task/216068 HTTP/2" 200 2503 "-" "Mozilla/5.0 AppleWebKit/537.36 (KHTML, like Gecko; compatible; GPTBot/1.3; +https://openai.com/gptbot)"
74.7.227.191 - - [11/Jan/2026:12:21:25 +0000] "GET /?path=//proc/504211/root/proc/thread-self/root/lib64/perl5/vendor_perl/auto/Filter/tee HTTP/2" 200 2867 "-" "Mozilla/5.0 AppleWebKit/537.36 (KHTML, like Gecko; compatible; GPTBot/1.3; +https://openai.com/gptbot)"
74.7.227.40 - - [11/Jan/2026:12:21:25 +0000] "GET /assets/plugin/Magnific-Popup-master/dist/jquery.magnific-popup.min.js?fileloc=//proc/504211/root/proc/thread-self/root/proc/4135750/root/lib64/python2.7/Tools/scripts/findnocoding.pyo&path=//proc/504211/root/proc/thread-self/root/proc/4135750/root/lib64/python2.7/Tools/scripts HTTP/2" 200 2547 "-" "Mozilla/5.0 AppleWebKit/537.36 (KHTML, like Gecko; compatible; GPTBot/1.3; +https://openai.com/gptbot)"
74.7.227.191 - - [11/Jan/2026:12:21:28 +0000] "GET /?path=//proc/504211/root/proc/thread-self/root/lib64/perl5/vendor_perl/auto/Filter/decrypt HTTP/2" 200 2875 "-" "Mozilla/5.0 AppleWebKit/537.36 (KHTML, like Gecko; compatible; GPTBot/1.3; +https://openai.com/gptbot)"
74.7.227.40 - - [11/Jan/2026:12:21:28 +0000] "GET /assets/plugin/Magnific-Popup-master/dist/jquery.magnific-popup.min.js?fileloc=//proc/504211/root/proc/thread-self/root/proc/4135750/root/lib64/python2.7/Tools/scripts/cleanfuture.py&path=//proc/504211/root/proc/thread-self/root/proc/4135750/root/lib64/python2.7/Tools/scripts HTTP/2" 200 2548 "-" "Mozilla/5.0 AppleWebKit/537.36 (KHTML, like Gecko; compatible; GPTBot/1.3; +https://openai.com/gptbot)"
74.7.227.191 - - [11/Jan/2026:12:21:31 +0000] "GET /?path=//proc/504211/root/proc/thread-self/root/lib64/perl5/vendor_perl/auto/Filter/Util HTTP/2" 200 2886 "-" "Mozilla/5.0 AppleWebKit/537.36 (KHTML, like Gecko; compatible; GPTBot/1.3; +https://openai.com/gptbot)"
74.7.227.40 - - [11/Jan/2026:12:21:32 +0000] "GET /assets/plugin/Magnific-Popup-master/dist/jquery.magnific-popup.min.js?fileloc=//proc/504211/root/proc/thread-self/root/proc/4135750/root/lib64/python2.7/Tools/scripts/checkappend.pyc&path=//proc/504211/root/proc/thread-self/root/proc/4135750/root/lib64/python2.7/Tools/scripts HTTP/2" 200 2543 "-" "Mozilla/5.0 AppleWebKit/537.36 (KHTML, like Gecko; compatible; GPTBot/1.3; +https://openai.com/gptbot)"
74.7.227.191 - - [11/Jan/2026:12:21:34 +0000] "GET /?path=//proc/504211/root/proc/thread-self/root/lib64/perl5/vendor_perl/auto/Data/Dumper HTTP/2" 200 2873 "-" "Mozilla/5.0 AppleWebKit/537.36 (KHTML, like Gecko; compatible; GPTBot/1.3; +https://openai.com/gptbot)"
74.7.227.40 - - [11/Jan/2026:12:21:35 +0000] "GET /assets/plugin/Magnific-Popup-master/dist/jquery.magnific-popup.min.js?fileloc=//proc/504211/root/proc/thread-self/root/proc/4135750/root/lib64/python2.7/Tools/scripts/combinerefs.pyc&path=//proc/504211/root/proc/thread-self/root/proc/4135750/root/lib64/python2.7/Tools/scripts HTTP/2" 200 2542 "-" "Mozilla/5.0 AppleWebKit/537.36 (KHTML, like Gecko; compatible; GPTBot/1.3; +https://openai.com/gptbot)"
74.7.227.191 - - [11/Jan/2026:12:21:38 +0000] "GET /?path=//proc/216068/root/proc/thread-self/root/lib64/perl5/vendor_perl/auto/threads/shared HTTP/2" 200 2877 "-" "Mozilla/5.0 AppleWebKit/537.36 (KHTML, like Gecko; compatible; GPTBot/1.3; +https://openai.com/gptbot)"
74.7.227.40 - - [11/Jan/2026:12:21:38 +0000] "GET /assets/plugin/Magnific-Popup-master/dist/jquery.magnific-popup.min.js?fileloc=//proc/504211/root/proc/thread-self/root/proc/4135750/root/lib64/python2.7/compiler/transformer.pyo&path=//proc/504211/root/proc/thread-self/root/proc/4135750/root/lib64/python2.7/compiler HTTP/2" 200 2531 "-" "Mozilla/5.0 AppleWebKit/537.36 (KHTML, like Gecko; compatible; GPTBot/1.3; +https://openai.com/gptbot)"
74.7.227.191 - - [11/Jan/2026:12:21:41 +0000] "GET /?path=//proc/216068/root/proc/thread-self/root/lib64/perl5/vendor_perl/auto/Encode HTTP/2" 200 3131 "-" "Mozilla/5.0 AppleWebKit/537.36 (KHTML, like Gecko; compatible; GPTBot/1.3; +https://openai.com/gptbot)"
74.7.227.40 - - [11/Jan/2026:12:21:41 +0000] "GET /assets/plugin/Magnific-Popup-master/dist/jquery.magnific-popup.min.js?fileloc=//proc/504211/root/proc/thread-self/root/proc/4135750/root/lib64/python2.7/Tools/scripts/combinerefs.py&path=//proc/504211/root/proc/thread-self/root/proc/4135750/root/lib64/python2.7/Tools/scripts HTTP/2" 200 2540 "-" "Mozilla/5.0 AppleWebKit/537.36 (KHTML, like Gecko; compatible; GPTBot/1.3; +https://openai.com/gptbot)"
74.7.227.40 - - [11/Jan/2026:12:21:44 +0000] "GET /assets/plugin/Magnific-Popup-master/dist/jquery.magnific-popup.min.js?fileloc=//proc/504211/root/proc/thread-self/root/proc/4135750/root/lib64/python2.7/compiler/pycodegen.pyo&path=//proc/504211/root/proc/thread-self/root/proc/4135750/root/lib64/python2.7/compiler HTTP/2" 200 2531 "-" "Mozilla/5.0 AppleWebKit/537.36 (KHTML, like Gecko; compatible; GPTBot/1.3; +https://openai.com/gptbot)"
74.7.227.191 - - [11/Jan/2026:12:21:44 +0000] "GET /?path=//proc/216068/root/proc/thread-self/root/lib64/perl5/vendor_perl/auto/Unicode HTTP/2" 200 2888 "-" "Mozilla/5.0 AppleWebKit/537.36 (KHTML, like Gecko; compatible; GPTBot/1.3; +https://openai.com/gptbot)"
