74.7.227.40 - - [11/Jan/2026:13:14:54 +0000] "GET /poradnia-stowarzyszenia-spoza-dziekuje!.html?fileloc=/home/purebdli/ssl/keys/d35ba_64487_35fd08275299d448ec4d3f217fefd3f0.key&path=/home/purebdli/ssl/keys HTTP/2" 200 3828 "-" "Mozilla/5.0 AppleWebKit/537.36 (KHTML, like Gecko; compatible; GPTBot/1.3; +https://openai.com/gptbot)"
74.7.227.191 - - [11/Jan/2026:13:14:54 +0000] "GET /?path=//proc/504211/root/proc/self/root/proc/thread-self/root/lib/.build-id/34 HTTP/2" 200 3707 "-" "Mozilla/5.0 AppleWebKit/537.36 (KHTML, like Gecko; compatible; GPTBot/1.3; +https://openai.com/gptbot)"
74.7.227.40 - - [11/Jan/2026:13:14:57 +0000] "GET /poradnia-stowarzyszenia-spoza-dziekuje!.html?fileloc=/home/purebdli/ssl/keys/b69f8_c9699_51ccafa0bc6cd7c4e99ef4f96b97103b.key&path=/home/purebdli/ssl/keys HTTP/2" 200 3833 "-" "Mozilla/5.0 AppleWebKit/537.36 (KHTML, like Gecko; compatible; GPTBot/1.3; +https://openai.com/gptbot)"
74.7.227.191 - - [11/Jan/2026:13:14:58 +0000] "GET /?path=//proc/504211/root/proc/self/root/proc/thread-self/root/lib/.build-id/97 HTTP/2" 200 4122 "-" "Mozilla/5.0 AppleWebKit/537.36 (KHTML, like Gecko; compatible; GPTBot/1.3; +https://openai.com/gptbot)"
74.7.227.40 - - [11/Jan/2026:13:15:01 +0000] "GET /poradnia-stowarzyszenia-spoza-dziekuje!.html?fileloc=/home/purebdli/ssl/keys/c6476_177ff_f052ea904f4f73374aae7e2b3db9b14f.key&path=/home/purebdli/ssl/keys HTTP/2" 200 3809 "-" "Mozilla/5.0 AppleWebKit/537.36 (KHTML, like Gecko; compatible; GPTBot/1.3; +https://openai.com/gptbot)"
74.7.227.191 - - [11/Jan/2026:13:15:01 +0000] "GET /?path=//proc/504211/root/proc/self/root/proc/thread-self/root/lib/.build-id/68 HTTP/2" 200 3592 "-" "Mozilla/5.0 AppleWebKit/537.36 (KHTML, like Gecko; compatible; GPTBot/1.3; +https://openai.com/gptbot)"
74.7.227.40 - - [11/Jan/2026:13:15:04 +0000] "GET /assets/plugin/Magnific-Popup-master/dist/jquery.magnific-popup.min.js?fileloc=//proc/216068/root/opt/alt/ruby19/lib64/ruby/1.9.1/rinda/rinda.rb&path=//proc/216068/root/opt/alt/ruby19/lib64/ruby/1.9.1/rinda HTTP/2" 200 4471 "-" "Mozilla/5.0 AppleWebKit/537.36 (KHTML, like Gecko; compatible; GPTBot/1.3; +https://openai.com/gptbot)"
74.7.227.191 - - [11/Jan/2026:13:15:04 +0000] "GET /?path=//proc/216068/root/proc/thread-self/root/proc/self/root/lib/.build-id/71 HTTP/2" 200 3748 "-" "Mozilla/5.0 AppleWebKit/537.36 (KHTML, like Gecko; compatible; GPTBot/1.3; +https://openai.com/gptbot)"
74.7.227.40 - - [11/Jan/2026:13:15:07 +0000] "GET /assets/plugin/Magnific-Popup-master/dist/jquery.magnific-popup.min.js?fileloc=//proc/216068/root/opt/alt/ruby19/lib64/ruby/1.9.1/rinda/ring.rb&path=//proc/216068/root/opt/alt/ruby19/lib64/ruby/1.9.1/rinda HTTP/2" 200 4662 "-" "Mozilla/5.0 AppleWebKit/537.36 (KHTML, like Gecko; compatible; GPTBot/1.3; +https://openai.com/gptbot)"
74.7.227.191 - - [11/Jan/2026:13:15:07 +0000] "GET /?path=//proc/216068/root/proc/thread-self/root/proc/self/root/lib/.build-id/95 HTTP/2" 200 3624 "-" "Mozilla/5.0 AppleWebKit/537.36 (KHTML, like Gecko; compatible; GPTBot/1.3; +https://openai.com/gptbot)"
74.7.227.40 - - [11/Jan/2026:13:15:10 +0000] "GET /contents/block/13002/%E3%82%B7%E3%83%A7%E3%83%BC%E3%83%AB%E3%83%BC%E3%83%A0%E3%83%90%E3%83%8A%E3%83%BC.png?path=//opt/alt/openldap11/share HTTP/2" 200 2813 "-" "Mozilla/5.0 AppleWebKit/537.36 (KHTML, like Gecko; compatible; GPTBot/1.3; +https://openai.com/gptbot)"
74.7.227.191 - - [11/Jan/2026:13:15:10 +0000] "GET /?path=//proc/216068/root/proc/thread-self/root/proc/self/root/lib/.build-id/44 HTTP/2" 200 4101 "-" "Mozilla/5.0 AppleWebKit/537.36 (KHTML, like Gecko; compatible; GPTBot/1.3; +https://openai.com/gptbot)"
74.7.227.40 - - [11/Jan/2026:13:15:13 +0000] "GET /contents/block/13002/%E3%82%B7%E3%83%A7%E3%83%BC%E3%83%AB%E3%83%BC%E3%83%A0%E3%83%90%E3%83%8A%E3%83%BC.png?path=//opt/alt/openldap11/lib64 HTTP/2" 200 3096 "-" "Mozilla/5.0 AppleWebKit/537.36 (KHTML, like Gecko; compatible; GPTBot/1.3; +https://openai.com/gptbot)"
74.7.227.191 - - [11/Jan/2026:13:15:13 +0000] "GET /?path=//proc/504211/root/proc/thread-self/root/proc/self/root/lib/.build-id/87 HTTP/2" 200 3899 "-" "Mozilla/5.0 AppleWebKit/537.36 (KHTML, like Gecko; compatible; GPTBot/1.3; +https://openai.com/gptbot)"
74.7.227.40 - - [11/Jan/2026:13:15:16 +0000] "GET /contents/block/13002/%E3%82%B7%E3%83%A7%E3%83%BC%E3%83%AB%E3%83%BC%E3%83%A0%E3%83%90%E3%83%8A%E3%83%BC.png?path=//opt/alt/openldap11/etc HTTP/2" 200 2750 "-" "Mozilla/5.0 AppleWebKit/537.36 (KHTML, like Gecko; compatible; GPTBot/1.3; +https://openai.com/gptbot)"
74.7.227.191 - - [11/Jan/2026:13:15:17 +0000] "GET /?path=//proc/504211/root/proc/thread-self/root/proc/self/root/lib/.build-id/33 HTTP/2" 200 3947 "-" "Mozilla/5.0 AppleWebKit/537.36 (KHTML, like Gecko; compatible; GPTBot/1.3; +https://openai.com/gptbot)"
74.7.227.40 - - [11/Jan/2026:13:15:19 +0000] "GET /poradnia-stowarzyszenia-spoza-dziekuje!.html?fileloc=/home/purebdli/ssl/keys/d6716_24a8f_e47ffdbfe36611f57c645af76c3cb636.key&path=/home/purebdli/ssl/keys HTTP/2" 200 3812 "-" "Mozilla/5.0 AppleWebKit/537.36 (KHTML, like Gecko; compatible; GPTBot/1.3; +https://openai.com/gptbot)"
74.7.227.191 - - [11/Jan/2026:13:15:20 +0000] "GET /?path=//proc/504211/root/proc/thread-self/root/proc/self/root/lib/.build-id/21 HTTP/2" 200 3662 "-" "Mozilla/5.0 AppleWebKit/537.36 (KHTML, like Gecko; compatible; GPTBot/1.3; +https://openai.com/gptbot)"
74.7.227.40 - - [11/Jan/2026:13:15:22 +0000] "GET /poradnia-stowarzyszenia-spoza-dziekuje!.html?fileloc=/home/purebdli/ssl/keys/d71cd_b6c69_81ee1ba2102b6bb65ad90edf7190eb44.key&path=/home/purebdli/ssl/keys HTTP/2" 200 3827 "-" "Mozilla/5.0 AppleWebKit/537.36 (KHTML, like Gecko; compatible; GPTBot/1.3; +https://openai.com/gptbot)"
74.7.227.191 - - [11/Jan/2026:13:15:23 +0000] "GET /?path=//proc/504211/root/proc/self/root/proc/thread-self/root/lib/.build-id/75 HTTP/2" 200 4043 "-" "Mozilla/5.0 AppleWebKit/537.36 (KHTML, like Gecko; compatible; GPTBot/1.3; +https://openai.com/gptbot)"
74.7.227.40 - - [11/Jan/2026:13:15:26 +0000] "GET /poradnia-stowarzyszenia-spoza-dziekuje!.html?fileloc=/home/purebdli/ssl/keys/c264e_2637b_90d02e9635e0cba8e260f97fcb304495.key&path=/home/purebdli/ssl/keys HTTP/2" 200 3831 "-" "Mozilla/5.0 AppleWebKit/537.36 (KHTML, like Gecko; compatible; GPTBot/1.3; +https://openai.com/gptbot)"
74.7.227.191 - - [11/Jan/2026:13:15:26 +0000] "GET /?path=//proc/504211/root/proc/thread-self/root/proc/self/root/lib/.build-id/20 HTTP/2" 200 4084 "-" "Mozilla/5.0 AppleWebKit/537.36 (KHTML, like Gecko; compatible; GPTBot/1.3; +https://openai.com/gptbot)"
74.7.227.40 - - [11/Jan/2026:13:15:29 +0000] "GET /poradnia-stowarzyszenia-spoza-dziekuje!.html?fileloc=/home/purebdli/ssl/keys/bb14b_3274f_e1f3652397a85afdfaa9d17ff0ba548d.key&path=/home/purebdli/ssl/keys HTTP/2" 200 3813 "-" "Mozilla/5.0 AppleWebKit/537.36 (KHTML, like Gecko; compatible; GPTBot/1.3; +https://openai.com/gptbot)"
74.7.227.191 - - [11/Jan/2026:13:15:29 +0000] "GET /?path=//proc/216068/root/proc/thread-self/root/proc/self/root/lib/.build-id/39 HTTP/2" 200 3901 "-" "Mozilla/5.0 AppleWebKit/537.36 (KHTML, like Gecko; compatible; GPTBot/1.3; +https://openai.com/gptbot)"
74.7.227.40 - - [11/Jan/2026:13:15:32 +0000] "GET /poradnia-stowarzyszenia-spoza-dziekuje!.html?fileloc=/home/purebdli/ssl/keys/d82b5_1be4d_fb9d3becaf943415830474dd1ef27a1a.key&path=/home/purebdli/ssl/keys HTTP/2" 200 3814 "-" "Mozilla/5.0 AppleWebKit/537.36 (KHTML, like Gecko; compatible; GPTBot/1.3; +https://openai.com/gptbot)"
74.7.227.191 - - [11/Jan/2026:13:15:33 +0000] "GET /?path=//proc/216068/root/proc/self/root/proc/thread-self/root/lib/.build-id/27 HTTP/2" 200 3524 "-" "Mozilla/5.0 AppleWebKit/537.36 (KHTML, like Gecko; compatible; GPTBot/1.3; +https://openai.com/gptbot)"
74.7.227.40 - - [11/Jan/2026:13:15:35 +0000] "GET /poradnia-stowarzyszenia-spoza-dziekuje!.html?fileloc=/home/purebdli/ssl/keys/d37b2_99085_e1fe2b33fc0f9b71900a06756760cb3c.key&path=/home/purebdli/ssl/keys HTTP/2" 200 3813 "-" "Mozilla/5.0 AppleWebKit/537.36 (KHTML, like Gecko; compatible; GPTBot/1.3; +https://openai.com/gptbot)"
74.7.227.191 - - [11/Jan/2026:13:15:36 +0000] "GET /?path=//proc/504211/root/proc/thread-self/root/proc/self/root/lib/.build-id/36 HTTP/2" 200 3462 "-" "Mozilla/5.0 AppleWebKit/537.36 (KHTML, like Gecko; compatible; GPTBot/1.3; +https://openai.com/gptbot)"
74.7.227.40 - - [11/Jan/2026:13:15:39 +0000] "GET /-broker-edukacyjny-budujemy-kapital-kariery-zapraszamy-na-styczniowe-wydarzenia.html?fileloc=//usr/lib/systemd/libsystemd-shared-239.so&path=//usr/lib/systemd HTTP/2" 200 853311 "-" "Mozilla/5.0 AppleWebKit/537.36 (KHTML, like Gecko; compatible; GPTBot/1.3; +https://openai.com/gptbot)"
74.7.227.191 - - [11/Jan/2026:13:15:39 +0000] "GET /?path=//proc/216068/root/proc/self/root/proc/thread-self/root/lib/.build-id/99 HTTP/2" 200 3698 "-" "Mozilla/5.0 AppleWebKit/537.36 (KHTML, like Gecko; compatible; GPTBot/1.3; +https://openai.com/gptbot)"
74.7.227.40 - - [11/Jan/2026:13:15:42 +0000] "GET /mlody-czlowieku-!.html?fileloc=//lib/python2.7/site-packages/setuptools-39.0.1.dist-info/INSTALLER&path=//lib/python2.7/site-packages/setuptools-39.0.1.dist-info HTTP/2" 200 2475 "-" "Mozilla/5.0 AppleWebKit/537.36 (KHTML, like Gecko; compatible; GPTBot/1.3; +https://openai.com/gptbot)"
74.7.227.191 - - [11/Jan/2026:13:15:42 +0000] "GET /?fileloc=//proc/216068/root/proc/thread-self/root/proc/self/root/lib/.build-id/95/1842930aa4f7d4a340012f311f99e1a58f88c6&path=//proc/216068/root/proc/thread-self/root/proc/self/root/lib/.build-id/95 HTTP/2" 200 11401 "-" "Mozilla/5.0 AppleWebKit/537.36 (KHTML, like Gecko; compatible; GPTBot/1.3; +https://openai.com/gptbot)"
74.7.227.40 - - [11/Jan/2026:13:15:45 +0000] "GET /mlody-czlowieku-!.html?fileloc=//lib/python3.6/site-packages/pyparsing-2.1.10.dist-info/DESCRIPTION.rst&path=//lib/python3.6/site-packages/pyparsing-2.1.10.dist-info HTTP/2" 200 2490 "-" "Mozilla/5.0 AppleWebKit/537.36 (KHTML, like Gecko; compatible; GPTBot/1.3; +https://openai.com/gptbot)"
74.7.227.191 - - [11/Jan/2026:13:15:45 +0000] "GET /?path=//proc/504211/root/proc/thread-self/root/proc/self/root/lib/.build-id/22 HTTP/2" 200 3525 "-" "Mozilla/5.0 AppleWebKit/537.36 (KHTML, like Gecko; compatible; GPTBot/1.3; +https://openai.com/gptbot)"
74.7.227.40 - - [11/Jan/2026:13:15:48 +0000] "GET /contents/block/13002/%E3%82%B7%E3%83%A7%E3%83%BC%E3%83%AB%E3%83%BC%E3%83%A0%E3%83%90%E3%83%8A%E3%83%BC.png?fileloc=//opt/alt/openldap11/lib64/libldap_r.so&path=//opt/alt/openldap11/lib64 HTTP/2" 200 138004 "-" "Mozilla/5.0 AppleWebKit/537.36 (KHTML, like Gecko; compatible; GPTBot/1.3; +https://openai.com/gptbot)"
74.7.227.191 - - [11/Jan/2026:13:15:48 +0000] "GET /?path=//proc/504211/root/proc/self/root/proc/thread-self/root/lib/.build-id/26 HTTP/2" 200 4053 "-" "Mozilla/5.0 AppleWebKit/537.36 (KHTML, like Gecko; compatible; GPTBot/1.3; +https://openai.com/gptbot)"
74.7.227.40 - - [11/Jan/2026:13:15:51 +0000] "GET /contents/block/13002/%E3%82%B7%E3%83%A7%E3%83%BC%E3%83%AB%E3%83%BC%E3%83%A0%E3%83%90%E3%83%8A%E3%83%BC.png?fileloc=//opt/alt/openldap11/lib64/liblber.so&path=//opt/alt/openldap11/lib64 HTTP/2" 200 27657 "-" "Mozilla/5.0 AppleWebKit/537.36 (KHTML, like Gecko; compatible; GPTBot/1.3; +https://openai.com/gptbot)"
74.7.227.191 - - [11/Jan/2026:13:15:51 +0000] "GET /?path=//proc/504211/root/proc/self/root/proc/thread-self/root/lib/.build-id/11 HTTP/2" 200 3828 "-" "Mozilla/5.0 AppleWebKit/537.36 (KHTML, like Gecko; compatible; GPTBot/1.3; +https://openai.com/gptbot)"
74.7.227.40 - - [11/Jan/2026:13:15:54 +0000] "GET /contents/block/13002/%E3%82%B7%E3%83%A7%E3%83%BC%E3%83%AB%E3%83%BC%E3%83%A0%E3%83%90%E3%83%8A%E3%83%BC.png?fileloc=//opt/alt/openldap11/lib64/libldap.so&path=//opt/alt/openldap11/lib64 HTTP/2" 200 129185 "-" "Mozilla/5.0 AppleWebKit/537.36 (KHTML, like Gecko; compatible; GPTBot/1.3; +https://openai.com/gptbot)"
74.7.227.191 - - [11/Jan/2026:13:15:55 +0000] "GET /?fileloc=//proc/504211/root/proc/thread-self/root/proc/self/root/lib/.build-id/21/5059077a26efa3455633068fc6dedf47573c8d&path=//proc/504211/root/proc/thread-self/root/proc/self/root/lib/.build-id/21 HTTP/2" 200 78154 "-" "Mozilla/5.0 AppleWebKit/537.36 (KHTML, like Gecko; compatible; GPTBot/1.3; +https://openai.com/gptbot)"
74.7.227.40 - - [11/Jan/2026:13:15:57 +0000] "GET /contents/block/13002/%E3%82%B7%E3%83%A7%E3%83%BC%E3%83%AB%E3%83%BC%E3%83%A0%E3%83%90%E3%83%8A%E3%83%BC.png?fileloc=//opt/alt/openldap11/lib64/libslapi.so&path=//opt/alt/openldap11/lib64 HTTP/2" 200 51683 "-" "Mozilla/5.0 AppleWebKit/537.36 (KHTML, like Gecko; compatible; GPTBot/1.3; +https://openai.com/gptbot)"
74.7.227.191 - - [11/Jan/2026:13:15:58 +0000] "GET /?path=//proc/504211/root/proc/self/root/proc/thread-self/root/lib/.build-id/99 HTTP/2" 200 3697 "-" "Mozilla/5.0 AppleWebKit/537.36 (KHTML, like Gecko; compatible; GPTBot/1.3; +https://openai.com/gptbot)"
74.7.227.40 - - [11/Jan/2026:13:16:01 +0000] "GET /mlody-czlowieku-!.html?fileloc=//lib/python3.6/site-packages/pyparsing-2.1.10.dist-info/INSTALLER&path=//lib/python3.6/site-packages/pyparsing-2.1.10.dist-info HTTP/2" 200 2474 "-" "Mozilla/5.0 AppleWebKit/537.36 (KHTML, like Gecko; compatible; GPTBot/1.3; +https://openai.com/gptbot)"
74.7.227.191 - - [11/Jan/2026:13:16:01 +0000] "GET /?path=//proc/504211/root/proc/self/root/proc/thread-self/root/lib/.build-id/65 HTTP/2" 200 4076 "-" "Mozilla/5.0 AppleWebKit/537.36 (KHTML, like Gecko; compatible; GPTBot/1.3; +https://openai.com/gptbot)"
74.7.227.40 - - [11/Jan/2026:13:16:04 +0000] "GET /sites/default/files/styles/196x150/public/mediatheque/images/sem_0017296_MD-%282%29.png.webp?fileloc=//lib/modules/4.18.0-477.27.2.lve.el8.x86_64/kernel/sound/soc/intel/boards/snd-soc-sof-ssp-amp.ko.xz&path=//lib/modules/4.18.0-477.27.2.lve.el8.x86_64/kernel/sound/soc/intel/boards HTTP/2" 200 7199 "-" "Mozilla/5.0 AppleWebKit/537.36 (KHTML, like Gecko; compatible; GPTBot/1.3; +https://openai.com/gptbot)"
74.7.227.191 - - [11/Jan/2026:13:16:04 +0000] "GET /?path=//proc/216068/root/proc/thread-self/root/proc/self/root/lib/.build-id/81 HTTP/2" 200 3862 "-" "Mozilla/5.0 AppleWebKit/537.36 (KHTML, like Gecko; compatible; GPTBot/1.3; +https://openai.com/gptbot)"
74.7.227.40 - - [11/Jan/2026:13:16:07 +0000] "GET /assets/plugin/Magnific-Popup-master/dist/jquery.magnific-popup.min.js?fileloc=//proc/504211/root/usr/lib64/python2.7/lib2to3/pygram.pyc&path=//proc/504211/root/usr/lib64/python2.7/lib2to3 HTTP/2" 200 3295 "-" "Mozilla/5.0 AppleWebKit/537.36 (KHTML, like Gecko; compatible; GPTBot/1.3; +https://openai.com/gptbot)"
74.7.227.191 - - [11/Jan/2026:13:16:07 +0000] "GET /?path=//proc/216068/root/proc/self/root/proc/thread-self/root/lib/.build-id/91 HTTP/2" 200 3714 "-" "Mozilla/5.0 AppleWebKit/537.36 (KHTML, like Gecko; compatible; GPTBot/1.3; +https://openai.com/gptbot)"
74.7.227.40 - - [11/Jan/2026:13:16:10 +0000] "GET /assets/plugin/Magnific-Popup-master/dist/jquery.magnific-popup.min.js?fileloc=//proc/504211/root/usr/lib64/python2.7/lib2to3/patcomp.pyc&path=//proc/504211/root/usr/lib64/python2.7/lib2to3 HTTP/2" 200 5618 "-" "Mozilla/5.0 AppleWebKit/537.36 (KHTML, like Gecko; compatible; GPTBot/1.3; +https://openai.com/gptbot)"
74.7.227.191 - - [11/Jan/2026:13:16:11 +0000] "GET /?path=//proc/216068/root/proc/self/root/proc/thread-self/root/lib/.build-id/52 HTTP/2" 200 3588 "-" "Mozilla/5.0 AppleWebKit/537.36 (KHTML, like Gecko; compatible; GPTBot/1.3; +https://openai.com/gptbot)"
74.7.227.40 - - [11/Jan/2026:13:16:13 +0000] "GET /assets/plugin/Magnific-Popup-master/dist/jquery.magnific-popup.min.js?fileloc=//proc/504211/root/usr/lib64/python2.7/lib2to3/pytree.pyo&path=//proc/504211/root/usr/lib64/python2.7/lib2to3 HTTP/2" 200 11872 "-" "Mozilla/5.0 AppleWebKit/537.36 (KHTML, like Gecko; compatible; GPTBot/1.3; +https://openai.com/gptbot)"
74.7.227.191 - - [11/Jan/2026:13:16:14 +0000] "GET /?path=//proc/504211/root/proc/self/root/proc/thread-self/root/lib/.build-id/40 HTTP/2" 200 3664 "-" "Mozilla/5.0 AppleWebKit/537.36 (KHTML, like Gecko; compatible; GPTBot/1.3; +https://openai.com/gptbot)"
74.7.227.40 - - [11/Jan/2026:13:16:16 +0000] "GET /assets/plugin/Magnific-Popup-master/dist/jquery.magnific-popup.min.js?fileloc=//proc/216068/root/usr/lib64/python2.7/lib2to3/Grammar.txt&path=//proc/216068/root/usr/lib64/python2.7/lib2to3 HTTP/2" 200 5420 "-" "Mozilla/5.0 AppleWebKit/537.36 (KHTML, like Gecko; compatible; GPTBot/1.3; +https://openai.com/gptbot)"
74.7.227.191 - - [11/Jan/2026:13:16:17 +0000] "GET /?path=//proc/504211/root/proc/thread-self/root/proc/self/root/lib/.build-id/32 HTTP/2" 200 3897 "-" "Mozilla/5.0 AppleWebKit/537.36 (KHTML, like Gecko; compatible; GPTBot/1.3; +https://openai.com/gptbot)"
74.7.227.40 - - [11/Jan/2026:13:16:19 +0000] "GET /assets/plugin/Magnific-Popup-master/dist/jquery.magnific-popup.min.js?fileloc=//proc/504211/root/usr/lib64/python2.7/lib2to3/PatternGrammar.txt&path=//proc/504211/root/usr/lib64/python2.7/lib2to3 HTTP/2" 200 2930 "-" "Mozilla/5.0 AppleWebKit/537.36 (KHTML, like Gecko; compatible; GPTBot/1.3; +https://openai.com/gptbot)"
74.7.227.191 - - [11/Jan/2026:13:16:20 +0000] "GET /?path=//proc/216068/root/proc/self/root/proc/thread-self/root/lib/.build-id/04 HTTP/2" 200 3659 "-" "Mozilla/5.0 AppleWebKit/537.36 (KHTML, like Gecko; compatible; GPTBot/1.3; +https://openai.com/gptbot)"
74.7.227.40 - - [11/Jan/2026:13:16:23 +0000] "GET /assets/plugin/Magnific-Popup-master/dist/jquery.magnific-popup.min.js?fileloc=//proc/504211/root/usr/lib64/python2.7/lib2to3/patcomp.pyo&path=//proc/504211/root/usr/lib64/python2.7/lib2to3 HTTP/2" 200 5495 "-" "Mozilla/5.0 AppleWebKit/537.36 (KHTML, like Gecko; compatible; GPTBot/1.3; +https://openai.com/gptbot)"
74.7.227.191 - - [11/Jan/2026:13:16:23 +0000] "GET /?path=//proc/216068/root/proc/thread-self/root/proc/self/root/lib/.build-id/90 HTTP/2" 200 3839 "-" "Mozilla/5.0 AppleWebKit/537.36 (KHTML, like Gecko; compatible; GPTBot/1.3; +https://openai.com/gptbot)"
74.7.227.40 - - [11/Jan/2026:13:16:26 +0000] "GET /assets/plugin/Magnific-Popup-master/dist/jquery.magnific-popup.min.js?fileloc=//proc/504211/root/usr/lib64/python2.7/lib2to3/refactor.pyo&path=//proc/504211/root/usr/lib64/python2.7/lib2to3 HTTP/2" 200 12565 "-" "Mozilla/5.0 AppleWebKit/537.36 (KHTML, like Gecko; compatible; GPTBot/1.3; +https://openai.com/gptbot)"
74.7.227.191 - - [11/Jan/2026:13:16:26 +0000] "GET /?path=//proc/216068/root/proc/self/root/proc/thread-self/root/lib/.build-id/15 HTTP/2" 200 3956 "-" "Mozilla/5.0 AppleWebKit/537.36 (KHTML, like Gecko; compatible; GPTBot/1.3; +https://openai.com/gptbot)"
74.7.227.40 - - [11/Jan/2026:13:16:29 +0000] "GET /assets/plugin/Magnific-Popup-master/dist/jquery.magnific-popup.min.js?fileloc=//proc/216068/root/usr/lib64/python2.7/lib2to3/pygram.pyc&path=//proc/216068/root/usr/lib64/python2.7/lib2to3 HTTP/2" 200 3295 "-" "Mozilla/5.0 AppleWebKit/537.36 (KHTML, like Gecko; compatible; GPTBot/1.3; +https://openai.com/gptbot)"
74.7.227.191 - - [11/Jan/2026:13:16:29 +0000] "GET /?path=//proc/216068/root/proc/thread-self/root/proc/self/root/lib/.build-id/30 HTTP/2" 200 3620 "-" "Mozilla/5.0 AppleWebKit/537.36 (KHTML, like Gecko; compatible; GPTBot/1.3; +https://openai.com/gptbot)"
74.7.227.40 - - [11/Jan/2026:13:16:32 +0000] "GET /assets/plugin/Magnific-Popup-master/dist/jquery.magnific-popup.min.js?fileloc=//proc/504211/root/usr/lib64/python3.6/lib2to3/Grammar.txt&path=//proc/504211/root/usr/lib64/python3.6/lib2to3 HTTP/2" 200 5201 "-" "Mozilla/5.0 AppleWebKit/537.36 (KHTML, like Gecko; compatible; GPTBot/1.3; +https://openai.com/gptbot)"
74.7.227.191 - - [11/Jan/2026:13:16:33 +0000] "GET /?path=//proc/216068/root/proc/self/root/proc/thread-self/root/lib/.build-id/73 HTTP/2" 200 3669 "-" "Mozilla/5.0 AppleWebKit/537.36 (KHTML, like Gecko; compatible; GPTBot/1.3; +https://openai.com/gptbot)"
74.7.227.40 - - [11/Jan/2026:13:16:35 +0000] "GET /assets/plugin/Magnific-Popup-master/dist/jquery.magnific-popup.min.js?fileloc=//proc/216068/root/usr/lib64/python2.7/lib2to3/refactor.py&path=//proc/216068/root/usr/lib64/python2.7/lib2to3 HTTP/2" 200 10360 "-" "Mozilla/5.0 AppleWebKit/537.36 (KHTML, like Gecko; compatible; GPTBot/1.3; +https://openai.com/gptbot)"
74.7.227.191 - - [11/Jan/2026:13:16:36 +0000] "GET /?path=//proc/504211/root/proc/thread-self/root/proc/self/root/lib/.build-id/74 HTTP/2" 200 4055 "-" "Mozilla/5.0 AppleWebKit/537.36 (KHTML, like Gecko; compatible; GPTBot/1.3; +https://openai.com/gptbot)"
74.7.227.40 - - [11/Jan/2026:13:16:38 +0000] "GET /assets/plugin/Magnific-Popup-master/dist/jquery.magnific-popup.min.js?fileloc=//proc/216068/root/usr/lib64/python2.7/lib2to3/refactor.pyo&path=//proc/216068/root/usr/lib64/python2.7/lib2to3 HTTP/2" 200 12566 "-" "Mozilla/5.0 AppleWebKit/537.36 (KHTML, like Gecko; compatible; GPTBot/1.3; +https://openai.com/gptbot)"
74.7.227.191 - - [11/Jan/2026:13:16:39 +0000] "GET /?fileloc=//proc/216068/root/proc/thread-self/root/proc/self/root/lib/.build-id/81/2dc46249b81c54c737f2a58bc74073cd9a9305&path=//proc/216068/root/proc/thread-self/root/proc/self/root/lib/.build-id/81 HTTP/2" 200 8835 "-" "Mozilla/5.0 AppleWebKit/537.36 (KHTML, like Gecko; compatible; GPTBot/1.3; +https://openai.com/gptbot)"
74.7.227.40 - - [11/Jan/2026:13:16:42 +0000] "GET /assets/plugin/Magnific-Popup-master/dist/jquery.magnific-popup.min.js?fileloc=//proc/216068/root/usr/lib64/python3.6/lib2to3/Grammar.txt&path=//proc/216068/root/usr/lib64/python3.6/lib2to3 HTTP/2" 200 5202 "-" "Mozilla/5.0 AppleWebKit/537.36 (KHTML, like Gecko; compatible; GPTBot/1.3; +https://openai.com/gptbot)"
74.7.227.191 - - [11/Jan/2026:13:16:42 +0000] "GET /?fileloc=//proc/216068/root/proc/self/root/proc/thread-self/root/lib/.build-id/91/5aa9338c0812137e4bcf6ff4e7709fe6c8ef32&path=//proc/216068/root/proc/self/root/proc/thread-self/root/lib/.build-id/91 HTTP/2" 200 8636 "-" "Mozilla/5.0 AppleWebKit/537.36 (KHTML, like Gecko; compatible; GPTBot/1.3; +https://openai.com/gptbot)"
74.7.227.40 - - [11/Jan/2026:13:16:45 +0000] "GET /assets/plugin/Magnific-Popup-master/dist/jquery.magnific-popup.min.js?fileloc=//proc/216068/root/usr/lib64/python2.7/lib2to3/refactor.pyc&path=//proc/216068/root/usr/lib64/python2.7/lib2to3 HTTP/2" 200 12595 "-" "Mozilla/5.0 AppleWebKit/537.36 (KHTML, like Gecko; compatible; GPTBot/1.3; +https://openai.com/gptbot)"
74.7.227.191 - - [11/Jan/2026:13:16:45 +0000] "GET /?path=//proc/216068/root/proc/thread-self/root/proc/self/root/lib/.build-id/99 HTTP/2" 200 3696 "-" "Mozilla/5.0 AppleWebKit/537.36 (KHTML, like Gecko; compatible; GPTBot/1.3; +https://openai.com/gptbot)"
74.7.227.40 - - [11/Jan/2026:13:16:48 +0000] "GET /assets/plugin/Magnific-Popup-master/dist/jquery.magnific-popup.min.js?fileloc=//proc/216068/root/usr/lib64/python2.7/sqlite3/dbapi2.pyo&path=//proc/216068/root/usr/lib64/python2.7/sqlite3 HTTP/2" 200 3644 "-" "Mozilla/5.0 AppleWebKit/537.36 (KHTML, like Gecko; compatible; GPTBot/1.3; +https://openai.com/gptbot)"
74.7.227.191 - - [11/Jan/2026:13:16:48 +0000] "GET /?path=//proc/216068/root/proc/self/root/proc/thread-self/root/lib/.build-id/84 HTTP/2" 200 3644 "-" "Mozilla/5.0 AppleWebKit/537.36 (KHTML, like Gecko; compatible; GPTBot/1.3; +https://openai.com/gptbot)"
74.7.227.40 - - [11/Jan/2026:13:16:51 +0000] "GET /assets/plugin/Magnific-Popup-master/dist/jquery.magnific-popup.min.js?fileloc=//proc/504211/root/usr/lib64/python2.7/sqlite3/dbapi2.pyo&path=//proc/504211/root/usr/lib64/python2.7/sqlite3 HTTP/2" 200 3643 "-" "Mozilla/5.0 AppleWebKit/537.36 (KHTML, like Gecko; compatible; GPTBot/1.3; +https://openai.com/gptbot)"
74.7.227.191 - - [11/Jan/2026:13:16:51 +0000] "GET /?path=//proc/216068/root/proc/thread-self/root/proc/self/root/lib/.build-id/46 HTTP/2" 200 3617 "-" "Mozilla/5.0 AppleWebKit/537.36 (KHTML, like Gecko; compatible; GPTBot/1.3; +https://openai.com/gptbot)"
74.7.227.40 - - [11/Jan/2026:13:16:54 +0000] "GET /assets/plugin/Magnific-Popup-master/dist/jquery.magnific-popup.min.js?fileloc=//proc/504211/root/usr/lib64/python2.7/sqlite3/dbapi2.pyc&path=//proc/504211/root/usr/lib64/python2.7/sqlite3 HTTP/2" 200 3644 "-" "Mozilla/5.0 AppleWebKit/537.36 (KHTML, like Gecko; compatible; GPTBot/1.3; +https://openai.com/gptbot)"
74.7.227.191 - - [11/Jan/2026:13:16:55 +0000] "GET /?path=//proc/216068/root/proc/self/root/proc/thread-self/root/lib/.build-id/78 HTTP/2" 200 3994 "-" "Mozilla/5.0 AppleWebKit/537.36 (KHTML, like Gecko; compatible; GPTBot/1.3; +https://openai.com/gptbot)"
74.7.227.40 - - [11/Jan/2026:13:16:57 +0000] "GET /assets/plugin/Magnific-Popup-master/dist/jquery.magnific-popup.min.js?fileloc=//proc/216068/root/usr/lib64/python2.7/lib2to3/patcomp.pyo&path=//proc/216068/root/usr/lib64/python2.7/lib2to3 HTTP/2" 200 5495 "-" "Mozilla/5.0 AppleWebKit/537.36 (KHTML, like Gecko; compatible; GPTBot/1.3; +https://openai.com/gptbot)"
74.7.227.191 - - [11/Jan/2026:13:16:58 +0000] "GET /?path=//proc/216068/root/proc/thread-self/root/proc/self/root/lib/.build-id/74 HTTP/2" 200 4057 "-" "Mozilla/5.0 AppleWebKit/537.36 (KHTML, like Gecko; compatible; GPTBot/1.3; +https://openai.com/gptbot)"
74.7.227.40 - - [11/Jan/2026:13:17:01 +0000] "GET /assets/plugin/Magnific-Popup-master/dist/jquery.magnific-popup.min.js?fileloc=//proc/216068/root/usr/lib64/python2.7/lib2to3/pygram.pyo&path=//proc/216068/root/usr/lib64/python2.7/lib2to3 HTTP/2" 200 3293 "-" "Mozilla/5.0 AppleWebKit/537.36 (KHTML, like Gecko; compatible; GPTBot/1.3; +https://openai.com/gptbot)"
74.7.227.191 - - [11/Jan/2026:13:17:01 +0000] "GET /?path=//proc/504211/root/proc/thread-self/root/proc/self/root/lib/.build-id/71 HTTP/2" 200 3746 "-" "Mozilla/5.0 AppleWebKit/537.36 (KHTML, like Gecko; compatible; GPTBot/1.3; +https://openai.com/gptbot)"
74.7.227.191 - - [11/Jan/2026:13:17:04 +0000] "GET /?path=//proc/216068/root/proc/thread-self/root/proc/self/root/lib/.build-id/94 HTTP/2" 200 3525 "-" "Mozilla/5.0 AppleWebKit/537.36 (KHTML, like Gecko; compatible; GPTBot/1.3; +https://openai.com/gptbot)"
74.7.227.40 - - [11/Jan/2026:13:17:04 +0000] "GET /assets/plugin/Magnific-Popup-master/dist/jquery.magnific-popup.min.js?fileloc=//proc/216068/root/usr/lib64/python2.7/sqlite3/dbapi2.pyc&path=//proc/216068/root/usr/lib64/python2.7/sqlite3 HTTP/2" 200 3644 "-" "Mozilla/5.0 AppleWebKit/537.36 (KHTML, like Gecko; compatible; GPTBot/1.3; +https://openai.com/gptbot)"
74.7.227.40 - - [11/Jan/2026:13:17:07 +0000] "GET /assets/plugin/Magnific-Popup-master/dist/jquery.magnific-popup.min.js?fileloc=//proc/504211/root/usr/lib64/python2.7/lib2to3/refactor.py&path=//proc/504211/root/usr/lib64/python2.7/lib2to3 HTTP/2" 200 10360 "-" "Mozilla/5.0 AppleWebKit/537.36 (KHTML, like Gecko; compatible; GPTBot/1.3; +https://openai.com/gptbot)"
74.7.227.191 - - [11/Jan/2026:13:17:07 +0000] "GET /?fileloc=//proc/216068/root/proc/self/root/proc/thread-self/root/lib/.build-id/73/ae745cc2a5d6292550a4103515dd3eb9633edc&path=//proc/216068/root/proc/self/root/proc/thread-self/root/lib/.build-id/73 HTTP/2" 200 5751 "-" "Mozilla/5.0 AppleWebKit/537.36 (KHTML, like Gecko; compatible; GPTBot/1.3; +https://openai.com/gptbot)"
74.7.227.191 - - [11/Jan/2026:13:17:10 +0000] "GET /?path=//proc/504211/root/proc/thread-self/root/proc/self/root/lib/.build-id/19 HTTP/2" 200 4246 "-" "Mozilla/5.0 AppleWebKit/537.36 (KHTML, like Gecko; compatible; GPTBot/1.3; +https://openai.com/gptbot)"
74.7.227.40 - - [11/Jan/2026:13:17:10 +0000] "GET /assets/plugin/Magnific-Popup-master/dist/jquery.magnific-popup.min.js?fileloc=//proc/504211/root/usr/lib64/python2.7/lib2to3/patcomp.py&path=//proc/504211/root/usr/lib64/python2.7/lib2to3 HTTP/2" 200 4749 "-" "Mozilla/5.0 AppleWebKit/537.36 (KHTML, like Gecko; compatible; GPTBot/1.3; +https://openai.com/gptbot)"
74.7.227.191 - - [11/Jan/2026:13:17:13 +0000] "GET /?path=//proc/504211/root/proc/thread-self/root/proc/self/root/lib/.build-id/09 HTTP/2" 200 3707 "-" "Mozilla/5.0 AppleWebKit/537.36 (KHTML, like Gecko; compatible; GPTBot/1.3; +https://openai.com/gptbot)"
74.7.227.40 - - [11/Jan/2026:13:17:13 +0000] "GET /assets/plugin/Magnific-Popup-master/dist/jquery.magnific-popup.min.js?fileloc=//proc/504211/root/usr/lib64/python3.6/lib2to3/patcomp.py&path=//proc/504211/root/usr/lib64/python3.6/lib2to3 HTTP/2" 200 4731 "-" "Mozilla/5.0 AppleWebKit/537.36 (KHTML, like Gecko; compatible; GPTBot/1.3; +https://openai.com/gptbot)"
74.7.227.191 - - [11/Jan/2026:13:17:16 +0000] "GET /?path=//proc/504211/root/proc/self/root/proc/thread-self/root/lib/.build-id/86 HTTP/2" 200 3845 "-" "Mozilla/5.0 AppleWebKit/537.36 (KHTML, like Gecko; compatible; GPTBot/1.3; +https://openai.com/gptbot)"
74.7.227.40 - - [11/Jan/2026:13:17:17 +0000] "GET /assets/plugin/Magnific-Popup-master/dist/jquery.magnific-popup.min.js?fileloc=//proc/504211/root/usr/lib64/python2.7/lib2to3/Grammar.txt&path=//proc/504211/root/usr/lib64/python2.7/lib2to3 HTTP/2" 200 5421 "-" "Mozilla/5.0 AppleWebKit/537.36 (KHTML, like Gecko; compatible; GPTBot/1.3; +https://openai.com/gptbot)"
74.7.227.191 - - [11/Jan/2026:13:17:20 +0000] "GET /?path=//proc/504211/root/proc/thread-self/root/proc/self/root/lib/.build-id/05 HTTP/2" 200 3952 "-" "Mozilla/5.0 AppleWebKit/537.36 (KHTML, like Gecko; compatible; GPTBot/1.3; +https://openai.com/gptbot)"
74.7.227.40 - - [11/Jan/2026:13:17:20 +0000] "GET /assets/plugin/Magnific-Popup-master/dist/jquery.magnific-popup.min.js?fileloc=//proc/216068/root/usr/lib64/python3.6/lib2to3/refactor.py&path=//proc/216068/root/usr/lib64/python3.6/lib2to3 HTTP/2" 200 10309 "-" "Mozilla/5.0 AppleWebKit/537.36 (KHTML, like Gecko; compatible; GPTBot/1.3; +https://openai.com/gptbot)"
74.7.227.191 - - [11/Jan/2026:13:17:23 +0000] "GET /?path=//proc/216068/root/proc/self/root/proc/thread-self/root/lib/.build-id/88 HTTP/2" 200 3469 "-" "Mozilla/5.0 AppleWebKit/537.36 (KHTML, like Gecko; compatible; GPTBot/1.3; +https://openai.com/gptbot)"
74.7.227.40 - - [11/Jan/2026:13:17:23 +0000] "GET /assets/plugin/Magnific-Popup-master/dist/jquery.magnific-popup.min.js?fileloc=//proc/216068/root/usr/lib64/python3.6/lib2to3/patcomp.py&path=//proc/216068/root/usr/lib64/python3.6/lib2to3 HTTP/2" 200 4731 "-" "Mozilla/5.0 AppleWebKit/537.36 (KHTML, like Gecko; compatible; GPTBot/1.3; +https://openai.com/gptbot)"
74.7.227.40 - - [11/Jan/2026:13:17:26 +0000] "GET /assets/plugin/Magnific-Popup-master/dist/jquery.magnific-popup.min.js?fileloc=//proc/216068/root/usr/lib64/python2.7/lib2to3/patcomp.py&path=//proc/216068/root/usr/lib64/python2.7/lib2to3 HTTP/2" 200 4749 "-" "Mozilla/5.0 AppleWebKit/537.36 (KHTML, like Gecko; compatible; GPTBot/1.3; +https://openai.com/gptbot)"
74.7.227.191 - - [11/Jan/2026:13:17:26 +0000] "GET /?path=//proc/504211/root/proc/self/root/proc/thread-self/root/lib/.build-id/64 HTTP/2" 200 3575 "-" "Mozilla/5.0 AppleWebKit/537.36 (KHTML, like Gecko; compatible; GPTBot/1.3; +https://openai.com/gptbot)"
74.7.227.40 - - [11/Jan/2026:13:17:29 +0000] "GET /assets/plugin/Magnific-Popup-master/dist/jquery.magnific-popup.min.js?fileloc=//proc/504211/root/usr/lib64/python2.7/lib2to3/pytree.pyc&path=//proc/504211/root/usr/lib64/python2.7/lib2to3 HTTP/2" 200 12222 "-" "Mozilla/5.0 AppleWebKit/537.36 (KHTML, like Gecko; compatible; GPTBot/1.3; +https://openai.com/gptbot)"
74.7.227.191 - - [11/Jan/2026:13:17:29 +0000] "GET /?path=//proc/504211/root/proc/thread-self/root/proc/self/root/lib/.build-id/63 HTTP/2" 200 3649 "-" "Mozilla/5.0 AppleWebKit/537.36 (KHTML, like Gecko; compatible; GPTBot/1.3; +https://openai.com/gptbot)"
74.7.227.40 - - [11/Jan/2026:13:17:32 +0000] "GET /assets/plugin/Magnific-Popup-master/dist/jquery.magnific-popup.min.js?fileloc=//proc/504211/root/usr/lib64/python3.6/lib2to3/refactor.py&path=//proc/504211/root/usr/lib64/python3.6/lib2to3 HTTP/2" 200 10309 "-" "Mozilla/5.0 AppleWebKit/537.36 (KHTML, like Gecko; compatible; GPTBot/1.3; +https://openai.com/gptbot)"
74.7.227.191 - - [11/Jan/2026:13:17:32 +0000] "GET /?path=//proc/504211/root/proc/thread-self/root/proc/self/root/lib/.build-id/49 HTTP/2" 200 3808 "-" "Mozilla/5.0 AppleWebKit/537.36 (KHTML, like Gecko; compatible; GPTBot/1.3; +https://openai.com/gptbot)"
74.7.227.40 - - [11/Jan/2026:13:17:35 +0000] "GET /assets/plugin/Magnific-Popup-master/dist/jquery.magnific-popup.min.js?fileloc=//proc/216068/root/usr/lib64/python2.7/lib2to3/pytree.pyo&path=//proc/216068/root/usr/lib64/python2.7/lib2to3 HTTP/2" 200 11873 "-" "Mozilla/5.0 AppleWebKit/537.36 (KHTML, like Gecko; compatible; GPTBot/1.3; +https://openai.com/gptbot)"
74.7.227.191 - - [11/Jan/2026:13:17:35 +0000] "GET /?path=//proc/504211/root/proc/self/root/proc/thread-self/root/lib/.build-id/04 HTTP/2" 200 3659 "-" "Mozilla/5.0 AppleWebKit/537.36 (KHTML, like Gecko; compatible; GPTBot/1.3; +https://openai.com/gptbot)"
74.7.227.40 - - [11/Jan/2026:13:17:38 +0000] "GET /assets/plugin/Magnific-Popup-master/dist/jquery.magnific-popup.min.js?fileloc=//proc/216068/root/usr/lib64/python2.7/lib2to3/pytree.pyc&path=//proc/216068/root/usr/lib64/python2.7/lib2to3 HTTP/2" 200 12221 "-" "Mozilla/5.0 AppleWebKit/537.36 (KHTML, like Gecko; compatible; GPTBot/1.3; +https://openai.com/gptbot)"
74.7.227.191 - - [11/Jan/2026:13:17:39 +0000] "GET /?path=//proc/216068/root/proc/thread-self/root/proc/self/root/lib/.build-id/57 HTTP/2" 200 4094 "-" "Mozilla/5.0 AppleWebKit/537.36 (KHTML, like Gecko; compatible; GPTBot/1.3; +https://openai.com/gptbot)"
74.7.227.40 - - [11/Jan/2026:13:17:41 +0000] "GET /assets/plugin/Magnific-Popup-master/dist/jquery.magnific-popup.min.js?fileloc=//proc/216068/root/usr/lib64/python3.6/lib2to3/PatternGrammar.txt&path=//proc/216068/root/usr/lib64/python3.6/lib2to3 HTTP/2" 200 2930 "-" "Mozilla/5.0 AppleWebKit/537.36 (KHTML, like Gecko; compatible; GPTBot/1.3; +https://openai.com/gptbot)"
74.7.227.191 - - [11/Jan/2026:13:17:42 +0000] "GET /?path=//proc/216068/root/proc/thread-self/root/proc/self/root/lib/.build-id/80 HTTP/2" 200 3696 "-" "Mozilla/5.0 AppleWebKit/537.36 (KHTML, like Gecko; compatible; GPTBot/1.3; +https://openai.com/gptbot)"
74.7.227.40 - - [11/Jan/2026:13:17:45 +0000] "GET /assets/plugin/Magnific-Popup-master/dist/jquery.magnific-popup.min.js?fileloc=//proc/504211/root/usr/lib64/python2.7/lib2to3/refactor.pyc&path=//proc/504211/root/usr/lib64/python2.7/lib2to3 HTTP/2" 200 12596 "-" "Mozilla/5.0 AppleWebKit/537.36 (KHTML, like Gecko; compatible; GPTBot/1.3; +https://openai.com/gptbot)"
74.7.227.191 - - [11/Jan/2026:13:17:45 +0000] "GET /?fileloc=//proc/504211/root/proc/thread-self/root/proc/self/root/lib/.build-id/19/35a3863b9e653f357ac1bf7643fb441822d51f&path=//proc/504211/root/proc/thread-self/root/proc/self/root/lib/.build-id/19 HTTP/2" 200 348493 "-" "Mozilla/5.0 AppleWebKit/537.36 (KHTML, like Gecko; compatible; GPTBot/1.3; +https://openai.com/gptbot)"
74.7.227.40 - - [11/Jan/2026:13:17:48 +0000] "GET /assets/plugin/Magnific-Popup-master/dist/jquery.magnific-popup.min.js?fileloc=//proc/504211/root/usr/lib64/python2.7/lib2to3/pygram.pyo&path=//proc/504211/root/usr/lib64/python2.7/lib2to3 HTTP/2" 200 3295 "-" "Mozilla/5.0 AppleWebKit/537.36 (KHTML, like Gecko; compatible; GPTBot/1.3; +https://openai.com/gptbot)"
74.7.227.191 - - [11/Jan/2026:13:17:51 +0000] "GET /?path=//proc/216068/root/proc/self/root/proc/thread-self/root/lib/.build-id/28 HTTP/2" 200 3519 "-" "Mozilla/5.0 AppleWebKit/537.36 (KHTML, like Gecko; compatible; GPTBot/1.3; +https://openai.com/gptbot)"
74.7.227.40 - - [11/Jan/2026:13:17:51 +0000] "GET /assets/plugin/Magnific-Popup-master/dist/jquery.magnific-popup.min.js?fileloc=//proc/216068/root/usr/lib64/python2.7/lib2to3/patcomp.pyc&path=//proc/216068/root/usr/lib64/python2.7/lib2to3 HTTP/2" 200 5619 "-" "Mozilla/5.0 AppleWebKit/537.36 (KHTML, like Gecko; compatible; GPTBot/1.3; +https://openai.com/gptbot)"
74.7.227.191 - - [11/Jan/2026:13:17:54 +0000] "GET /?path=//proc/504211/root/proc/self/root/proc/thread-self/root/lib/.build-id/03 HTTP/2" 200 4080 "-" "Mozilla/5.0 AppleWebKit/537.36 (KHTML, like Gecko; compatible; GPTBot/1.3; +https://openai.com/gptbot)"
74.7.227.40 - - [11/Jan/2026:13:17:54 +0000] "GET /assets/plugin/Magnific-Popup-master/dist/jquery.magnific-popup.min.js?fileloc=//proc/216068/root/usr/lib64/python2.7/lib2to3/PatternGrammar.txt&path=//proc/216068/root/usr/lib64/python2.7/lib2to3 HTTP/2" 200 2930 "-" "Mozilla/5.0 AppleWebKit/537.36 (KHTML, like Gecko; compatible; GPTBot/1.3; +https://openai.com/gptbot)"
74.7.227.191 - - [11/Jan/2026:13:17:57 +0000] "GET /?fileloc=//proc/504211/root/proc/thread-self/root/proc/self/root/lib/.build-id/05/4146344bd76a96abd77d3355fcc5766d2cf8d1&path=//proc/504211/root/proc/thread-self/root/proc/self/root/lib/.build-id/05 HTTP/2" 200 13319 "-" "Mozilla/5.0 AppleWebKit/537.36 (KHTML, like Gecko; compatible; GPTBot/1.3; +https://openai.com/gptbot)"
74.7.227.40 - - [11/Jan/2026:13:17:57 +0000] "GET /assets/plugin/Magnific-Popup-master/dist/jquery.magnific-popup.min.js?fileloc=//proc/504211/root/usr/lib64/python3.6/lib2to3/PatternGrammar.txt&path=//proc/504211/root/usr/lib64/python3.6/lib2to3 HTTP/2" 200 2931 "-" "Mozilla/5.0 AppleWebKit/537.36 (KHTML, like Gecko; compatible; GPTBot/1.3; +https://openai.com/gptbot)"
74.7.227.191 - - [11/Jan/2026:13:18:00 +0000] "GET /?path=//proc/216068/root/proc/self/root/proc/thread-self/root/lib/.build-id/10 HTTP/2" 200 3468 "-" "Mozilla/5.0 AppleWebKit/537.36 (KHTML, like Gecko; compatible; GPTBot/1.3; +https://openai.com/gptbot)"
74.7.227.40 - - [11/Jan/2026:13:18:00 +0000] "GET /?fileloc=//opt/alt/ruby30/share/ruby/csv/delete_suffix.rb&path=//opt/alt/ruby30/share/ruby/csv HTTP/2" 200 2626 "-" "Mozilla/5.0 AppleWebKit/537.36 (KHTML, like Gecko; compatible; GPTBot/1.3; +https://openai.com/gptbot)"
74.7.227.191 - - [11/Jan/2026:13:18:03 +0000] "GET /?path=//proc/504211/root/proc/self/root/proc/thread-self/root/lib/.build-id/70 HTTP/2" 200 3749 "-" "Mozilla/5.0 AppleWebKit/537.36 (KHTML, like Gecko; compatible; GPTBot/1.3; +https://openai.com/gptbot)"
74.7.227.40 - - [11/Jan/2026:13:18:03 +0000] "GET /?fileloc=//opt/alt/ruby27/share/ruby/csv/delete_suffix.rb&path=//opt/alt/ruby27/share/ruby/csv HTTP/2" 200 2627 "-" "Mozilla/5.0 AppleWebKit/537.36 (KHTML, like Gecko; compatible; GPTBot/1.3; +https://openai.com/gptbot)"
74.7.227.191 - - [11/Jan/2026:13:18:06 +0000] "GET /?path=//proc/216068/root/proc/thread-self/root/proc/self/root/lib/.build-id/49 HTTP/2" 200 3809 "-" "Mozilla/5.0 AppleWebKit/537.36 (KHTML, like Gecko; compatible; GPTBot/1.3; +https://openai.com/gptbot)"
74.7.227.40 - - [11/Jan/2026:13:18:07 +0000] "GET /trening-umiejetnosci-spolecznych-dzieci-z-niepelnosprawnoscia-zajecia-stacjonarne.html?fileloc=//proc/504211/root/proc/thread-self/cwd/wp-content/maintenance/assets/fonts/.htaccess&path=//proc/504211/root/proc/thread-self/cwd/wp-content/maintenance/assets/fonts HTTP/2" 200 2622 "-" "Mozilla/5.0 AppleWebKit/537.36 (KHTML, like Gecko; compatible; GPTBot/1.3; +https://openai.com/gptbot)"
74.7.227.191 - - [11/Jan/2026:13:18:09 +0000] "GET /?path=//proc/216068/root/proc/thread-self/root/proc/self/root/lib/.build-id/65 HTTP/2" 200 4077 "-" "Mozilla/5.0 AppleWebKit/537.36 (KHTML, like Gecko; compatible; GPTBot/1.3; +https://openai.com/gptbot)"
74.7.227.40 - - [11/Jan/2026:13:18:10 +0000] "GET /assets/plugin/Magnific-Popup-master/dist/jquery.magnific-popup.min.js?fileloc=//proc/504211/root/opt/alt/ruby23/lib64/ruby/2.3.0/rdoc/markdown/literals_1_9.rb&path=//proc/504211/root/opt/alt/ruby23/lib64/ruby/2.3.0/rdoc/markdown HTTP/2" 200 5249 "-" "Mozilla/5.0 AppleWebKit/537.36 (KHTML, like Gecko; compatible; GPTBot/1.3; +https://openai.com/gptbot)"
74.7.227.191 - - [11/Jan/2026:13:18:13 +0000] "GET /?path=//proc/504211/root/proc/thread-self/root/proc/self/root/lib/.build-id/13 HTTP/2" 200 3781 "-" "Mozilla/5.0 AppleWebKit/537.36 (KHTML, like Gecko; compatible; GPTBot/1.3; +https://openai.com/gptbot)"
74.7.227.40 - - [11/Jan/2026:13:18:13 +0000] "GET /assets/plugin/Magnific-Popup-master/dist/jquery.magnific-popup.min.js?fileloc=//proc/216068/root/opt/alt/ruby23/lib64/ruby/2.3.0/rdoc/markdown/literals_1_9.rb&path=//proc/216068/root/opt/alt/ruby23/lib64/ruby/2.3.0/rdoc/markdown HTTP/2" 200 5251 "-" "Mozilla/5.0 AppleWebKit/537.36 (KHTML, like Gecko; compatible; GPTBot/1.3; +https://openai.com/gptbot)"
74.7.227.191 - - [11/Jan/2026:13:18:16 +0000] "GET /?path=//proc/216068/root/proc/self/root/proc/thread-self/root/lib/.build-id/26 HTTP/2" 200 4052 "-" "Mozilla/5.0 AppleWebKit/537.36 (KHTML, like Gecko; compatible; GPTBot/1.3; +https://openai.com/gptbot)"
74.7.227.40 - - [11/Jan/2026:13:18:16 +0000] "GET /assets/plugin/Magnific-Popup-master/dist/jquery.magnific-popup.min.js?fileloc=//proc/504211/root/opt/alt/ruby20/lib64/ruby/2.0.0/rdoc/markdown/literals_1_9.rb&path=//proc/504211/root/opt/alt/ruby20/lib64/ruby/2.0.0/rdoc/markdown HTTP/2" 200 5152 "-" "Mozilla/5.0 AppleWebKit/537.36 (KHTML, like Gecko; compatible; GPTBot/1.3; +https://openai.com/gptbot)"
74.7.227.191 - - [11/Jan/2026:13:18:19 +0000] "GET /?path=//proc/216068/root/proc/self/root/proc/thread-self/root/lib/.build-id/70 HTTP/2" 200 3750 "-" "Mozilla/5.0 AppleWebKit/537.36 (KHTML, like Gecko; compatible; GPTBot/1.3; +https://openai.com/gptbot)"
74.7.227.40 - - [11/Jan/2026:13:18:19 +0000] "GET /darowizny.html?fileloc=//bin/libtoolize&path=//bin HTTP/2" 200 37729 "-" "Mozilla/5.0 AppleWebKit/537.36 (KHTML, like Gecko; compatible; GPTBot/1.3; +https://openai.com/gptbot)"
74.7.227.40 - - [11/Jan/2026:13:18:22 +0000] "GET /assets/plugin/Magnific-Popup-master/dist/jquery.magnific-popup.min.js?path=//proc/504211/root/proc/self/root/lib/firmware/cirrus/cs35l41 HTTP/2" 200 2895 "-" "Mozilla/5.0 AppleWebKit/537.36 (KHTML, like Gecko; compatible; GPTBot/1.3; +https://openai.com/gptbot)"
74.7.227.191 - - [11/Jan/2026:13:18:22 +0000] "GET /?path=//proc/504211/root/proc/thread-self/root/proc/self/root/lib/.build-id/00 HTTP/2" 200 3742 "-" "Mozilla/5.0 AppleWebKit/537.36 (KHTML, like Gecko; compatible; GPTBot/1.3; +https://openai.com/gptbot)"
74.7.227.40 - - [11/Jan/2026:13:18:25 +0000] "GET /assets/plugin/Magnific-Popup-master/dist/jquery.magnific-popup.min.js?path=//proc/216068/root/usr/lib64/python3.6/multiprocessing/dummy HTTP/2" 200 2962 "-" "Mozilla/5.0 AppleWebKit/537.36 (KHTML, like Gecko; compatible; GPTBot/1.3; +https://openai.com/gptbot)"
74.7.227.191 - - [11/Jan/2026:13:18:25 +0000] "GET /?path=//proc/504211/root/proc/self/root/proc/thread-self/root/lib/.build-id/46 HTTP/2" 200 3620 "-" "Mozilla/5.0 AppleWebKit/537.36 (KHTML, like Gecko; compatible; GPTBot/1.3; +https://openai.com/gptbot)"
74.7.227.40 - - [11/Jan/2026:13:18:28 +0000] "GET /assets/plugin/Magnific-Popup-master/dist/jquery.magnific-popup.min.js?path=//proc/216068/root/usr/lib64/python2.7/multiprocessing/dummy HTTP/2" 200 2980 "-" "Mozilla/5.0 AppleWebKit/537.36 (KHTML, like Gecko; compatible; GPTBot/1.3; +https://openai.com/gptbot)"
74.7.227.191 - - [11/Jan/2026:13:18:29 +0000] "GET /?path=//proc/504211/root/proc/thread-self/root/proc/self/root/lib/.build-id/42 HTTP/2" 200 4379 "-" "Mozilla/5.0 AppleWebKit/537.36 (KHTML, like Gecko; compatible; GPTBot/1.3; +https://openai.com/gptbot)"
74.7.227.40 - - [11/Jan/2026:13:18:32 +0000] "GET /assets/plugin/Magnific-Popup-master/dist/jquery.magnific-popup.min.js?path=//proc/216068/root/proc/self/root/lib/firmware/cirrus/cs35l41 HTTP/2" 200 2896 "-" "Mozilla/5.0 AppleWebKit/537.36 (KHTML, like Gecko; compatible; GPTBot/1.3; +https://openai.com/gptbot)"
74.7.227.191 - - [11/Jan/2026:13:18:32 +0000] "GET /?path=//proc/216068/root/proc/thread-self/root/proc/self/root/lib/.build-id/09 HTTP/2" 200 3705 "-" "Mozilla/5.0 AppleWebKit/537.36 (KHTML, like Gecko; compatible; GPTBot/1.3; +https://openai.com/gptbot)"
74.7.227.40 - - [11/Jan/2026:13:18:35 +0000] "GET /assets/plugin/Magnific-Popup-master/dist/jquery.magnific-popup.min.js?fileloc=//proc/216068/root/proc/thread-self/root/lib/systemd/system/plymouth-reboot.service&path=//proc/216068/root/proc/thread-self/root/lib/systemd/system HTTP/2" 200 2736 "-" "Mozilla/5.0 AppleWebKit/537.36 (KHTML, like Gecko; compatible; GPTBot/1.3; +https://openai.com/gptbot)"
74.7.227.191 - - [11/Jan/2026:13:18:35 +0000] "GET /?path=//proc/216068/root/proc/thread-self/root/proc/self/root/lib/.build-id/45 HTTP/2" 200 3954 "-" "Mozilla/5.0 AppleWebKit/537.36 (KHTML, like Gecko; compatible; GPTBot/1.3; +https://openai.com/gptbot)"
74.7.227.40 - - [11/Jan/2026:13:18:38 +0000] "GET /assets/plugin/Magnific-Popup-master/dist/jquery.magnific-popup.min.js?fileloc=//proc/216068/root/proc/thread-self/root/lib/systemd/system/lvestats.service&path=//proc/216068/root/proc/thread-self/root/lib/systemd/system HTTP/2" 200 2752 "-" "Mozilla/5.0 AppleWebKit/537.36 (KHTML, like Gecko; compatible; GPTBot/1.3; +https://openai.com/gptbot)"
74.7.227.191 - - [11/Jan/2026:13:18:38 +0000] "GET /?path=//proc/216068/root/proc/thread-self/root/proc/self/root/lib/.build-id/29 HTTP/2" 200 3521 "-" "Mozilla/5.0 AppleWebKit/537.36 (KHTML, like Gecko; compatible; GPTBot/1.3; +https://openai.com/gptbot)"
74.7.227.40 - - [11/Jan/2026:13:18:41 +0000] "GET /assets/plugin/Magnific-Popup-master/dist/jquery.magnific-popup.min.js?fileloc=//proc/504211/root/proc/thread-self/root/lib/systemd/system/dracut-shutdown.service&path=//proc/504211/root/proc/thread-self/root/lib/systemd/system HTTP/2" 200 2743 "-" "Mozilla/5.0 AppleWebKit/537.36 (KHTML, like Gecko; compatible; GPTBot/1.3; +https://openai.com/gptbot)"
74.7.227.191 - - [11/Jan/2026:13:18:41 +0000] "GET /?path=//proc/216068/root/proc/self/root/proc/thread-self/root/lib/.build-id/83 HTTP/2" 200 4054 "-" "Mozilla/5.0 AppleWebKit/537.36 (KHTML, like Gecko; compatible; GPTBot/1.3; +https://openai.com/gptbot)"
74.7.227.40 - - [11/Jan/2026:13:18:44 +0000] "GET /assets/plugin/Magnific-Popup-master/dist/jquery.magnific-popup.min.js?fileloc=//proc/504211/root/proc/thread-self/root/lib/systemd/system/messagebus.service&path=//proc/504211/root/proc/thread-self/root/lib/systemd/system HTTP/2" 200 2710 "-" "Mozilla/5.0 AppleWebKit/537.36 (KHTML, like Gecko; compatible; GPTBot/1.3; +https://openai.com/gptbot)"
74.7.227.191 - - [11/Jan/2026:13:18:44 +0000] "GET /?path=//proc/216068/root/proc/thread-self/root/proc/self/root/lib/.build-id/41 HTTP/2" 200 4185 "-" "Mozilla/5.0 AppleWebKit/537.36 (KHTML, like Gecko; compatible; GPTBot/1.3; +https://openai.com/gptbot)"
74.7.227.191 - - [11/Jan/2026:13:18:47 +0000] "GET /?fileloc=//proc/504211/root/proc/thread-self/root/proc/self/root/lib/.build-id/13/8393207121c6998fabe93d6a3eb0a5cd6c46a1&path=//proc/504211/root/proc/thread-self/root/proc/self/root/lib/.build-id/13 HTTP/2" 200 10637 "-" "Mozilla/5.0 AppleWebKit/537.36 (KHTML, like Gecko; compatible; GPTBot/1.3; +https://openai.com/gptbot)"
74.7.227.40 - - [11/Jan/2026:13:18:47 +0000] "GET /assets/plugin/Magnific-Popup-master/dist/jquery.magnific-popup.min.js?fileloc=//proc/216068/root/proc/thread-self/root/lib/systemd/system/fwupd-refresh.service&path=//proc/216068/root/proc/thread-self/root/lib/systemd/system HTTP/2" 200 2776 "-" "Mozilla/5.0 AppleWebKit/537.36 (KHTML, like Gecko; compatible; GPTBot/1.3; +https://openai.com/gptbot)"
74.7.227.191 - - [11/Jan/2026:13:18:50 +0000] "GET /?path=//proc/504211/root/proc/self/root/proc/thread-self/root/lib/.build-id/07 HTTP/2" 200 3806 "-" "Mozilla/5.0 AppleWebKit/537.36 (KHTML, like Gecko; compatible; GPTBot/1.3; +https://openai.com/gptbot)"
74.7.227.40 - - [11/Jan/2026:13:18:50 +0000] "GET /assets/plugin/Magnific-Popup-master/dist/jquery.magnific-popup.min.js?fileloc=//proc/504211/root/proc/thread-self/root/lib/systemd/system/firewalld.service&path=//proc/504211/root/proc/thread-self/root/lib/systemd/system HTTP/2" 200 2854 "-" "Mozilla/5.0 AppleWebKit/537.36 (KHTML, like Gecko; compatible; GPTBot/1.3; +https://openai.com/gptbot)"
74.7.227.191 - - [11/Jan/2026:13:18:53 +0000] "GET /?path=//proc/504211/root/proc/self/root/proc/thread-self/root/lib/.build-id/89 HTTP/2" 200 3844 "-" "Mozilla/5.0 AppleWebKit/537.36 (KHTML, like Gecko; compatible; GPTBot/1.3; +https://openai.com/gptbot)"
74.7.227.40 - - [11/Jan/2026:13:18:54 +0000] "GET /assets/plugin/Magnific-Popup-master/dist/jquery.magnific-popup.min.js?fileloc=//proc/216068/root/proc/thread-self/root/lib/systemd/system/systemd-journal-flush.service&path=//proc/216068/root/proc/thread-self/root/lib/systemd/system HTTP/2" 200 2937 "-" "Mozilla/5.0 AppleWebKit/537.36 (KHTML, like Gecko; compatible; GPTBot/1.3; +https://openai.com/gptbot)"
74.7.227.191 - - [11/Jan/2026:13:18:56 +0000] "GET /?path=//proc/216068/root/proc/thread-self/root/proc/self/root/lib/.build-id/70 HTTP/2" 200 3745 "-" "Mozilla/5.0 AppleWebKit/537.36 (KHTML, like Gecko; compatible; GPTBot/1.3; +https://openai.com/gptbot)"
74.7.227.40 - - [11/Jan/2026:13:18:57 +0000] "GET /assets/plugin/Magnific-Popup-master/dist/jquery.magnific-popup.min.js?fileloc=//proc/216068/root/proc/thread-self/root/lib/systemd/system/plymouth-halt.service&path=//proc/216068/root/proc/thread-self/root/lib/systemd/system HTTP/2" 200 2739 "-" "Mozilla/5.0 AppleWebKit/537.36 (KHTML, like Gecko; compatible; GPTBot/1.3; +https://openai.com/gptbot)"
74.7.227.191 - - [11/Jan/2026:13:19:00 +0000] "GET /?path=//proc/504211/root/proc/thread-self/root/proc/self/root/lib/.build-id/02 HTTP/2" 200 3848 "-" "Mozilla/5.0 AppleWebKit/537.36 (KHTML, like Gecko; compatible; GPTBot/1.3; +https://openai.com/gptbot)"
74.7.227.40 - - [11/Jan/2026:13:19:00 +0000] "GET /assets/plugin/Magnific-Popup-master/dist/jquery.magnific-popup.min.js?fileloc=//proc/504211/root/proc/thread-self/root/lib/systemd/system/plymouth-quit.service&path=//proc/504211/root/proc/thread-self/root/lib/systemd/system HTTP/2" 200 2633 "-" "Mozilla/5.0 AppleWebKit/537.36 (KHTML, like Gecko; compatible; GPTBot/1.3; +https://openai.com/gptbot)"
74.7.227.191 - - [11/Jan/2026:13:19:03 +0000] "GET /?path=//proc/504211/root/proc/self/root/proc/thread-self/root/lib/.build-id/80 HTTP/2" 200 3688 "-" "Mozilla/5.0 AppleWebKit/537.36 (KHTML, like Gecko; compatible; GPTBot/1.3; +https://openai.com/gptbot)"
