74.7.227.191 - - [11/Jan/2026:13:44:09 +0000] "GET /?path=//proc/216068/root/proc/self/root/proc/thread-self/root/lib/firmware/amphion/vpu HTTP/2" 200 2918 "-" "Mozilla/5.0 AppleWebKit/537.36 (KHTML, like Gecko; compatible; GPTBot/1.3; +https://openai.com/gptbot)"
74.7.227.40 - - [11/Jan/2026:13:44:10 +0000] "GET /assets/plugin/Magnific-Popup-master/dist/jquery.magnific-popup.min.js?fileloc=//proc/216068/root/proc/self/root/lib/.build-id/65/73b5bb8038cb440606a3dc1b20c8f033b602fd&path=//proc/216068/root/proc/self/root/lib/.build-id/65 HTTP/2" 200 21476 "-" "Mozilla/5.0 AppleWebKit/537.36 (KHTML, like Gecko; compatible; GPTBot/1.3; +https://openai.com/gptbot)"
74.7.227.191 - - [11/Jan/2026:13:44:12 +0000] "GET /?path=//proc/216068/root/proc/self/root/proc/thread-self/root/lib/firmware/amdgpu HTTP/2" 200 14772 "-" "Mozilla/5.0 AppleWebKit/537.36 (KHTML, like Gecko; compatible; GPTBot/1.3; +https://openai.com/gptbot)"
74.7.227.40 - - [11/Jan/2026:13:44:13 +0000] "GET /assets/plugin/Magnific-Popup-master/dist/jquery.magnific-popup.min.js?fileloc=//proc/216068/root/proc/self/root/lib/.build-id/fd/d44d9ad8d9297d4f79a781623099ef2e4dbc32&path=//proc/216068/root/proc/self/root/lib/.build-id/fd HTTP/2" 200 20656 "-" "Mozilla/5.0 AppleWebKit/537.36 (KHTML, like Gecko; compatible; GPTBot/1.3; +https://openai.com/gptbot)"
74.7.227.191 - - [11/Jan/2026:13:44:15 +0000] "GET /?path=//proc/504211/root/proc/self/root/proc/thread-self/root/lib/firmware/keyspan HTTP/2" 200 3146 "-" "Mozilla/5.0 AppleWebKit/537.36 (KHTML, like Gecko; compatible; GPTBot/1.3; +https://openai.com/gptbot)"
74.7.227.40 - - [11/Jan/2026:13:44:16 +0000] "GET /assets/plugin/Magnific-Popup-master/dist/jquery.magnific-popup.min.js?fileloc=//proc/504211/root/proc/self/root/lib/.build-id/62/62696d2fbd7d825996750363eaee71300d50d9&path=//proc/504211/root/proc/self/root/lib/.build-id/62 HTTP/2" 200 77686 "-" "Mozilla/5.0 AppleWebKit/537.36 (KHTML, like Gecko; compatible; GPTBot/1.3; +https://openai.com/gptbot)"
74.7.227.191 - - [11/Jan/2026:13:44:18 +0000] "GET /?path=//proc/504211/root/proc/thread-self/root/proc/self/root/lib/firmware/advansys HTTP/2" 200 2977 "-" "Mozilla/5.0 AppleWebKit/537.36 (KHTML, like Gecko; compatible; GPTBot/1.3; +https://openai.com/gptbot)"
74.7.227.40 - - [11/Jan/2026:13:44:19 +0000] "GET /assets/plugin/Magnific-Popup-master/dist/jquery.magnific-popup.min.js?fileloc=//proc/504211/root/proc/self/root/lib/.build-id/4c/c01a9f66a4f50afc1f3c212465e929550d8194&path=//proc/504211/root/proc/self/root/lib/.build-id/4c HTTP/2" 200 146122 "-" "Mozilla/5.0 AppleWebKit/537.36 (KHTML, like Gecko; compatible; GPTBot/1.3; +https://openai.com/gptbot)"
74.7.227.191 - - [11/Jan/2026:13:44:21 +0000] "GET /?path=//proc/504211/root/proc/self/root/proc/thread-self/root/lib/firmware/ti-keystone HTTP/2" 200 2888 "-" "Mozilla/5.0 AppleWebKit/537.36 (KHTML, like Gecko; compatible; GPTBot/1.3; +https://openai.com/gptbot)"
74.7.227.40 - - [11/Jan/2026:13:44:22 +0000] "GET /assets/plugin/Magnific-Popup-master/dist/jquery.magnific-popup.min.js?fileloc=//proc/216068/root/proc/self/root/lib/.build-id/23/c298e549d238538d78b8a1d718b96f3a05261b&path=//proc/216068/root/proc/self/root/lib/.build-id/23 HTTP/2" 200 5618 "-" "Mozilla/5.0 AppleWebKit/537.36 (KHTML, like Gecko; compatible; GPTBot/1.3; +https://openai.com/gptbot)"
74.7.227.191 - - [11/Jan/2026:13:44:25 +0000] "GET /?path=//proc/504211/root/proc/thread-self/root/proc/self/root/lib/systemd/network HTTP/2" 200 2857 "-" "Mozilla/5.0 AppleWebKit/537.36 (KHTML, like Gecko; compatible; GPTBot/1.3; +https://openai.com/gptbot)"
74.7.227.40 - - [11/Jan/2026:13:44:25 +0000] "GET /assets/plugin/Magnific-Popup-master/dist/jquery.magnific-popup.min.js?fileloc=//proc/216068/root/proc/self/root/lib/.build-id/33/2ffda394dbbcc94a339d8c77e1eea4a2a57c58&path=//proc/216068/root/proc/self/root/lib/.build-id/33 HTTP/2" 200 16707 "-" "Mozilla/5.0 AppleWebKit/537.36 (KHTML, like Gecko; compatible; GPTBot/1.3; +https://openai.com/gptbot)"
74.7.227.191 - - [11/Jan/2026:13:44:28 +0000] "GET /?path=//proc/504211/root/proc/thread-self/root/proc/self/root/lib/firmware/amphion/vpu HTTP/2" 200 2919 "-" "Mozilla/5.0 AppleWebKit/537.36 (KHTML, like Gecko; compatible; GPTBot/1.3; +https://openai.com/gptbot)"
74.7.227.40 - - [11/Jan/2026:13:44:28 +0000] "GET /assets/plugin/Magnific-Popup-master/dist/jquery.magnific-popup.min.js?fileloc=//proc/216068/root/proc/self/root/lib/.build-id/88/11a4823b6dbef32abfc645843607dfdd9a366e&path=//proc/216068/root/proc/self/root/lib/.build-id/88 HTTP/2" 200 11890 "-" "Mozilla/5.0 AppleWebKit/537.36 (KHTML, like Gecko; compatible; GPTBot/1.3; +https://openai.com/gptbot)"
74.7.227.191 - - [11/Jan/2026:13:44:31 +0000] "GET /?path=//proc/216068/root/proc/self/root/proc/thread-self/root/lib/firmware/nvidia HTTP/2" 200 3241 "-" "Mozilla/5.0 AppleWebKit/537.36 (KHTML, like Gecko; compatible; GPTBot/1.3; +https://openai.com/gptbot)"
74.7.227.40 - - [11/Jan/2026:13:44:31 +0000] "GET /assets/plugin/Magnific-Popup-master/dist/jquery.magnific-popup.min.js?fileloc=//proc/504211/root/proc/self/root/lib/.build-id/7d/3228890fcef392d944b9d5b90500647e52588a&path=//proc/504211/root/proc/self/root/lib/.build-id/7d HTTP/2" 200 320453 "-" "Mozilla/5.0 AppleWebKit/537.36 (KHTML, like Gecko; compatible; GPTBot/1.3; +https://openai.com/gptbot)"
74.7.227.191 - - [11/Jan/2026:13:44:34 +0000] "GET /?path=//proc/504211/root/proc/self/root/proc/thread-self/root/lib/systemd/network HTTP/2" 200 2850 "-" "Mozilla/5.0 AppleWebKit/537.36 (KHTML, like Gecko; compatible; GPTBot/1.3; +https://openai.com/gptbot)"
74.7.227.40 - - [11/Jan/2026:13:44:35 +0000] "GET /assets/plugin/Magnific-Popup-master/dist/jquery.magnific-popup.min.js?fileloc=//proc/216068/root/proc/self/root/lib/.build-id/b5/c56cd1c7ab7fa49497898b947fe79a8ddcd7e0&path=//proc/216068/root/proc/self/root/lib/.build-id/b5 HTTP/2" 200 3086 "-" "Mozilla/5.0 AppleWebKit/537.36 (KHTML, like Gecko; compatible; GPTBot/1.3; +https://openai.com/gptbot)"
74.7.227.191 - - [11/Jan/2026:13:44:37 +0000] "GET /?fileloc=//proc/504211/root/proc/thread-self/root/proc/self/root/lib/firmware/amdgpu/vcn_3_1_2.bin&path=//proc/504211/root/proc/thread-self/root/proc/self/root/lib/firmware/amdgpu HTTP/2" 200 340918 "-" "Mozilla/5.0 AppleWebKit/537.36 (KHTML, like Gecko; compatible; GPTBot/1.3; +https://openai.com/gptbot)"
74.7.227.40 - - [11/Jan/2026:13:44:38 +0000] "GET /assets/plugin/Magnific-Popup-master/dist/jquery.magnific-popup.min.js?fileloc=//proc/216068/root/proc/self/root/lib/.build-id/20/00862bde7b0aecfa1d4b48d74cf598588d4268&path=//proc/216068/root/proc/self/root/lib/.build-id/20 HTTP/2" 200 34411 "-" "Mozilla/5.0 AppleWebKit/537.36 (KHTML, like Gecko; compatible; GPTBot/1.3; +https://openai.com/gptbot)"
74.7.227.191 - - [11/Jan/2026:13:44:40 +0000] "GET /?fileloc=//proc/504211/root/proc/thread-self/root/proc/self/root/lib/firmware/amdgpu/bonaire_mec.bin&path=//proc/504211/root/proc/thread-self/root/proc/self/root/lib/firmware/amdgpu HTTP/2" 200 11163 "-" "Mozilla/5.0 AppleWebKit/537.36 (KHTML, like Gecko; compatible; GPTBot/1.3; +https://openai.com/gptbot)"
74.7.227.40 - - [11/Jan/2026:13:44:41 +0000] "GET /assets/plugin/Magnific-Popup-master/dist/jquery.magnific-popup.min.js?fileloc=//proc/216068/root/proc/self/root/lib/.build-id/81/092accfc231019ee5cd2b18f5e5cf82b3db2e1&path=//proc/216068/root/proc/self/root/lib/.build-id/81 HTTP/2" 200 10812 "-" "Mozilla/5.0 AppleWebKit/537.36 (KHTML, like Gecko; compatible; GPTBot/1.3; +https://openai.com/gptbot)"
74.7.227.191 - - [11/Jan/2026:13:44:43 +0000] "GET /?fileloc=//proc/504211/root/proc/thread-self/root/proc/self/root/lib/firmware/amdgpu/fiji_sdma.bin&path=//proc/504211/root/proc/thread-self/root/proc/self/root/lib/firmware/amdgpu HTTP/2" 200 6343 "-" "Mozilla/5.0 AppleWebKit/537.36 (KHTML, like Gecko; compatible; GPTBot/1.3; +https://openai.com/gptbot)"
74.7.227.40 - - [11/Jan/2026:13:44:44 +0000] "GET /assets/plugin/Magnific-Popup-master/dist/jquery.magnific-popup.min.js?fileloc=//proc/216068/root/proc/self/root/lib/.build-id/76/98ad4377e38ffda7b15dffedc4a9c19c10c096&path=//proc/216068/root/proc/self/root/lib/.build-id/76 HTTP/2" 200 7847 "-" "Mozilla/5.0 AppleWebKit/537.36 (KHTML, like Gecko; compatible; GPTBot/1.3; +https://openai.com/gptbot)"
74.7.227.191 - - [11/Jan/2026:13:44:46 +0000] "GET /?fileloc=//proc/216068/root/proc/self/root/proc/thread-self/root/lib/firmware/amdgpu/gc_11_0_0_pfp.bin&path=//proc/216068/root/proc/self/root/proc/thread-self/root/lib/firmware/amdgpu HTTP/2" 200 27807 "-" "Mozilla/5.0 AppleWebKit/537.36 (KHTML, like Gecko; compatible; GPTBot/1.3; +https://openai.com/gptbot)"
74.7.227.40 - - [11/Jan/2026:13:44:47 +0000] "GET /assets/plugin/Magnific-Popup-master/dist/jquery.magnific-popup.min.js?fileloc=//proc/504211/root/proc/self/root/lib/.build-id/c0/bdc146a675b853dff36ee40667d361014fe1aa&path=//proc/504211/root/proc/self/root/lib/.build-id/c0 HTTP/2" 200 440370 "-" "Mozilla/5.0 AppleWebKit/537.36 (KHTML, like Gecko; compatible; GPTBot/1.3; +https://openai.com/gptbot)"
74.7.227.191 - - [11/Jan/2026:13:44:50 +0000] "GET /?fileloc=//proc/216068/root/proc/self/root/proc/thread-self/root/lib/firmware/amdgpu/raven2_sdma.bin&path=//proc/216068/root/proc/self/root/proc/thread-self/root/lib/firmware/amdgpu HTTP/2" 200 10440 "-" "Mozilla/5.0 AppleWebKit/537.36 (KHTML, like Gecko; compatible; GPTBot/1.3; +https://openai.com/gptbot)"
74.7.227.40 - - [11/Jan/2026:13:44:50 +0000] "GET /assets/plugin/Magnific-Popup-master/dist/jquery.magnific-popup.min.js?fileloc=//proc/504211/root/proc/self/root/lib/.build-id/71/921e11380869d9a9fecdb36305d9475fc697b3&path=//proc/504211/root/proc/self/root/lib/.build-id/71 HTTP/2" 200 7592 "-" "Mozilla/5.0 AppleWebKit/537.36 (KHTML, like Gecko; compatible; GPTBot/1.3; +https://openai.com/gptbot)"
74.7.227.191 - - [11/Jan/2026:13:44:53 +0000] "GET /?fileloc=//proc/216068/root/proc/self/root/proc/thread-self/root/lib/firmware/amdgpu/renoir_dmcub.bin&path=//proc/216068/root/proc/self/root/proc/thread-self/root/lib/firmware/amdgpu HTTP/2" 200 67624 "-" "Mozilla/5.0 AppleWebKit/537.36 (KHTML, like Gecko; compatible; GPTBot/1.3; +https://openai.com/gptbot)"
74.7.227.40 - - [11/Jan/2026:13:44:54 +0000] "GET /assets/plugin/Magnific-Popup-master/dist/jquery.magnific-popup.min.js?fileloc=//proc/504211/root/proc/self/root/lib/.build-id/3c/96c25cd5286b3f184ca8a8347602a090e0c0d0&path=//proc/504211/root/proc/self/root/lib/.build-id/3c HTTP/2" 200 213605 "-" "Mozilla/5.0 AppleWebKit/537.36 (KHTML, like Gecko; compatible; GPTBot/1.3; +https://openai.com/gptbot)"
74.7.227.191 - - [11/Jan/2026:13:44:56 +0000] "GET /?fileloc=//proc/216068/root/proc/self/root/proc/thread-self/root/lib/firmware/amdgpu/hainan_pfp.bin&path=//proc/216068/root/proc/self/root/proc/thread-self/root/lib/firmware/amdgpu HTTP/2" 200 5318 "-" "Mozilla/5.0 AppleWebKit/537.36 (KHTML, like Gecko; compatible; GPTBot/1.3; +https://openai.com/gptbot)"
74.7.227.40 - - [11/Jan/2026:13:44:57 +0000] "GET /assets/plugin/Magnific-Popup-master/dist/jquery.magnific-popup.min.js?fileloc=//proc/504211/root/proc/self/root/lib/.build-id/62/3ec170a62402946b31771a5a4e13c83e0a2d19&path=//proc/504211/root/proc/self/root/lib/.build-id/62 HTTP/2" 200 50268 "-" "Mozilla/5.0 AppleWebKit/537.36 (KHTML, like Gecko; compatible; GPTBot/1.3; +https://openai.com/gptbot)"
74.7.227.191 - - [11/Jan/2026:13:44:59 +0000] "GET /?path=//proc/504211/root/proc/thread-self/root/proc/self/root/lib/firmware/nvidia HTTP/2" 200 3251 "-" "Mozilla/5.0 AppleWebKit/537.36 (KHTML, like Gecko; compatible; GPTBot/1.3; +https://openai.com/gptbot)"
74.7.227.40 - - [11/Jan/2026:13:45:00 +0000] "GET /assets/plugin/Magnific-Popup-master/dist/jquery.magnific-popup.min.js?fileloc=//proc/216068/root/proc/self/root/lib/.build-id/19/3b916824c87e50436fd60fd2ece98f0b588259&path=//proc/216068/root/proc/self/root/lib/.build-id/19 HTTP/2" 200 61790 "-" "Mozilla/5.0 AppleWebKit/537.36 (KHTML, like Gecko; compatible; GPTBot/1.3; +https://openai.com/gptbot)"
74.7.227.191 - - [11/Jan/2026:13:45:02 +0000] "GET /?path=//proc/504211/root/proc/self/root/proc/thread-self/root/lib/firmware/nvidia HTTP/2" 200 3243 "-" "Mozilla/5.0 AppleWebKit/537.36 (KHTML, like Gecko; compatible; GPTBot/1.3; +https://openai.com/gptbot)"
74.7.227.40 - - [11/Jan/2026:13:45:03 +0000] "GET /assets/plugin/Magnific-Popup-master/dist/jquery.magnific-popup.min.js?fileloc=//proc/504211/root/proc/self/root/lib/.build-id/1d/e1123aa31a8d72a32ce59aa11b800edc9f67df&path=//proc/504211/root/proc/self/root/lib/.build-id/1d HTTP/2" 200 7061 "-" "Mozilla/5.0 AppleWebKit/537.36 (KHTML, like Gecko; compatible; GPTBot/1.3; +https://openai.com/gptbot)"
74.7.227.191 - - [11/Jan/2026:13:45:06 +0000] "GET /?path=//proc/504211/root/proc/self/root/proc/thread-self/root/lib/tuned/recommend.d HTTP/2" 200 2849 "-" "Mozilla/5.0 AppleWebKit/537.36 (KHTML, like Gecko; compatible; GPTBot/1.3; +https://openai.com/gptbot)"
74.7.227.40 - - [11/Jan/2026:13:45:06 +0000] "GET /assets/plugin/Magnific-Popup-master/dist/jquery.magnific-popup.min.js?fileloc=//proc/216068/root/proc/self/root/lib/.build-id/b2/c90d5b470f89ca6c54a0c75f5bd588ce3c24c2&path=//proc/216068/root/proc/self/root/lib/.build-id/b2 HTTP/2" 200 23121 "-" "Mozilla/5.0 AppleWebKit/537.36 (KHTML, like Gecko; compatible; GPTBot/1.3; +https://openai.com/gptbot)"
74.7.227.191 - - [11/Jan/2026:13:45:09 +0000] "GET /?path=//proc/504211/root/proc/self/root/proc/thread-self/root/lib/firmware/cavium HTTP/2" 200 2894 "-" "Mozilla/5.0 AppleWebKit/537.36 (KHTML, like Gecko; compatible; GPTBot/1.3; +https://openai.com/gptbot)"
74.7.227.40 - - [11/Jan/2026:13:45:09 +0000] "GET /assets/plugin/Magnific-Popup-master/dist/jquery.magnific-popup.min.js?fileloc=//proc/504211/root/proc/self/root/lib/.build-id/87/e30e54332753bce85ae7a23748058263e0f0f3&path=//proc/504211/root/proc/self/root/lib/.build-id/87 HTTP/2" 200 11966 "-" "Mozilla/5.0 AppleWebKit/537.36 (KHTML, like Gecko; compatible; GPTBot/1.3; +https://openai.com/gptbot)"
74.7.227.191 - - [11/Jan/2026:13:45:12 +0000] "GET /?path=//proc/504211/root/proc/thread-self/root/proc/self/root/lib/firmware/ti-keystone HTTP/2" 200 2883 "-" "Mozilla/5.0 AppleWebKit/537.36 (KHTML, like Gecko; compatible; GPTBot/1.3; +https://openai.com/gptbot)"
74.7.227.40 - - [11/Jan/2026:13:45:13 +0000] "GET /assets/plugin/Magnific-Popup-master/dist/jquery.magnific-popup.min.js?fileloc=//proc/504211/root/proc/self/root/lib/.build-id/b5/ff51f6bf52c29dc471f1a80147a3134948ec75&path=//proc/504211/root/proc/self/root/lib/.build-id/b5 HTTP/2" 200 8377 "-" "Mozilla/5.0 AppleWebKit/537.36 (KHTML, like Gecko; compatible; GPTBot/1.3; +https://openai.com/gptbot)"
74.7.227.191 - - [11/Jan/2026:13:45:15 +0000] "GET /?path=//proc/216068/root/proc/self/root/proc/thread-self/root/lib/firmware/ueagle-atm HTTP/2" 200 3487 "-" "Mozilla/5.0 AppleWebKit/537.36 (KHTML, like Gecko; compatible; GPTBot/1.3; +https://openai.com/gptbot)"
74.7.227.40 - - [11/Jan/2026:13:45:16 +0000] "GET /assets/plugin/Magnific-Popup-master/dist/jquery.magnific-popup.min.js?fileloc=//proc/216068/root/proc/self/root/lib/.build-id/d9/2ff8581267b1da22c456d9bc8ac73c53bf0e4d&path=//proc/216068/root/proc/self/root/lib/.build-id/d9 HTTP/2" 200 7771 "-" "Mozilla/5.0 AppleWebKit/537.36 (KHTML, like Gecko; compatible; GPTBot/1.3; +https://openai.com/gptbot)"
74.7.227.191 - - [11/Jan/2026:13:45:18 +0000] "GET /?path=//proc/504211/root/proc/thread-self/root/proc/self/root/lib/firmware/liquidio HTTP/2" 200 2951 "-" "Mozilla/5.0 AppleWebKit/537.36 (KHTML, like Gecko; compatible; GPTBot/1.3; +https://openai.com/gptbot)"
74.7.227.40 - - [11/Jan/2026:13:45:19 +0000] "GET /assets/plugin/Magnific-Popup-master/dist/jquery.magnific-popup.min.js?fileloc=//proc/216068/root/proc/self/root/lib/.build-id/78/ffae6cd4b6ffcda2e3682458bc61f334ed15ed&path=//proc/216068/root/proc/self/root/lib/.build-id/78 HTTP/2" 200 273711 "-" "Mozilla/5.0 AppleWebKit/537.36 (KHTML, like Gecko; compatible; GPTBot/1.3; +https://openai.com/gptbot)"
74.7.227.191 - - [11/Jan/2026:13:45:22 +0000] "GET /?path=//proc/216068/root/proc/self/root/proc/thread-self/root/lib/firmware/dabusb HTTP/2" 200 2902 "-" "Mozilla/5.0 AppleWebKit/537.36 (KHTML, like Gecko; compatible; GPTBot/1.3; +https://openai.com/gptbot)"
74.7.227.40 - - [11/Jan/2026:13:45:22 +0000] "GET /assets/plugin/Magnific-Popup-master/dist/jquery.magnific-popup.min.js?fileloc=//proc/504211/root/proc/self/root/lib/.build-id/d7/12550b29743080d8f608dc49320d5852449d7b&path=//proc/504211/root/proc/self/root/lib/.build-id/d7 HTTP/2" 200 7075 "-" "Mozilla/5.0 AppleWebKit/537.36 (KHTML, like Gecko; compatible; GPTBot/1.3; +https://openai.com/gptbot)"
74.7.227.191 - - [11/Jan/2026:13:45:25 +0000] "GET /?path=//proc/216068/root/proc/self/root/proc/thread-self/root/lib/firmware/ti-keystone HTTP/2" 200 2889 "-" "Mozilla/5.0 AppleWebKit/537.36 (KHTML, like Gecko; compatible; GPTBot/1.3; +https://openai.com/gptbot)"
74.7.227.40 - - [11/Jan/2026:13:45:25 +0000] "GET /assets/plugin/Magnific-Popup-master/dist/jquery.magnific-popup.min.js?fileloc=//proc/504211/root/proc/self/root/lib/.build-id/38/d8aefe7c619b778c830a961712e776552a2c53&path=//proc/504211/root/proc/self/root/lib/.build-id/38 HTTP/2" 200 664179 "-" "Mozilla/5.0 AppleWebKit/537.36 (KHTML, like Gecko; compatible; GPTBot/1.3; +https://openai.com/gptbot)"
74.7.227.191 - - [11/Jan/2026:13:45:28 +0000] "GET /?path=//proc/504211/root/proc/thread-self/root/proc/self/root/lib/firmware/ueagle-atm HTTP/2" 200 3484 "-" "Mozilla/5.0 AppleWebKit/537.36 (KHTML, like Gecko; compatible; GPTBot/1.3; +https://openai.com/gptbot)"
74.7.227.40 - - [11/Jan/2026:13:45:28 +0000] "GET /assets/plugin/Magnific-Popup-master/dist/jquery.magnific-popup.min.js?fileloc=//proc/216068/root/proc/self/root/lib/.build-id/b8/2c1bde0a9b1f773a33b8c8f004b0f2db5677ed&path=//proc/216068/root/proc/self/root/lib/.build-id/b8 HTTP/2" 200 6340 "-" "Mozilla/5.0 AppleWebKit/537.36 (KHTML, like Gecko; compatible; GPTBot/1.3; +https://openai.com/gptbot)"
74.7.227.40 - - [11/Jan/2026:13:45:31 +0000] "GET /assets/plugin/Magnific-Popup-master/dist/jquery.magnific-popup.min.js?fileloc=//proc/504211/root/proc/self/root/lib/.build-id/0a/496aabb9f1f6b2135d842f01d4345c2ea1446c&path=//proc/504211/root/proc/self/root/lib/.build-id/0a HTTP/2" 200 15368 "-" "Mozilla/5.0 AppleWebKit/537.36 (KHTML, like Gecko; compatible; GPTBot/1.3; +https://openai.com/gptbot)"
74.7.227.191 - - [11/Jan/2026:13:45:31 +0000] "GET /?path=//proc/216068/root/proc/self/root/proc/thread-self/root/lib/firmware/intel-ucode HTTP/2" 200 2574 "-" "Mozilla/5.0 AppleWebKit/537.36 (KHTML, like Gecko; compatible; GPTBot/1.3; +https://openai.com/gptbot)"
74.7.227.191 - - [11/Jan/2026:13:45:34 +0000] "GET /?path=//proc/216068/root/proc/self/root/proc/thread-self/root/lib/systemd/network HTTP/2" 200 2854 "-" "Mozilla/5.0 AppleWebKit/537.36 (KHTML, like Gecko; compatible; GPTBot/1.3; +https://openai.com/gptbot)"
74.7.227.40 - - [11/Jan/2026:13:45:34 +0000] "GET /assets/plugin/Magnific-Popup-master/dist/jquery.magnific-popup.min.js?fileloc=//proc/504211/root/proc/self/root/lib/.build-id/f7/12f4a6881c32f941e56b6e3e4ac0fd924032d1&path=//proc/504211/root/proc/self/root/lib/.build-id/f7 HTTP/2" 200 18552 "-" "Mozilla/5.0 AppleWebKit/537.36 (KHTML, like Gecko; compatible; GPTBot/1.3; +https://openai.com/gptbot)"
74.7.227.191 - - [11/Jan/2026:13:45:37 +0000] "GET /?path=//proc/504211/root/proc/thread-self/root/proc/self/root/lib/firmware/dabusb HTTP/2" 200 2903 "-" "Mozilla/5.0 AppleWebKit/537.36 (KHTML, like Gecko; compatible; GPTBot/1.3; +https://openai.com/gptbot)"
74.7.227.40 - - [11/Jan/2026:13:45:37 +0000] "GET /assets/plugin/Magnific-Popup-master/dist/jquery.magnific-popup.min.js?fileloc=//proc/216068/root/proc/self/root/lib/.build-id/40/1746b0c28b756c8984a14952e67f8bb6486910&path=//proc/216068/root/proc/self/root/lib/.build-id/40 HTTP/2" 200 6104 "-" "Mozilla/5.0 AppleWebKit/537.36 (KHTML, like Gecko; compatible; GPTBot/1.3; +https://openai.com/gptbot)"
74.7.227.191 - - [11/Jan/2026:13:45:40 +0000] "GET /?path=//proc/504211/root/proc/self/root/proc/thread-self/root/lib/firmware/advansys HTTP/2" 200 2968 "-" "Mozilla/5.0 AppleWebKit/537.36 (KHTML, like Gecko; compatible; GPTBot/1.3; +https://openai.com/gptbot)"
74.7.227.40 - - [11/Jan/2026:13:45:40 +0000] "GET /assets/plugin/Magnific-Popup-master/dist/jquery.magnific-popup.min.js?fileloc=//proc/216068/root/proc/self/root/lib/.build-id/8c/5c901addcdf946375bf8f656e75a34c40d9c15&path=//proc/216068/root/proc/self/root/lib/.build-id/8c HTTP/2" 200 52795 "-" "Mozilla/5.0 AppleWebKit/537.36 (KHTML, like Gecko; compatible; GPTBot/1.3; +https://openai.com/gptbot)"
74.7.227.40 - - [11/Jan/2026:13:45:43 +0000] "GET /assets/plugin/Magnific-Popup-master/dist/jquery.magnific-popup.min.js?fileloc=//proc/216068/root/proc/self/root/lib/.build-id/90/b92dbc102928d4dc1dee74e447c017201dcafe&path=//proc/216068/root/proc/self/root/lib/.build-id/90 HTTP/2" 200 8092 "-" "Mozilla/5.0 AppleWebKit/537.36 (KHTML, like Gecko; compatible; GPTBot/1.3; +https://openai.com/gptbot)"
74.7.227.191 - - [11/Jan/2026:13:45:44 +0000] "GET /?path=//proc/504211/root/proc/self/root/proc/thread-self/root/lib/systemd/boot/efi HTTP/2" 200 2918 "-" "Mozilla/5.0 AppleWebKit/537.36 (KHTML, like Gecko; compatible; GPTBot/1.3; +https://openai.com/gptbot)"
74.7.227.40 - - [11/Jan/2026:13:45:47 +0000] "GET /assets/plugin/Magnific-Popup-master/dist/jquery.magnific-popup.min.js?fileloc=//proc/504211/root/proc/self/root/lib/.build-id/a4/1fdf4ad239c5c2439a39d7be3174f77858d4e7&path=//proc/504211/root/proc/self/root/lib/.build-id/a4 HTTP/2" 200 8984 "-" "Mozilla/5.0 AppleWebKit/537.36 (KHTML, like Gecko; compatible; GPTBot/1.3; +https://openai.com/gptbot)"
74.7.227.191 - - [11/Jan/2026:13:45:47 +0000] "GET /?path=//proc/216068/root/proc/self/root/proc/thread-self/root/lib/firmware/rtl_nic HTTP/2" 200 3556 "-" "Mozilla/5.0 AppleWebKit/537.36 (KHTML, like Gecko; compatible; GPTBot/1.3; +https://openai.com/gptbot)"
74.7.227.40 - - [11/Jan/2026:13:45:50 +0000] "GET /assets/plugin/Magnific-Popup-master/dist/jquery.magnific-popup.min.js?fileloc=//proc/216068/root/proc/self/root/lib/.build-id/2d/989150ced930e3fdd2c354a5ffd4b3ae273d62&path=//proc/216068/root/proc/self/root/lib/.build-id/2d HTTP/2" 200 33136 "-" "Mozilla/5.0 AppleWebKit/537.36 (KHTML, like Gecko; compatible; GPTBot/1.3; +https://openai.com/gptbot)"
74.7.227.191 - - [11/Jan/2026:13:45:50 +0000] "GET /?path=//proc/216068/root/proc/thread-self/root/proc/self/root/lib/systemd/boot/efi HTTP/2" 200 2916 "-" "Mozilla/5.0 AppleWebKit/537.36 (KHTML, like Gecko; compatible; GPTBot/1.3; +https://openai.com/gptbot)"
74.7.227.40 - - [11/Jan/2026:13:45:53 +0000] "GET /assets/plugin/Magnific-Popup-master/dist/jquery.magnific-popup.min.js?fileloc=//proc/504211/root/proc/self/root/lib/.build-id/1c/ef655318b95ebf426b905f7311e889264d1f76&path=//proc/504211/root/proc/self/root/lib/.build-id/1c HTTP/2" 200 12925 "-" "Mozilla/5.0 AppleWebKit/537.36 (KHTML, like Gecko; compatible; GPTBot/1.3; +https://openai.com/gptbot)"
74.7.227.191 - - [11/Jan/2026:13:45:53 +0000] "GET /?path=//proc/504211/root/proc/thread-self/root/proc/self/root/lib/systemd/boot/efi HTTP/2" 200 2915 "-" "Mozilla/5.0 AppleWebKit/537.36 (KHTML, like Gecko; compatible; GPTBot/1.3; +https://openai.com/gptbot)"
74.7.227.40 - - [11/Jan/2026:13:45:56 +0000] "GET /assets/plugin/Magnific-Popup-master/dist/jquery.magnific-popup.min.js?fileloc=//proc/216068/root/proc/self/root/lib/.build-id/5d/986b54398538e436c015ef024867daceb0e57a&path=//proc/216068/root/proc/self/root/lib/.build-id/5d HTTP/2" 200 6708 "-" "Mozilla/5.0 AppleWebKit/537.36 (KHTML, like Gecko; compatible; GPTBot/1.3; +https://openai.com/gptbot)"
74.7.227.191 - - [11/Jan/2026:13:45:56 +0000] "GET /?path=//proc/504211/root/proc/self/root/proc/thread-self/root/lib/firmware/rtl_nic HTTP/2" 200 3556 "-" "Mozilla/5.0 AppleWebKit/537.36 (KHTML, like Gecko; compatible; GPTBot/1.3; +https://openai.com/gptbot)"
74.7.227.40 - - [11/Jan/2026:13:45:59 +0000] "GET /assets/plugin/Magnific-Popup-master/dist/jquery.magnific-popup.min.js?fileloc=//proc/216068/root/proc/self/root/lib/.build-id/89/4f1d135564bf556a9558c1b2f8d872aa36a4b5&path=//proc/216068/root/proc/self/root/lib/.build-id/89 HTTP/2" 200 7633 "-" "Mozilla/5.0 AppleWebKit/537.36 (KHTML, like Gecko; compatible; GPTBot/1.3; +https://openai.com/gptbot)"
74.7.227.191 - - [11/Jan/2026:13:45:59 +0000] "GET /?path=//proc/504211/root/proc/thread-self/root/proc/self/root/lib/firmware/rtl_nic HTTP/2" 200 3581 "-" "Mozilla/5.0 AppleWebKit/537.36 (KHTML, like Gecko; compatible; GPTBot/1.3; +https://openai.com/gptbot)"
74.7.227.191 - - [11/Jan/2026:13:46:02 +0000] "GET /?path=//proc/504211/root/proc/self/root/proc/thread-self/root/lib/firmware/ar3k HTTP/2" 200 3545 "-" "Mozilla/5.0 AppleWebKit/537.36 (KHTML, like Gecko; compatible; GPTBot/1.3; +https://openai.com/gptbot)"
74.7.227.40 - - [11/Jan/2026:13:46:02 +0000] "GET /assets/plugin/Magnific-Popup-master/dist/jquery.magnific-popup.min.js?fileloc=//proc/216068/root/proc/self/root/lib/.build-id/95/9c5421964e5e85f9c83dd60b38a091024ba187&path=//proc/216068/root/proc/self/root/lib/.build-id/95 HTTP/2" 200 1195750 "-" "Mozilla/5.0 AppleWebKit/537.36 (KHTML, like Gecko; compatible; GPTBot/1.3; +https://openai.com/gptbot)"
74.7.227.191 - - [11/Jan/2026:13:46:05 +0000] "GET /?path=//proc/504211/root/proc/thread-self/root/proc/self/root/lib/firmware/ar3k HTTP/2" 200 3536 "-" "Mozilla/5.0 AppleWebKit/537.36 (KHTML, like Gecko; compatible; GPTBot/1.3; +https://openai.com/gptbot)"
74.7.227.40 - - [11/Jan/2026:13:46:06 +0000] "GET /assets/plugin/Magnific-Popup-master/dist/jquery.magnific-popup.min.js?fileloc=//proc/504211/root/proc/self/root/lib/.build-id/85/3d0aaf7f254bf651dba507fc4551052ba6cc7d&path=//proc/504211/root/proc/self/root/lib/.build-id/85 HTTP/2" 200 5432 "-" "Mozilla/5.0 AppleWebKit/537.36 (KHTML, like Gecko; compatible; GPTBot/1.3; +https://openai.com/gptbot)"
74.7.227.191 - - [11/Jan/2026:13:46:09 +0000] "GET /?path=//proc/504211/root/proc/self/root/proc/thread-self/root/lib/firmware/3com HTTP/2" 200 2863 "-" "Mozilla/5.0 AppleWebKit/537.36 (KHTML, like Gecko; compatible; GPTBot/1.3; +https://openai.com/gptbot)"
74.7.227.40 - - [11/Jan/2026:13:46:09 +0000] "GET /assets/plugin/Magnific-Popup-master/dist/jquery.magnific-popup.min.js?fileloc=//proc/216068/root/proc/self/root/lib/.build-id/30/94f6a46521c6e33762d485561858b6b13edb41&path=//proc/216068/root/proc/self/root/lib/.build-id/30 HTTP/2" 200 10529 "-" "Mozilla/5.0 AppleWebKit/537.36 (KHTML, like Gecko; compatible; GPTBot/1.3; +https://openai.com/gptbot)"
74.7.227.191 - - [11/Jan/2026:13:46:12 +0000] "GET /?path=//proc/504211/root/proc/self/root/proc/thread-self/root/lib/firmware/keyspan_pda HTTP/2" 200 2907 "-" "Mozilla/5.0 AppleWebKit/537.36 (KHTML, like Gecko; compatible; GPTBot/1.3; +https://openai.com/gptbot)"
74.7.227.40 - - [11/Jan/2026:13:46:12 +0000] "GET /assets/plugin/Magnific-Popup-master/dist/jquery.magnific-popup.min.js?fileloc=//proc/504211/root/proc/self/root/lib/.build-id/2b/b0c8c0564b5b61890284063279ec1c05b13dd7&path=//proc/504211/root/proc/self/root/lib/.build-id/2b HTTP/2" 200 7732 "-" "Mozilla/5.0 AppleWebKit/537.36 (KHTML, like Gecko; compatible; GPTBot/1.3; +https://openai.com/gptbot)"
74.7.227.40 - - [11/Jan/2026:13:46:15 +0000] "GET /assets/plugin/Magnific-Popup-master/dist/jquery.magnific-popup.min.js?fileloc=//proc/216068/root/proc/self/root/lib/.build-id/4b/76abac073e385e12a56ac6b3c1959edd418824&path=//proc/216068/root/proc/self/root/lib/.build-id/4b HTTP/2" 200 7620 "-" "Mozilla/5.0 AppleWebKit/537.36 (KHTML, like Gecko; compatible; GPTBot/1.3; +https://openai.com/gptbot)"
74.7.227.191 - - [11/Jan/2026:13:46:15 +0000] "GET /?path=//proc/504211/root/proc/thread-self/root/proc/self/root/lib/firmware/keyspan_pda HTTP/2" 200 2899 "-" "Mozilla/5.0 AppleWebKit/537.36 (KHTML, like Gecko; compatible; GPTBot/1.3; +https://openai.com/gptbot)"
74.7.227.40 - - [11/Jan/2026:13:46:18 +0000] "GET /assets/plugin/Magnific-Popup-master/dist/jquery.magnific-popup.min.js?fileloc=//proc/216068/root/proc/self/root/lib/.build-id/e2/b27540851c32f7ac96b7f003e08c09617129ce&path=//proc/216068/root/proc/self/root/lib/.build-id/e2 HTTP/2" 200 7960 "-" "Mozilla/5.0 AppleWebKit/537.36 (KHTML, like Gecko; compatible; GPTBot/1.3; +https://openai.com/gptbot)"
74.7.227.191 - - [11/Jan/2026:13:46:18 +0000] "GET /?path=//proc/504211/root/proc/thread-self/root/proc/self/root/lib/environment.d HTTP/2" 200 2851 "-" "Mozilla/5.0 AppleWebKit/537.36 (KHTML, like Gecko; compatible; GPTBot/1.3; +https://openai.com/gptbot)"
74.7.227.40 - - [11/Jan/2026:13:46:21 +0000] "GET /assets/plugin/Magnific-Popup-master/dist/jquery.magnific-popup.min.js?fileloc=//proc/504211/root/proc/self/root/lib/.build-id/f6/0dd954b403f78925b24eeb966175cc87fc9b7f&path=//proc/504211/root/proc/self/root/lib/.build-id/f6 HTTP/2" 200 19947 "-" "Mozilla/5.0 AppleWebKit/537.36 (KHTML, like Gecko; compatible; GPTBot/1.3; +https://openai.com/gptbot)"
74.7.227.191 - - [11/Jan/2026:13:46:21 +0000] "GET /?path=//proc/504211/root/proc/self/root/proc/thread-self/root/lib/environment.d HTTP/2" 200 2840 "-" "Mozilla/5.0 AppleWebKit/537.36 (KHTML, like Gecko; compatible; GPTBot/1.3; +https://openai.com/gptbot)"
74.7.227.40 - - [11/Jan/2026:13:46:24 +0000] "GET /assets/plugin/Magnific-Popup-master/dist/jquery.magnific-popup.min.js?fileloc=//proc/504211/root/proc/self/root/lib/.build-id/e2/4b4d47e19f2f351d51439df7f9ebb5c8723cb5&path=//proc/504211/root/proc/self/root/lib/.build-id/e2 HTTP/2" 200 52607 "-" "Mozilla/5.0 AppleWebKit/537.36 (KHTML, like Gecko; compatible; GPTBot/1.3; +https://openai.com/gptbot)"
74.7.227.191 - - [11/Jan/2026:13:46:24 +0000] "GET /?path=//proc/216068/root/proc/self/root/proc/thread-self/root/lib/environment.d HTTP/2" 200 2840 "-" "Mozilla/5.0 AppleWebKit/537.36 (KHTML, like Gecko; compatible; GPTBot/1.3; +https://openai.com/gptbot)"
74.7.227.40 - - [11/Jan/2026:13:46:27 +0000] "GET /assets/plugin/Magnific-Popup-master/dist/jquery.magnific-popup.min.js?fileloc=//proc/504211/root/proc/self/root/lib/.build-id/6f/7396b2365d6a11aced718782f2722051371a93&path=//proc/504211/root/proc/self/root/lib/.build-id/6f HTTP/2" 200 39062 "-" "Mozilla/5.0 AppleWebKit/537.36 (KHTML, like Gecko; compatible; GPTBot/1.3; +https://openai.com/gptbot)"
74.7.227.191 - - [11/Jan/2026:13:46:28 +0000] "GET /?path=//proc/216068/root/proc/thread-self/root/proc/self/root/lib/systemd/system/reboot.target.wants HTTP/2" 200 2938 "-" "Mozilla/5.0 AppleWebKit/537.36 (KHTML, like Gecko; compatible; GPTBot/1.3; +https://openai.com/gptbot)"
74.7.227.40 - - [11/Jan/2026:13:46:30 +0000] "GET /assets/plugin/Magnific-Popup-master/dist/jquery.magnific-popup.min.js?fileloc=//proc/216068/root/proc/self/root/lib/.build-id/33/67f6f593ca85e39e79026562969dc660630e8c&path=//proc/216068/root/proc/self/root/lib/.build-id/33 HTTP/2" 200 8466 "-" "Mozilla/5.0 AppleWebKit/537.36 (KHTML, like Gecko; compatible; GPTBot/1.3; +https://openai.com/gptbot)"
74.7.227.191 - - [11/Jan/2026:13:46:31 +0000] "GET /?path=//proc/504211/root/proc/thread-self/root/proc/self/root/lib/systemd/system/reboot.target.wants HTTP/2" 200 2936 "-" "Mozilla/5.0 AppleWebKit/537.36 (KHTML, like Gecko; compatible; GPTBot/1.3; +https://openai.com/gptbot)"
74.7.227.40 - - [11/Jan/2026:13:46:34 +0000] "GET /assets/plugin/Magnific-Popup-master/dist/jquery.magnific-popup.min.js?fileloc=//proc/216068/root/proc/self/root/lib/.build-id/3e/5403eb759cb5f6026a62067885e8cd642d3f47&path=//proc/216068/root/proc/self/root/lib/.build-id/3e HTTP/2" 200 14692 "-" "Mozilla/5.0 AppleWebKit/537.36 (KHTML, like Gecko; compatible; GPTBot/1.3; +https://openai.com/gptbot)"
74.7.227.191 - - [11/Jan/2026:13:46:34 +0000] "GET /?path=//proc/216068/root/proc/self/root/proc/thread-self/root/lib/systemd/system/reboot.target.wants HTTP/2" 200 2927 "-" "Mozilla/5.0 AppleWebKit/537.36 (KHTML, like Gecko; compatible; GPTBot/1.3; +https://openai.com/gptbot)"
74.7.227.40 - - [11/Jan/2026:13:46:37 +0000] "GET /assets/plugin/Magnific-Popup-master/dist/jquery.magnific-popup.min.js?fileloc=//proc/504211/root/proc/self/root/lib/.build-id/4a/f0e155047cc5c9f7c79121173afab8804c347c&path=//proc/504211/root/proc/self/root/lib/.build-id/4a HTTP/2" 200 6219 "-" "Mozilla/5.0 AppleWebKit/537.36 (KHTML, like Gecko; compatible; GPTBot/1.3; +https://openai.com/gptbot)"
74.7.227.191 - - [11/Jan/2026:13:46:37 +0000] "GET /?path=//proc/504211/root/proc/self/root/proc/thread-self/root/lib/tuned/optimize-serial-console HTTP/2" 200 2871 "-" "Mozilla/5.0 AppleWebKit/537.36 (KHTML, like Gecko; compatible; GPTBot/1.3; +https://openai.com/gptbot)"
74.7.227.40 - - [11/Jan/2026:13:46:40 +0000] "GET /assets/plugin/Magnific-Popup-master/dist/jquery.magnific-popup.min.js?fileloc=//proc/216068/root/proc/self/root/lib/.build-id/a2/b53e45ad7deddfb056329519b2623aaba8e89d&path=//proc/216068/root/proc/self/root/lib/.build-id/a2 HTTP/2" 200 17841 "-" "Mozilla/5.0 AppleWebKit/537.36 (KHTML, like Gecko; compatible; GPTBot/1.3; +https://openai.com/gptbot)"
74.7.227.191 - - [11/Jan/2026:13:46:40 +0000] "GET /?path=//proc/504211/root/proc/self/root/proc/thread-self/root/lib/firmware/intel/ice/ddp-wireless_edge HTTP/2" 200 2895 "-" "Mozilla/5.0 AppleWebKit/537.36 (KHTML, like Gecko; compatible; GPTBot/1.3; +https://openai.com/gptbot)"
74.7.227.40 - - [11/Jan/2026:13:46:43 +0000] "GET /assets/plugin/Magnific-Popup-master/dist/jquery.magnific-popup.min.js?fileloc=//proc/504211/root/proc/self/root/lib/.build-id/56/99744c3b8ee0426b422929fe2abf2174e7e5fe&path=//proc/504211/root/proc/self/root/lib/.build-id/56 HTTP/2" 200 28660 "-" "Mozilla/5.0 AppleWebKit/537.36 (KHTML, like Gecko; compatible; GPTBot/1.3; +https://openai.com/gptbot)"
74.7.227.191 - - [11/Jan/2026:13:46:43 +0000] "GET /?path=//proc/504211/root/proc/thread-self/root/proc/self/root/lib/firmware/intel/ice/ddp-comms HTTP/2" 200 2892 "-" "Mozilla/5.0 AppleWebKit/537.36 (KHTML, like Gecko; compatible; GPTBot/1.3; +https://openai.com/gptbot)"
74.7.227.40 - - [11/Jan/2026:13:46:46 +0000] "GET /assets/plugin/Magnific-Popup-master/dist/jquery.magnific-popup.min.js?fileloc=//proc/216068/root/proc/self/root/lib/.build-id/ac/39b768b7050f7106b84566342524aa416d930d&path=//proc/216068/root/proc/self/root/lib/.build-id/ac HTTP/2" 200 7964 "-" "Mozilla/5.0 AppleWebKit/537.36 (KHTML, like Gecko; compatible; GPTBot/1.3; +https://openai.com/gptbot)"
74.7.227.191 - - [11/Jan/2026:13:46:46 +0000] "GET /?path=//proc/504211/root/proc/self/root/proc/thread-self/root/lib/firmware/intel/ice/ddp-comms HTTP/2" 200 2889 "-" "Mozilla/5.0 AppleWebKit/537.36 (KHTML, like Gecko; compatible; GPTBot/1.3; +https://openai.com/gptbot)"
74.7.227.40 - - [11/Jan/2026:13:46:49 +0000] "GET /assets/plugin/Magnific-Popup-master/dist/jquery.magnific-popup.min.js?fileloc=//proc/504211/root/proc/self/root/lib/.build-id/7c/3b5a6ae56bd8e1e16ae509f07a9ad73134d129&path=//proc/504211/root/proc/self/root/lib/.build-id/7c HTTP/2" 200 142882 "-" "Mozilla/5.0 AppleWebKit/537.36 (KHTML, like Gecko; compatible; GPTBot/1.3; +https://openai.com/gptbot)"
74.7.227.191 - - [11/Jan/2026:13:46:49 +0000] "GET /?fileloc=//proc/216068/root/proc/thread-self/root/proc/self/root/proc/sys/net/core/warnings&path=//proc/216068/root/proc/thread-self/root/proc/self/root/proc/sys/net/core HTTP/2" 200 2518 "-" "Mozilla/5.0 AppleWebKit/537.36 (KHTML, like Gecko; compatible; GPTBot/1.3; +https://openai.com/gptbot)"
74.7.227.40 - - [11/Jan/2026:13:46:52 +0000] "GET /assets/plugin/Magnific-Popup-master/dist/jquery.magnific-popup.min.js?fileloc=//proc/504211/root/proc/self/root/lib/.build-id/df/92fcee7c1d0172f74690401ca656675a70eaae&path=//proc/504211/root/proc/self/root/lib/.build-id/df HTTP/2" 200 78237 "-" "Mozilla/5.0 AppleWebKit/537.36 (KHTML, like Gecko; compatible; GPTBot/1.3; +https://openai.com/gptbot)"
74.7.227.191 - - [11/Jan/2026:13:46:52 +0000] "GET /?fileloc=//proc/216068/root/proc/thread-self/root/proc/self/root/proc/sys/net/core/rmem_default&path=//proc/216068/root/proc/thread-self/root/proc/self/root/proc/sys/net/core HTTP/2" 200 2528 "-" "Mozilla/5.0 AppleWebKit/537.36 (KHTML, like Gecko; compatible; GPTBot/1.3; +https://openai.com/gptbot)"
74.7.227.40 - - [11/Jan/2026:13:46:55 +0000] "GET /assets/plugin/Magnific-Popup-master/dist/jquery.magnific-popup.min.js?fileloc=//proc/216068/root/proc/self/root/lib/.build-id/69/da42c373a1c7836128e4d38877b7040cfbc814&path=//proc/216068/root/proc/self/root/lib/.build-id/69 HTTP/2" 200 6790 "-" "Mozilla/5.0 AppleWebKit/537.36 (KHTML, like Gecko; compatible; GPTBot/1.3; +https://openai.com/gptbot)"
74.7.227.191 - - [11/Jan/2026:13:46:55 +0000] "GET /?fileloc=//proc/216068/root/proc/thread-self/root/proc/self/root/proc/sys/net/core/dev_weight&path=//proc/216068/root/proc/thread-self/root/proc/self/root/proc/sys/net/core HTTP/2" 200 2524 "-" "Mozilla/5.0 AppleWebKit/537.36 (KHTML, like Gecko; compatible; GPTBot/1.3; +https://openai.com/gptbot)"
74.7.227.40 - - [11/Jan/2026:13:46:58 +0000] "GET /assets/plugin/Magnific-Popup-master/dist/jquery.magnific-popup.min.js?fileloc=//proc/216068/root/proc/self/root/lib/.build-id/bc/d90a6f6f16b99c59704d43041cb067fdc6d290&path=//proc/216068/root/proc/self/root/lib/.build-id/bc HTTP/2" 200 15156 "-" "Mozilla/5.0 AppleWebKit/537.36 (KHTML, like Gecko; compatible; GPTBot/1.3; +https://openai.com/gptbot)"
74.7.227.191 - - [11/Jan/2026:13:46:59 +0000] "GET /?fileloc=//proc/216068/root/proc/thread-self/root/proc/self/root/proc/sys/net/core/rps_sock_flow_entries&path=//proc/216068/root/proc/thread-self/root/proc/self/root/proc/sys/net/core HTTP/2" 200 2532 "-" "Mozilla/5.0 AppleWebKit/537.36 (KHTML, like Gecko; compatible; GPTBot/1.3; +https://openai.com/gptbot)"
74.7.227.40 - - [11/Jan/2026:13:47:01 +0000] "GET /assets/plugin/Magnific-Popup-master/dist/jquery.magnific-popup.min.js?fileloc=//proc/216068/root/proc/self/root/lib/.build-id/eb/f1c56e318b2bdc505ca2188b4430f48969edcd&path=//proc/216068/root/proc/self/root/lib/.build-id/eb HTTP/2" 200 6397 "-" "Mozilla/5.0 AppleWebKit/537.36 (KHTML, like Gecko; compatible; GPTBot/1.3; +https://openai.com/gptbot)"
74.7.227.191 - - [11/Jan/2026:13:47:02 +0000] "GET /?fileloc=//proc/216068/root/proc/self/root/proc/thread-self/root/proc/sys/net/core/dev_weight&path=//proc/216068/root/proc/self/root/proc/thread-self/root/proc/sys/net/core HTTP/2" 200 2517 "-" "Mozilla/5.0 AppleWebKit/537.36 (KHTML, like Gecko; compatible; GPTBot/1.3; +https://openai.com/gptbot)"
74.7.227.40 - - [11/Jan/2026:13:47:04 +0000] "GET /assets/plugin/Magnific-Popup-master/dist/jquery.magnific-popup.min.js?fileloc=//proc/216068/root/proc/self/root/lib/.build-id/c4/a1b40958e661adca727df80f36153b2ec1693c&path=//proc/216068/root/proc/self/root/lib/.build-id/c4 HTTP/2" 200 39286 "-" "Mozilla/5.0 AppleWebKit/537.36 (KHTML, like Gecko; compatible; GPTBot/1.3; +https://openai.com/gptbot)"
74.7.227.191 - - [11/Jan/2026:13:47:05 +0000] "GET /?fileloc=//proc/216068/root/proc/thread-self/root/proc/self/root/proc/sys/net/core/default_qdisc&path=//proc/216068/root/proc/thread-self/root/proc/self/root/proc/sys/net/core HTTP/2" 200 2532 "-" "Mozilla/5.0 AppleWebKit/537.36 (KHTML, like Gecko; compatible; GPTBot/1.3; +https://openai.com/gptbot)"
74.7.227.40 - - [11/Jan/2026:13:47:07 +0000] "GET /zapytanie-ofertowe-nr-1-pfron-pf-2017-audyt-zewnetrzny.html?fileloc=//proc/self/root/lib64/gconv/EBCDIC-ES-S.so&path=//proc/self/root/lib64/gconv HTTP/2" 200 7590 "-" "Mozilla/5.0 AppleWebKit/537.36 (KHTML, like Gecko; compatible; GPTBot/1.3; +https://openai.com/gptbot)"
74.7.227.191 - - [11/Jan/2026:13:47:08 +0000] "GET /?fileloc=//proc/216068/root/proc/thread-self/root/proc/self/root/proc/sys/net/core/netdev_budget_usecs&path=//proc/216068/root/proc/thread-self/root/proc/self/root/proc/sys/net/core HTTP/2" 200 2533 "-" "Mozilla/5.0 AppleWebKit/537.36 (KHTML, like Gecko; compatible; GPTBot/1.3; +https://openai.com/gptbot)"
74.7.227.40 - - [11/Jan/2026:13:47:11 +0000] "GET /zapytanie-ofertowe-nr-1-pfron-pf-2017-audyt-zewnetrzny.html?fileloc=//proc/self/root/lib64/gconv/EBCDIC-ES-A.so&path=//proc/self/root/lib64/gconv HTTP/2" 200 7683 "-" "Mozilla/5.0 AppleWebKit/537.36 (KHTML, like Gecko; compatible; GPTBot/1.3; +https://openai.com/gptbot)"
74.7.227.191 - - [11/Jan/2026:13:47:11 +0000] "GET /?fileloc=//proc/216068/root/proc/self/root/proc/thread-self/root/proc/sys/net/core/message_cost&path=//proc/216068/root/proc/self/root/proc/thread-self/root/proc/sys/net/core HTTP/2" 200 2517 "-" "Mozilla/5.0 AppleWebKit/537.36 (KHTML, like Gecko; compatible; GPTBot/1.3; +https://openai.com/gptbot)"
74.7.227.40 - - [11/Jan/2026:13:47:14 +0000] "GET /assets/plugin/jquery.lazyload/jquery.lazyload.min.js?path=//lib/python3.6/site-packages/firewall HTTP/2" 200 3189 "-" "Mozilla/5.0 AppleWebKit/537.36 (KHTML, like Gecko; compatible; GPTBot/1.3; +https://openai.com/gptbot)"
74.7.227.191 - - [11/Jan/2026:13:47:14 +0000] "GET /?fileloc=//proc/216068/root/proc/self/root/proc/thread-self/root/proc/sys/net/core/default_qdisc&path=//proc/216068/root/proc/self/root/proc/thread-self/root/proc/sys/net/core HTTP/2" 200 2527 "-" "Mozilla/5.0 AppleWebKit/537.36 (KHTML, like Gecko; compatible; GPTBot/1.3; +https://openai.com/gptbot)"
74.7.227.40 - - [11/Jan/2026:13:47:17 +0000] "GET /assets/plugin/jquery.lazyload/jquery.lazyload.min.js?path=//proc/self/root/opt/imunify360-webshield HTTP/2" 200 2873 "-" "Mozilla/5.0 AppleWebKit/537.36 (KHTML, like Gecko; compatible; GPTBot/1.3; +https://openai.com/gptbot)"
74.7.227.191 - - [11/Jan/2026:13:47:17 +0000] "GET /?fileloc=//proc/216068/root/proc/self/root/proc/thread-self/root/proc/sys/net/core/tstamp_allow_data&path=//proc/216068/root/proc/self/root/proc/thread-self/root/proc/sys/net/core HTTP/2" 200 2524 "-" "Mozilla/5.0 AppleWebKit/537.36 (KHTML, like Gecko; compatible; GPTBot/1.3; +https://openai.com/gptbot)"
74.7.227.40 - - [11/Jan/2026:13:47:20 +0000] "GET /assets/plugin/jquery.lazyload/jquery.lazyload.min.js?path=//var/lib/mysql/naturalm_benjamin_wp891 HTTP/2" 200 2518 "-" "Mozilla/5.0 AppleWebKit/537.36 (KHTML, like Gecko; compatible; GPTBot/1.3; +https://openai.com/gptbot)"
74.7.227.191 - - [11/Jan/2026:13:47:20 +0000] "GET /?fileloc=//proc/216068/root/proc/self/root/proc/thread-self/root/proc/sys/net/core/xfrm_acq_expires&path=//proc/216068/root/proc/self/root/proc/thread-self/root/proc/sys/net/core HTTP/2" 200 2525 "-" "Mozilla/5.0 AppleWebKit/537.36 (KHTML, like Gecko; compatible; GPTBot/1.3; +https://openai.com/gptbot)"
74.7.227.40 - - [11/Jan/2026:13:47:23 +0000] "GET /assets/plugin/jquery.lazyload/jquery.lazyload.min.js?path=//lib/python3.6/site-packages/up2date_client HTTP/2" 200 3868 "-" "Mozilla/5.0 AppleWebKit/537.36 (KHTML, like Gecko; compatible; GPTBot/1.3; +https://openai.com/gptbot)"
74.7.227.191 - - [11/Jan/2026:13:47:24 +0000] "GET /?fileloc=//proc/216068/root/proc/self/root/proc/thread-self/root/proc/sys/net/core/rmem_default&path=//proc/216068/root/proc/self/root/proc/thread-self/root/proc/sys/net/core HTTP/2" 200 2524 "-" "Mozilla/5.0 AppleWebKit/537.36 (KHTML, like Gecko; compatible; GPTBot/1.3; +https://openai.com/gptbot)"
74.7.227.40 - - [11/Jan/2026:13:47:26 +0000] "GET /przyjdz-i-zostan-naszym-wolontariuszem.html?fileloc=//usr/include/X11/extensions/multibufproto.h&path=//usr/include/X11/extensions HTTP/2" 200 4613 "-" "Mozilla/5.0 AppleWebKit/537.36 (KHTML, like Gecko; compatible; GPTBot/1.3; +https://openai.com/gptbot)"
74.7.227.191 - - [11/Jan/2026:13:47:27 +0000] "GET /?fileloc=//proc/216068/root/proc/self/root/proc/thread-self/root/proc/sys/net/core/flow_limit_table_len&path=//proc/216068/root/proc/self/root/proc/thread-self/root/proc/sys/net/core HTTP/2" 200 2529 "-" "Mozilla/5.0 AppleWebKit/537.36 (KHTML, like Gecko; compatible; GPTBot/1.3; +https://openai.com/gptbot)"
74.7.227.40 - - [11/Jan/2026:13:47:30 +0000] "GET /przyjdz-i-zostan-naszym-wolontariuszem.html?fileloc=//usr/include/X11/extensions/xf86bigfproto.h&path=//usr/include/X11/extensions HTTP/2" 200 3320 "-" "Mozilla/5.0 AppleWebKit/537.36 (KHTML, like Gecko; compatible; GPTBot/1.3; +https://openai.com/gptbot)"
74.7.227.191 - - [11/Jan/2026:13:47:30 +0000] "GET /?fileloc=//proc/216068/root/proc/thread-self/root/proc/self/root/proc/sys/net/core/message_burst&path=//proc/216068/root/proc/thread-self/root/proc/self/root/proc/sys/net/core HTTP/2" 200 2527 "-" "Mozilla/5.0 AppleWebKit/537.36 (KHTML, like Gecko; compatible; GPTBot/1.3; +https://openai.com/gptbot)"
74.7.227.40 - - [11/Jan/2026:13:47:33 +0000] "GET /przyjdz-i-zostan-naszym-wolontariuszem.html?fileloc=//usr/include/X11/extensions/multibufconst.h&path=//usr/include/X11/extensions HTTP/2" 200 3569 "-" "Mozilla/5.0 AppleWebKit/537.36 (KHTML, like Gecko; compatible; GPTBot/1.3; +https://openai.com/gptbot)"
74.7.227.191 - - [11/Jan/2026:13:47:33 +0000] "GET /?fileloc=//proc/216068/root/proc/thread-self/root/proc/self/root/proc/sys/net/core/optmem_max&path=//proc/216068/root/proc/thread-self/root/proc/self/root/proc/sys/net/core HTTP/2" 200 2528 "-" "Mozilla/5.0 AppleWebKit/537.36 (KHTML, like Gecko; compatible; GPTBot/1.3; +https://openai.com/gptbot)"
74.7.227.40 - - [11/Jan/2026:13:47:36 +0000] "GET /odwiedziny-wyslannika-swietego-mikolaja.html?fileloc=//proc/self/cwd/wp-includes/js/admin-bar.js&path=//proc/self/cwd/wp-includes/js HTTP/2" 200 5321 "-" "Mozilla/5.0 AppleWebKit/537.36 (KHTML, like Gecko; compatible; GPTBot/1.3; +https://openai.com/gptbot)"
74.7.227.191 - - [11/Jan/2026:13:47:36 +0000] "GET /?fileloc=//proc/216068/root/proc/thread-self/root/proc/self/root/proc/sys/net/core/busy_read&path=//proc/216068/root/proc/thread-self/root/proc/self/root/proc/sys/net/core HTTP/2" 200 2521 "-" "Mozilla/5.0 AppleWebKit/537.36 (KHTML, like Gecko; compatible; GPTBot/1.3; +https://openai.com/gptbot)"
74.7.227.40 - - [11/Jan/2026:13:47:39 +0000] "GET /assets/plugin/Magnific-Popup-master/dist/jquery.magnific-popup.min.js?path=//proc/504211/root/opt/alt/ruby26/lib64/ruby/2.6.0/bundler/compact_index_client HTTP/2" 200 2911 "-" "Mozilla/5.0 AppleWebKit/537.36 (KHTML, like Gecko; compatible; GPTBot/1.3; +https://openai.com/gptbot)"
74.7.227.191 - - [11/Jan/2026:13:47:40 +0000] "GET /?fileloc=//proc/216068/root/proc/thread-self/root/proc/self/root/proc/sys/net/core/bpf_jit_harden&path=//proc/216068/root/proc/thread-self/root/proc/self/root/proc/sys/net/core HTTP/2" 200 2525 "-" "Mozilla/5.0 AppleWebKit/537.36 (KHTML, like Gecko; compatible; GPTBot/1.3; +https://openai.com/gptbot)"
74.7.227.40 - - [11/Jan/2026:13:47:42 +0000] "GET /contents/block/13000/kaiinn2.png?path=/home/purebdli/zarmanhomio.purebdlife.com/wp-content/plugins/elementor/assets/lib/font-awesome/json HTTP/2" 200 2995 "-" "Mozilla/5.0 AppleWebKit/537.36 (KHTML, like Gecko; compatible; GPTBot/1.3; +https://openai.com/gptbot)"
74.7.227.191 - - [11/Jan/2026:13:47:43 +0000] "GET /?fileloc=//proc/216068/root/proc/self/root/proc/thread-self/root/proc/sys/net/core/fb_tunnels_only_for_init_net&path=//proc/216068/root/proc/self/root/proc/thread-self/root/proc/sys/net/core HTTP/2" 200 2534 "-" "Mozilla/5.0 AppleWebKit/537.36 (KHTML, like Gecko; compatible; GPTBot/1.3; +https://openai.com/gptbot)"
74.7.227.40 - - [11/Jan/2026:13:47:45 +0000] "GET /ph/en/catalog/static/UniqloProLight.woff2?fileloc=//lib64/perl5/vendor_perl/Encode/MIME/Header/ISO_2022_JP.pm&path=//lib64/perl5/vendor_perl/Encode/MIME/Header HTTP/2" 200 3797 "-" "Mozilla/5.0 AppleWebKit/537.36 (KHTML, like Gecko; compatible; GPTBot/1.3; +https://openai.com/gptbot)"
74.7.227.191 - - [11/Jan/2026:13:47:46 +0000] "GET /?fileloc=//proc/216068/root/proc/self/root/proc/thread-self/root/proc/sys/net/core/xfrm_aevent_rseqth&path=//proc/216068/root/proc/self/root/proc/thread-self/root/proc/sys/net/core HTTP/2" 200 2527 "-" "Mozilla/5.0 AppleWebKit/537.36 (KHTML, like Gecko; compatible; GPTBot/1.3; +https://openai.com/gptbot)"
74.7.227.40 - - [11/Jan/2026:13:47:48 +0000] "GET /assets/plugin/jquery.lazyload/jquery.lazyload.min.js?fileloc=//lib/python3.6/site-packages/firewall/fw_types.py&path=//lib/python3.6/site-packages/firewall HTTP/2" 200 3380 "-" "Mozilla/5.0 AppleWebKit/537.36 (KHTML, like Gecko; compatible; GPTBot/1.3; +https://openai.com/gptbot)"
74.7.227.191 - - [11/Jan/2026:13:47:49 +0000] "GET /?fileloc=//proc/216068/root/proc/thread-self/root/proc/self/root/proc/sys/net/core/netdev_budget&path=//proc/216068/root/proc/thread-self/root/proc/self/root/proc/sys/net/core HTTP/2" 200 2528 "-" "Mozilla/5.0 AppleWebKit/537.36 (KHTML, like Gecko; compatible; GPTBot/1.3; +https://openai.com/gptbot)"
74.7.227.40 - - [11/Jan/2026:13:47:52 +0000] "GET /assets/plugin/jquery.lazyload/jquery.lazyload.min.js?fileloc=//lib/python3.6/site-packages/firewall/client.py&path=//lib/python3.6/site-packages/firewall HTTP/2" 200 17159 "-" "Mozilla/5.0 AppleWebKit/537.36 (KHTML, like Gecko; compatible; GPTBot/1.3; +https://openai.com/gptbot)"
74.7.227.191 - - [11/Jan/2026:13:47:52 +0000] "GET /?fileloc=//proc/216068/root/proc/thread-self/root/proc/self/root/proc/sys/net/core/xfrm_acq_expires&path=//proc/216068/root/proc/thread-self/root/proc/self/root/proc/sys/net/core HTTP/2" 200 2527 "-" "Mozilla/5.0 AppleWebKit/537.36 (KHTML, like Gecko; compatible; GPTBot/1.3; +https://openai.com/gptbot)"
74.7.227.40 - - [11/Jan/2026:13:47:55 +0000] "GET /assets/plugin/jquery.lazyload/jquery.lazyload.min.js?fileloc=//lib/python3.6/site-packages/firewall/command.py&path=//lib/python3.6/site-packages/firewall HTTP/2" 200 7590 "-" "Mozilla/5.0 AppleWebKit/537.36 (KHTML, like Gecko; compatible; GPTBot/1.3; +https://openai.com/gptbot)"
74.7.227.191 - - [11/Jan/2026:13:47:55 +0000] "GET /?fileloc=//proc/216068/root/proc/self/root/proc/thread-self/root/proc/sys/net/core/wmem_default&path=//proc/216068/root/proc/self/root/proc/thread-self/root/proc/sys/net/core HTTP/2" 200 2523 "-" "Mozilla/5.0 AppleWebKit/537.36 (KHTML, like Gecko; compatible; GPTBot/1.3; +https://openai.com/gptbot)"
