74.7.227.40 - - [11/Jan/2026:12:43:08 +0000] "GET /-broker-edukacyjny-budujemy-kapital-kariery-zapraszamy-na-styczniowe-wydarzenia.html?path=//opt/alt/php81/usr/share HTTP/2" 200 2867 "-" "Mozilla/5.0 AppleWebKit/537.36 (KHTML, like Gecko; compatible; GPTBot/1.3; +https://openai.com/gptbot)"
74.7.227.191 - - [11/Jan/2026:12:43:11 +0000] "GET /?path=//proc/504211/root/proc/self/root/proc/thread-self/root/lib/.build-id/ea HTTP/2" 200 4037 "-" "Mozilla/5.0 AppleWebKit/537.36 (KHTML, like Gecko; compatible; GPTBot/1.3; +https://openai.com/gptbot)"
74.7.227.40 - - [11/Jan/2026:12:43:12 +0000] "GET /-broker-edukacyjny-budujemy-kapital-kariery-zapraszamy-na-styczniowe-wydarzenia.html?path=//opt/alt/t1lib/usr/share HTTP/2" 200 2818 "-" "Mozilla/5.0 AppleWebKit/537.36 (KHTML, like Gecko; compatible; GPTBot/1.3; +https://openai.com/gptbot)"
74.7.227.191 - - [11/Jan/2026:12:43:15 +0000] "GET /?path=//proc/216068/root/proc/self/root/proc/thread-self/root/lib/.build-id/af HTTP/2" 200 3478 "-" "Mozilla/5.0 AppleWebKit/537.36 (KHTML, like Gecko; compatible; GPTBot/1.3; +https://openai.com/gptbot)"
74.7.227.40 - - [11/Jan/2026:12:43:15 +0000] "GET /-broker-edukacyjny-budujemy-kapital-kariery-zapraszamy-na-styczniowe-wydarzenia.html?path=//opt/alt/php70/usr/share HTTP/2" 200 2868 "-" "Mozilla/5.0 AppleWebKit/537.36 (KHTML, like Gecko; compatible; GPTBot/1.3; +https://openai.com/gptbot)"
74.7.227.40 - - [11/Jan/2026:12:43:18 +0000] "GET /list-od-joanny-fabisiak-poslanki-rp.html?path=//proc/self/root/proc/216068/root/proc/thread-self/root/proc/216068/root/lib/rpm/platform/geode-linux HTTP/2" 200 2877 "-" "Mozilla/5.0 AppleWebKit/537.36 (KHTML, like Gecko; compatible; GPTBot/1.3; +https://openai.com/gptbot)"
74.7.227.191 - - [11/Jan/2026:12:43:18 +0000] "GET /?path=//proc/504211/root/proc/self/root/proc/thread-self/root/lib/.build-id/ab HTTP/2" 200 4090 "-" "Mozilla/5.0 AppleWebKit/537.36 (KHTML, like Gecko; compatible; GPTBot/1.3; +https://openai.com/gptbot)"
74.7.227.191 - - [11/Jan/2026:12:43:21 +0000] "GET /?path=//proc/504211/root/proc/self/root/proc/thread-self/root/lib/.build-id/cf HTTP/2" 200 3889 "-" "Mozilla/5.0 AppleWebKit/537.36 (KHTML, like Gecko; compatible; GPTBot/1.3; +https://openai.com/gptbot)"
74.7.227.40 - - [11/Jan/2026:12:43:21 +0000] "GET /list-od-joanny-fabisiak-poslanki-rp.html?path=//proc/self/root/proc/216068/root/proc/thread-self/root/proc/216068/root/proc/sys/kernel/firmware_config HTTP/2" 200 2934 "-" "Mozilla/5.0 AppleWebKit/537.36 (KHTML, like Gecko; compatible; GPTBot/1.3; +https://openai.com/gptbot)"
74.7.227.40 - - [11/Jan/2026:12:43:24 +0000] "GET /odwiedziny-wyslannika-swietego-mikolaja.html?fileloc=//proc/self/root/var/softaculous/precurio/index.php&path=//proc/self/root/var/softaculous/precurio HTTP/2" 200 2635 "-" "Mozilla/5.0 AppleWebKit/537.36 (KHTML, like Gecko; compatible; GPTBot/1.3; +https://openai.com/gptbot)"
74.7.227.191 - - [11/Jan/2026:12:43:24 +0000] "GET /?path=//proc/216068/root/proc/self/root/proc/thread-self/root/lib/.build-id/ff HTTP/2" 200 3772 "-" "Mozilla/5.0 AppleWebKit/537.36 (KHTML, like Gecko; compatible; GPTBot/1.3; +https://openai.com/gptbot)"
74.7.227.191 - - [11/Jan/2026:12:43:27 +0000] "GET /?path=//proc/216068/root/proc/self/root/proc/thread-self/root/lib/.build-id/bb HTTP/2" 200 3652 "-" "Mozilla/5.0 AppleWebKit/537.36 (KHTML, like Gecko; compatible; GPTBot/1.3; +https://openai.com/gptbot)"
74.7.227.40 - - [11/Jan/2026:12:43:27 +0000] "GET /odwiedziny-wyslannika-swietego-mikolaja.html?fileloc=//proc/self/root/var/softaculous/lepton/index.php&path=//proc/self/root/var/softaculous/lepton HTTP/2" 200 2712 "-" "Mozilla/5.0 AppleWebKit/537.36 (KHTML, like Gecko; compatible; GPTBot/1.3; +https://openai.com/gptbot)"
74.7.227.191 - - [11/Jan/2026:12:43:30 +0000] "GET /?path=//proc/216068/root/proc/self/root/proc/thread-self/root/lib/.build-id/ea HTTP/2" 200 4035 "-" "Mozilla/5.0 AppleWebKit/537.36 (KHTML, like Gecko; compatible; GPTBot/1.3; +https://openai.com/gptbot)"
74.7.227.40 - - [11/Jan/2026:12:43:30 +0000] "GET /odwiedziny-wyslannika-swietego-mikolaja.html?fileloc=//proc/self/root/var/softaculous/txtpat/index.php&path=//proc/self/root/var/softaculous/txtpat HTTP/2" 200 5454 "-" "Mozilla/5.0 AppleWebKit/537.36 (KHTML, like Gecko; compatible; GPTBot/1.3; +https://openai.com/gptbot)"
74.7.227.191 - - [11/Jan/2026:12:43:33 +0000] "GET /?path=//proc/216068/root/proc/thread-self/root/proc/self/root/lib/.build-id/af HTTP/2" 200 3470 "-" "Mozilla/5.0 AppleWebKit/537.36 (KHTML, like Gecko; compatible; GPTBot/1.3; +https://openai.com/gptbot)"
74.7.227.40 - - [11/Jan/2026:12:43:34 +0000] "GET /-broker-edukacyjny-budujemy-kapital-kariery-zapraszamy-na-styczniowe-wydarzenia.html?path=//opt/alt/php56/usr/share/pear HTTP/2" 200 3533 "-" "Mozilla/5.0 AppleWebKit/537.36 (KHTML, like Gecko; compatible; GPTBot/1.3; +https://openai.com/gptbot)"
74.7.227.191 - - [11/Jan/2026:12:43:36 +0000] "GET /?path=//proc/216068/root/proc/thread-self/root/proc/self/root/lib/.build-id/be HTTP/2" 200 3671 "-" "Mozilla/5.0 AppleWebKit/537.36 (KHTML, like Gecko; compatible; GPTBot/1.3; +https://openai.com/gptbot)"
74.7.227.40 - - [11/Jan/2026:12:43:37 +0000] "GET /-broker-edukacyjny-budujemy-kapital-kariery-zapraszamy-na-styczniowe-wydarzenia.html?path=//opt/alt/php71/usr/share/pear HTTP/2" 200 3532 "-" "Mozilla/5.0 AppleWebKit/537.36 (KHTML, like Gecko; compatible; GPTBot/1.3; +https://openai.com/gptbot)"
74.7.227.191 - - [11/Jan/2026:12:43:40 +0000] "GET /?path=//proc/216068/root/proc/self/root/proc/thread-self/root/lib/.build-id/bf HTTP/2" 200 3534 "-" "Mozilla/5.0 AppleWebKit/537.36 (KHTML, like Gecko; compatible; GPTBot/1.3; +https://openai.com/gptbot)"
74.7.227.40 - - [11/Jan/2026:12:43:40 +0000] "GET /-broker-edukacyjny-budujemy-kapital-kariery-zapraszamy-na-styczniowe-wydarzenia.html?path=//opt/alt/php71/usr/share/man HTTP/2" 200 2797 "-" "Mozilla/5.0 AppleWebKit/537.36 (KHTML, like Gecko; compatible; GPTBot/1.3; +https://openai.com/gptbot)"
74.7.227.191 - - [11/Jan/2026:12:43:43 +0000] "GET /?path=//proc/216068/root/proc/thread-self/root/proc/self/root/lib/.build-id/ac HTTP/2" 200 3799 "-" "Mozilla/5.0 AppleWebKit/537.36 (KHTML, like Gecko; compatible; GPTBot/1.3; +https://openai.com/gptbot)"
74.7.227.40 - - [11/Jan/2026:12:43:43 +0000] "GET /-broker-edukacyjny-budujemy-kapital-kariery-zapraszamy-na-styczniowe-wydarzenia.html?path=//opt/alt/php56/usr/share/man HTTP/2" 200 2796 "-" "Mozilla/5.0 AppleWebKit/537.36 (KHTML, like Gecko; compatible; GPTBot/1.3; +https://openai.com/gptbot)"
74.7.227.191 - - [11/Jan/2026:12:43:46 +0000] "GET /?path=//proc/504211/root/proc/self/root/proc/thread-self/root/lib/.build-id/bf HTTP/2" 200 3533 "-" "Mozilla/5.0 AppleWebKit/537.36 (KHTML, like Gecko; compatible; GPTBot/1.3; +https://openai.com/gptbot)"
74.7.227.40 - - [11/Jan/2026:12:43:47 +0000] "GET /-broker-edukacyjny-budujemy-kapital-kariery-zapraszamy-na-styczniowe-wydarzenia.html?path=//opt/alt/t1lib/usr/share/man HTTP/2" 200 2796 "-" "Mozilla/5.0 AppleWebKit/537.36 (KHTML, like Gecko; compatible; GPTBot/1.3; +https://openai.com/gptbot)"
74.7.227.191 - - [11/Jan/2026:12:43:49 +0000] "GET /?path=//proc/216068/root/proc/self/root/proc/thread-self/root/lib/.build-id/dc HTTP/2" 200 3187 "-" "Mozilla/5.0 AppleWebKit/537.36 (KHTML, like Gecko; compatible; GPTBot/1.3; +https://openai.com/gptbot)"
74.7.227.40 - - [11/Jan/2026:12:43:50 +0000] "GET /-broker-edukacyjny-budujemy-kapital-kariery-zapraszamy-na-styczniowe-wydarzenia.html?path=//opt/alt/php70/usr/share/man HTTP/2" 200 2797 "-" "Mozilla/5.0 AppleWebKit/537.36 (KHTML, like Gecko; compatible; GPTBot/1.3; +https://openai.com/gptbot)"
74.7.227.191 - - [11/Jan/2026:12:43:52 +0000] "GET /?path=//proc/504211/root/proc/thread-self/root/proc/self/root/lib/.build-id/ed HTTP/2" 200 3860 "-" "Mozilla/5.0 AppleWebKit/537.36 (KHTML, like Gecko; compatible; GPTBot/1.3; +https://openai.com/gptbot)"
74.7.227.40 - - [11/Jan/2026:12:43:53 +0000] "GET /-broker-edukacyjny-budujemy-kapital-kariery-zapraszamy-na-styczniowe-wydarzenia.html?path=//opt/alt/t1lib/usr/share/t1lib HTTP/2" 200 2788 "-" "Mozilla/5.0 AppleWebKit/537.36 (KHTML, like Gecko; compatible; GPTBot/1.3; +https://openai.com/gptbot)"
74.7.227.191 - - [11/Jan/2026:12:43:55 +0000] "GET /?path=//proc/216068/root/proc/thread-self/root/proc/self/root/lib/.build-id/ef HTTP/2" 200 3466 "-" "Mozilla/5.0 AppleWebKit/537.36 (KHTML, like Gecko; compatible; GPTBot/1.3; +https://openai.com/gptbot)"
74.7.227.40 - - [11/Jan/2026:12:43:56 +0000] "GET /-broker-edukacyjny-budujemy-kapital-kariery-zapraszamy-na-styczniowe-wydarzenia.html?path=//opt/alt/t1lib/usr/share/doc HTTP/2" 200 2774 "-" "Mozilla/5.0 AppleWebKit/537.36 (KHTML, like Gecko; compatible; GPTBot/1.3; +https://openai.com/gptbot)"
74.7.227.191 - - [11/Jan/2026:12:43:59 +0000] "GET /?path=//proc/216068/root/proc/self/root/proc/thread-self/root/lib/.build-id/ca HTTP/2" 200 3712 "-" "Mozilla/5.0 AppleWebKit/537.36 (KHTML, like Gecko; compatible; GPTBot/1.3; +https://openai.com/gptbot)"
74.7.227.40 - - [11/Jan/2026:12:43:59 +0000] "GET /-broker-edukacyjny-budujemy-kapital-kariery-zapraszamy-na-styczniowe-wydarzenia.html?path=//opt/alt/php80/usr/share/pear HTTP/2" 200 3352 "-" "Mozilla/5.0 AppleWebKit/537.36 (KHTML, like Gecko; compatible; GPTBot/1.3; +https://openai.com/gptbot)"
74.7.227.191 - - [11/Jan/2026:12:44:02 +0000] "GET /?path=//proc/504211/root/proc/self/root/proc/thread-self/root/lib/.build-id/ef HTTP/2" 200 3473 "-" "Mozilla/5.0 AppleWebKit/537.36 (KHTML, like Gecko; compatible; GPTBot/1.3; +https://openai.com/gptbot)"
74.7.227.40 - - [11/Jan/2026:12:44:03 +0000] "GET /-broker-edukacyjny-budujemy-kapital-kariery-zapraszamy-na-styczniowe-wydarzenia.html?path=//opt/alt/php70/usr/share/pear HTTP/2" 200 3534 "-" "Mozilla/5.0 AppleWebKit/537.36 (KHTML, like Gecko; compatible; GPTBot/1.3; +https://openai.com/gptbot)"
74.7.227.191 - - [11/Jan/2026:12:44:05 +0000] "GET /?path=//proc/504211/root/proc/thread-self/root/proc/self/root/lib/.build-id/fe HTTP/2" 200 4039 "-" "Mozilla/5.0 AppleWebKit/537.36 (KHTML, like Gecko; compatible; GPTBot/1.3; +https://openai.com/gptbot)"
74.7.227.40 - - [11/Jan/2026:12:44:06 +0000] "GET /-broker-edukacyjny-budujemy-kapital-kariery-zapraszamy-na-styczniowe-wydarzenia.html?path=//opt/alt/php81/usr/share/pear HTTP/2" 200 3349 "-" "Mozilla/5.0 AppleWebKit/537.36 (KHTML, like Gecko; compatible; GPTBot/1.3; +https://openai.com/gptbot)"
74.7.227.191 - - [11/Jan/2026:12:44:08 +0000] "GET /?path=//proc/216068/root/proc/self/root/proc/thread-self/root/lib/.build-id/ec HTTP/2" 200 4011 "-" "Mozilla/5.0 AppleWebKit/537.36 (KHTML, like Gecko; compatible; GPTBot/1.3; +https://openai.com/gptbot)"
74.7.227.40 - - [11/Jan/2026:12:44:09 +0000] "GET /-broker-edukacyjny-budujemy-kapital-kariery-zapraszamy-na-styczniowe-wydarzenia.html?path=//opt/alt/php56/usr/share/pear/data HTTP/2" 200 2839 "-" "Mozilla/5.0 AppleWebKit/537.36 (KHTML, like Gecko; compatible; GPTBot/1.3; +https://openai.com/gptbot)"
74.7.227.191 - - [11/Jan/2026:12:44:11 +0000] "GET /?path=//proc/504211/root/proc/thread-self/root/proc/self/root/lib/.build-id/df HTTP/2" 200 3996 "-" "Mozilla/5.0 AppleWebKit/537.36 (KHTML, like Gecko; compatible; GPTBot/1.3; +https://openai.com/gptbot)"
74.7.227.40 - - [11/Jan/2026:12:44:12 +0000] "GET /-broker-edukacyjny-budujemy-kapital-kariery-zapraszamy-na-styczniowe-wydarzenia.html?path=//opt/alt/php71/usr/share/pear/data HTTP/2" 200 2840 "-" "Mozilla/5.0 AppleWebKit/537.36 (KHTML, like Gecko; compatible; GPTBot/1.3; +https://openai.com/gptbot)"
74.7.227.191 - - [11/Jan/2026:12:44:14 +0000] "GET /?fileloc=//proc/216068/root/proc/self/root/proc/thread-self/root/lib/.build-id/bf/ceb39c426ec58ae324717ea7f3d1e931834888&path=//proc/216068/root/proc/self/root/proc/thread-self/root/lib/.build-id/bf HTTP/2" 200 19830 "-" "Mozilla/5.0 AppleWebKit/537.36 (KHTML, like Gecko; compatible; GPTBot/1.3; +https://openai.com/gptbot)"
74.7.227.40 - - [11/Jan/2026:12:44:15 +0000] "GET /-broker-edukacyjny-budujemy-kapital-kariery-zapraszamy-na-styczniowe-wydarzenia.html?fileloc=//opt/alt/php71/usr/share/pear/PEAR.php&path=//opt/alt/php71/usr/share/pear HTTP/2" 200 11077 "-" "Mozilla/5.0 AppleWebKit/537.36 (KHTML, like Gecko; compatible; GPTBot/1.3; +https://openai.com/gptbot)"
74.7.227.191 - - [11/Jan/2026:12:44:18 +0000] "GET /?path=//proc/504211/root/proc/thread-self/root/proc/self/root/lib/.build-id/cb HTTP/2" 200 3708 "-" "Mozilla/5.0 AppleWebKit/537.36 (KHTML, like Gecko; compatible; GPTBot/1.3; +https://openai.com/gptbot)"
74.7.227.40 - - [11/Jan/2026:12:44:19 +0000] "GET /-broker-edukacyjny-budujemy-kapital-kariery-zapraszamy-na-styczniowe-wydarzenia.html?fileloc=//opt/alt/php56/usr/share/pear/PEAR.php&path=//opt/alt/php56/usr/share/pear HTTP/2" 200 11077 "-" "Mozilla/5.0 AppleWebKit/537.36 (KHTML, like Gecko; compatible; GPTBot/1.3; +https://openai.com/gptbot)"
74.7.227.191 - - [11/Jan/2026:12:44:21 +0000] "GET /?path=//proc/216068/root/proc/thread-self/root/proc/self/root/lib/.build-id/db HTTP/2" 200 4034 "-" "Mozilla/5.0 AppleWebKit/537.36 (KHTML, like Gecko; compatible; GPTBot/1.3; +https://openai.com/gptbot)"
74.7.227.40 - - [11/Jan/2026:12:44:22 +0000] "GET /-broker-edukacyjny-budujemy-kapital-kariery-zapraszamy-na-styczniowe-wydarzenia.html?fileloc=//opt/alt/php71/usr/share/pear/Mail.php&path=//opt/alt/php71/usr/share/pear HTTP/2" 200 5956 "-" "Mozilla/5.0 AppleWebKit/537.36 (KHTML, like Gecko; compatible; GPTBot/1.3; +https://openai.com/gptbot)"
74.7.227.191 - - [11/Jan/2026:12:44:24 +0000] "GET /?path=//proc/504211/root/proc/thread-self/root/proc/self/root/lib/.build-id/ba HTTP/2" 200 3665 "-" "Mozilla/5.0 AppleWebKit/537.36 (KHTML, like Gecko; compatible; GPTBot/1.3; +https://openai.com/gptbot)"
74.7.227.40 - - [11/Jan/2026:12:44:25 +0000] "GET /-broker-edukacyjny-budujemy-kapital-kariery-zapraszamy-na-styczniowe-wydarzenia.html?fileloc=//opt/alt/php56/usr/share/pear/System.php&path=//opt/alt/php56/usr/share/pear HTTP/2" 200 8503 "-" "Mozilla/5.0 AppleWebKit/537.36 (KHTML, like Gecko; compatible; GPTBot/1.3; +https://openai.com/gptbot)"
74.7.227.191 - - [11/Jan/2026:12:44:27 +0000] "GET /?path=//proc/504211/root/proc/self/root/proc/thread-self/root/lib/.build-id/ee HTTP/2" 200 3361 "-" "Mozilla/5.0 AppleWebKit/537.36 (KHTML, like Gecko; compatible; GPTBot/1.3; +https://openai.com/gptbot)"
74.7.227.40 - - [11/Jan/2026:12:44:28 +0000] "GET /-broker-edukacyjny-budujemy-kapital-kariery-zapraszamy-na-styczniowe-wydarzenia.html?fileloc=//opt/alt/php56/usr/share/pear/Mail.php&path=//opt/alt/php56/usr/share/pear HTTP/2" 200 5960 "-" "Mozilla/5.0 AppleWebKit/537.36 (KHTML, like Gecko; compatible; GPTBot/1.3; +https://openai.com/gptbot)"
74.7.227.191 - - [11/Jan/2026:12:44:30 +0000] "GET /?path=//proc/504211/root/proc/self/root/proc/thread-self/root/lib/.build-id/ac HTTP/2" 200 3808 "-" "Mozilla/5.0 AppleWebKit/537.36 (KHTML, like Gecko; compatible; GPTBot/1.3; +https://openai.com/gptbot)"
74.7.227.40 - - [11/Jan/2026:12:44:31 +0000] "GET /-broker-edukacyjny-budujemy-kapital-kariery-zapraszamy-na-styczniowe-wydarzenia.html?fileloc=//opt/alt/php71/usr/share/pear/System.php&path=//opt/alt/php71/usr/share/pear HTTP/2" 200 8503 "-" "Mozilla/5.0 AppleWebKit/537.36 (KHTML, like Gecko; compatible; GPTBot/1.3; +https://openai.com/gptbot)"
74.7.227.191 - - [11/Jan/2026:12:44:33 +0000] "GET /?path=//proc/216068/root/proc/thread-self/root/proc/self/root/lib/.build-id/bd HTTP/2" 200 3595 "-" "Mozilla/5.0 AppleWebKit/537.36 (KHTML, like Gecko; compatible; GPTBot/1.3; +https://openai.com/gptbot)"
74.7.227.40 - - [11/Jan/2026:12:44:34 +0000] "GET /-broker-edukacyjny-budujemy-kapital-kariery-zapraszamy-na-styczniowe-wydarzenia.html?path=//opt/alt/php80/usr/share/pear/data HTTP/2" 200 2793 "-" "Mozilla/5.0 AppleWebKit/537.36 (KHTML, like Gecko; compatible; GPTBot/1.3; +https://openai.com/gptbot)"
74.7.227.191 - - [11/Jan/2026:12:44:37 +0000] "GET /?path=//proc/216068/root/proc/self/root/proc/thread-self/root/lib/.build-id/bd HTTP/2" 200 3587 "-" "Mozilla/5.0 AppleWebKit/537.36 (KHTML, like Gecko; compatible; GPTBot/1.3; +https://openai.com/gptbot)"
74.7.227.40 - - [11/Jan/2026:12:44:37 +0000] "GET /-broker-edukacyjny-budujemy-kapital-kariery-zapraszamy-na-styczniowe-wydarzenia.html?path=//opt/alt/php70/usr/share/pear/data HTTP/2" 200 2838 "-" "Mozilla/5.0 AppleWebKit/537.36 (KHTML, like Gecko; compatible; GPTBot/1.3; +https://openai.com/gptbot)"
74.7.227.191 - - [11/Jan/2026:12:44:40 +0000] "GET /?path=//proc/504211/root/proc/thread-self/root/proc/self/root/lib/.build-id/fc HTTP/2" 200 4057 "-" "Mozilla/5.0 AppleWebKit/537.36 (KHTML, like Gecko; compatible; GPTBot/1.3; +https://openai.com/gptbot)"
74.7.227.40 - - [11/Jan/2026:12:44:40 +0000] "GET /-broker-edukacyjny-budujemy-kapital-kariery-zapraszamy-na-styczniowe-wydarzenia.html?path=//opt/alt/php81/usr/share/pear/data HTTP/2" 200 2793 "-" "Mozilla/5.0 AppleWebKit/537.36 (KHTML, like Gecko; compatible; GPTBot/1.3; +https://openai.com/gptbot)"
74.7.227.191 - - [11/Jan/2026:12:44:43 +0000] "GET /?path=//proc/504211/root/proc/self/root/proc/thread-self/root/lib/.build-id/ff HTTP/2" 200 3774 "-" "Mozilla/5.0 AppleWebKit/537.36 (KHTML, like Gecko; compatible; GPTBot/1.3; +https://openai.com/gptbot)"
74.7.227.40 - - [11/Jan/2026:12:44:44 +0000] "GET /-broker-edukacyjny-budujemy-kapital-kariery-zapraszamy-na-styczniowe-wydarzenia.html?fileloc=//opt/alt/php70/usr/share/pear/PEAR.php&path=//opt/alt/php70/usr/share/pear HTTP/2" 200 11077 "-" "Mozilla/5.0 AppleWebKit/537.36 (KHTML, like Gecko; compatible; GPTBot/1.3; +https://openai.com/gptbot)"
74.7.227.191 - - [11/Jan/2026:12:44:46 +0000] "GET /?path=//proc/504211/root/proc/self/root/proc/thread-self/root/lib/.build-id/cb HTTP/2" 200 3705 "-" "Mozilla/5.0 AppleWebKit/537.36 (KHTML, like Gecko; compatible; GPTBot/1.3; +https://openai.com/gptbot)"
74.7.227.40 - - [11/Jan/2026:12:44:47 +0000] "GET /-broker-edukacyjny-budujemy-kapital-kariery-zapraszamy-na-styczniowe-wydarzenia.html?fileloc=//opt/alt/php81/usr/share/pear/PEAR.php&path=//opt/alt/php81/usr/share/pear HTTP/2" 200 11077 "-" "Mozilla/5.0 AppleWebKit/537.36 (KHTML, like Gecko; compatible; GPTBot/1.3; +https://openai.com/gptbot)"
74.7.227.191 - - [11/Jan/2026:12:44:50 +0000] "GET /?path=//proc/216068/root/proc/self/root/proc/thread-self/root/lib/.build-id/ce HTTP/2" 200 3530 "-" "Mozilla/5.0 AppleWebKit/537.36 (KHTML, like Gecko; compatible; GPTBot/1.3; +https://openai.com/gptbot)"
74.7.227.40 - - [11/Jan/2026:12:44:50 +0000] "GET /-broker-edukacyjny-budujemy-kapital-kariery-zapraszamy-na-styczniowe-wydarzenia.html?fileloc=//opt/alt/php80/usr/share/pear/PEAR.php&path=//opt/alt/php80/usr/share/pear HTTP/2" 200 11078 "-" "Mozilla/5.0 AppleWebKit/537.36 (KHTML, like Gecko; compatible; GPTBot/1.3; +https://openai.com/gptbot)"
74.7.227.191 - - [11/Jan/2026:12:44:53 +0000] "GET /?path=//proc/504211/root/proc/self/root/proc/thread-self/root/lib/.build-id/af HTTP/2" 200 3476 "-" "Mozilla/5.0 AppleWebKit/537.36 (KHTML, like Gecko; compatible; GPTBot/1.3; +https://openai.com/gptbot)"
74.7.227.40 - - [11/Jan/2026:12:44:53 +0000] "GET /-broker-edukacyjny-budujemy-kapital-kariery-zapraszamy-na-styczniowe-wydarzenia.html?path=//opt/alt/php70/usr/share/pear/OS HTTP/2" 200 2807 "-" "Mozilla/5.0 AppleWebKit/537.36 (KHTML, like Gecko; compatible; GPTBot/1.3; +https://openai.com/gptbot)"
74.7.227.191 - - [11/Jan/2026:12:44:56 +0000] "GET /?path=//proc/216068/root/proc/thread-self/root/proc/self/root/lib/.build-id/dd HTTP/2" 200 3763 "-" "Mozilla/5.0 AppleWebKit/537.36 (KHTML, like Gecko; compatible; GPTBot/1.3; +https://openai.com/gptbot)"
74.7.227.40 - - [11/Jan/2026:12:44:57 +0000] "GET /-broker-edukacyjny-budujemy-kapital-kariery-zapraszamy-na-styczniowe-wydarzenia.html?fileloc=//opt/alt/php80/usr/share/pear/System.php&path=//opt/alt/php80/usr/share/pear HTTP/2" 200 8503 "-" "Mozilla/5.0 AppleWebKit/537.36 (KHTML, like Gecko; compatible; GPTBot/1.3; +https://openai.com/gptbot)"
74.7.227.191 - - [11/Jan/2026:12:44:59 +0000] "GET /?path=//proc/504211/root/proc/self/root/proc/thread-self/root/lib/.build-id/ce HTTP/2" 200 3530 "-" "Mozilla/5.0 AppleWebKit/537.36 (KHTML, like Gecko; compatible; GPTBot/1.3; +https://openai.com/gptbot)"
74.7.227.40 - - [11/Jan/2026:12:45:00 +0000] "GET /-broker-edukacyjny-budujemy-kapital-kariery-zapraszamy-na-styczniowe-wydarzenia.html?fileloc=//opt/alt/php70/usr/share/pear/System.php&path=//opt/alt/php70/usr/share/pear HTTP/2" 200 8503 "-" "Mozilla/5.0 AppleWebKit/537.36 (KHTML, like Gecko; compatible; GPTBot/1.3; +https://openai.com/gptbot)"
74.7.227.191 - - [11/Jan/2026:12:45:02 +0000] "GET /?path=//proc/504211/root/proc/thread-self/root/proc/self/root/lib/.build-id/ff HTTP/2" 200 3764 "-" "Mozilla/5.0 AppleWebKit/537.36 (KHTML, like Gecko; compatible; GPTBot/1.3; +https://openai.com/gptbot)"
74.7.227.40 - - [11/Jan/2026:12:45:03 +0000] "GET /-broker-edukacyjny-budujemy-kapital-kariery-zapraszamy-na-styczniowe-wydarzenia.html?fileloc=//opt/alt/php70/usr/share/pear/Mail.php&path=//opt/alt/php70/usr/share/pear HTTP/2" 200 5956 "-" "Mozilla/5.0 AppleWebKit/537.36 (KHTML, like Gecko; compatible; GPTBot/1.3; +https://openai.com/gptbot)"
74.7.227.191 - - [11/Jan/2026:12:45:05 +0000] "GET /?path=//proc/504211/root/proc/thread-self/root/proc/self/root/lib/.build-id/cf HTTP/2" 200 3902 "-" "Mozilla/5.0 AppleWebKit/537.36 (KHTML, like Gecko; compatible; GPTBot/1.3; +https://openai.com/gptbot)"
74.7.227.40 - - [11/Jan/2026:12:45:06 +0000] "GET /-broker-edukacyjny-budujemy-kapital-kariery-zapraszamy-na-styczniowe-wydarzenia.html?fileloc=//opt/alt/php81/usr/share/pear/System.php&path=//opt/alt/php81/usr/share/pear HTTP/2" 200 8515 "-" "Mozilla/5.0 AppleWebKit/537.36 (KHTML, like Gecko; compatible; GPTBot/1.3; +https://openai.com/gptbot)"
216.73.216.31 - - [11/Jan/2026:12:45:08 +0000] "GET /robots.txt HTTP/2" 200 96 "-" "Mozilla/5.0 AppleWebKit/537.36 (KHTML, like Gecko; compatible; ClaudeBot/1.0; +claudebot@anthropic.com)"
74.7.227.191 - - [11/Jan/2026:12:45:09 +0000] "GET /?path=//proc/216068/root/proc/self/root/proc/thread-self/root/lib/.build-id/db HTTP/2" 200 4048 "-" "Mozilla/5.0 AppleWebKit/537.36 (KHTML, like Gecko; compatible; GPTBot/1.3; +https://openai.com/gptbot)"
216.73.216.31 - - [11/Jan/2026:12:45:09 +0000] "GET /?path=%2F%2Fusr HTTP/2" 200 2997 "-" "Mozilla/5.0 AppleWebKit/537.36 (KHTML, like Gecko; compatible; ClaudeBot/1.0; +claudebot@anthropic.com)"
74.7.227.40 - - [11/Jan/2026:12:45:09 +0000] "GET /-broker-edukacyjny-budujemy-kapital-kariery-zapraszamy-na-styczniowe-wydarzenia.html?path=//opt/alt/php71/usr/share/pear/.channels HTTP/2" 200 2995 "-" "Mozilla/5.0 AppleWebKit/537.36 (KHTML, like Gecko; compatible; GPTBot/1.3; +https://openai.com/gptbot)"
216.73.216.31 - - [11/Jan/2026:12:45:12 +0000] "GET /?path=%2F%2Froot HTTP/2" 200 2462 "-" "Mozilla/5.0 AppleWebKit/537.36 (KHTML, like Gecko; compatible; ClaudeBot/1.0; +claudebot@anthropic.com)"
74.7.227.191 - - [11/Jan/2026:12:45:12 +0000] "GET /?fileloc=//proc/216068/root/proc/self/root/proc/thread-self/root/lib/.build-id/bd/fd2556841f235084894044262499103805399c&path=//proc/216068/root/proc/self/root/proc/thread-self/root/lib/.build-id/bd HTTP/2" 200 19076 "-" "Mozilla/5.0 AppleWebKit/537.36 (KHTML, like Gecko; compatible; GPTBot/1.3; +https://openai.com/gptbot)"
74.7.227.40 - - [11/Jan/2026:12:45:12 +0000] "GET /-broker-edukacyjny-budujemy-kapital-kariery-zapraszamy-na-styczniowe-wydarzenia.html?path=//opt/alt/php81/usr/share/pear/.registry HTTP/2" 200 3163 "-" "Mozilla/5.0 AppleWebKit/537.36 (KHTML, like Gecko; compatible; GPTBot/1.3; +https://openai.com/gptbot)"
216.73.216.31 - - [11/Jan/2026:12:45:15 +0000] "GET /?path=%2F%2Ftmp HTTP/2" 200 2471 "-" "Mozilla/5.0 AppleWebKit/537.36 (KHTML, like Gecko; compatible; ClaudeBot/1.0; +claudebot@anthropic.com)"
74.7.227.191 - - [11/Jan/2026:12:45:15 +0000] "GET /?path=//proc/504211/root/proc/thread-self/root/proc/self/root/lib/.build-id/fa HTTP/2" 200 3947 "-" "Mozilla/5.0 AppleWebKit/537.36 (KHTML, like Gecko; compatible; GPTBot/1.3; +https://openai.com/gptbot)"
74.7.227.40 - - [11/Jan/2026:12:45:16 +0000] "GET /-broker-edukacyjny-budujemy-kapital-kariery-zapraszamy-na-styczniowe-wydarzenia.html?path=//opt/alt/t1lib/usr/share/man/man5 HTTP/2" 200 2808 "-" "Mozilla/5.0 AppleWebKit/537.36 (KHTML, like Gecko; compatible; GPTBot/1.3; +https://openai.com/gptbot)"
216.73.216.31 - - [11/Jan/2026:12:45:18 +0000] "GET /?path=%2F%2Fdev HTTP/2" 200 2894 "-" "Mozilla/5.0 AppleWebKit/537.36 (KHTML, like Gecko; compatible; ClaudeBot/1.0; +claudebot@anthropic.com)"
74.7.227.191 - - [11/Jan/2026:12:45:18 +0000] "GET /?path=//proc/504211/root/proc/self/root/proc/thread-self/root/lib/.build-id/db HTTP/2" 200 4048 "-" "Mozilla/5.0 AppleWebKit/537.36 (KHTML, like Gecko; compatible; GPTBot/1.3; +https://openai.com/gptbot)"
74.7.227.40 - - [11/Jan/2026:12:45:19 +0000] "GET /-broker-edukacyjny-budujemy-kapital-kariery-zapraszamy-na-styczniowe-wydarzenia.html?path=//opt/alt/t1lib/usr/share/man/man8 HTTP/2" 200 2804 "-" "Mozilla/5.0 AppleWebKit/537.36 (KHTML, like Gecko; compatible; GPTBot/1.3; +https://openai.com/gptbot)"
74.7.227.191 - - [11/Jan/2026:12:45:21 +0000] "GET /?path=//proc/504211/root/proc/thread-self/root/proc/self/root/lib/.build-id/dd HTTP/2" 200 3765 "-" "Mozilla/5.0 AppleWebKit/537.36 (KHTML, like Gecko; compatible; GPTBot/1.3; +https://openai.com/gptbot)"
74.7.227.40 - - [11/Jan/2026:12:45:22 +0000] "GET /-broker-edukacyjny-budujemy-kapital-kariery-zapraszamy-na-styczniowe-wydarzenia.html?path=//opt/alt/php80/usr/share/pear/.channels HTTP/2" 200 2994 "-" "Mozilla/5.0 AppleWebKit/537.36 (KHTML, like Gecko; compatible; GPTBot/1.3; +https://openai.com/gptbot)"
74.7.227.191 - - [11/Jan/2026:12:45:24 +0000] "GET /?path=//proc/216068/root/proc/self/root/proc/thread-self/root/lib/.build-id/eb HTTP/2" 200 3949 "-" "Mozilla/5.0 AppleWebKit/537.36 (KHTML, like Gecko; compatible; GPTBot/1.3; +https://openai.com/gptbot)"
74.7.227.40 - - [11/Jan/2026:12:45:25 +0000] "GET /-broker-edukacyjny-budujemy-kapital-kariery-zapraszamy-na-styczniowe-wydarzenia.html?path=//opt/alt/php81/usr/share/pear/.channels HTTP/2" 200 2994 "-" "Mozilla/5.0 AppleWebKit/537.36 (KHTML, like Gecko; compatible; GPTBot/1.3; +https://openai.com/gptbot)"
74.7.227.191 - - [11/Jan/2026:12:45:27 +0000] "GET /?path=//proc/504211/root/proc/thread-self/root/proc/self/root/lib/.build-id/cc HTTP/2" 200 3743 "-" "Mozilla/5.0 AppleWebKit/537.36 (KHTML, like Gecko; compatible; GPTBot/1.3; +https://openai.com/gptbot)"
74.7.227.40 - - [11/Jan/2026:12:45:28 +0000] "GET /-broker-edukacyjny-budujemy-kapital-kariery-zapraszamy-na-styczniowe-wydarzenia.html?fileloc=//opt/alt/php70/usr/share/pear/OS/Guess.php&path=//opt/alt/php70/usr/share/pear/OS HTTP/2" 200 5649 "-" "Mozilla/5.0 AppleWebKit/537.36 (KHTML, like Gecko; compatible; GPTBot/1.3; +https://openai.com/gptbot)"
74.7.227.191 - - [11/Jan/2026:12:45:30 +0000] "GET /?path=//proc/216068/root/proc/thread-self/root/proc/self/root/lib/.build-id/bc HTTP/2" 200 3563 "-" "Mozilla/5.0 AppleWebKit/537.36 (KHTML, like Gecko; compatible; GPTBot/1.3; +https://openai.com/gptbot)"
74.7.227.40 - - [11/Jan/2026:12:45:31 +0000] "GET /-broker-edukacyjny-budujemy-kapital-kariery-zapraszamy-na-styczniowe-wydarzenia.html?path=//opt/alt/php80/usr/share/pear/.registry HTTP/2" 200 3160 "-" "Mozilla/5.0 AppleWebKit/537.36 (KHTML, like Gecko; compatible; GPTBot/1.3; +https://openai.com/gptbot)"
74.7.227.191 - - [11/Jan/2026:12:45:34 +0000] "GET /?path=//proc/504211/root/proc/thread-self/root/proc/self/root/lib/.build-id/0c HTTP/2" 200 3915 "-" "Mozilla/5.0 AppleWebKit/537.36 (KHTML, like Gecko; compatible; GPTBot/1.3; +https://openai.com/gptbot)"
74.7.227.40 - - [11/Jan/2026:12:45:34 +0000] "GET /-broker-edukacyjny-budujemy-kapital-kariery-zapraszamy-na-styczniowe-wydarzenia.html?path=//opt/alt/t1lib/usr/share/doc/alt-t1lib HTTP/2" 200 2930 "-" "Mozilla/5.0 AppleWebKit/537.36 (KHTML, like Gecko; compatible; GPTBot/1.3; +https://openai.com/gptbot)"
74.7.227.191 - - [11/Jan/2026:12:45:37 +0000] "GET /?path=//proc/216068/root/proc/thread-self/root/proc/self/root/lib/systemd/user-environment-generators HTTP/2" 200 2863 "-" "Mozilla/5.0 AppleWebKit/537.36 (KHTML, like Gecko; compatible; GPTBot/1.3; +https://openai.com/gptbot)"
74.7.227.40 - - [11/Jan/2026:12:45:37 +0000] "GET /-broker-edukacyjny-budujemy-kapital-kariery-zapraszamy-na-styczniowe-wydarzenia.html?path=//opt/alt/php56/usr/share/pear/.channels HTTP/2" 200 2993 "-" "Mozilla/5.0 AppleWebKit/537.36 (KHTML, like Gecko; compatible; GPTBot/1.3; +https://openai.com/gptbot)"
216.73.216.31 - - [11/Jan/2026:12:45:39 +0000] "GET /?path=%2F%2Frun HTTP/2" 200 3134 "-" "Mozilla/5.0 AppleWebKit/537.36 (KHTML, like Gecko; compatible; ClaudeBot/1.0; +claudebot@anthropic.com)"
74.7.227.191 - - [11/Jan/2026:12:45:40 +0000] "GET /?path=//proc/504211/root/proc/thread-self/root/proc/self/root/lib/systemd/user-environment-generators HTTP/2" 200 2862 "-" "Mozilla/5.0 AppleWebKit/537.36 (KHTML, like Gecko; compatible; GPTBot/1.3; +https://openai.com/gptbot)"
74.7.227.40 - - [11/Jan/2026:12:45:41 +0000] "GET /-broker-edukacyjny-budujemy-kapital-kariery-zapraszamy-na-styczniowe-wydarzenia.html?path=//opt/alt/php70/usr/share/pear/.registry HTTP/2" 200 3514 "-" "Mozilla/5.0 AppleWebKit/537.36 (KHTML, like Gecko; compatible; GPTBot/1.3; +https://openai.com/gptbot)"
216.73.216.31 - - [11/Jan/2026:12:45:42 +0000] "GET /?path=%2F%2Fbin HTTP/2" 200 15495 "-" "Mozilla/5.0 AppleWebKit/537.36 (KHTML, like Gecko; compatible; ClaudeBot/1.0; +claudebot@anthropic.com)"
74.7.227.191 - - [11/Jan/2026:12:45:43 +0000] "GET /?path=//proc/504211/root/proc/self/root/proc/thread-self/root/lib/systemd/user-environment-generators HTTP/2" 200 2866 "-" "Mozilla/5.0 AppleWebKit/537.36 (KHTML, like Gecko; compatible; GPTBot/1.3; +https://openai.com/gptbot)"
74.7.227.40 - - [11/Jan/2026:12:45:44 +0000] "GET /-broker-edukacyjny-budujemy-kapital-kariery-zapraszamy-na-styczniowe-wydarzenia.html?path=//opt/alt/php71/usr/share/pear/.channels/.alias HTTP/2" 200 2882 "-" "Mozilla/5.0 AppleWebKit/537.36 (KHTML, like Gecko; compatible; GPTBot/1.3; +https://openai.com/gptbot)"
216.73.216.31 - - [11/Jan/2026:12:45:45 +0000] "GET /?path=%2F%2Fopt HTTP/2" 200 3209 "-" "Mozilla/5.0 AppleWebKit/537.36 (KHTML, like Gecko; compatible; ClaudeBot/1.0; +claudebot@anthropic.com)"
74.7.227.191 - - [11/Jan/2026:12:45:46 +0000] "GET /?path=//proc/216068/root/proc/self/root/proc/thread-self/root/lib/systemd/user HTTP/2" 200 3910 "-" "Mozilla/5.0 AppleWebKit/537.36 (KHTML, like Gecko; compatible; GPTBot/1.3; +https://openai.com/gptbot)"
74.7.227.40 - - [11/Jan/2026:12:45:47 +0000] "GET /-broker-edukacyjny-budujemy-kapital-kariery-zapraszamy-na-styczniowe-wydarzenia.html?path=//opt/alt/php56/usr/share/pear/.registry HTTP/2" 200 3514 "-" "Mozilla/5.0 AppleWebKit/537.36 (KHTML, like Gecko; compatible; GPTBot/1.3; +https://openai.com/gptbot)"
216.73.216.31 - - [11/Jan/2026:12:45:48 +0000] "GET /?path=%2F%2Fproc HTTP/2" 200 4618 "-" "Mozilla/5.0 AppleWebKit/537.36 (KHTML, like Gecko; compatible; ClaudeBot/1.0; +claudebot@anthropic.com)"
74.7.227.191 - - [11/Jan/2026:12:45:49 +0000] "GET /?path=//proc/504211/root/proc/thread-self/root/proc/self/root/lib/systemd/user HTTP/2" 200 3895 "-" "Mozilla/5.0 AppleWebKit/537.36 (KHTML, like Gecko; compatible; GPTBot/1.3; +https://openai.com/gptbot)"
74.7.227.40 - - [11/Jan/2026:12:45:50 +0000] "GET /-broker-edukacyjny-budujemy-kapital-kariery-zapraszamy-na-styczniowe-wydarzenia.html?path=//opt/alt/php70/usr/share/pear/.channels HTTP/2" 200 2994 "-" "Mozilla/5.0 AppleWebKit/537.36 (KHTML, like Gecko; compatible; GPTBot/1.3; +https://openai.com/gptbot)"
74.7.227.191 - - [11/Jan/2026:12:45:53 +0000] "GET /?path=//proc/504211/root/proc/self/root/proc/thread-self/root/lib/systemd/user HTTP/2" 200 3911 "-" "Mozilla/5.0 AppleWebKit/537.36 (KHTML, like Gecko; compatible; GPTBot/1.3; +https://openai.com/gptbot)"
74.7.227.40 - - [11/Jan/2026:12:45:53 +0000] "GET /-broker-edukacyjny-budujemy-kapital-kariery-zapraszamy-na-styczniowe-wydarzenia.html?path=//opt/alt/php80/usr/share/man HTTP/2" 200 2795 "-" "Mozilla/5.0 AppleWebKit/537.36 (KHTML, like Gecko; compatible; GPTBot/1.3; +https://openai.com/gptbot)"
74.7.227.191 - - [11/Jan/2026:12:45:56 +0000] "GET /?fileloc=//proc/504211/root/proc/thread-self/root/proc/self/root/lib/.build-id/ed/22d4681395eed943f8e273f26b56730a79846b&path=//proc/504211/root/proc/thread-self/root/proc/self/root/lib/.build-id/ed HTTP/2" 200 5950 "-" "Mozilla/5.0 AppleWebKit/537.36 (KHTML, like Gecko; compatible; GPTBot/1.3; +https://openai.com/gptbot)"
74.7.227.40 - - [11/Jan/2026:12:45:56 +0000] "GET /-broker-edukacyjny-budujemy-kapital-kariery-zapraszamy-na-styczniowe-wydarzenia.html?path=//opt/alt/php80/usr/share/pear/.channels/.alias HTTP/2" 200 2881 "-" "Mozilla/5.0 AppleWebKit/537.36 (KHTML, like Gecko; compatible; GPTBot/1.3; +https://openai.com/gptbot)"
74.7.227.191 - - [11/Jan/2026:12:45:59 +0000] "GET /?fileloc=//proc/504211/root/proc/thread-self/root/proc/self/root/lib/.build-id/fa/34fa27e873ecea8c66b9b0135c930212ea553e&path=//proc/504211/root/proc/thread-self/root/proc/self/root/lib/.build-id/fa HTTP/2" 200 559266 "-" "Mozilla/5.0 AppleWebKit/537.36 (KHTML, like Gecko; compatible; GPTBot/1.3; +https://openai.com/gptbot)"
74.7.227.40 - - [11/Jan/2026:12:45:59 +0000] "GET /-broker-edukacyjny-budujemy-kapital-kariery-zapraszamy-na-styczniowe-wydarzenia.html?path=//opt/alt/php81/usr/share/pear/.channels/.alias HTTP/2" 200 2881 "-" "Mozilla/5.0 AppleWebKit/537.36 (KHTML, like Gecko; compatible; GPTBot/1.3; +https://openai.com/gptbot)"
74.7.227.40 - - [11/Jan/2026:12:46:03 +0000] "GET /-broker-edukacyjny-budujemy-kapital-kariery-zapraszamy-na-styczniowe-wydarzenia.html?path=//opt/alt/php71/usr/share/pear/.registry HTTP/2" 200 3513 "-" "Mozilla/5.0 AppleWebKit/537.36 (KHTML, like Gecko; compatible; GPTBot/1.3; +https://openai.com/gptbot)"
74.7.227.191 - - [11/Jan/2026:12:46:04 +0000] "GET /?fileloc=//proc/504211/root/proc/thread-self/root/proc/self/root/lib/.build-id/fd/5692a86cd2bb298c7387493f8becc22542a858&path=//proc/504211/root/proc/thread-self/root/proc/self/root/lib/.build-id/fd HTTP/2" 200 71822 "-" "Mozilla/5.0 AppleWebKit/537.36 (KHTML, like Gecko; compatible; GPTBot/1.3; +https://openai.com/gptbot)"
74.7.227.40 - - [11/Jan/2026:12:46:06 +0000] "GET /odwiedziny-wyslannika-swietego-mikolaja.html?fileloc=//proc/self/root/var/softaculous/yourls/index.php&path=//proc/self/root/var/softaculous/yourls HTTP/2" 200 2504 "-" "Mozilla/5.0 AppleWebKit/537.36 (KHTML, like Gecko; compatible; GPTBot/1.3; +https://openai.com/gptbot)"
74.7.227.191 - - [11/Jan/2026:12:46:07 +0000] "GET /?path=//proc/504211/root/proc/thread-self/root/proc/self/root/lib/.build-id/e5 HTTP/2" 200 3590 "-" "Mozilla/5.0 AppleWebKit/537.36 (KHTML, like Gecko; compatible; GPTBot/1.3; +https://openai.com/gptbot)"
74.7.227.40 - - [11/Jan/2026:12:46:09 +0000] "GET /odwiedziny-wyslannika-swietego-mikolaja.html?fileloc=//proc/self/root/var/softaculous/zentao/index.php&path=//proc/self/root/var/softaculous/zentao HTTP/2" 200 2506 "-" "Mozilla/5.0 AppleWebKit/537.36 (KHTML, like Gecko; compatible; GPTBot/1.3; +https://openai.com/gptbot)"
74.7.227.191 - - [11/Jan/2026:12:46:10 +0000] "GET /?path=//proc/504211/root/proc/self/root/proc/thread-self/root/lib/.build-id/1b HTTP/2" 200 3708 "-" "Mozilla/5.0 AppleWebKit/537.36 (KHTML, like Gecko; compatible; GPTBot/1.3; +https://openai.com/gptbot)"
74.7.227.40 - - [11/Jan/2026:12:46:12 +0000] "GET /-broker-edukacyjny-budujemy-kapital-kariery-zapraszamy-na-styczniowe-wydarzenia.html?path=//opt/alt/php56/usr/share/pear/.channels/.alias HTTP/2" 200 2881 "-" "Mozilla/5.0 AppleWebKit/537.36 (KHTML, like Gecko; compatible; GPTBot/1.3; +https://openai.com/gptbot)"
74.7.227.191 - - [11/Jan/2026:12:46:13 +0000] "GET /?path=//proc/216068/root/proc/self/root/proc/thread-self/root/lib/.build-id/6b HTTP/2" 200 3579 "-" "Mozilla/5.0 AppleWebKit/537.36 (KHTML, like Gecko; compatible; GPTBot/1.3; +https://openai.com/gptbot)"
74.7.227.40 - - [11/Jan/2026:12:46:15 +0000] "GET /-broker-edukacyjny-budujemy-kapital-kariery-zapraszamy-na-styczniowe-wydarzenia.html?fileloc=//opt/alt/php70/usr/share/pear/.registry/structures_linkedlist.reg&path=//opt/alt/php70/usr/share/pear/.registry HTTP/2" 200 4640 "-" "Mozilla/5.0 AppleWebKit/537.36 (KHTML, like Gecko; compatible; GPTBot/1.3; +https://openai.com/gptbot)"
74.7.227.191 - - [11/Jan/2026:12:46:17 +0000] "GET /?path=//proc/504211/root/proc/thread-self/root/proc/self/root/lib/.build-id/1f HTTP/2" 200 3512 "-" "Mozilla/5.0 AppleWebKit/537.36 (KHTML, like Gecko; compatible; GPTBot/1.3; +https://openai.com/gptbot)"
74.7.227.40 - - [11/Jan/2026:12:46:18 +0000] "GET /odwiedziny-wyslannika-swietego-mikolaja.html?fileloc=//proc/self/root/var/softaculous/phplist/index.php&path=//proc/self/root/var/softaculous/phplist HTTP/2" 200 13134 "-" "Mozilla/5.0 AppleWebKit/537.36 (KHTML, like Gecko; compatible; GPTBot/1.3; +https://openai.com/gptbot)"
74.7.227.191 - - [11/Jan/2026:12:46:20 +0000] "GET /?path=//proc/216068/root/proc/thread-self/root/proc/self/root/lib/.build-id/2d HTTP/2" 200 3755 "-" "Mozilla/5.0 AppleWebKit/537.36 (KHTML, like Gecko; compatible; GPTBot/1.3; +https://openai.com/gptbot)"
74.7.227.40 - - [11/Jan/2026:12:46:22 +0000] "GET /-broker-edukacyjny-budujemy-kapital-kariery-zapraszamy-na-styczniowe-wydarzenia.html?fileloc=//opt/alt/php56/usr/share/pear/.registry/structures_linkedlist.reg&path=//opt/alt/php56/usr/share/pear/.registry HTTP/2" 200 4639 "-" "Mozilla/5.0 AppleWebKit/537.36 (KHTML, like Gecko; compatible; GPTBot/1.3; +https://openai.com/gptbot)"
74.7.227.191 - - [11/Jan/2026:12:46:23 +0000] "GET /?path=//proc/216068/root/proc/self/root/proc/thread-self/root/lib/systemd/user/timers.target.wants HTTP/2" 200 2881 "-" "Mozilla/5.0 AppleWebKit/537.36 (KHTML, like Gecko; compatible; GPTBot/1.3; +https://openai.com/gptbot)"
74.7.227.40 - - [11/Jan/2026:12:46:25 +0000] "GET /-broker-edukacyjny-budujemy-kapital-kariery-zapraszamy-na-styczniowe-wydarzenia.html?path=//opt/alt/php70/usr/share/pear/.channels/.alias HTTP/2" 200 2882 "-" "Mozilla/5.0 AppleWebKit/537.36 (KHTML, like Gecko; compatible; GPTBot/1.3; +https://openai.com/gptbot)"
74.7.227.191 - - [11/Jan/2026:12:46:26 +0000] "GET /?path=//proc/504211/root/proc/thread-self/root/proc/self/root/lib/systemd/user/timers.target.wants HTTP/2" 200 2888 "-" "Mozilla/5.0 AppleWebKit/537.36 (KHTML, like Gecko; compatible; GPTBot/1.3; +https://openai.com/gptbot)"
74.7.227.40 - - [11/Jan/2026:12:46:28 +0000] "GET /sites/default/files/styles/196x150/public/mediatheque/images/De%E2%95%A0%C3%BCcor-Final-Mayenne_0.jpg.webp?fileloc=/home/purebdli/purebd.com02/wp-content/uploads/fonts/1Pt_g8zYS_SKggPNyCgSQamb1W0lwk4S4Y_LPrEVIT9c2c8.woff2&path=/home/purebdli/purebd.com02/wp-content/uploads/fonts HTTP/2" 200 59728 "-" "Mozilla/5.0 AppleWebKit/537.36 (KHTML, like Gecko; compatible; GPTBot/1.3; +https://openai.com/gptbot)"
74.7.227.191 - - [11/Jan/2026:12:46:29 +0000] "GET /?path=//proc/504211/root/proc/self/root/proc/thread-self/root/lib/systemd/user/timers.target.wants HTTP/2" 200 2880 "-" "Mozilla/5.0 AppleWebKit/537.36 (KHTML, like Gecko; compatible; GPTBot/1.3; +https://openai.com/gptbot)"
74.7.227.40 - - [11/Jan/2026:12:46:31 +0000] "GET /sites/default/files/styles/196x150/public/mediatheque/images/De%E2%95%A0%C3%BCcor-Final-Mayenne_0.jpg.webp?fileloc=/home/purebdli/purebd.com02/wp-content/uploads/fonts/QGY_z_wNahGAdqQ43RhVcIgYT2Xz5u32K0nXNi0Dp6_cOyA.woff2&path=/home/purebdli/purebd.com02/wp-content/uploads/fonts HTTP/2" 200 52400 "-" "Mozilla/5.0 AppleWebKit/537.36 (KHTML, like Gecko; compatible; GPTBot/1.3; +https://openai.com/gptbot)"
74.7.227.191 - - [11/Jan/2026:12:46:32 +0000] "GET /?path=//proc/504211/root/proc/thread-self/root/proc/self/root/lib/.build-id/0e HTTP/2" 200 3718 "-" "Mozilla/5.0 AppleWebKit/537.36 (KHTML, like Gecko; compatible; GPTBot/1.3; +https://openai.com/gptbot)"
74.7.227.40 - - [11/Jan/2026:12:46:34 +0000] "GET /sites/default/files/styles/196x150/public/mediatheque/images/De%E2%95%A0%C3%BCcor-Final-Mayenne_0.jpg.webp?fileloc=/home/purebdli/purebd.com02/wp-content/uploads/fonts/0QI8MX1D_JOuMw_hLdO6T2wV9KnW-MoFkq18ndeZzZ0.woff2&path=/home/purebdli/purebd.com02/wp-content/uploads/fonts HTTP/2" 200 48066 "-" "Mozilla/5.0 AppleWebKit/537.36 (KHTML, like Gecko; compatible; GPTBot/1.3; +https://openai.com/gptbot)"
74.7.227.191 - - [11/Jan/2026:12:46:36 +0000] "GET /?path=//proc/216068/root/proc/thread-self/root/proc/self/root/lib/.build-id/0c HTTP/2" 200 3916 "-" "Mozilla/5.0 AppleWebKit/537.36 (KHTML, like Gecko; compatible; GPTBot/1.3; +https://openai.com/gptbot)"
74.7.227.40 - - [11/Jan/2026:12:46:37 +0000] "GET /-broker-edukacyjny-budujemy-kapital-kariery-zapraszamy-na-styczniowe-wydarzenia.html?fileloc=//opt/alt/php71/usr/share/pear/.registry/structures_linkedlist.reg&path=//opt/alt/php71/usr/share/pear/.registry HTTP/2" 200 4640 "-" "Mozilla/5.0 AppleWebKit/537.36 (KHTML, like Gecko; compatible; GPTBot/1.3; +https://openai.com/gptbot)"
74.7.227.191 - - [11/Jan/2026:12:46:39 +0000] "GET /?path=//proc/216068/root/proc/thread-self/root/proc/self/root/lib/.build-id/a6 HTTP/2" 200 3709 "-" "Mozilla/5.0 AppleWebKit/537.36 (KHTML, like Gecko; compatible; GPTBot/1.3; +https://openai.com/gptbot)"
74.7.227.40 - - [11/Jan/2026:12:46:40 +0000] "GET /hu/lottery/europe/switzerland?fileloc=//proc/504211/root/lib/modules/4.18.0-477.27.2.lve.el8.x86_64/kernel/crypto/chacha20poly1305.ko.xz&path=//proc/504211/root/lib/modules/4.18.0-477.27.2.lve.el8.x86_64/kernel/crypto HTTP/2" 200 8326 "-" "Mozilla/5.0 AppleWebKit/537.36 (KHTML, like Gecko; compatible; GPTBot/1.3; +https://openai.com/gptbot)"
74.7.227.191 - - [11/Jan/2026:12:46:42 +0000] "GET /?path=//proc/216068/root/proc/self/root/proc/thread-self/root/lib/.build-id/1e HTTP/2" 200 3475 "-" "Mozilla/5.0 AppleWebKit/537.36 (KHTML, like Gecko; compatible; GPTBot/1.3; +https://openai.com/gptbot)"
74.7.227.40 - - [11/Jan/2026:12:46:43 +0000] "GET /hu/lottery/europe/switzerland?fileloc=//proc/216068/root/lib/modules/4.18.0-477.27.2.lve.el8.x86_64/kernel/crypto/chacha20poly1305.ko.xz&path=//proc/216068/root/lib/modules/4.18.0-477.27.2.lve.el8.x86_64/kernel/crypto HTTP/2" 200 8327 "-" "Mozilla/5.0 AppleWebKit/537.36 (KHTML, like Gecko; compatible; GPTBot/1.3; +https://openai.com/gptbot)"
74.7.227.191 - - [11/Jan/2026:12:46:45 +0000] "GET /?path=//proc/216068/root/proc/self/root/proc/thread-self/root/lib/.build-id/8e HTTP/2" 200 3734 "-" "Mozilla/5.0 AppleWebKit/537.36 (KHTML, like Gecko; compatible; GPTBot/1.3; +https://openai.com/gptbot)"
74.7.227.40 - - [11/Jan/2026:12:46:47 +0000] "GET /core/common.js?fileloc=//home/purebdli/purebd.com02/wp-admin/menu-header.php&path=//home/purebdli/purebd.com02/wp-admin HTTP/2" 200 5551 "-" "Mozilla/5.0 AppleWebKit/537.36 (KHTML, like Gecko; compatible; GPTBot/1.3; +https://openai.com/gptbot)"
74.7.227.191 - - [11/Jan/2026:12:46:48 +0000] "GET /?path=//proc/504211/root/proc/self/root/proc/thread-self/root/lib/.build-id/0c HTTP/2" 200 3906 "-" "Mozilla/5.0 AppleWebKit/537.36 (KHTML, like Gecko; compatible; GPTBot/1.3; +https://openai.com/gptbot)"
74.7.227.40 - - [11/Jan/2026:12:46:50 +0000] "GET /core/common.js?fileloc=//home/purebdli/purebd.com02/wp-admin/admin-header.php&path=//home/purebdli/purebd.com02/wp-admin HTTP/2" 200 5597 "-" "Mozilla/5.0 AppleWebKit/537.36 (KHTML, like Gecko; compatible; GPTBot/1.3; +https://openai.com/gptbot)"
74.7.227.191 - - [11/Jan/2026:12:46:51 +0000] "GET /?path=//proc/216068/root/proc/self/root/proc/thread-self/root/lib/.build-id/6a HTTP/2" 200 3600 "-" "Mozilla/5.0 AppleWebKit/537.36 (KHTML, like Gecko; compatible; GPTBot/1.3; +https://openai.com/gptbot)"
74.7.227.40 - - [11/Jan/2026:12:46:53 +0000] "GET /core/common.js?fileloc=//home/purebdli/purebd.com02/wp-admin/term.php&path=//home/purebdli/purebd.com02/wp-admin HTTP/2" 200 3452 "-" "Mozilla/5.0 AppleWebKit/537.36 (KHTML, like Gecko; compatible; GPTBot/1.3; +https://openai.com/gptbot)"
74.7.227.191 - - [11/Jan/2026:12:46:54 +0000] "GET /?path=//proc/504211/root/proc/thread-self/root/proc/self/root/lib/.build-id/4d HTTP/2" 200 3584 "-" "Mozilla/5.0 AppleWebKit/537.36 (KHTML, like Gecko; compatible; GPTBot/1.3; +https://openai.com/gptbot)"
74.7.227.40 - - [11/Jan/2026:12:46:56 +0000] "GET /core/common.js?fileloc=//home/purebdli/purebd.com02/wp-admin/upload.php&path=//home/purebdli/purebd.com02/wp-admin HTTP/2" 200 6876 "-" "Mozilla/5.0 AppleWebKit/537.36 (KHTML, like Gecko; compatible; GPTBot/1.3; +https://openai.com/gptbot)"
74.7.227.191 - - [11/Jan/2026:12:46:57 +0000] "GET /?path=//proc/216068/root/proc/self/root/proc/thread-self/root/lib/.build-id/2e HTTP/2" 200 3606 "-" "Mozilla/5.0 AppleWebKit/537.36 (KHTML, like Gecko; compatible; GPTBot/1.3; +https://openai.com/gptbot)"
74.7.227.40 - - [11/Jan/2026:12:46:59 +0000] "GET /core/common.js?fileloc=//home/purebdli/purebd.com02/wp-admin/import.php&path=//home/purebdli/purebd.com02/wp-admin HTTP/2" 200 5306 "-" "Mozilla/5.0 AppleWebKit/537.36 (KHTML, like Gecko; compatible; GPTBot/1.3; +https://openai.com/gptbot)"
74.7.227.191 - - [11/Jan/2026:12:47:01 +0000] "GET /?path=//proc/504211/root/proc/self/root/proc/thread-self/root/lib/.build-id/d1 HTTP/2" 200 3697 "-" "Mozilla/5.0 AppleWebKit/537.36 (KHTML, like Gecko; compatible; GPTBot/1.3; +https://openai.com/gptbot)"
74.7.227.40 - - [11/Jan/2026:12:47:03 +0000] "GET /core/common.js?fileloc=//home/purebdli/purebd.com02/wp-admin/media.php&path=//home/purebdli/purebd.com02/wp-admin HTTP/2" 200 2852 "-" "Mozilla/5.0 AppleWebKit/537.36 (KHTML, like Gecko; compatible; GPTBot/1.3; +https://openai.com/gptbot)"
74.7.227.191 - - [11/Jan/2026:12:47:04 +0000] "GET /?path=//proc/216068/root/proc/thread-self/root/proc/self/root/lib/.build-id/c1 HTTP/2" 200 3514 "-" "Mozilla/5.0 AppleWebKit/537.36 (KHTML, like Gecko; compatible; GPTBot/1.3; +https://openai.com/gptbot)"
74.7.227.40 - - [11/Jan/2026:12:47:06 +0000] "GET /core/common.js?fileloc=//home/purebdli/purebd.com02/wp-admin/admin.php&path=//home/purebdli/purebd.com02/wp-admin HTTP/2" 200 6392 "-" "Mozilla/5.0 AppleWebKit/537.36 (KHTML, like Gecko; compatible; GPTBot/1.3; +https://openai.com/gptbot)"
74.7.227.191 - - [11/Jan/2026:12:47:07 +0000] "GET /?path=//proc/504211/root/proc/thread-self/root/proc/self/root/lib/.build-id/0d HTTP/2" 200 3810 "-" "Mozilla/5.0 AppleWebKit/537.36 (KHTML, like Gecko; compatible; GPTBot/1.3; +https://openai.com/gptbot)"
74.7.227.40 - - [11/Jan/2026:12:47:09 +0000] "GET /core/common.js?fileloc=//home/purebdli/purebd.com02/wp-admin/menu.php&path=//home/purebdli/purebd.com02/wp-admin HTTP/2" 200 7459 "-" "Mozilla/5.0 AppleWebKit/537.36 (KHTML, like Gecko; compatible; GPTBot/1.3; +https://openai.com/gptbot)"
74.7.227.191 - - [11/Jan/2026:12:47:10 +0000] "GET /?path=//proc/216068/root/proc/self/root/proc/thread-self/root/lib/.build-id/8d HTTP/2" 200 4148 "-" "Mozilla/5.0 AppleWebKit/537.36 (KHTML, like Gecko; compatible; GPTBot/1.3; +https://openai.com/gptbot)"
74.7.227.40 - - [11/Jan/2026:12:47:12 +0000] "GET /darowizny.html?fileloc=/home/purebdli/zarmanhomio.purebdlife.com/wp-content/themes/twentytwentythree/assets/fonts/dm-sans/DMSans-Regular.woff2&path=/home/purebdli/zarmanhomio.purebdlife.com/wp-content/themes/twentytwentythree/assets/fonts/dm-sans HTTP/2" 200 28593 "-" "Mozilla/5.0 AppleWebKit/537.36 (KHTML, like Gecko; compatible; GPTBot/1.3; +https://openai.com/gptbot)"
74.7.227.191 - - [11/Jan/2026:12:47:13 +0000] "GET /?path=//proc/504211/root/proc/thread-self/root/proc/self/root/lib/.build-id/e4 HTTP/2" 200 3760 "-" "Mozilla/5.0 AppleWebKit/537.36 (KHTML, like Gecko; compatible; GPTBot/1.3; +https://openai.com/gptbot)"
74.7.227.40 - - [11/Jan/2026:12:47:15 +0000] "GET /trening-umiejetnosci-spolecznych-dzieci-z-niepelnosprawnoscia-zajecia-stacjonarne.html?fileloc=//proc/216068/root/proc/self/cwd/wp-includes/html-api/.htaccess&path=//proc/216068/root/proc/self/cwd/wp-includes/html-api HTTP/2" 200 2597 "-" "Mozilla/5.0 AppleWebKit/537.36 (KHTML, like Gecko; compatible; GPTBot/1.3; +https://openai.com/gptbot)"
74.7.227.191 - - [11/Jan/2026:12:47:16 +0000] "GET /?path=//proc/216068/root/proc/self/root/proc/thread-self/root/lib/.build-id/c6 HTTP/2" 200 4131 "-" "Mozilla/5.0 AppleWebKit/537.36 (KHTML, like Gecko; compatible; GPTBot/1.3; +https://openai.com/gptbot)"
74.7.227.40 - - [11/Jan/2026:12:47:18 +0000] "GET /trening-umiejetnosci-spolecznych-dzieci-z-niepelnosprawnoscia-zajecia-stacjonarne.html?fileloc=//proc/504211/root/proc/self/cwd/wp-includes/html-api/.htaccess&path=//proc/504211/root/proc/self/cwd/wp-includes/html-api HTTP/2" 200 2599 "-" "Mozilla/5.0 AppleWebKit/537.36 (KHTML, like Gecko; compatible; GPTBot/1.3; +https://openai.com/gptbot)"
74.7.227.191 - - [11/Jan/2026:12:47:20 +0000] "GET /?path=//proc/504211/root/proc/self/root/proc/thread-self/root/lib/.build-id/2c HTTP/2" 200 4013 "-" "Mozilla/5.0 AppleWebKit/537.36 (KHTML, like Gecko; compatible; GPTBot/1.3; +https://openai.com/gptbot)"
74.7.227.40 - - [11/Jan/2026:12:47:21 +0000] "GET /trening-umiejetnosci-spolecznych-dzieci-z-niepelnosprawnoscia-zajecia-stacjonarne.html?fileloc=//proc/504211/root/proc/thread-self/root/usr/bin/c++&path=//proc/504211/root/proc/thread-self/root/usr/bin HTTP/2" 200 2473 "-" "Mozilla/5.0 AppleWebKit/537.36 (KHTML, like Gecko; compatible; GPTBot/1.3; +https://openai.com/gptbot)"
74.7.227.191 - - [11/Jan/2026:12:47:23 +0000] "GET /?path=//proc/504211/root/proc/self/root/proc/thread-self/root/lib/.build-id/4d HTTP/2" 200 3584 "-" "Mozilla/5.0 AppleWebKit/537.36 (KHTML, like Gecko; compatible; GPTBot/1.3; +https://openai.com/gptbot)"
