74.7.227.191 - - [11/Jan/2026:14:09:07 +0000] "GET /?fileloc=//proc/216068/root/proc/thread-self/root/proc/self/root/proc/sys/net/netfilter/nf_conntrack_dccp_timeout_timewait&path=//proc/216068/root/proc/thread-self/root/proc/self/root/proc/sys/net/netfilter HTTP/2" 200 2542 "-" "Mozilla/5.0 AppleWebKit/537.36 (KHTML, like Gecko; compatible; GPTBot/1.3; +https://openai.com/gptbot)"
74.7.227.40 - - [11/Jan/2026:14:09:07 +0000] "GET /assets/plugin/Magnific-Popup-master/dist/jquery.magnific-popup.min.js?fileloc=//proc/216068/root/proc/self/root/lib/.build-id/de/3234b0c84d812a85292dc95ad445adc7d8b0b0&path=//proc/216068/root/proc/self/root/lib/.build-id/de HTTP/2" 200 6745 "-" "Mozilla/5.0 AppleWebKit/537.36 (KHTML, like Gecko; compatible; GPTBot/1.3; +https://openai.com/gptbot)"
74.7.227.40 - - [11/Jan/2026:14:09:10 +0000] "GET /assets/plugin/Magnific-Popup-master/dist/jquery.magnific-popup.min.js?fileloc=//proc/504211/root/proc/self/root/lib/.build-id/de/1bd2e90c5f7b3a36599273c83bfbe0233aa2be&path=//proc/504211/root/proc/self/root/lib/.build-id/de HTTP/2" 200 9187 "-" "Mozilla/5.0 AppleWebKit/537.36 (KHTML, like Gecko; compatible; GPTBot/1.3; +https://openai.com/gptbot)"
74.7.227.191 - - [11/Jan/2026:14:09:11 +0000] "GET /?fileloc=//proc/216068/root/proc/thread-self/root/proc/self/root/proc/sys/net/netfilter/nf_flowtable_udp_timeout&path=//proc/216068/root/proc/thread-self/root/proc/self/root/proc/sys/net/netfilter HTTP/2" 200 2536 "-" "Mozilla/5.0 AppleWebKit/537.36 (KHTML, like Gecko; compatible; GPTBot/1.3; +https://openai.com/gptbot)"
74.7.227.40 - - [11/Jan/2026:14:09:13 +0000] "GET /assets/plugin/Magnific-Popup-master/dist/jquery.magnific-popup.min.js?fileloc=//proc/504211/root/proc/self/root/lib/.build-id/de/f4049f4138f389f5079c3d3307bb9dc7a7224b&path=//proc/504211/root/proc/self/root/lib/.build-id/de HTTP/2" 200 13974 "-" "Mozilla/5.0 AppleWebKit/537.36 (KHTML, like Gecko; compatible; GPTBot/1.3; +https://openai.com/gptbot)"
74.7.227.191 - - [11/Jan/2026:14:09:14 +0000] "GET /?fileloc=//proc/216068/root/proc/thread-self/root/proc/self/root/proc/sys/net/netfilter/nf_conntrack_generic_timeout&path=//proc/216068/root/proc/thread-self/root/proc/self/root/proc/sys/net/netfilter HTTP/2" 200 2541 "-" "Mozilla/5.0 AppleWebKit/537.36 (KHTML, like Gecko; compatible; GPTBot/1.3; +https://openai.com/gptbot)"
74.7.227.40 - - [11/Jan/2026:14:09:17 +0000] "GET /assets/plugin/Magnific-Popup-master/dist/jquery.magnific-popup.min.js?fileloc=//proc/216068/root/proc/self/root/lib/.build-id/de/1bd2e90c5f7b3a36599273c83bfbe0233aa2be&path=//proc/216068/root/proc/self/root/lib/.build-id/de HTTP/2" 200 9187 "-" "Mozilla/5.0 AppleWebKit/537.36 (KHTML, like Gecko; compatible; GPTBot/1.3; +https://openai.com/gptbot)"
74.7.227.191 - - [11/Jan/2026:14:09:17 +0000] "GET /?fileloc=//proc/216068/root/proc/thread-self/root/proc/self/root/proc/sys/net/netfilter/nf_conntrack_timestamp&path=//proc/216068/root/proc/thread-self/root/proc/self/root/proc/sys/net/netfilter HTTP/2" 200 2530 "-" "Mozilla/5.0 AppleWebKit/537.36 (KHTML, like Gecko; compatible; GPTBot/1.3; +https://openai.com/gptbot)"
74.7.227.40 - - [11/Jan/2026:14:09:20 +0000] "GET /trening-umiejetnosci-spolecznych-dzieci-z-niepelnosprawnoscia-zajecia-stacjonarne.html?path=//proc/216068/root/proc/self/root/var/run/dbus HTTP/2" 200 2541 "-" "Mozilla/5.0 AppleWebKit/537.36 (KHTML, like Gecko; compatible; GPTBot/1.3; +https://openai.com/gptbot)"
74.7.227.191 - - [11/Jan/2026:14:09:20 +0000] "GET /?fileloc=//proc/216068/root/proc/thread-self/root/proc/self/root/proc/sys/net/netfilter/nf_conntrack_dccp_timeout_closing&path=//proc/216068/root/proc/thread-self/root/proc/self/root/proc/sys/net/netfilter HTTP/2" 200 2543 "-" "Mozilla/5.0 AppleWebKit/537.36 (KHTML, like Gecko; compatible; GPTBot/1.3; +https://openai.com/gptbot)"
74.7.227.40 - - [11/Jan/2026:14:09:23 +0000] "GET /list-od-joanny-fabisiak-poslanki-rp.html?fileloc=//proc/self/root/proc/216068/root/proc/thread-self/root/proc/216068/root/proc/self/root/proc/216068/root/bin/gpg-error&path=//proc/self/root/proc/216068/root/proc/thread-self/root/proc/216068/root/proc/self/root/proc/216068/root/bin HTTP/2" 200 13215 "-" "Mozilla/5.0 AppleWebKit/537.36 (KHTML, like Gecko; compatible; GPTBot/1.3; +https://openai.com/gptbot)"
74.7.227.191 - - [11/Jan/2026:14:09:23 +0000] "GET /?fileloc=//proc/216068/root/proc/thread-self/root/proc/self/root/proc/sys/net/netfilter/nf_conntrack_expect_max&path=//proc/216068/root/proc/thread-self/root/proc/self/root/proc/sys/net/netfilter HTTP/2" 200 2535 "-" "Mozilla/5.0 AppleWebKit/537.36 (KHTML, like Gecko; compatible; GPTBot/1.3; +https://openai.com/gptbot)"
74.7.227.40 - - [11/Jan/2026:14:09:26 +0000] "GET /list-od-joanny-fabisiak-poslanki-rp.html?fileloc=//proc/self/root/proc/216068/root/proc/thread-self/root/proc/216068/root/proc/self/root/proc/216068/root/usr/bin/gpg-error&path=//proc/self/root/proc/216068/root/proc/thread-self/root/proc/216068/root/proc/self/root/proc/216068/root/usr/bin HTTP/2" 200 13243 "-" "Mozilla/5.0 AppleWebKit/537.36 (KHTML, like Gecko; compatible; GPTBot/1.3; +https://openai.com/gptbot)"
74.7.227.191 - - [11/Jan/2026:14:09:26 +0000] "GET /?fileloc=//proc/216068/root/proc/thread-self/root/proc/self/root/proc/sys/net/netfilter/nf_conntrack_tcp_timeout_close&path=//proc/216068/root/proc/thread-self/root/proc/self/root/proc/sys/net/netfilter HTTP/2" 200 2540 "-" "Mozilla/5.0 AppleWebKit/537.36 (KHTML, like Gecko; compatible; GPTBot/1.3; +https://openai.com/gptbot)"
74.7.227.40 - - [11/Jan/2026:14:09:29 +0000] "GET /assets/plugin/Magnific-Popup-master/dist/jquery.magnific-popup.min.js?path=//proc/504211/root/proc/thread-self/root/proc/4135750/root/proc/thread-self HTTP/2" 200 2555 "-" "Mozilla/5.0 AppleWebKit/537.36 (KHTML, like Gecko; compatible; GPTBot/1.3; +https://openai.com/gptbot)"
74.7.227.191 - - [11/Jan/2026:14:09:29 +0000] "GET /?fileloc=//proc/216068/root/proc/thread-self/root/proc/self/root/proc/sys/net/netfilter/nf_conntrack_dccp_timeout_open&path=//proc/216068/root/proc/thread-self/root/proc/self/root/proc/sys/net/netfilter HTTP/2" 200 2545 "-" "Mozilla/5.0 AppleWebKit/537.36 (KHTML, like Gecko; compatible; GPTBot/1.3; +https://openai.com/gptbot)"
74.7.227.40 - - [11/Jan/2026:14:09:32 +0000] "GET /list-od-joanny-fabisiak-poslanki-rp.html?fileloc=//proc/self/root/proc/216068/root/proc/thread-self/root/proc/216068/root/proc/self/root/proc/self/root/bin/GET&path=//proc/self/root/proc/216068/root/proc/thread-self/root/proc/216068/root/proc/self/root/proc/self/root/bin HTTP/2" 200 8317 "-" "Mozilla/5.0 AppleWebKit/537.36 (KHTML, like Gecko; compatible; GPTBot/1.3; +https://openai.com/gptbot)"
74.7.227.191 - - [11/Jan/2026:14:09:33 +0000] "GET /?fileloc=//proc/216068/root/proc/thread-self/root/proc/self/root/proc/sys/net/netfilter/nf_conntrack_sctp_timeout_closed&path=//proc/216068/root/proc/thread-self/root/proc/self/root/proc/sys/net/netfilter HTTP/2" 200 2542 "-" "Mozilla/5.0 AppleWebKit/537.36 (KHTML, like Gecko; compatible; GPTBot/1.3; +https://openai.com/gptbot)"
74.7.227.40 - - [11/Jan/2026:14:09:35 +0000] "GET /list-od-joanny-fabisiak-poslanki-rp.html?fileloc=//proc/self/root/proc/216068/root/proc/thread-self/root/proc/216068/root/proc/self/root/proc/self/root/bin/Mail&path=//proc/self/root/proc/216068/root/proc/thread-self/root/proc/216068/root/proc/self/root/proc/self/root/bin HTTP/2" 200 188005 "-" "Mozilla/5.0 AppleWebKit/537.36 (KHTML, like Gecko; compatible; GPTBot/1.3; +https://openai.com/gptbot)"
74.7.227.191 - - [11/Jan/2026:14:09:36 +0000] "GET /?fileloc=//proc/216068/root/proc/thread-self/root/proc/self/root/proc/sys/net/netfilter/nf_conntrack_icmp_timeout&path=//proc/216068/root/proc/thread-self/root/proc/self/root/proc/sys/net/netfilter HTTP/2" 200 2537 "-" "Mozilla/5.0 AppleWebKit/537.36 (KHTML, like Gecko; compatible; GPTBot/1.3; +https://openai.com/gptbot)"
74.7.227.40 - - [11/Jan/2026:14:09:39 +0000] "GET /contents/block/300966/VersanaBalance2.png?fileloc=/home/purebdli/zarmanhomio.purebdlife.com/wp-admin/images/list-2x.png&path=/home/purebdli/zarmanhomio.purebdlife.com/wp-admin/images HTTP/2" 200 3792 "-" "Mozilla/5.0 AppleWebKit/537.36 (KHTML, like Gecko; compatible; GPTBot/1.3; +https://openai.com/gptbot)"
74.7.227.191 - - [11/Jan/2026:14:09:39 +0000] "GET /?fileloc=//proc/216068/root/proc/thread-self/root/proc/self/root/proc/sys/net/netfilter/nf_flowtable_tcp_timeout&path=//proc/216068/root/proc/thread-self/root/proc/self/root/proc/sys/net/netfilter HTTP/2" 200 2534 "-" "Mozilla/5.0 AppleWebKit/537.36 (KHTML, like Gecko; compatible; GPTBot/1.3; +https://openai.com/gptbot)"
74.7.227.40 - - [11/Jan/2026:14:09:42 +0000] "GET /assets/plugin/Magnific-Popup-master/dist/jquery.magnific-popup.min.js?fileloc=//proc/216068/root/opt/alt/ruby19/lib64/ruby/1.9.1/sync.rb&path=//proc/216068/root/opt/alt/ruby19/lib64/ruby/1.9.1 HTTP/2" 200 4523 "-" "Mozilla/5.0 AppleWebKit/537.36 (KHTML, like Gecko; compatible; GPTBot/1.3; +https://openai.com/gptbot)"
74.7.227.191 - - [11/Jan/2026:14:09:42 +0000] "GET /?fileloc=//proc/216068/root/proc/thread-self/root/proc/self/root/proc/sys/net/netfilter/nf_conntrack_sctp_timeout_shutdown_sent&path=//proc/216068/root/proc/thread-self/root/proc/self/root/proc/sys/net/netfilter HTTP/2" 200 2548 "-" "Mozilla/5.0 AppleWebKit/537.36 (KHTML, like Gecko; compatible; GPTBot/1.3; +https://openai.com/gptbot)"
74.7.227.40 - - [11/Jan/2026:14:09:45 +0000] "GET /assets/plugin/Magnific-Popup-master/dist/jquery.magnific-popup.min.js?fileloc=//proc/504211/root/opt/alt/ruby26/lib64/ruby/2.6.0/tracer.rb&path=//proc/504211/root/opt/alt/ruby26/lib64/ruby/2.6.0 HTTP/2" 200 4856 "-" "Mozilla/5.0 AppleWebKit/537.36 (KHTML, like Gecko; compatible; GPTBot/1.3; +https://openai.com/gptbot)"
74.7.227.191 - - [11/Jan/2026:14:09:45 +0000] "GET /?fileloc=//proc/216068/root/proc/thread-self/root/proc/self/root/proc/sys/net/netfilter/nf_conntrack_tcp_timeout_last_ack&path=//proc/216068/root/proc/thread-self/root/proc/self/root/proc/sys/net/netfilter HTTP/2" 200 2545 "-" "Mozilla/5.0 AppleWebKit/537.36 (KHTML, like Gecko; compatible; GPTBot/1.3; +https://openai.com/gptbot)"
74.7.227.40 - - [11/Jan/2026:14:09:48 +0000] "GET /assets/plugin/Magnific-Popup-master/dist/jquery.magnific-popup.min.js?fileloc=//proc/504211/root/opt/alt/ruby20/lib64/ruby/2.0.0/pp.rb&path=//proc/504211/root/opt/alt/ruby20/lib64/ruby/2.0.0 HTTP/2" 200 6593 "-" "Mozilla/5.0 AppleWebKit/537.36 (KHTML, like Gecko; compatible; GPTBot/1.3; +https://openai.com/gptbot)"
74.7.227.191 - - [11/Jan/2026:14:09:48 +0000] "GET /?fileloc=//proc/216068/root/proc/thread-self/root/proc/self/root/proc/sys/net/netfilter/nf_conntrack_sctp_timeout_cookie_echoed&path=//proc/216068/root/proc/thread-self/root/proc/self/root/proc/sys/net/netfilter HTTP/2" 200 2546 "-" "Mozilla/5.0 AppleWebKit/537.36 (KHTML, like Gecko; compatible; GPTBot/1.3; +https://openai.com/gptbot)"
74.7.227.40 - - [11/Jan/2026:14:09:51 +0000] "GET /-broker-edukacyjny-budujemy-kapital-kariery-zapraszamy-na-styczniowe-wydarzenia.html?fileloc=//usr/include/pr29.h&path=//usr/include HTTP/2" 200 3387 "-" "Mozilla/5.0 AppleWebKit/537.36 (KHTML, like Gecko; compatible; GPTBot/1.3; +https://openai.com/gptbot)"
74.7.227.191 - - [11/Jan/2026:14:09:51 +0000] "GET /?fileloc=//proc/216068/root/proc/thread-self/root/proc/self/root/proc/sys/net/netfilter/nf_conntrack_sctp_timeout_cookie_wait&path=//proc/216068/root/proc/thread-self/root/proc/self/root/proc/sys/net/netfilter HTTP/2" 200 2545 "-" "Mozilla/5.0 AppleWebKit/537.36 (KHTML, like Gecko; compatible; GPTBot/1.3; +https://openai.com/gptbot)"
74.7.227.40 - - [11/Jan/2026:14:09:54 +0000] "GET /zapytanie-ofertowe-2-pokl-be-2014-na-uslugi-metodologa.html?fileloc=//usr/lib64/python2.7/idlelib/configHelpSourceEdit.py&path=//usr/lib64/python2.7/idlelib HTTP/2" 200 4537 "-" "Mozilla/5.0 AppleWebKit/537.36 (KHTML, like Gecko; compatible; GPTBot/1.3; +https://openai.com/gptbot)"
74.7.227.191 - - [11/Jan/2026:14:09:54 +0000] "GET /?fileloc=//proc/216068/root/proc/thread-self/root/proc/self/root/proc/sys/net/netfilter/nf_conntrack_tcp_be_liberal&path=//proc/216068/root/proc/thread-self/root/proc/self/root/proc/sys/net/netfilter HTTP/2" 200 2537 "-" "Mozilla/5.0 AppleWebKit/537.36 (KHTML, like Gecko; compatible; GPTBot/1.3; +https://openai.com/gptbot)"
74.7.227.40 - - [11/Jan/2026:14:09:57 +0000] "GET /zapytanie-ofertowe-2-pokl-be-2014-na-uslugi-metodologa.html?fileloc=//usr/lib64/python2.7/idlelib/configHelpSourceEdit.pyc&path=//usr/lib64/python2.7/idlelib HTTP/2" 200 5386 "-" "Mozilla/5.0 AppleWebKit/537.36 (KHTML, like Gecko; compatible; GPTBot/1.3; +https://openai.com/gptbot)"
74.7.227.191 - - [11/Jan/2026:14:09:58 +0000] "GET /?fileloc=//proc/216068/root/proc/thread-self/root/proc/self/root/proc/sys/net/netfilter/nf_conntrack_udp_timeout&path=//proc/216068/root/proc/thread-self/root/proc/self/root/proc/sys/net/netfilter HTTP/2" 200 2535 "-" "Mozilla/5.0 AppleWebKit/537.36 (KHTML, like Gecko; compatible; GPTBot/1.3; +https://openai.com/gptbot)"
74.7.227.40 - - [11/Jan/2026:14:10:01 +0000] "GET /zapytanie-ofertowe-2-pokl-be-2014-na-uslugi-metodologa.html?fileloc=//usr/lib64/python2.7/idlelib/SearchDialogBase.pyo&path=//usr/lib64/python2.7/idlelib HTTP/2" 200 6039 "-" "Mozilla/5.0 AppleWebKit/537.36 (KHTML, like Gecko; compatible; GPTBot/1.3; +https://openai.com/gptbot)"
74.7.227.191 - - [11/Jan/2026:14:10:01 +0000] "GET /?fileloc=//proc/216068/root/proc/thread-self/root/proc/self/root/proc/sys/net/netfilter/nf_conntrack_tcp_timeout_syn_sent&path=//proc/216068/root/proc/thread-self/root/proc/self/root/proc/sys/net/netfilter HTTP/2" 200 2546 "-" "Mozilla/5.0 AppleWebKit/537.36 (KHTML, like Gecko; compatible; GPTBot/1.3; +https://openai.com/gptbot)"
74.7.227.191 - - [11/Jan/2026:14:10:04 +0000] "GET /?fileloc=//proc/216068/root/proc/thread-self/root/proc/self/root/proc/sys/net/netfilter/nf_conntrack_sctp_timeout_heartbeat_sent&path=//proc/216068/root/proc/thread-self/root/proc/self/root/proc/sys/net/netfilter HTTP/2" 200 2551 "-" "Mozilla/5.0 AppleWebKit/537.36 (KHTML, like Gecko; compatible; GPTBot/1.3; +https://openai.com/gptbot)"
74.7.227.40 - - [11/Jan/2026:14:10:04 +0000] "GET /assets/plugin/Magnific-Popup-master/dist/jquery.magnific-popup.min.js?fileloc=//proc/216068/root/proc/thread-self/cwd/wp-content/plugins/wp-file-manager/inc/system_properties.php&path=//proc/216068/root/proc/thread-self/cwd/wp-content/plugins/wp-file-manager/inc HTTP/2" 200 3135 "-" "Mozilla/5.0 AppleWebKit/537.36 (KHTML, like Gecko; compatible; GPTBot/1.3; +https://openai.com/gptbot)"
74.7.227.40 - - [11/Jan/2026:14:10:07 +0000] "GET /zapytanie-ofertowe-2-pokl-be-2014-na-uslugi-metodologa.html?fileloc=//usr/lib64/python2.7/idlelib/configHelpSourceEdit.pyo&path=//usr/lib64/python2.7/idlelib HTTP/2" 200 5387 "-" "Mozilla/5.0 AppleWebKit/537.36 (KHTML, like Gecko; compatible; GPTBot/1.3; +https://openai.com/gptbot)"
74.7.227.191 - - [11/Jan/2026:14:10:07 +0000] "GET /?fileloc=//proc/216068/root/proc/thread-self/root/proc/self/root/proc/sys/net/netfilter/nf_log_all_netns&path=//proc/216068/root/proc/thread-self/root/proc/self/root/proc/sys/net/netfilter HTTP/2" 200 2530 "-" "Mozilla/5.0 AppleWebKit/537.36 (KHTML, like Gecko; compatible; GPTBot/1.3; +https://openai.com/gptbot)"
74.7.227.40 - - [11/Jan/2026:14:10:10 +0000] "GET /zapytanie-ofertowe-2-pokl-be-2014-na-uslugi-metodologa.html?fileloc=//usr/lib64/python2.7/idlelib/RemoteObjectBrowser.pyo&path=//usr/lib64/python2.7/idlelib HTTP/2" 200 3218 "-" "Mozilla/5.0 AppleWebKit/537.36 (KHTML, like Gecko; compatible; GPTBot/1.3; +https://openai.com/gptbot)"
74.7.227.191 - - [11/Jan/2026:14:10:10 +0000] "GET /?path=//proc/216068/root/proc/thread-self/root/opt/alt/alt-nodejs18/root/lib64/icu/72.1 HTTP/2" 200 2923 "-" "Mozilla/5.0 AppleWebKit/537.36 (KHTML, like Gecko; compatible; GPTBot/1.3; +https://openai.com/gptbot)"
74.7.227.191 - - [11/Jan/2026:14:10:13 +0000] "GET /?path=//proc/216068/root/proc/thread-self/root/opt/alt/alt-nodejs18/root/lib64/icu/current HTTP/2" 200 2922 "-" "Mozilla/5.0 AppleWebKit/537.36 (KHTML, like Gecko; compatible; GPTBot/1.3; +https://openai.com/gptbot)"
74.7.227.40 - - [11/Jan/2026:14:10:13 +0000] "GET /zapytanie-ofertowe-2-pokl-be-2014-na-uslugi-metodologa.html?fileloc=//usr/lib64/python2.7/idlelib/RemoteObjectBrowser.pyc&path=//usr/lib64/python2.7/idlelib HTTP/2" 200 3219 "-" "Mozilla/5.0 AppleWebKit/537.36 (KHTML, like Gecko; compatible; GPTBot/1.3; +https://openai.com/gptbot)"
74.7.227.40 - - [11/Jan/2026:14:10:17 +0000] "GET /assets/plugin/Magnific-Popup-master/dist/jquery.magnific-popup.min.js?fileloc=//proc/216068/root/proc/thread-self/cwd/wp-content/plugins/wp-file-manager/file_folder_manager.php&path=//proc/216068/root/proc/thread-self/cwd/wp-content/plugins/wp-file-manager HTTP/2" 200 6143 "-" "Mozilla/5.0 AppleWebKit/537.36 (KHTML, like Gecko; compatible; GPTBot/1.3; +https://openai.com/gptbot)"
74.7.227.191 - - [11/Jan/2026:14:10:17 +0000] "GET /?path=//proc/216068/root/proc/self/root/proc/thread-self/root/lib/firmware/cxgb4/configs HTTP/2" 200 2986 "-" "Mozilla/5.0 AppleWebKit/537.36 (KHTML, like Gecko; compatible; GPTBot/1.3; +https://openai.com/gptbot)"
74.7.227.40 - - [11/Jan/2026:14:10:20 +0000] "GET /zapytanie-ofertowe-2-pokl-be-2014-na-uslugi-metodologa.html?fileloc=//usr/lib64/python2.7/idlelib/SearchDialogBase.pyc&path=//usr/lib64/python2.7/idlelib HTTP/2" 200 6039 "-" "Mozilla/5.0 AppleWebKit/537.36 (KHTML, like Gecko; compatible; GPTBot/1.3; +https://openai.com/gptbot)"
74.7.227.191 - - [11/Jan/2026:14:10:20 +0000] "GET /?path=//proc/216068/root/proc/thread-self/root/proc/self/root/lib/systemd/system/initrd.target.wants HTTP/2" 200 3100 "-" "Mozilla/5.0 AppleWebKit/537.36 (KHTML, like Gecko; compatible; GPTBot/1.3; +https://openai.com/gptbot)"
74.7.227.40 - - [11/Jan/2026:14:10:23 +0000] "GET /assets/plugin/Magnific-Popup-master/dist/jquery.magnific-popup.min.js?fileloc=//proc/216068/root/proc/thread-self/cwd/wp-content/plugins/wp-file-manager/inc/settings.php&path=//proc/216068/root/proc/thread-self/cwd/wp-content/plugins/wp-file-manager/inc HTTP/2" 200 3293 "-" "Mozilla/5.0 AppleWebKit/537.36 (KHTML, like Gecko; compatible; GPTBot/1.3; +https://openai.com/gptbot)"
74.7.227.191 - - [11/Jan/2026:14:10:23 +0000] "GET /?path=//proc/504211/root/proc/self/root/proc/thread-self/root/lib/kbd/keymaps/legacy/ppc/include HTTP/2" 200 3064 "-" "Mozilla/5.0 AppleWebKit/537.36 (KHTML, like Gecko; compatible; GPTBot/1.3; +https://openai.com/gptbot)"
74.7.227.40 - - [11/Jan/2026:14:10:26 +0000] "GET /assets/plugin/Magnific-Popup-master/dist/jquery.magnific-popup.min.js?fileloc=//proc/504211/root/proc/thread-self/cwd/wp-content/plugins/wp-file-manager/inc/shortcode_docs.php&path=//proc/504211/root/proc/thread-self/cwd/wp-content/plugins/wp-file-manager/inc HTTP/2" 200 4451 "-" "Mozilla/5.0 AppleWebKit/537.36 (KHTML, like Gecko; compatible; GPTBot/1.3; +https://openai.com/gptbot)"
74.7.227.191 - - [11/Jan/2026:14:10:26 +0000] "GET /?path=//proc/504211/root/proc/thread-self/root/proc/self/root/lib/systemd/system/basic.target.wants HTTP/2" 200 2589 "-" "Mozilla/5.0 AppleWebKit/537.36 (KHTML, like Gecko; compatible; GPTBot/1.3; +https://openai.com/gptbot)"
74.7.227.40 - - [11/Jan/2026:14:10:29 +0000] "GET /assets/plugin/Magnific-Popup-master/dist/jquery.magnific-popup.min.js?fileloc=//proc/216068/root/proc/thread-self/cwd/wp-content/plugins/wp-file-manager/inc/shortcode_docs.php&path=//proc/216068/root/proc/thread-self/cwd/wp-content/plugins/wp-file-manager/inc HTTP/2" 200 4450 "-" "Mozilla/5.0 AppleWebKit/537.36 (KHTML, like Gecko; compatible; GPTBot/1.3; +https://openai.com/gptbot)"
74.7.227.191 - - [11/Jan/2026:14:10:29 +0000] "GET /?path=//proc/216068/root/proc/self/root/proc/thread-self/root/lib/systemd/system/local-fs.target.wants HTTP/2" 200 2882 "-" "Mozilla/5.0 AppleWebKit/537.36 (KHTML, like Gecko; compatible; GPTBot/1.3; +https://openai.com/gptbot)"
74.7.227.40 - - [11/Jan/2026:14:10:32 +0000] "GET /zapytanie-ofertowe-2-pokl-be-2014-na-uslugi-metodologa.html?fileloc=//usr/lib64/python2.7/idlelib/RemoteObjectBrowser.py&path=//usr/lib64/python2.7/idlelib HTTP/2" 200 2794 "-" "Mozilla/5.0 AppleWebKit/537.36 (KHTML, like Gecko; compatible; GPTBot/1.3; +https://openai.com/gptbot)"
74.7.227.191 - - [11/Jan/2026:14:10:32 +0000] "GET /?path=//proc/504211/root/proc/thread-self/root/proc/self/root/lib/systemd/system/local-fs.target.wants HTTP/2" 200 2885 "-" "Mozilla/5.0 AppleWebKit/537.36 (KHTML, like Gecko; compatible; GPTBot/1.3; +https://openai.com/gptbot)"
74.7.227.40 - - [11/Jan/2026:14:10:35 +0000] "GET /assets/plugin/Magnific-Popup-master/dist/jquery.magnific-popup.min.js?fileloc=//proc/216068/root/proc/thread-self/cwd/wp-content/plugins/wp-file-manager/inc/contribute.php&path=//proc/216068/root/proc/thread-self/cwd/wp-content/plugins/wp-file-manager/inc HTTP/2" 200 3287 "-" "Mozilla/5.0 AppleWebKit/537.36 (KHTML, like Gecko; compatible; GPTBot/1.3; +https://openai.com/gptbot)"
74.7.227.191 - - [11/Jan/2026:14:10:36 +0000] "GET /?path=//proc/216068/root/proc/self/root/proc/thread-self/root/lib/kbd/keymaps/legacy/ppc/include HTTP/2" 200 3064 "-" "Mozilla/5.0 AppleWebKit/537.36 (KHTML, like Gecko; compatible; GPTBot/1.3; +https://openai.com/gptbot)"
74.7.227.40 - - [11/Jan/2026:14:10:38 +0000] "GET /pages/fairs?path=//proc/thread-self/root/etc/crypto-policies/policies HTTP/2" 200 2784 "-" "Mozilla/5.0 AppleWebKit/537.36 (KHTML, like Gecko; compatible; GPTBot/1.3; +https://openai.com/gptbot)"
74.7.227.191 - - [11/Jan/2026:14:10:39 +0000] "GET /?path=//proc/216068/root/proc/thread-self/root/proc/self/root/lib/systemd/system/local-fs.target.wants HTTP/2" 200 2885 "-" "Mozilla/5.0 AppleWebKit/537.36 (KHTML, like Gecko; compatible; GPTBot/1.3; +https://openai.com/gptbot)"
74.7.227.40 - - [11/Jan/2026:14:10:42 +0000] "GET /collections/blooms-and-stars-alphabet-cups?path=//proc/thread-self/root/home/purebdli/zarmanhomio.purebdlife.com/wp-admin/network HTTP/2" 200 3793 "-" "Mozilla/5.0 AppleWebKit/537.36 (KHTML, like Gecko; compatible; GPTBot/1.3; +https://openai.com/gptbot)"
74.7.227.191 - - [11/Jan/2026:14:10:42 +0000] "GET /?path=//proc/216068/root/proc/self/root/proc/thread-self/root/lib/systemd/system/dbus.target.wants HTTP/2" 200 2582 "-" "Mozilla/5.0 AppleWebKit/537.36 (KHTML, like Gecko; compatible; GPTBot/1.3; +https://openai.com/gptbot)"
74.7.227.40 - - [11/Jan/2026:14:10:45 +0000] "GET /list-od-joanny-fabisiak-poslanki-rp.html?path=//proc/self/root/proc/216068/root/proc/thread-self/root/proc/216068/root/proc/self/cwd/wp-includes/SimplePie/library HTTP/2" 200 3023 "-" "Mozilla/5.0 AppleWebKit/537.36 (KHTML, like Gecko; compatible; GPTBot/1.3; +https://openai.com/gptbot)"
74.7.227.191 - - [11/Jan/2026:14:10:45 +0000] "GET /?path=//proc/216068/root/proc/self/root/proc/thread-self/root/lib/kbd/keymaps/legacy/mac/include HTTP/2" 200 3062 "-" "Mozilla/5.0 AppleWebKit/537.36 (KHTML, like Gecko; compatible; GPTBot/1.3; +https://openai.com/gptbot)"
74.7.227.40 - - [11/Jan/2026:14:10:48 +0000] "GET /list-od-joanny-fabisiak-poslanki-rp.html?path=//proc/self/root/proc/216068/root/proc/thread-self/root/proc/216068/root/proc/self/cwd/wp-includes/Requests/library HTTP/2" 200 2950 "-" "Mozilla/5.0 AppleWebKit/537.36 (KHTML, like Gecko; compatible; GPTBot/1.3; +https://openai.com/gptbot)"
74.7.227.191 - - [11/Jan/2026:14:10:48 +0000] "GET /?path=//proc/504211/root/proc/self/root/proc/thread-self/root/lib/kbd/keymaps/legacy/mac/include HTTP/2" 200 3063 "-" "Mozilla/5.0 AppleWebKit/537.36 (KHTML, like Gecko; compatible; GPTBot/1.3; +https://openai.com/gptbot)"
74.7.227.191 - - [11/Jan/2026:14:10:51 +0000] "GET /?path=//proc/504211/root/proc/thread-self/root/proc/self/root/lib/systemd/system/initrd.target.wants HTTP/2" 200 3100 "-" "Mozilla/5.0 AppleWebKit/537.36 (KHTML, like Gecko; compatible; GPTBot/1.3; +https://openai.com/gptbot)"
74.7.227.40 - - [11/Jan/2026:14:10:51 +0000] "GET /collections/cushions?fileloc=//proc/self/root/proc/thread-self/cwd/wp-includes/feed-atom-comments.php&path=//proc/self/root/proc/thread-self/cwd/wp-includes HTTP/2" 200 4340 "-" "Mozilla/5.0 AppleWebKit/537.36 (KHTML, like Gecko; compatible; GPTBot/1.3; +https://openai.com/gptbot)"
74.7.227.191 - - [11/Jan/2026:14:10:54 +0000] "GET /?path=//proc/216068/root/proc/thread-self/root/proc/self/root/lib/systemd/system/dbus.target.wants HTTP/2" 200 2588 "-" "Mozilla/5.0 AppleWebKit/537.36 (KHTML, like Gecko; compatible; GPTBot/1.3; +https://openai.com/gptbot)"
74.7.227.40 - - [11/Jan/2026:14:10:55 +0000] "GET /assets/plugin/Magnific-Popup-master/dist/jquery.magnific-popup.min.js?path=//proc/504211/root/proc/thread-self/root/var/lib/mysql/rfsabir1_wp141 HTTP/2" 200 2569 "-" "Mozilla/5.0 AppleWebKit/537.36 (KHTML, like Gecko; compatible; GPTBot/1.3; +https://openai.com/gptbot)"
74.7.227.191 - - [11/Jan/2026:14:10:57 +0000] "GET /?path=//proc/216068/root/proc/self/root/proc/thread-self/root/lib/systemd/system/initrd.target.wants HTTP/2" 200 3105 "-" "Mozilla/5.0 AppleWebKit/537.36 (KHTML, like Gecko; compatible; GPTBot/1.3; +https://openai.com/gptbot)"
74.7.227.40 - - [11/Jan/2026:14:10:58 +0000] "GET /assets/plugin/Magnific-Popup-master/dist/jquery.magnific-popup.min.js?path=//proc/504211/root/proc/thread-self/root/var/lib/mysql/healthp1_wp931 HTTP/2" 200 2570 "-" "Mozilla/5.0 AppleWebKit/537.36 (KHTML, like Gecko; compatible; GPTBot/1.3; +https://openai.com/gptbot)"
74.7.227.191 - - [11/Jan/2026:14:11:01 +0000] "GET /?path=//proc/504211/root/proc/thread-self/root/proc/self/root/lib/systemd/system/dbus.target.wants HTTP/2" 200 2588 "-" "Mozilla/5.0 AppleWebKit/537.36 (KHTML, like Gecko; compatible; GPTBot/1.3; +https://openai.com/gptbot)"
74.7.227.40 - - [11/Jan/2026:14:11:01 +0000] "GET /assets/plugin/Magnific-Popup-master/dist/jquery.magnific-popup.min.js?path=//proc/216068/root/proc/thread-self/root/var/lib/mysql/aowsafc1_wp747 HTTP/2" 200 2568 "-" "Mozilla/5.0 AppleWebKit/537.36 (KHTML, like Gecko; compatible; GPTBot/1.3; +https://openai.com/gptbot)"
74.7.227.191 - - [11/Jan/2026:14:11:04 +0000] "GET /?path=//proc/216068/root/proc/self/root/proc/thread-self/root/lib/systemd/system/basic.target.wants HTTP/2" 200 2581 "-" "Mozilla/5.0 AppleWebKit/537.36 (KHTML, like Gecko; compatible; GPTBot/1.3; +https://openai.com/gptbot)"
74.7.227.40 - - [11/Jan/2026:14:11:04 +0000] "GET /assets/plugin/Magnific-Popup-master/dist/jquery.magnific-popup.min.js?path=//proc/504211/root/proc/thread-self/root/var/lib/mysql/chatkhi1_wp770 HTTP/2" 200 2570 "-" "Mozilla/5.0 AppleWebKit/537.36 (KHTML, like Gecko; compatible; GPTBot/1.3; +https://openai.com/gptbot)"
74.7.227.191 - - [11/Jan/2026:14:11:06 +0000] "GET /?path=//proc/216068/root/proc/thread-self/root/proc/self/root/lib/systemd/system/basic.target.wants HTTP/2" 200 2589 "-" "Mozilla/5.0 AppleWebKit/537.36 (KHTML, like Gecko; compatible; GPTBot/1.3; +https://openai.com/gptbot)"
74.7.227.40 - - [11/Jan/2026:14:11:07 +0000] "GET /assets/plugin/Magnific-Popup-master/dist/jquery.magnific-popup.min.js?path=//proc/216068/root/proc/thread-self/root/var/lib/mysql/healthy2_wp795 HTTP/2" 200 2571 "-" "Mozilla/5.0 AppleWebKit/537.36 (KHTML, like Gecko; compatible; GPTBot/1.3; +https://openai.com/gptbot)"
74.7.227.191 - - [11/Jan/2026:14:11:10 +0000] "GET /?path=//proc/504211/root/proc/thread-self/root/proc/self/root/lib/tuned/cloudlinux-dummy HTTP/2" 200 2858 "-" "Mozilla/5.0 AppleWebKit/537.36 (KHTML, like Gecko; compatible; GPTBot/1.3; +https://openai.com/gptbot)"
74.7.227.40 - - [11/Jan/2026:14:11:10 +0000] "GET /assets/plugin/Magnific-Popup-master/dist/jquery.magnific-popup.min.js?path=//proc/216068/root/proc/thread-self/root/var/lib/mysql/grameen3_wp471 HTTP/2" 200 2570 "-" "Mozilla/5.0 AppleWebKit/537.36 (KHTML, like Gecko; compatible; GPTBot/1.3; +https://openai.com/gptbot)"
74.7.227.191 - - [11/Jan/2026:14:11:13 +0000] "GET /?path=//proc/216068/root/proc/self/root/proc/thread-self/root/lib/kbd/keymaps/legacy/include HTTP/2" 200 3086 "-" "Mozilla/5.0 AppleWebKit/537.36 (KHTML, like Gecko; compatible; GPTBot/1.3; +https://openai.com/gptbot)"
74.7.227.40 - - [11/Jan/2026:14:11:13 +0000] "GET /assets/plugin/Magnific-Popup-master/dist/jquery.magnific-popup.min.js?path=//proc/216068/root/proc/thread-self/root/var/lib/mysql/tradema1_wp807 HTTP/2" 200 2567 "-" "Mozilla/5.0 AppleWebKit/537.36 (KHTML, like Gecko; compatible; GPTBot/1.3; +https://openai.com/gptbot)"
74.7.227.191 - - [11/Jan/2026:14:11:16 +0000] "GET /?path=//proc/216068/root/proc/self/root/proc/thread-self/root/lib/kbd/keymaps/legacy/sun HTTP/2" 200 3369 "-" "Mozilla/5.0 AppleWebKit/537.36 (KHTML, like Gecko; compatible; GPTBot/1.3; +https://openai.com/gptbot)"
74.7.227.40 - - [11/Jan/2026:14:11:16 +0000] "GET /collections/blooms-and-stars-alphabet-cups?fileloc=//proc/thread-self/root/home/purebdli/zarmanhomio.purebdlife.com/wp-admin/network/setup.php&path=//proc/thread-self/root/home/purebdli/zarmanhomio.purebdlife.com/wp-admin/network HTTP/2" 200 2664 "-" "Mozilla/5.0 AppleWebKit/537.36 (KHTML, like Gecko; compatible; GPTBot/1.3; +https://openai.com/gptbot)"
74.7.227.191 - - [11/Jan/2026:14:11:19 +0000] "GET /?path=//proc/504211/root/proc/self/root/proc/thread-self/root/lib/kbd/keymaps/legacy/include HTTP/2" 200 3085 "-" "Mozilla/5.0 AppleWebKit/537.36 (KHTML, like Gecko; compatible; GPTBot/1.3; +https://openai.com/gptbot)"
74.7.227.40 - - [11/Jan/2026:14:11:20 +0000] "GET /collections/blooms-and-stars-alphabet-cups?fileloc=//proc/thread-self/root/home/purebdli/zarmanhomio.purebdlife.com/wp-admin/network/themes.php&path=//proc/thread-self/root/home/purebdli/zarmanhomio.purebdlife.com/wp-admin/network HTTP/2" 200 7057 "-" "Mozilla/5.0 AppleWebKit/537.36 (KHTML, like Gecko; compatible; GPTBot/1.3; +https://openai.com/gptbot)"
74.7.227.191 - - [11/Jan/2026:14:11:22 +0000] "GET /?fileloc=//proc/504211/root/proc/self/root/proc/thread-self/root/lib/kbd/keymaps/legacy/mac/include/mac-linux-keys-bare.inc&path=//proc/504211/root/proc/self/root/proc/thread-self/root/lib/kbd/keymaps/legacy/mac/include HTTP/2" 200 4134 "-" "Mozilla/5.0 AppleWebKit/537.36 (KHTML, like Gecko; compatible; GPTBot/1.3; +https://openai.com/gptbot)"
74.7.227.40 - - [11/Jan/2026:14:11:23 +0000] "GET /collections/blooms-and-stars-alphabet-cups?fileloc=//proc/thread-self/root/home/purebdli/zarmanhomio.purebdlife.com/wp-admin/network/site-users.php&path=//proc/thread-self/root/home/purebdli/zarmanhomio.purebdlife.com/wp-admin/network HTTP/2" 200 6267 "-" "Mozilla/5.0 AppleWebKit/537.36 (KHTML, like Gecko; compatible; GPTBot/1.3; +https://openai.com/gptbot)"
74.7.227.191 - - [11/Jan/2026:14:11:25 +0000] "GET /?path=//proc/504211/root/proc/self/root/proc/thread-self/root/lib/tuned/cloudlinux-dummy HTTP/2" 200 2864 "-" "Mozilla/5.0 AppleWebKit/537.36 (KHTML, like Gecko; compatible; GPTBot/1.3; +https://openai.com/gptbot)"
74.7.227.40 - - [11/Jan/2026:14:11:26 +0000] "GET /collections/blooms-and-stars-alphabet-cups?fileloc=//proc/thread-self/root/home/purebdli/zarmanhomio.purebdlife.com/wp-admin/network/admin.php&path=//proc/thread-self/root/home/purebdli/zarmanhomio.purebdlife.com/wp-admin/network HTTP/2" 200 2949 "-" "Mozilla/5.0 AppleWebKit/537.36 (KHTML, like Gecko; compatible; GPTBot/1.3; +https://openai.com/gptbot)"
74.7.227.191 - - [11/Jan/2026:14:11:29 +0000] "GET /?path=//proc/504211/root/proc/self/root/proc/thread-self/root/lib/kbd/keymaps/legacy/sun HTTP/2" 200 3369 "-" "Mozilla/5.0 AppleWebKit/537.36 (KHTML, like Gecko; compatible; GPTBot/1.3; +https://openai.com/gptbot)"
74.7.227.40 - - [11/Jan/2026:14:11:29 +0000] "GET /collections/blooms-and-stars-alphabet-cups?fileloc=//proc/thread-self/root/home/purebdli/zarmanhomio.purebdlife.com/wp-admin/network/about.php&path=//proc/thread-self/root/home/purebdli/zarmanhomio.purebdlife.com/wp-admin/network HTTP/2" 200 2665 "-" "Mozilla/5.0 AppleWebKit/537.36 (KHTML, like Gecko; compatible; GPTBot/1.3; +https://openai.com/gptbot)"
74.7.227.191 - - [11/Jan/2026:14:11:32 +0000] "GET /?path=//proc/216068/root/proc/thread-self/root/proc/self/root/proc/sys/net/mptcp HTTP/2" 200 2939 "-" "Mozilla/5.0 AppleWebKit/537.36 (KHTML, like Gecko; compatible; GPTBot/1.3; +https://openai.com/gptbot)"
74.7.227.40 - - [11/Jan/2026:14:11:32 +0000] "GET /collections/blooms-and-stars-alphabet-cups?fileloc=//proc/thread-self/root/home/purebdli/zarmanhomio.purebdlife.com/wp-admin/network/menu.php&path=//proc/thread-self/root/home/purebdli/zarmanhomio.purebdlife.com/wp-admin/network HTTP/2" 200 3769 "-" "Mozilla/5.0 AppleWebKit/537.36 (KHTML, like Gecko; compatible; GPTBot/1.3; +https://openai.com/gptbot)"
74.7.227.191 - - [11/Jan/2026:14:11:35 +0000] "GET /?path=//proc/216068/root/proc/thread-self/root/proc/self/root/lib/kbd/unimaps HTTP/2" 200 4449 "-" "Mozilla/5.0 AppleWebKit/537.36 (KHTML, like Gecko; compatible; GPTBot/1.3; +https://openai.com/gptbot)"
74.7.227.40 - - [11/Jan/2026:14:11:35 +0000] "GET /collections/blooms-and-stars-alphabet-cups?fileloc=//proc/thread-self/root/home/purebdli/zarmanhomio.purebdlife.com/wp-admin/network/users.php&path=//proc/thread-self/root/home/purebdli/zarmanhomio.purebdlife.com/wp-admin/network HTTP/2" 200 5646 "-" "Mozilla/5.0 AppleWebKit/537.36 (KHTML, like Gecko; compatible; GPTBot/1.3; +https://openai.com/gptbot)"
74.7.227.40 - - [11/Jan/2026:14:11:38 +0000] "GET /collections/blooms-and-stars-alphabet-cups?fileloc=//proc/thread-self/root/home/purebdli/zarmanhomio.purebdlife.com/wp-admin/network/site-new.php&path=//proc/thread-self/root/home/purebdli/zarmanhomio.purebdlife.com/wp-admin/network HTTP/2" 200 6033 "-" "Mozilla/5.0 AppleWebKit/537.36 (KHTML, like Gecko; compatible; GPTBot/1.3; +https://openai.com/gptbot)"
74.7.227.191 - - [11/Jan/2026:14:11:38 +0000] "GET /?path=//proc/504211/root/proc/self/root/proc/thread-self/root/lib/udev/hwdb.d HTTP/2" 200 3713 "-" "Mozilla/5.0 AppleWebKit/537.36 (KHTML, like Gecko; compatible; GPTBot/1.3; +https://openai.com/gptbot)"
74.7.227.40 - - [11/Jan/2026:14:11:41 +0000] "GET /collections/blooms-and-stars-alphabet-cups?fileloc=//proc/thread-self/root/home/purebdli/zarmanhomio.purebdlife.com/wp-admin/network/sites.php&path=//proc/thread-self/root/home/purebdli/zarmanhomio.purebdlife.com/wp-admin/network HTTP/2" 200 6963 "-" "Mozilla/5.0 AppleWebKit/537.36 (KHTML, like Gecko; compatible; GPTBot/1.3; +https://openai.com/gptbot)"
74.7.227.191 - - [11/Jan/2026:14:11:41 +0000] "GET /?path=//proc/216068/root/proc/self/root/proc/thread-self/root/lib/kbd/unimaps HTTP/2" 200 4484 "-" "Mozilla/5.0 AppleWebKit/537.36 (KHTML, like Gecko; compatible; GPTBot/1.3; +https://openai.com/gptbot)"
74.7.227.40 - - [11/Jan/2026:14:11:44 +0000] "GET /collections/blooms-and-stars-alphabet-cups?fileloc=//proc/thread-self/root/home/purebdli/zarmanhomio.purebdlife.com/wp-admin/network/site-themes.php&path=//proc/thread-self/root/home/purebdli/zarmanhomio.purebdlife.com/wp-admin/network HTTP/2" 200 4886 "-" "Mozilla/5.0 AppleWebKit/537.36 (KHTML, like Gecko; compatible; GPTBot/1.3; +https://openai.com/gptbot)"
74.7.227.191 - - [11/Jan/2026:14:11:45 +0000] "GET /?path=//proc/504211/root/proc/self/root/proc/thread-self/root/lib/kbd/unimaps HTTP/2" 200 4489 "-" "Mozilla/5.0 AppleWebKit/537.36 (KHTML, like Gecko; compatible; GPTBot/1.3; +https://openai.com/gptbot)"
74.7.227.40 - - [11/Jan/2026:14:11:47 +0000] "GET /collections/blooms-and-stars-alphabet-cups?fileloc=//proc/thread-self/root/home/purebdli/zarmanhomio.purebdlife.com/wp-admin/network/edit.php&path=//proc/thread-self/root/home/purebdli/zarmanhomio.purebdlife.com/wp-admin/network HTTP/2" 200 2967 "-" "Mozilla/5.0 AppleWebKit/537.36 (KHTML, like Gecko; compatible; GPTBot/1.3; +https://openai.com/gptbot)"
74.7.227.191 - - [11/Jan/2026:14:11:48 +0000] "GET /?path=//proc/216068/root/proc/self/root/proc/thread-self/root/lib/debug/.dwz HTTP/2" 200 2570 "-" "Mozilla/5.0 AppleWebKit/537.36 (KHTML, like Gecko; compatible; GPTBot/1.3; +https://openai.com/gptbot)"
74.7.227.40 - - [11/Jan/2026:14:11:50 +0000] "GET /collections/blooms-and-stars-alphabet-cups?fileloc=//proc/thread-self/root/home/purebdli/zarmanhomio.purebdlife.com/wp-admin/network/credits.php&path=//proc/thread-self/root/home/purebdli/zarmanhomio.purebdlife.com/wp-admin/network HTTP/2" 200 2667 "-" "Mozilla/5.0 AppleWebKit/537.36 (KHTML, like Gecko; compatible; GPTBot/1.3; +https://openai.com/gptbot)"
74.7.227.191 - - [11/Jan/2026:14:11:51 +0000] "GET /?path=//proc/216068/root/proc/thread-self/root/proc/self/root/lib/udev/hwdb.d HTTP/2" 200 3716 "-" "Mozilla/5.0 AppleWebKit/537.36 (KHTML, like Gecko; compatible; GPTBot/1.3; +https://openai.com/gptbot)"
74.7.227.40 - - [11/Jan/2026:14:11:54 +0000] "GET /collections/blooms-and-stars-alphabet-cups?fileloc=//proc/thread-self/root/home/purebdli/zarmanhomio.purebdlife.com/wp-admin/network/theme-editor.php&path=//proc/thread-self/root/home/purebdli/zarmanhomio.purebdlife.com/wp-admin/network HTTP/2" 200 2672 "-" "Mozilla/5.0 AppleWebKit/537.36 (KHTML, like Gecko; compatible; GPTBot/1.3; +https://openai.com/gptbot)"
74.7.227.191 - - [11/Jan/2026:14:11:54 +0000] "GET /?path=//proc/504211/root/proc/thread-self/root/proc/self/root/lib/debug/.dwz HTTP/2" 200 2570 "-" "Mozilla/5.0 AppleWebKit/537.36 (KHTML, like Gecko; compatible; GPTBot/1.3; +https://openai.com/gptbot)"
74.7.227.40 - - [11/Jan/2026:14:11:57 +0000] "GET /list-od-joanny-fabisiak-poslanki-rp.html?fileloc=//proc/self/root/proc/216068/root/proc/thread-self/root/proc/216068/root/proc/self/cwd/wp-includes/SimplePie/library/SimplePie.php&path=//proc/self/root/proc/216068/root/proc/thread-self/root/proc/216068/root/proc/self/cwd/wp-includes/SimplePie/library HTTP/2" 200 4865 "-" "Mozilla/5.0 AppleWebKit/537.36 (KHTML, like Gecko; compatible; GPTBot/1.3; +https://openai.com/gptbot)"
74.7.227.191 - - [11/Jan/2026:14:11:57 +0000] "GET /?path=//proc/216068/root/proc/self/root/proc/thread-self/root/lib/systemd/system/runlevel2.target.wants HTTP/2" 200 2584 "-" "Mozilla/5.0 AppleWebKit/537.36 (KHTML, like Gecko; compatible; GPTBot/1.3; +https://openai.com/gptbot)"
74.7.227.40 - - [11/Jan/2026:14:12:00 +0000] "GET /list-od-joanny-fabisiak-poslanki-rp.html?fileloc=//proc/self/root/proc/216068/root/proc/thread-self/root/proc/216068/root/proc/self/cwd/wp-includes/Requests/library/Requests.php&path=//proc/self/root/proc/216068/root/proc/thread-self/root/proc/216068/root/proc/self/cwd/wp-includes/Requests/library HTTP/2" 200 2719 "-" "Mozilla/5.0 AppleWebKit/537.36 (KHTML, like Gecko; compatible; GPTBot/1.3; +https://openai.com/gptbot)"
74.7.227.191 - - [11/Jan/2026:14:12:00 +0000] "GET /?path=//proc/504211/root/proc/thread-self/root/proc/self/root/lib/systemd/system/runlevel5.target.wants HTTP/2" 200 2586 "-" "Mozilla/5.0 AppleWebKit/537.36 (KHTML, like Gecko; compatible; GPTBot/1.3; +https://openai.com/gptbot)"
74.7.227.40 - - [11/Jan/2026:14:12:03 +0000] "GET /assets/plugin/Magnific-Popup-master/dist/jquery.magnific-popup.min.js?path=//proc/216068/root/proc/thread-self/root/var/lib/mysql/healthy2_wp717 HTTP/2" 200 2570 "-" "Mozilla/5.0 AppleWebKit/537.36 (KHTML, like Gecko; compatible; GPTBot/1.3; +https://openai.com/gptbot)"
74.7.227.191 - - [11/Jan/2026:14:12:03 +0000] "GET /?path=//proc/504211/root/proc/thread-self/root/proc/self/root/lib/systemd/system/runlevel1.target.wants HTTP/2" 200 2586 "-" "Mozilla/5.0 AppleWebKit/537.36 (KHTML, like Gecko; compatible; GPTBot/1.3; +https://openai.com/gptbot)"
74.7.227.40 - - [11/Jan/2026:14:12:06 +0000] "GET /assets/plugin/Magnific-Popup-master/dist/jquery.magnific-popup.min.js?path=//proc/504211/root/proc/thread-self/root/var/lib/mysql/tradema1_wp807 HTTP/2" 200 2568 "-" "Mozilla/5.0 AppleWebKit/537.36 (KHTML, like Gecko; compatible; GPTBot/1.3; +https://openai.com/gptbot)"
74.7.227.191 - - [11/Jan/2026:14:12:07 +0000] "GET /?fileloc=//proc/216068/root/proc/thread-self/root/proc/self/root/proc/sys/net/mptcp/stale_loss_cnt&path=//proc/216068/root/proc/thread-self/root/proc/self/root/proc/sys/net/mptcp HTTP/2" 200 2526 "-" "Mozilla/5.0 AppleWebKit/537.36 (KHTML, like Gecko; compatible; GPTBot/1.3; +https://openai.com/gptbot)"
74.7.227.40 - - [11/Jan/2026:14:12:10 +0000] "GET /assets/plugin/Magnific-Popup-master/dist/jquery.magnific-popup.min.js?path=//proc/216068/root/proc/self/root/var/lib/mysql/kalerchitra_wp4702 HTTP/2" 200 2568 "-" "Mozilla/5.0 AppleWebKit/537.36 (KHTML, like Gecko; compatible; GPTBot/1.3; +https://openai.com/gptbot)"
74.7.227.191 - - [11/Jan/2026:14:12:10 +0000] "GET /?fileloc=//proc/216068/root/proc/thread-self/root/proc/self/root/lib/kbd/unimaps/cp737a.uni&path=//proc/216068/root/proc/thread-self/root/proc/self/root/lib/kbd/unimaps HTTP/2" 200 4180 "-" "Mozilla/5.0 AppleWebKit/537.36 (KHTML, like Gecko; compatible; GPTBot/1.3; +https://openai.com/gptbot)"
74.7.227.40 - - [11/Jan/2026:14:12:13 +0000] "GET /assets/plugin/Magnific-Popup-master/dist/jquery.magnific-popup.min.js?path=//proc/504211/root/proc/thread-self/root/var/lib/mysql/grameen3_wp471 HTTP/2" 200 2569 "-" "Mozilla/5.0 AppleWebKit/537.36 (KHTML, like Gecko; compatible; GPTBot/1.3; +https://openai.com/gptbot)"
74.7.227.191 - - [11/Jan/2026:14:12:13 +0000] "GET /?fileloc=//proc/504211/root/proc/self/root/proc/thread-self/root/lib/udev/hwdb.d/20-bluetooth-vendor-product.hwdb&path=//proc/504211/root/proc/self/root/proc/thread-self/root/lib/udev/hwdb.d HTTP/2" 200 31572 "-" "Mozilla/5.0 AppleWebKit/537.36 (KHTML, like Gecko; compatible; GPTBot/1.3; +https://openai.com/gptbot)"
74.7.227.40 - - [11/Jan/2026:14:12:16 +0000] "GET /assets/plugin/Magnific-Popup-master/dist/jquery.magnific-popup.min.js?path=//proc/504211/root/proc/self/root/lib/kbd/keymaps/legacy/i386/bepo HTTP/2" 200 2907 "-" "Mozilla/5.0 AppleWebKit/537.36 (KHTML, like Gecko; compatible; GPTBot/1.3; +https://openai.com/gptbot)"
74.7.227.191 - - [11/Jan/2026:14:12:16 +0000] "GET /?fileloc=//proc/216068/root/proc/thread-self/root/proc/self/root/proc/sys/net/mptcp/enabled&path=//proc/216068/root/proc/thread-self/root/proc/self/root/proc/sys/net/mptcp HTTP/2" 200 2519 "-" "Mozilla/5.0 AppleWebKit/537.36 (KHTML, like Gecko; compatible; GPTBot/1.3; +https://openai.com/gptbot)"
74.7.227.40 - - [11/Jan/2026:14:12:19 +0000] "GET /assets/plugin/Magnific-Popup-master/dist/jquery.magnific-popup.min.js?path=//proc/504211/root/proc/thread-self/root/var/lib/mysql/onlines1_wp580 HTTP/2" 200 2569 "-" "Mozilla/5.0 AppleWebKit/537.36 (KHTML, like Gecko; compatible; GPTBot/1.3; +https://openai.com/gptbot)"
74.7.227.191 - - [11/Jan/2026:14:12:19 +0000] "GET /?fileloc=//proc/216068/root/proc/thread-self/root/proc/self/root/proc/sys/net/mptcp/add_addr_timeout&path=//proc/216068/root/proc/thread-self/root/proc/self/root/proc/sys/net/mptcp HTTP/2" 200 2530 "-" "Mozilla/5.0 AppleWebKit/537.36 (KHTML, like Gecko; compatible; GPTBot/1.3; +https://openai.com/gptbot)"
74.7.227.40 - - [11/Jan/2026:14:12:22 +0000] "GET /assets/plugin/Magnific-Popup-master/dist/jquery.magnific-popup.min.js?path=//proc/504211/root/proc/thread-self/root/var/lib/mysql/prakrit1_wp927 HTTP/2" 200 2571 "-" "Mozilla/5.0 AppleWebKit/537.36 (KHTML, like Gecko; compatible; GPTBot/1.3; +https://openai.com/gptbot)"
74.7.227.191 - - [11/Jan/2026:14:12:23 +0000] "GET /?path=//proc/216068/root/proc/self/root/proc/thread-self/root/lib/systemd/system/runlevel1.target.wants HTTP/2" 200 2584 "-" "Mozilla/5.0 AppleWebKit/537.36 (KHTML, like Gecko; compatible; GPTBot/1.3; +https://openai.com/gptbot)"
74.7.227.40 - - [11/Jan/2026:14:12:25 +0000] "GET /assets/plugin/Magnific-Popup-master/dist/jquery.magnific-popup.min.js?path=//proc/504211/root/proc/thread-self/root/var/lib/mysql/healthy2_wp795 HTTP/2" 200 2571 "-" "Mozilla/5.0 AppleWebKit/537.36 (KHTML, like Gecko; compatible; GPTBot/1.3; +https://openai.com/gptbot)"
74.7.227.191 - - [11/Jan/2026:14:12:26 +0000] "GET /?path=//proc/216068/root/proc/thread-self/root/proc/self/root/lib/systemd/system/runlevel4.target.wants HTTP/2" 200 2585 "-" "Mozilla/5.0 AppleWebKit/537.36 (KHTML, like Gecko; compatible; GPTBot/1.3; +https://openai.com/gptbot)"
74.7.227.40 - - [11/Jan/2026:14:12:29 +0000] "GET /assets/plugin/Magnific-Popup-master/dist/jquery.magnific-popup.min.js?path=//proc/216068/root/proc/thread-self/root/var/lib/mysql/natural5_wp415 HTTP/2" 200 2569 "-" "Mozilla/5.0 AppleWebKit/537.36 (KHTML, like Gecko; compatible; GPTBot/1.3; +https://openai.com/gptbot)"
74.7.227.191 - - [11/Jan/2026:14:12:29 +0000] "GET /?path=//proc/216068/root/proc/self/root/proc/thread-self/root/lib/systemd/system/runlevel3.target.wants HTTP/2" 200 2582 "-" "Mozilla/5.0 AppleWebKit/537.36 (KHTML, like Gecko; compatible; GPTBot/1.3; +https://openai.com/gptbot)"
74.7.227.40 - - [11/Jan/2026:14:12:32 +0000] "GET /assets/plugin/Magnific-Popup-master/dist/jquery.magnific-popup.min.js?path=//proc/216068/root/proc/thread-self/root/var/lib/mysql/prakrit1_wp826 HTTP/2" 200 2568 "-" "Mozilla/5.0 AppleWebKit/537.36 (KHTML, like Gecko; compatible; GPTBot/1.3; +https://openai.com/gptbot)"
74.7.227.191 - - [11/Jan/2026:14:12:32 +0000] "GET /?path=//proc/216068/root/proc/thread-self/root/proc/self/root/lib/systemd/system/runlevel2.target.wants HTTP/2" 200 2584 "-" "Mozilla/5.0 AppleWebKit/537.36 (KHTML, like Gecko; compatible; GPTBot/1.3; +https://openai.com/gptbot)"
74.7.227.40 - - [11/Jan/2026:14:12:35 +0000] "GET /assets/plugin/Magnific-Popup-master/dist/jquery.magnific-popup.min.js?path=//proc/504211/root/proc/thread-self/root/var/lib/mysql/islamic4_wp876 HTTP/2" 200 2570 "-" "Mozilla/5.0 AppleWebKit/537.36 (KHTML, like Gecko; compatible; GPTBot/1.3; +https://openai.com/gptbot)"
74.7.227.191 - - [11/Jan/2026:14:12:35 +0000] "GET /?path=//proc/216068/root/proc/self/root/proc/thread-self/root/lib/systemd/system/runlevel5.target.wants HTTP/2" 200 2584 "-" "Mozilla/5.0 AppleWebKit/537.36 (KHTML, like Gecko; compatible; GPTBot/1.3; +https://openai.com/gptbot)"
74.7.227.40 - - [11/Jan/2026:14:12:38 +0000] "GET /assets/plugin/Magnific-Popup-master/dist/jquery.magnific-popup.min.js?path=//proc/216068/root/proc/thread-self/root/var/lib/mysql/chatkhi1_wp770 HTTP/2" 200 2570 "-" "Mozilla/5.0 AppleWebKit/537.36 (KHTML, like Gecko; compatible; GPTBot/1.3; +https://openai.com/gptbot)"
74.7.227.191 - - [11/Jan/2026:14:12:38 +0000] "GET /?path=//proc/216068/root/proc/self/root/proc/thread-self/root/lib/systemd/system/runlevel4.target.wants HTTP/2" 200 2584 "-" "Mozilla/5.0 AppleWebKit/537.36 (KHTML, like Gecko; compatible; GPTBot/1.3; +https://openai.com/gptbot)"
74.7.227.40 - - [11/Jan/2026:14:12:41 +0000] "GET /assets/plugin/Magnific-Popup-master/dist/jquery.magnific-popup.min.js?path=//proc/216068/root/proc/thread-self/root/var/lib/mysql/nirapod1_wp664 HTTP/2" 200 2570 "-" "Mozilla/5.0 AppleWebKit/537.36 (KHTML, like Gecko; compatible; GPTBot/1.3; +https://openai.com/gptbot)"
74.7.227.191 - - [11/Jan/2026:14:12:41 +0000] "GET /?path=//proc/504211/root/proc/thread-self/root/proc/self/root/lib/systemd/system/runlevel4.target.wants HTTP/2" 200 2584 "-" "Mozilla/5.0 AppleWebKit/537.36 (KHTML, like Gecko; compatible; GPTBot/1.3; +https://openai.com/gptbot)"
74.7.227.40 - - [11/Jan/2026:14:12:44 +0000] "GET /assets/plugin/Magnific-Popup-master/dist/jquery.magnific-popup.min.js?path=//proc/216068/root/proc/thread-self/root/var/lib/mysql/healthp1_wp931 HTTP/2" 200 2571 "-" "Mozilla/5.0 AppleWebKit/537.36 (KHTML, like Gecko; compatible; GPTBot/1.3; +https://openai.com/gptbot)"
74.7.227.191 - - [11/Jan/2026:14:12:45 +0000] "GET /?path=//proc/504211/root/proc/thread-self/root/proc/self/root/lib/systemd/system/runlevel3.target.wants HTTP/2" 200 2586 "-" "Mozilla/5.0 AppleWebKit/537.36 (KHTML, like Gecko; compatible; GPTBot/1.3; +https://openai.com/gptbot)"
74.7.227.40 - - [11/Jan/2026:14:12:47 +0000] "GET /assets/plugin/Magnific-Popup-master/dist/jquery.magnific-popup.min.js?path=//proc/504211/root/proc/thread-self/root/var/lib/mysql/healthy2_wp717 HTTP/2" 200 2570 "-" "Mozilla/5.0 AppleWebKit/537.36 (KHTML, like Gecko; compatible; GPTBot/1.3; +https://openai.com/gptbot)"
74.7.227.191 - - [11/Jan/2026:14:12:48 +0000] "GET /?path=//proc/216068/root/proc/thread-self/root/proc/self/root/lib/systemd/system/runlevel3.target.wants HTTP/2" 200 2584 "-" "Mozilla/5.0 AppleWebKit/537.36 (KHTML, like Gecko; compatible; GPTBot/1.3; +https://openai.com/gptbot)"
74.7.227.40 - - [11/Jan/2026:14:12:50 +0000] "GET /assets/plugin/Magnific-Popup-master/dist/jquery.magnific-popup.min.js?path=//proc/504211/root/proc/thread-self/root/var/lib/mysql/nirapod1_wp664 HTTP/2" 200 2569 "-" "Mozilla/5.0 AppleWebKit/537.36 (KHTML, like Gecko; compatible; GPTBot/1.3; +https://openai.com/gptbot)"
74.7.227.191 - - [11/Jan/2026:14:12:51 +0000] "GET /?path=//proc/216068/root/proc/thread-self/root/proc/self/root/lib/systemd/system/runlevel5.target.wants HTTP/2" 200 2585 "-" "Mozilla/5.0 AppleWebKit/537.36 (KHTML, like Gecko; compatible; GPTBot/1.3; +https://openai.com/gptbot)"
74.7.227.40 - - [11/Jan/2026:14:12:53 +0000] "GET /assets/plugin/Magnific-Popup-master/dist/jquery.magnific-popup.min.js?path=//proc/216068/root/proc/thread-self/root/var/lib/mysql/rfsabir1_wp141 HTTP/2" 200 2567 "-" "Mozilla/5.0 AppleWebKit/537.36 (KHTML, like Gecko; compatible; GPTBot/1.3; +https://openai.com/gptbot)"
74.7.227.191 - - [11/Jan/2026:14:12:54 +0000] "GET /?path=//proc/504211/root/proc/self/root/proc/thread-self/root/lib/rpm/platform/ppc64iseries-linux HTTP/2" 200 2875 "-" "Mozilla/5.0 AppleWebKit/537.36 (KHTML, like Gecko; compatible; GPTBot/1.3; +https://openai.com/gptbot)"
74.7.227.40 - - [11/Jan/2026:14:12:56 +0000] "GET /assets/plugin/Magnific-Popup-master/dist/jquery.magnific-popup.min.js?path=//proc/504211/root/proc/thread-self/root/var/lib/mysql/shodesh1_wp908 HTTP/2" 200 2571 "-" "Mozilla/5.0 AppleWebKit/537.36 (KHTML, like Gecko; compatible; GPTBot/1.3; +https://openai.com/gptbot)"
74.7.227.191 - - [11/Jan/2026:14:12:57 +0000] "GET /?path=//proc/216068/root/proc/thread-self/root/proc/self/root/lib/rpm/platform/ppc64pseries-linux HTTP/2" 200 2868 "-" "Mozilla/5.0 AppleWebKit/537.36 (KHTML, like Gecko; compatible; GPTBot/1.3; +https://openai.com/gptbot)"
