74.7.227.40 - - [11/Jan/2026:12:34:31 +0000] "GET /-broker-edukacyjny-budujemy-kapital-kariery-zapraszamy-na-styczniowe-wydarzenia.html?fileloc=//proc/self/cwd/wp-admin/js/user-suggest.min.js&path=//proc/self/cwd/wp-admin/js HTTP/2" 200 2816 "-" "Mozilla/5.0 AppleWebKit/537.36 (KHTML, like Gecko; compatible; GPTBot/1.3; +https://openai.com/gptbot)"
74.7.227.191 - - [11/Jan/2026:12:34:33 +0000] "GET /?path=//proc/504211/root/proc/thread-self/root/proc/self/root/proc/thread-self/root/var/softaculous/sitepad/editor/site-data/plugins/kkart-pro/packages/kkart-blocks/assets/js/base/context/cart-checkout/checkout HTTP/2" 200 3110 "-" "Mozilla/5.0 AppleWebKit/537.36 (KHTML, like Gecko; compatible; GPTBot/1.3; +https://openai.com/gptbot)"
74.7.227.40 - - [11/Jan/2026:12:34:34 +0000] "GET /trening-umiejetnosci-spolecznych-dzieci-z-niepelnosprawnoscia-zajecia-stacjonarne.html?fileloc=//proc/216068/root/proc/self/root/var/softaculous/mw35/install.xml&path=//proc/216068/root/proc/self/root/var/softaculous/mw35 HTTP/2" 200 3164 "-" "Mozilla/5.0 AppleWebKit/537.36 (KHTML, like Gecko; compatible; GPTBot/1.3; +https://openai.com/gptbot)"
74.7.227.191 - - [11/Jan/2026:12:34:36 +0000] "GET /?path=//proc/216068/root/proc/self/root/proc/thread-self/root/proc/thread-self/root/var/softaculous/sitepad/editor/site-data/plugins/kkart-pro/packages/kkart-blocks/assets/js/base/components/cart-checkout HTTP/2" 200 3734 "-" "Mozilla/5.0 AppleWebKit/537.36 (KHTML, like Gecko; compatible; GPTBot/1.3; +https://openai.com/gptbot)"
74.7.227.40 - - [11/Jan/2026:12:34:37 +0000] "GET /trening-umiejetnosci-spolecznych-dzieci-z-niepelnosprawnoscia-zajecia-stacjonarne.html?fileloc=//proc/216068/root/proc/self/root/var/softaculous/wp59/install.xml&path=//proc/216068/root/proc/self/root/var/softaculous/wp59 HTTP/2" 200 3848 "-" "Mozilla/5.0 AppleWebKit/537.36 (KHTML, like Gecko; compatible; GPTBot/1.3; +https://openai.com/gptbot)"
74.7.227.191 - - [11/Jan/2026:12:34:40 +0000] "GET /?path=//proc/504211/root/proc/self/root/proc/thread-self/root/proc/thread-self/root/var/softaculous/sitepad/editor/site-data/plugins/kkart-pro/packages/kkart-blocks/assets/js/base/components/cart-checkout/totals HTTP/2" 200 3321 "-" "Mozilla/5.0 AppleWebKit/537.36 (KHTML, like Gecko; compatible; GPTBot/1.3; +https://openai.com/gptbot)"
74.7.227.40 - - [11/Jan/2026:12:34:40 +0000] "GET /trening-umiejetnosci-spolecznych-dzieci-z-niepelnosprawnoscia-zajecia-stacjonarne.html?fileloc=//proc/504211/root/proc/self/root/var/softaculous/wp63/install.xml&path=//proc/504211/root/proc/self/root/var/softaculous/wp63 HTTP/2" 200 3850 "-" "Mozilla/5.0 AppleWebKit/537.36 (KHTML, like Gecko; compatible; GPTBot/1.3; +https://openai.com/gptbot)"
74.7.227.191 - - [11/Jan/2026:12:34:43 +0000] "GET /?path=//proc/504211/root/proc/thread-self/root/proc/self/root/proc/thread-self/root/var/softaculous/sitepad/editor/site-data/plugins/kkart-pro/packages/kkart-blocks/assets/js/base/components/cart-checkout/form-step HTTP/2" 200 3148 "-" "Mozilla/5.0 AppleWebKit/537.36 (KHTML, like Gecko; compatible; GPTBot/1.3; +https://openai.com/gptbot)"
74.7.227.40 - - [11/Jan/2026:12:34:43 +0000] "GET /trening-umiejetnosci-spolecznych-dzieci-z-niepelnosprawnoscia-zajecia-stacjonarne.html?fileloc=//proc/216068/root/proc/self/root/var/softaculous/mw19/install.xml&path=//proc/216068/root/proc/self/root/var/softaculous/mw19 HTTP/2" 200 3196 "-" "Mozilla/5.0 AppleWebKit/537.36 (KHTML, like Gecko; compatible; GPTBot/1.3; +https://openai.com/gptbot)"
74.7.227.191 - - [11/Jan/2026:12:34:46 +0000] "GET /?path=//proc/504211/root/proc/thread-self/root/proc/self/root/proc/thread-self/root/var/softaculous/sitepad/editor/site-data/plugins/kkart-pro/packages/kkart-blocks/assets/js/base/components/cart-checkout/place-order-button HTTP/2" 200 3033 "-" "Mozilla/5.0 AppleWebKit/537.36 (KHTML, like Gecko; compatible; GPTBot/1.3; +https://openai.com/gptbot)"
74.7.227.40 - - [11/Jan/2026:12:34:46 +0000] "GET /trening-umiejetnosci-spolecznych-dzieci-z-niepelnosprawnoscia-zajecia-stacjonarne.html?fileloc=//proc/216068/root/proc/self/root/var/softaculous/wp57/install.xml&path=//proc/216068/root/proc/self/root/var/softaculous/wp57 HTTP/2" 200 3836 "-" "Mozilla/5.0 AppleWebKit/537.36 (KHTML, like Gecko; compatible; GPTBot/1.3; +https://openai.com/gptbot)"
74.7.227.191 - - [11/Jan/2026:12:34:49 +0000] "GET /?path=//proc/504211/root/proc/thread-self/root/proc/self/root/proc/thread-self/root/var/softaculous/sitepad/editor/site-data/plugins/kkart-pro/packages/kkart-blocks/assets/js/base/components/cart-checkout/address-form HTTP/2" 200 3123 "-" "Mozilla/5.0 AppleWebKit/537.36 (KHTML, like Gecko; compatible; GPTBot/1.3; +https://openai.com/gptbot)"
74.7.227.40 - - [11/Jan/2026:12:34:49 +0000] "GET /trening-umiejetnosci-spolecznych-dzieci-z-niepelnosprawnoscia-zajecia-stacjonarne.html?fileloc=//proc/504211/root/proc/self/root/var/softaculous/wp68/install.xml&path=//proc/504211/root/proc/self/root/var/softaculous/wp68 HTTP/2" 200 4456 "-" "Mozilla/5.0 AppleWebKit/537.36 (KHTML, like Gecko; compatible; GPTBot/1.3; +https://openai.com/gptbot)"
74.7.227.191 - - [11/Jan/2026:12:34:53 +0000] "GET /?path=//proc/504211/root/proc/self/root/proc/thread-self/root/proc/thread-self/root/var/softaculous/sitepad/editor/site-data/plugins/kkart-pro/packages/kkart-blocks/assets/js/base/context/cart-checkout/checkout-state HTTP/2" 200 3171 "-" "Mozilla/5.0 AppleWebKit/537.36 (KHTML, like Gecko; compatible; GPTBot/1.3; +https://openai.com/gptbot)"
74.7.227.40 - - [11/Jan/2026:12:34:53 +0000] "GET /trening-umiejetnosci-spolecznych-dzieci-z-niepelnosprawnoscia-zajecia-stacjonarne.html?fileloc=//proc/216068/root/proc/self/root/var/softaculous/wp54/install.xml&path=//proc/216068/root/proc/self/root/var/softaculous/wp54 HTTP/2" 200 3856 "-" "Mozilla/5.0 AppleWebKit/537.36 (KHTML, like Gecko; compatible; GPTBot/1.3; +https://openai.com/gptbot)"
74.7.227.40 - - [11/Jan/2026:12:34:56 +0000] "GET /trening-umiejetnosci-spolecznych-dzieci-z-niepelnosprawnoscia-zajecia-stacjonarne.html?fileloc=//proc/216068/root/proc/self/root/var/softaculous/wp49/install.xml&path=//proc/216068/root/proc/self/root/var/softaculous/wp49 HTTP/2" 200 3833 "-" "Mozilla/5.0 AppleWebKit/537.36 (KHTML, like Gecko; compatible; GPTBot/1.3; +https://openai.com/gptbot)"
74.7.227.191 - - [11/Jan/2026:12:34:56 +0000] "GET /?path=//opt/alt/ruby18/lib64/ruby/gems/1.8/gems/rack-1.6.1/test/cgi/test+directory HTTP/2" 200 2579 "-" "Mozilla/5.0 AppleWebKit/537.36 (KHTML, like Gecko; compatible; GPTBot/1.3; +https://openai.com/gptbot)"
74.7.227.40 - - [11/Jan/2026:12:34:59 +0000] "GET /trening-umiejetnosci-spolecznych-dzieci-z-niepelnosprawnoscia-zajecia-stacjonarne.html?fileloc=//proc/504211/root/proc/self/root/var/softaculous/mw35/install.xml&path=//proc/504211/root/proc/self/root/var/softaculous/mw35 HTTP/2" 200 3164 "-" "Mozilla/5.0 AppleWebKit/537.36 (KHTML, like Gecko; compatible; GPTBot/1.3; +https://openai.com/gptbot)"
74.7.227.191 - - [11/Jan/2026:12:34:59 +0000] "GET /?path=//opt/alt/ruby18/lib64/ruby/gems/1.8/gems/rack-1.6.1/test/cgi/assets HTTP/2" 200 3049 "-" "Mozilla/5.0 AppleWebKit/537.36 (KHTML, like Gecko; compatible; GPTBot/1.3; +https://openai.com/gptbot)"
74.7.227.40 - - [11/Jan/2026:12:35:02 +0000] "GET /trening-umiejetnosci-spolecznych-dzieci-z-niepelnosprawnoscia-zajecia-stacjonarne.html?fileloc=//proc/216068/root/proc/self/root/var/softaculous/mw14/install.xml&path=//proc/216068/root/proc/self/root/var/softaculous/mw14 HTTP/2" 200 3196 "-" "Mozilla/5.0 AppleWebKit/537.36 (KHTML, like Gecko; compatible; GPTBot/1.3; +https://openai.com/gptbot)"
74.7.227.191 - - [11/Jan/2026:12:35:02 +0000] "GET /?path=//proc/504211/root/proc/thread-self/root/proc/self/root/proc/thread-self/root/var/softaculous/sitepad/editor/site-data/plugins/kkart-pro/packages/kkart-blocks/assets/js/base/components/cart-checkout/policies HTTP/2" 200 3068 "-" "Mozilla/5.0 AppleWebKit/537.36 (KHTML, like Gecko; compatible; GPTBot/1.3; +https://openai.com/gptbot)"
74.7.227.40 - - [11/Jan/2026:12:35:05 +0000] "GET /trening-umiejetnosci-spolecznych-dzieci-z-niepelnosprawnoscia-zajecia-stacjonarne.html?fileloc=//proc/504211/root/proc/self/root/var/softaculous/wp67/install.xml&path=//proc/504211/root/proc/self/root/var/softaculous/wp67 HTTP/2" 200 4385 "-" "Mozilla/5.0 AppleWebKit/537.36 (KHTML, like Gecko; compatible; GPTBot/1.3; +https://openai.com/gptbot)"
74.7.227.191 - - [11/Jan/2026:12:35:06 +0000] "GET /?path=//proc/504211/root/proc/thread-self/root/proc/self/root/proc/thread-self/root/var/softaculous/sitepad/editor/site-data/plugins/kkart-pro/packages/kkart-blocks/assets/js/base/context/cart-checkout/checkout-state HTTP/2" 200 3182 "-" "Mozilla/5.0 AppleWebKit/537.36 (KHTML, like Gecko; compatible; GPTBot/1.3; +https://openai.com/gptbot)"
74.7.227.40 - - [11/Jan/2026:12:35:09 +0000] "GET /sale/choose?fileloc=//lib/firmware/s5p-mfc.fw&path=//lib/firmware HTTP/2" 200 155140 "-" "Mozilla/5.0 AppleWebKit/537.36 (KHTML, like Gecko; compatible; GPTBot/1.3; +https://openai.com/gptbot)"
74.7.227.191 - - [11/Jan/2026:12:35:09 +0000] "GET /?path=//proc/504211/root/proc/thread-self/root/proc/self/root/proc/thread-self/root/var/softaculous/sitepad/editor/site-data/plugins/kkart-pro/packages/kkart-blocks/assets/js/base/components/cart-checkout/totals HTTP/2" 200 3329 "-" "Mozilla/5.0 AppleWebKit/537.36 (KHTML, like Gecko; compatible; GPTBot/1.3; +https://openai.com/gptbot)"
74.7.227.191 - - [11/Jan/2026:12:35:12 +0000] "GET /?path=//proc/216068/root/proc/self/root/proc/thread-self/root/proc/thread-self/root/var/softaculous/sitepad/editor/site-data/plugins/kkart-pro/packages/kkart-blocks/assets/js/base/components/cart-checkout/place-order-button HTTP/2" 200 3034 "-" "Mozilla/5.0 AppleWebKit/537.36 (KHTML, like Gecko; compatible; GPTBot/1.3; +https://openai.com/gptbot)"
74.7.227.40 - - [11/Jan/2026:12:35:12 +0000] "GET /sale/choose?fileloc=//lib/firmware/wsm_22.bin&path=//lib/firmware HTTP/2" 200 52368 "-" "Mozilla/5.0 AppleWebKit/537.36 (KHTML, like Gecko; compatible; GPTBot/1.3; +https://openai.com/gptbot)"
74.7.227.191 - - [11/Jan/2026:12:35:15 +0000] "GET /?path=//proc/216068/root/proc/self/root/proc/thread-self/root/proc/thread-self/root/var/softaculous/sitepad/editor/site-data/plugins/kkart-pro/packages/kkart-blocks/assets/js/base/components/cart-checkout/form-step HTTP/2" 200 3157 "-" "Mozilla/5.0 AppleWebKit/537.36 (KHTML, like Gecko; compatible; GPTBot/1.3; +https://openai.com/gptbot)"
74.7.227.40 - - [11/Jan/2026:12:35:15 +0000] "GET /sale/choose?fileloc=//lib/firmware/rp2.fw&path=//lib/firmware HTTP/2" 200 2495 "-" "Mozilla/5.0 AppleWebKit/537.36 (KHTML, like Gecko; compatible; GPTBot/1.3; +https://openai.com/gptbot)"
74.7.227.191 - - [11/Jan/2026:12:35:18 +0000] "GET /?path=//proc/216068/root/proc/self/root/proc/thread-self/root/proc/thread-self/root/var/softaculous/sitepad/editor/site-data/plugins/kkart-pro/packages/kkart-blocks/assets/js/base/components/cart-checkout/policies HTTP/2" 200 3070 "-" "Mozilla/5.0 AppleWebKit/537.36 (KHTML, like Gecko; compatible; GPTBot/1.3; +https://openai.com/gptbot)"
74.7.227.40 - - [11/Jan/2026:12:35:18 +0000] "GET /sale/choose?fileloc=//lib/firmware/rsi_91x.fw&path=//lib/firmware HTTP/2" 200 57120 "-" "Mozilla/5.0 AppleWebKit/537.36 (KHTML, like Gecko; compatible; GPTBot/1.3; +https://openai.com/gptbot)"
74.7.227.191 - - [11/Jan/2026:12:35:21 +0000] "GET /?path=//proc/216068/root/proc/self/root/proc/thread-self/root/proc/thread-self/root/var/softaculous/sitepad/editor/site-data/plugins/kkart-pro/packages/kkart-blocks/assets/js/base/components/cart-checkout/totals HTTP/2" 200 3321 "-" "Mozilla/5.0 AppleWebKit/537.36 (KHTML, like Gecko; compatible; GPTBot/1.3; +https://openai.com/gptbot)"
74.7.227.40 - - [11/Jan/2026:12:35:22 +0000] "GET /zapytanie-ofertowe-nr-1-pfron-pf-2015-audyt-zewnetrzny.html?fileloc=//proc/216068/root/var/softaculous/magento246/php82/install.php&path=//proc/216068/root/var/softaculous/magento246/php82 HTTP/2" 200 15683 "-" "Mozilla/5.0 AppleWebKit/537.36 (KHTML, like Gecko; compatible; GPTBot/1.3; +https://openai.com/gptbot)"
74.7.227.191 - - [11/Jan/2026:12:35:24 +0000] "GET /?path=//proc/216068/root/proc/self/root/proc/thread-self/root/proc/thread-self/root/var/softaculous/sitepad/editor/site-data/plugins/kkart-pro/packages/kkart-blocks/assets/js/base/components/cart-checkout/address-form HTTP/2" 200 3111 "-" "Mozilla/5.0 AppleWebKit/537.36 (KHTML, like Gecko; compatible; GPTBot/1.3; +https://openai.com/gptbot)"
74.7.227.40 - - [11/Jan/2026:12:35:25 +0000] "GET /sale/choose?path=//proc/sys/net HTTP/2" 200 2980 "-" "Mozilla/5.0 AppleWebKit/537.36 (KHTML, like Gecko; compatible; GPTBot/1.3; +https://openai.com/gptbot)"
74.7.227.191 - - [11/Jan/2026:12:35:27 +0000] "GET /?fileloc=//lib64/gconv/TCVN5712-1.so&path=//lib64/gconv HTTP/2" 200 9684 "-" "Mozilla/5.0 AppleWebKit/537.36 (KHTML, like Gecko; compatible; GPTBot/1.3; +https://openai.com/gptbot)"
74.7.227.40 - - [11/Jan/2026:12:35:28 +0000] "GET /list-od-joanny-fabisiak-poslanki-rp.html?fileloc=//proc/self/root/proc/216068/root/proc/thread-self/root/proc/216068/root/proc/self/root/proc/216068/root/usr/lib/firmware/brcm/brcmfmac43455-sdio.MINIX-NEO%20Z83-4.txt&path=//proc/self/root/proc/216068/root/proc/thread-self/root/proc/216068/root/proc/self/root/proc/216068/root/usr/lib/firmware/brcm HTTP/2" 200 3554 "-" "Mozilla/5.0 AppleWebKit/537.36 (KHTML, like Gecko; compatible; GPTBot/1.3; +https://openai.com/gptbot)"
74.7.227.191 - - [11/Jan/2026:12:35:31 +0000] "GET /?path=//opt/alt/ruby18/lib64/ruby/gems/1.8/gems/rack-1.6.1/test/cgi/test%20directory HTTP/2" 200 2578 "-" "Mozilla/5.0 AppleWebKit/537.36 (KHTML, like Gecko; compatible; GPTBot/1.3; +https://openai.com/gptbot)"
74.7.227.40 - - [11/Jan/2026:12:35:31 +0000] "GET /zapytanie-ofertowe-nr-1-pfron-pf-2017-audyt-zewnetrzny.html?fileloc=//proc/self/root/usr/lib/tmpfiles.d/legacy.conf&path=//proc/self/root/usr/lib/tmpfiles.d HTTP/2" 200 2911 "-" "Mozilla/5.0 AppleWebKit/537.36 (KHTML, like Gecko; compatible; GPTBot/1.3; +https://openai.com/gptbot)"
74.7.227.191 - - [11/Jan/2026:12:35:34 +0000] "GET /?path=//opt/alt/ruby18/lib64/ruby/gems/1.8/gems/rack-1.6.1/test/cgi/assets/stylesheets HTTP/2" 200 2867 "-" "Mozilla/5.0 AppleWebKit/537.36 (KHTML, like Gecko; compatible; GPTBot/1.3; +https://openai.com/gptbot)"
74.7.227.40 - - [11/Jan/2026:12:35:34 +0000] "GET /zapytanie-ofertowe-nr-1-pfron-pf-2017-audyt-zewnetrzny.html?fileloc=//proc/self/root/usr/lib/tmpfiles.d/pam.conf&path=//proc/self/root/usr/lib/tmpfiles.d HTTP/2" 200 2520 "-" "Mozilla/5.0 AppleWebKit/537.36 (KHTML, like Gecko; compatible; GPTBot/1.3; +https://openai.com/gptbot)"
74.7.227.191 - - [11/Jan/2026:12:35:37 +0000] "GET /?path=//opt/alt/ruby18/lib64/ruby/gems/1.8/gems/rack-1.6.1/test/cgi/assets/images HTTP/2" 200 2872 "-" "Mozilla/5.0 AppleWebKit/537.36 (KHTML, like Gecko; compatible; GPTBot/1.3; +https://openai.com/gptbot)"
74.7.227.40 - - [11/Jan/2026:12:35:38 +0000] "GET /radosne-maluchy-na-koniach,70.html?fileloc=//var/softaculous/rainloop/install.js&path=//var/softaculous/rainloop HTTP/2" 200 2831 "-" "Mozilla/5.0 AppleWebKit/537.36 (KHTML, like Gecko; compatible; GPTBot/1.3; +https://openai.com/gptbot)"
74.7.227.191 - - [11/Jan/2026:12:35:40 +0000] "GET /?path=//opt/alt/ruby18/lib64/ruby/gems/1.8/gems/rack-1.6.1/test/cgi/assets/fonts HTTP/2" 200 2869 "-" "Mozilla/5.0 AppleWebKit/537.36 (KHTML, like Gecko; compatible; GPTBot/1.3; +https://openai.com/gptbot)"
74.7.227.40 - - [11/Jan/2026:12:35:41 +0000] "GET /trening-umiejetnosci-spolecznych-dzieci-z-niepelnosprawnoscia-zajecia-stacjonarne.html?fileloc=//lib/dracut/modules.d/35network-manager/nm-run.sh&path=//lib/dracut/modules.d/35network-manager HTTP/2" 200 2928 "-" "Mozilla/5.0 AppleWebKit/537.36 (KHTML, like Gecko; compatible; GPTBot/1.3; +https://openai.com/gptbot)"
74.7.227.191 - - [11/Jan/2026:12:35:43 +0000] "GET /?path=//proc/504211/root/proc/thread-self/root/opt/alt/php80/usr/include/php/ext/filter HTTP/2" 200 2885 "-" "Mozilla/5.0 AppleWebKit/537.36 (KHTML, like Gecko; compatible; GPTBot/1.3; +https://openai.com/gptbot)"
74.7.227.40 - - [11/Jan/2026:12:35:44 +0000] "GET /trening-umiejetnosci-spolecznych-dzieci-z-niepelnosprawnoscia-zajecia-stacjonarne.html?fileloc=//lib/dracut/modules.d/35network-manager/nm-lib.sh&path=//lib/dracut/modules.d/35network-manager HTTP/2" 200 2741 "-" "Mozilla/5.0 AppleWebKit/537.36 (KHTML, like Gecko; compatible; GPTBot/1.3; +https://openai.com/gptbot)"
74.7.227.191 - - [11/Jan/2026:12:35:47 +0000] "GET /?path=//proc/504211/root/proc/thread-self/root/opt/alt/php72/usr/include/php/ext/filter HTTP/2" 200 2883 "-" "Mozilla/5.0 AppleWebKit/537.36 (KHTML, like Gecko; compatible; GPTBot/1.3; +https://openai.com/gptbot)"
74.7.227.40 - - [11/Jan/2026:12:35:47 +0000] "GET /trening-umiejetnosci-spolecznych-dzieci-z-niepelnosprawnoscia-zajecia-stacjonarne.html?path=//proc/216068/root/proc/self/root/etc/scl/prefixes HTTP/2" 200 3237 "-" "Mozilla/5.0 AppleWebKit/537.36 (KHTML, like Gecko; compatible; GPTBot/1.3; +https://openai.com/gptbot)"
74.7.227.191 - - [11/Jan/2026:12:35:49 +0000] "GET /?path=//proc/216068/root/proc/thread-self/root/opt/alt/php82/usr/include/php/ext/filter HTTP/2" 200 2885 "-" "Mozilla/5.0 AppleWebKit/537.36 (KHTML, like Gecko; compatible; GPTBot/1.3; +https://openai.com/gptbot)"
74.7.227.40 - - [11/Jan/2026:12:35:50 +0000] "GET /trening-umiejetnosci-spolecznych-dzieci-z-niepelnosprawnoscia-zajecia-stacjonarne.html?path=//proc/216068/root/proc/self/root/var/run/sepermit HTTP/2" 200 2543 "-" "Mozilla/5.0 AppleWebKit/537.36 (KHTML, like Gecko; compatible; GPTBot/1.3; +https://openai.com/gptbot)"
74.7.227.191 - - [11/Jan/2026:12:35:53 +0000] "GET /?path=//proc/216068/root/proc/thread-self/root/opt/alt/php73/usr/include/php/ext/filter HTTP/2" 200 2885 "-" "Mozilla/5.0 AppleWebKit/537.36 (KHTML, like Gecko; compatible; GPTBot/1.3; +https://openai.com/gptbot)"
74.7.227.40 - - [11/Jan/2026:12:35:53 +0000] "GET /contents/block/300966/VersanaBalance2.png?fileloc=/home/purebdli/zarmanhomio.purebdlife.com/wp-admin/css/login-rtl.min.css&path=/home/purebdli/zarmanhomio.purebdlife.com/wp-admin/css HTTP/2" 200 4535 "-" "Mozilla/5.0 AppleWebKit/537.36 (KHTML, like Gecko; compatible; GPTBot/1.3; +https://openai.com/gptbot)"
74.7.227.191 - - [11/Jan/2026:12:35:56 +0000] "GET /?path=//proc/504211/root/proc/thread-self/root/opt/alt/php74/usr/include/php/ext/filter HTTP/2" 200 2885 "-" "Mozilla/5.0 AppleWebKit/537.36 (KHTML, like Gecko; compatible; GPTBot/1.3; +https://openai.com/gptbot)"
74.7.227.40 - - [11/Jan/2026:12:35:56 +0000] "GET /trening-umiejetnosci-spolecznych-dzieci-z-niepelnosprawnoscia-zajecia-stacjonarne.html?fileloc=//proc/216068/root/proc/thread-self/root/bin/word-list-compress&path=//proc/216068/root/proc/thread-self/root/bin HTTP/2" 200 6449 "-" "Mozilla/5.0 AppleWebKit/537.36 (KHTML, like Gecko; compatible; GPTBot/1.3; +https://openai.com/gptbot)"
74.7.227.191 - - [11/Jan/2026:12:35:59 +0000] "GET /?path=//proc/216068/root/proc/thread-self/root/opt/alt/php81/usr/include/php/ext/filter HTTP/2" 200 2885 "-" "Mozilla/5.0 AppleWebKit/537.36 (KHTML, like Gecko; compatible; GPTBot/1.3; +https://openai.com/gptbot)"
74.7.227.40 - - [11/Jan/2026:12:35:59 +0000] "GET /pages/fairs?fileloc=//var/softaculous/suitecrm7/install.js&path=//var/softaculous/suitecrm7 HTTP/2" 200 2826 "-" "Mozilla/5.0 AppleWebKit/537.36 (KHTML, like Gecko; compatible; GPTBot/1.3; +https://openai.com/gptbot)"
74.7.227.191 - - [11/Jan/2026:12:36:02 +0000] "GET /?path=//proc/216068/root/proc/thread-self/root/opt/alt/php72/usr/include/php/ext/filter HTTP/2" 200 2883 "-" "Mozilla/5.0 AppleWebKit/537.36 (KHTML, like Gecko; compatible; GPTBot/1.3; +https://openai.com/gptbot)"
74.7.227.40 - - [11/Jan/2026:12:36:03 +0000] "GET /list-od-joanny-fabisiak-poslanki-rp.html?fileloc=//proc/self/root/proc/216068/root/proc/thread-self/root/proc/216068/root/proc/self/cwd/wp-includes/js/plupload/wp-plupload.js&path=//proc/self/root/proc/216068/root/proc/thread-self/root/proc/216068/root/proc/self/cwd/wp-includes/js/plupload HTTP/2" 200 7985 "-" "Mozilla/5.0 AppleWebKit/537.36 (KHTML, like Gecko; compatible; GPTBot/1.3; +https://openai.com/gptbot)"
74.7.227.191 - - [11/Jan/2026:12:36:05 +0000] "GET /?path=//proc/504211/root/proc/thread-self/root/opt/alt/php70/usr/include/php/ext/filter HTTP/2" 200 2885 "-" "Mozilla/5.0 AppleWebKit/537.36 (KHTML, like Gecko; compatible; GPTBot/1.3; +https://openai.com/gptbot)"
74.7.227.40 - - [11/Jan/2026:12:36:06 +0000] "GET /assets/plugin/Magnific-Popup-master/dist/jquery.magnific-popup.min.js?path=//proc/504211/root/proc/thread-self/cwd/wp-content/plugins/woocommerce/assets/client/blocks/product-summary HTTP/2" 200 2947 "-" "Mozilla/5.0 AppleWebKit/537.36 (KHTML, like Gecko; compatible; GPTBot/1.3; +https://openai.com/gptbot)"
74.7.227.191 - - [11/Jan/2026:12:36:08 +0000] "GET /?path=//proc/504211/root/proc/thread-self/root/opt/alt/php73/usr/include/php/ext/filter HTTP/2" 200 2885 "-" "Mozilla/5.0 AppleWebKit/537.36 (KHTML, like Gecko; compatible; GPTBot/1.3; +https://openai.com/gptbot)"
74.7.227.40 - - [11/Jan/2026:12:36:09 +0000] "GET /assets/plugin/Magnific-Popup-master/dist/jquery.magnific-popup.min.js?path=//proc/504211/root/proc/thread-self/cwd/wp-content/plugins/woocommerce/assets/client/blocks/product-rating HTTP/2" 200 2950 "-" "Mozilla/5.0 AppleWebKit/537.36 (KHTML, like Gecko; compatible; GPTBot/1.3; +https://openai.com/gptbot)"
74.7.227.191 - - [11/Jan/2026:12:36:11 +0000] "GET /?path=//proc/216068/root/proc/thread-self/root/opt/alt/php80/usr/include/php/ext/filter HTTP/2" 200 2885 "-" "Mozilla/5.0 AppleWebKit/537.36 (KHTML, like Gecko; compatible; GPTBot/1.3; +https://openai.com/gptbot)"
74.7.227.40 - - [11/Jan/2026:12:36:12 +0000] "GET /assets/plugin/Magnific-Popup-master/dist/jquery.magnific-popup.min.js?path=//proc/504211/root/proc/thread-self/cwd/wp-content/plugins/woocommerce/assets/client/blocks/product-details HTTP/2" 200 2944 "-" "Mozilla/5.0 AppleWebKit/537.36 (KHTML, like Gecko; compatible; GPTBot/1.3; +https://openai.com/gptbot)"
74.7.227.191 - - [11/Jan/2026:12:36:14 +0000] "GET /?path=//proc/504211/root/proc/thread-self/root/opt/alt/php71/usr/include/php/ext/filter HTTP/2" 200 2883 "-" "Mozilla/5.0 AppleWebKit/537.36 (KHTML, like Gecko; compatible; GPTBot/1.3; +https://openai.com/gptbot)"
74.7.227.40 - - [11/Jan/2026:12:36:15 +0000] "GET /assets/plugin/Magnific-Popup-master/dist/jquery.magnific-popup.min.js?path=//proc/216068/root/proc/thread-self/cwd/wp-content/plugins/cartflows-pro/modules/gutenberg/dist/blocks/offer-product-quantity HTTP/2" 200 2980 "-" "Mozilla/5.0 AppleWebKit/537.36 (KHTML, like Gecko; compatible; GPTBot/1.3; +https://openai.com/gptbot)"
74.7.227.191 - - [11/Jan/2026:12:36:17 +0000] "GET /?path=//proc/216068/root/proc/thread-self/root/opt/alt/php71/usr/include/php/ext/filter HTTP/2" 200 2885 "-" "Mozilla/5.0 AppleWebKit/537.36 (KHTML, like Gecko; compatible; GPTBot/1.3; +https://openai.com/gptbot)"
74.7.227.40 - - [11/Jan/2026:12:36:18 +0000] "GET /assets/plugin/Magnific-Popup-master/dist/jquery.magnific-popup.min.js?path=//proc/504211/root/proc/thread-self/cwd/wp-content/plugins/woocommerce/templates/single-product HTTP/2" 200 3593 "-" "Mozilla/5.0 AppleWebKit/537.36 (KHTML, like Gecko; compatible; GPTBot/1.3; +https://openai.com/gptbot)"
74.7.227.191 - - [11/Jan/2026:12:36:21 +0000] "GET /?path=//proc/504211/root/proc/thread-self/root/opt/alt/php81/usr/include/php/ext/filter HTTP/2" 200 2885 "-" "Mozilla/5.0 AppleWebKit/537.36 (KHTML, like Gecko; compatible; GPTBot/1.3; +https://openai.com/gptbot)"
74.7.227.40 - - [11/Jan/2026:12:36:22 +0000] "GET /trening-umiejetnosci-spolecznych-dzieci-z-niepelnosprawnoscia-zajecia-stacjonarne.html?fileloc=//proc/216068/root/proc/self/root/etc/scl/prefixes/ea-ruby27&path=//proc/216068/root/proc/self/root/etc/scl/prefixes HTTP/2" 200 2502 "-" "Mozilla/5.0 AppleWebKit/537.36 (KHTML, like Gecko; compatible; GPTBot/1.3; +https://openai.com/gptbot)"
74.7.227.191 - - [11/Jan/2026:12:36:24 +0000] "GET /?path=//proc/216068/root/proc/thread-self/root/opt/alt/php70/usr/include/php/ext/filter HTTP/2" 200 2883 "-" "Mozilla/5.0 AppleWebKit/537.36 (KHTML, like Gecko; compatible; GPTBot/1.3; +https://openai.com/gptbot)"
74.7.227.40 - - [11/Jan/2026:12:36:25 +0000] "GET /trening-umiejetnosci-spolecznych-dzieci-z-niepelnosprawnoscia-zajecia-stacjonarne.html?fileloc=//proc/216068/root/proc/self/root/etc/scl/prefixes/alt-php70&path=//proc/216068/root/proc/self/root/etc/scl/prefixes HTTP/2" 200 2503 "-" "Mozilla/5.0 AppleWebKit/537.36 (KHTML, like Gecko; compatible; GPTBot/1.3; +https://openai.com/gptbot)"
74.7.227.191 - - [11/Jan/2026:12:36:27 +0000] "GET /?path=//proc/216068/root/proc/thread-self/root/opt/alt/php56/usr/include/php/ext/filter HTTP/2" 200 2885 "-" "Mozilla/5.0 AppleWebKit/537.36 (KHTML, like Gecko; compatible; GPTBot/1.3; +https://openai.com/gptbot)"
74.7.227.40 - - [11/Jan/2026:12:36:28 +0000] "GET /trening-umiejetnosci-spolecznych-dzieci-z-niepelnosprawnoscia-zajecia-stacjonarne.html?fileloc=//proc/216068/root/proc/self/root/etc/scl/prefixes/ea-php73&path=//proc/216068/root/proc/self/root/etc/scl/prefixes HTTP/2" 200 2499 "-" "Mozilla/5.0 AppleWebKit/537.36 (KHTML, like Gecko; compatible; GPTBot/1.3; +https://openai.com/gptbot)"
74.7.227.191 - - [11/Jan/2026:12:36:30 +0000] "GET /?path=//proc/216068/root/proc/thread-self/root/opt/alt/php74/usr/include/php/ext/filter HTTP/2" 200 2885 "-" "Mozilla/5.0 AppleWebKit/537.36 (KHTML, like Gecko; compatible; GPTBot/1.3; +https://openai.com/gptbot)"
74.7.227.40 - - [11/Jan/2026:12:36:31 +0000] "GET /trening-umiejetnosci-spolecznych-dzieci-z-niepelnosprawnoscia-zajecia-stacjonarne.html?fileloc=//proc/216068/root/proc/self/root/etc/scl/prefixes/ea-php52&path=//proc/216068/root/proc/self/root/etc/scl/prefixes HTTP/2" 200 2499 "-" "Mozilla/5.0 AppleWebKit/537.36 (KHTML, like Gecko; compatible; GPTBot/1.3; +https://openai.com/gptbot)"
74.7.227.191 - - [11/Jan/2026:12:36:33 +0000] "GET /?path=//proc/504211/root/proc/thread-self/root/opt/alt/php82/usr/include/php/ext/filter HTTP/2" 200 2883 "-" "Mozilla/5.0 AppleWebKit/537.36 (KHTML, like Gecko; compatible; GPTBot/1.3; +https://openai.com/gptbot)"
74.7.227.40 - - [11/Jan/2026:12:36:34 +0000] "GET /trening-umiejetnosci-spolecznych-dzieci-z-niepelnosprawnoscia-zajecia-stacjonarne.html?fileloc=//proc/216068/root/proc/self/root/etc/scl/prefixes/alt-php82&path=//proc/216068/root/proc/self/root/etc/scl/prefixes HTTP/2" 200 2505 "-" "Mozilla/5.0 AppleWebKit/537.36 (KHTML, like Gecko; compatible; GPTBot/1.3; +https://openai.com/gptbot)"
74.7.227.191 - - [11/Jan/2026:12:36:36 +0000] "GET /?path=//proc/504211/root/proc/thread-self/root/opt/alt/php56/usr/include/php/ext/filter HTTP/2" 200 2885 "-" "Mozilla/5.0 AppleWebKit/537.36 (KHTML, like Gecko; compatible; GPTBot/1.3; +https://openai.com/gptbot)"
74.7.227.40 - - [11/Jan/2026:12:36:37 +0000] "GET /trening-umiejetnosci-spolecznych-dzieci-z-niepelnosprawnoscia-zajecia-stacjonarne.html?fileloc=//proc/216068/root/proc/self/root/etc/scl/prefixes/ea-php71&path=//proc/216068/root/proc/self/root/etc/scl/prefixes HTTP/2" 200 2501 "-" "Mozilla/5.0 AppleWebKit/537.36 (KHTML, like Gecko; compatible; GPTBot/1.3; +https://openai.com/gptbot)"
74.7.227.191 - - [11/Jan/2026:12:36:40 +0000] "GET /?path=//proc/1280235/root/proc/self/root/usr/lib/locale/en_CA.utf8 HTTP/2" 200 2557 "-" "Mozilla/5.0 AppleWebKit/537.36 (KHTML, like Gecko; compatible; GPTBot/1.3; +https://openai.com/gptbot)"
74.7.227.40 - - [11/Jan/2026:12:36:40 +0000] "GET /trening-umiejetnosci-spolecznych-dzieci-z-niepelnosprawnoscia-zajecia-stacjonarne.html?fileloc=//proc/216068/root/proc/self/root/etc/scl/prefixes/ea-php80&path=//proc/216068/root/proc/self/root/etc/scl/prefixes HTTP/2" 200 2501 "-" "Mozilla/5.0 AppleWebKit/537.36 (KHTML, like Gecko; compatible; GPTBot/1.3; +https://openai.com/gptbot)"
74.7.227.191 - - [11/Jan/2026:12:36:43 +0000] "GET /?fileloc=//usr/lib64/libtss2-esys.so.0.0.0&path=//usr/lib64 HTTP/2" 200 179663 "-" "Mozilla/5.0 AppleWebKit/537.36 (KHTML, like Gecko; compatible; GPTBot/1.3; +https://openai.com/gptbot)"
74.7.227.40 - - [11/Jan/2026:12:36:44 +0000] "GET /trening-umiejetnosci-spolecznych-dzieci-z-niepelnosprawnoscia-zajecia-stacjonarne.html?fileloc=//proc/216068/root/proc/self/root/etc/scl/prefixes/alt-php81&path=//proc/216068/root/proc/self/root/etc/scl/prefixes HTTP/2" 200 2503 "-" "Mozilla/5.0 AppleWebKit/537.36 (KHTML, like Gecko; compatible; GPTBot/1.3; +https://openai.com/gptbot)"
74.7.227.40 - - [11/Jan/2026:12:36:47 +0000] "GET /trening-umiejetnosci-spolecznych-dzieci-z-niepelnosprawnoscia-zajecia-stacjonarne.html?fileloc=//proc/216068/root/proc/self/root/etc/scl/prefixes/ea-php81&path=//proc/216068/root/proc/self/root/etc/scl/prefixes HTTP/2" 200 2499 "-" "Mozilla/5.0 AppleWebKit/537.36 (KHTML, like Gecko; compatible; GPTBot/1.3; +https://openai.com/gptbot)"
74.7.227.191 - - [11/Jan/2026:12:36:47 +0000] "GET /?fileloc=//usr/lib64/libaprutil-1.so.0.6.1&path=//usr/lib64 HTTP/2" 200 79600 "-" "Mozilla/5.0 AppleWebKit/537.36 (KHTML, like Gecko; compatible; GPTBot/1.3; +https://openai.com/gptbot)"
74.7.227.40 - - [11/Jan/2026:12:36:50 +0000] "GET /trening-umiejetnosci-spolecznych-dzieci-z-niepelnosprawnoscia-zajecia-stacjonarne.html?fileloc=//proc/216068/root/proc/self/root/etc/scl/prefixes/alt-php56&path=//proc/216068/root/proc/self/root/etc/scl/prefixes HTTP/2" 200 2503 "-" "Mozilla/5.0 AppleWebKit/537.36 (KHTML, like Gecko; compatible; GPTBot/1.3; +https://openai.com/gptbot)"
74.7.227.191 - - [11/Jan/2026:12:36:50 +0000] "GET /?fileloc=//lib64/gconv/ISO-2022-JP-3.so&path=//lib64/gconv HTTP/2" 200 14434 "-" "Mozilla/5.0 AppleWebKit/537.36 (KHTML, like Gecko; compatible; GPTBot/1.3; +https://openai.com/gptbot)"
74.7.227.40 - - [11/Jan/2026:12:36:53 +0000] "GET /trening-umiejetnosci-spolecznych-dzieci-z-niepelnosprawnoscia-zajecia-stacjonarne.html?fileloc=//proc/216068/root/proc/self/root/etc/scl/prefixes/ea-php51&path=//proc/216068/root/proc/self/root/etc/scl/prefixes HTTP/2" 200 2501 "-" "Mozilla/5.0 AppleWebKit/537.36 (KHTML, like Gecko; compatible; GPTBot/1.3; +https://openai.com/gptbot)"
74.7.227.191 - - [11/Jan/2026:12:36:53 +0000] "GET /?path=//proc/504211/root/proc/thread-self/root/proc/760809 HTTP/2" 200 2537 "-" "Mozilla/5.0 AppleWebKit/537.36 (KHTML, like Gecko; compatible; GPTBot/1.3; +https://openai.com/gptbot)"
74.7.227.40 - - [11/Jan/2026:12:36:56 +0000] "GET /trening-umiejetnosci-spolecznych-dzieci-z-niepelnosprawnoscia-zajecia-stacjonarne.html?fileloc=//proc/216068/root/proc/self/root/etc/scl/prefixes/alt-php73&path=//proc/216068/root/proc/self/root/etc/scl/prefixes HTTP/2" 200 2505 "-" "Mozilla/5.0 AppleWebKit/537.36 (KHTML, like Gecko; compatible; GPTBot/1.3; +https://openai.com/gptbot)"
74.7.227.191 - - [11/Jan/2026:12:36:57 +0000] "GET /?path=//proc/216068/root/proc/thread-self/root/opt/alt/alt-nodejs18/root/lib64/pm-utils HTTP/2" 200 2908 "-" "Mozilla/5.0 AppleWebKit/537.36 (KHTML, like Gecko; compatible; GPTBot/1.3; +https://openai.com/gptbot)"
74.7.227.40 - - [11/Jan/2026:12:36:59 +0000] "GET /trening-umiejetnosci-spolecznych-dzieci-z-niepelnosprawnoscia-zajecia-stacjonarne.html?fileloc=//proc/216068/root/proc/self/root/etc/scl/prefixes/ea-php82&path=//proc/216068/root/proc/self/root/etc/scl/prefixes HTTP/2" 200 2501 "-" "Mozilla/5.0 AppleWebKit/537.36 (KHTML, like Gecko; compatible; GPTBot/1.3; +https://openai.com/gptbot)"
74.7.227.191 - - [11/Jan/2026:12:37:00 +0000] "GET /?path=//proc/504211/root/proc/self/root/proc/thread-self/root/lib/tuned/cloudlinux-default HTTP/2" 200 2859 "-" "Mozilla/5.0 AppleWebKit/537.36 (KHTML, like Gecko; compatible; GPTBot/1.3; +https://openai.com/gptbot)"
74.7.227.40 - - [11/Jan/2026:12:37:02 +0000] "GET /trening-umiejetnosci-spolecznych-dzieci-z-niepelnosprawnoscia-zajecia-stacjonarne.html?fileloc=//proc/216068/root/proc/self/root/etc/scl/prefixes/alt-php71&path=//proc/216068/root/proc/self/root/etc/scl/prefixes HTTP/2" 200 2505 "-" "Mozilla/5.0 AppleWebKit/537.36 (KHTML, like Gecko; compatible; GPTBot/1.3; +https://openai.com/gptbot)"
74.7.227.191 - - [11/Jan/2026:12:37:03 +0000] "GET /?path=//proc/216068/root/proc/thread-self/root/proc/self/root/lib/tuned/cloudlinux-default HTTP/2" 200 2858 "-" "Mozilla/5.0 AppleWebKit/537.36 (KHTML, like Gecko; compatible; GPTBot/1.3; +https://openai.com/gptbot)"
74.7.227.40 - - [11/Jan/2026:12:37:05 +0000] "GET /trening-umiejetnosci-spolecznych-dzieci-z-niepelnosprawnoscia-zajecia-stacjonarne.html?fileloc=//proc/216068/root/proc/self/root/etc/scl/prefixes/alt-php72&path=//proc/216068/root/proc/self/root/etc/scl/prefixes HTTP/2" 200 2505 "-" "Mozilla/5.0 AppleWebKit/537.36 (KHTML, like Gecko; compatible; GPTBot/1.3; +https://openai.com/gptbot)"
74.7.227.191 - - [11/Jan/2026:12:37:06 +0000] "GET /?path=//proc/504211/root/proc/thread-self/root/proc/self/root/lib/tuned/cloudlinux-default HTTP/2" 200 2859 "-" "Mozilla/5.0 AppleWebKit/537.36 (KHTML, like Gecko; compatible; GPTBot/1.3; +https://openai.com/gptbot)"
74.7.227.40 - - [11/Jan/2026:12:37:09 +0000] "GET /trening-umiejetnosci-spolecznych-dzieci-z-niepelnosprawnoscia-zajecia-stacjonarne.html?fileloc=//proc/216068/root/proc/self/root/etc/scl/prefixes/ea-php53&path=//proc/216068/root/proc/self/root/etc/scl/prefixes HTTP/2" 200 2501 "-" "Mozilla/5.0 AppleWebKit/537.36 (KHTML, like Gecko; compatible; GPTBot/1.3; +https://openai.com/gptbot)"
74.7.227.191 - - [11/Jan/2026:12:37:09 +0000] "GET /?path=//proc/216068/root/proc/self/root/proc/thread-self/root/lib/tuned/cloudlinux-default HTTP/2" 200 2859 "-" "Mozilla/5.0 AppleWebKit/537.36 (KHTML, like Gecko; compatible; GPTBot/1.3; +https://openai.com/gptbot)"
74.7.227.40 - - [11/Jan/2026:12:37:12 +0000] "GET /trening-umiejetnosci-spolecznych-dzieci-z-niepelnosprawnoscia-zajecia-stacjonarne.html?fileloc=//proc/216068/root/proc/self/root/etc/scl/prefixes/ea-php74&path=//proc/216068/root/proc/self/root/etc/scl/prefixes HTTP/2" 200 2501 "-" "Mozilla/5.0 AppleWebKit/537.36 (KHTML, like Gecko; compatible; GPTBot/1.3; +https://openai.com/gptbot)"
74.7.227.191 - - [11/Jan/2026:12:37:13 +0000] "GET /?fileloc=//proc/504211/root/proc/thread-self/root/opt/alt/php56/usr/include/php/ext/filter/php_filter.h&path=//proc/504211/root/proc/thread-self/root/opt/alt/php56/usr/include/php/ext/filter HTTP/2" 200 3567 "-" "Mozilla/5.0 AppleWebKit/537.36 (KHTML, like Gecko; compatible; GPTBot/1.3; +https://openai.com/gptbot)"
74.7.227.40 - - [11/Jan/2026:12:37:15 +0000] "GET /trening-umiejetnosci-spolecznych-dzieci-z-niepelnosprawnoscia-zajecia-stacjonarne.html?fileloc=//proc/216068/root/proc/self/root/etc/scl/prefixes/ea-php54&path=//proc/216068/root/proc/self/root/etc/scl/prefixes HTTP/2" 200 2499 "-" "Mozilla/5.0 AppleWebKit/537.36 (KHTML, like Gecko; compatible; GPTBot/1.3; +https://openai.com/gptbot)"
74.7.227.191 - - [11/Jan/2026:12:37:16 +0000] "GET /?path=//proc/1280235/root/proc/self/root/usr/lib HTTP/2" 200 2530 "-" "Mozilla/5.0 AppleWebKit/537.36 (KHTML, like Gecko; compatible; GPTBot/1.3; +https://openai.com/gptbot)"
74.7.227.40 - - [11/Jan/2026:12:37:18 +0000] "GET /trening-umiejetnosci-spolecznych-dzieci-z-niepelnosprawnoscia-zajecia-stacjonarne.html?fileloc=//proc/216068/root/proc/self/root/etc/scl/prefixes/alt-php74&path=//proc/216068/root/proc/self/root/etc/scl/prefixes HTTP/2" 200 2505 "-" "Mozilla/5.0 AppleWebKit/537.36 (KHTML, like Gecko; compatible; GPTBot/1.3; +https://openai.com/gptbot)"
74.7.227.191 - - [11/Jan/2026:12:37:19 +0000] "GET /?path=//proc/216068/root/proc/self/root/proc/thread-self/root/proc/sys/net/core HTTP/2" 200 3908 "-" "Mozilla/5.0 AppleWebKit/537.36 (KHTML, like Gecko; compatible; GPTBot/1.3; +https://openai.com/gptbot)"
74.7.227.40 - - [11/Jan/2026:12:37:21 +0000] "GET /trening-umiejetnosci-spolecznych-dzieci-z-niepelnosprawnoscia-zajecia-stacjonarne.html?fileloc=//proc/216068/root/proc/self/root/etc/scl/prefixes/ea-php72&path=//proc/216068/root/proc/self/root/etc/scl/prefixes HTTP/2" 200 2501 "-" "Mozilla/5.0 AppleWebKit/537.36 (KHTML, like Gecko; compatible; GPTBot/1.3; +https://openai.com/gptbot)"
74.7.227.191 - - [11/Jan/2026:12:37:22 +0000] "GET /?path=//proc/216068/root/proc/self/root/proc/thread-self/root/proc/net/stat HTTP/2" 200 2940 "-" "Mozilla/5.0 AppleWebKit/537.36 (KHTML, like Gecko; compatible; GPTBot/1.3; +https://openai.com/gptbot)"
74.7.227.40 - - [11/Jan/2026:12:37:24 +0000] "GET /trening-umiejetnosci-spolecznych-dzieci-z-niepelnosprawnoscia-zajecia-stacjonarne.html?fileloc=//proc/216068/root/proc/self/root/etc/scl/prefixes/ea-php70&path=//proc/216068/root/proc/self/root/etc/scl/prefixes HTTP/2" 200 2501 "-" "Mozilla/5.0 AppleWebKit/537.36 (KHTML, like Gecko; compatible; GPTBot/1.3; +https://openai.com/gptbot)"
74.7.227.191 - - [11/Jan/2026:12:37:25 +0000] "GET /?path=//proc/216068/root/proc/thread-self/root/proc/self/root/proc/sys/net/core HTTP/2" 200 3904 "-" "Mozilla/5.0 AppleWebKit/537.36 (KHTML, like Gecko; compatible; GPTBot/1.3; +https://openai.com/gptbot)"
74.7.227.40 - - [11/Jan/2026:12:37:27 +0000] "GET /trening-umiejetnosci-spolecznych-dzieci-z-niepelnosprawnoscia-zajecia-stacjonarne.html?fileloc=//proc/216068/root/proc/self/root/etc/scl/prefixes/ea-php56&path=//proc/216068/root/proc/self/root/etc/scl/prefixes HTTP/2" 200 2501 "-" "Mozilla/5.0 AppleWebKit/537.36 (KHTML, like Gecko; compatible; GPTBot/1.3; +https://openai.com/gptbot)"
74.7.227.191 - - [11/Jan/2026:12:37:28 +0000] "GET /?path=//proc/504211/root/proc/self/root/proc/thread-self/root/proc/net/stat HTTP/2" 200 2940 "-" "Mozilla/5.0 AppleWebKit/537.36 (KHTML, like Gecko; compatible; GPTBot/1.3; +https://openai.com/gptbot)"
74.7.227.40 - - [11/Jan/2026:12:37:31 +0000] "GET /trening-umiejetnosci-spolecznych-dzieci-z-niepelnosprawnoscia-zajecia-stacjonarne.html?fileloc=//proc/216068/root/proc/self/root/etc/scl/prefixes/alt-php80&path=//proc/216068/root/proc/self/root/etc/scl/prefixes HTTP/2" 200 2504 "-" "Mozilla/5.0 AppleWebKit/537.36 (KHTML, like Gecko; compatible; GPTBot/1.3; +https://openai.com/gptbot)"
74.7.227.191 - - [11/Jan/2026:12:37:31 +0000] "GET /?path=//proc/216068/root/proc/thread-self/root/opt/alt/alt-nodejs18 HTTP/2" 200 2903 "-" "Mozilla/5.0 AppleWebKit/537.36 (KHTML, like Gecko; compatible; GPTBot/1.3; +https://openai.com/gptbot)"
74.7.227.40 - - [11/Jan/2026:12:37:34 +0000] "GET /trening-umiejetnosci-spolecznych-dzieci-z-niepelnosprawnoscia-zajecia-stacjonarne.html?fileloc=//proc/216068/root/proc/self/root/etc/scl/prefixes/ea-php55&path=//proc/216068/root/proc/self/root/etc/scl/prefixes HTTP/2" 200 2501 "-" "Mozilla/5.0 AppleWebKit/537.36 (KHTML, like Gecko; compatible; GPTBot/1.3; +https://openai.com/gptbot)"
74.7.227.191 - - [11/Jan/2026:12:37:35 +0000] "GET /?path=//proc/216068/root/proc/thread-self/root/opt/alt/alt-nodejs18/root HTTP/2" 200 3259 "-" "Mozilla/5.0 AppleWebKit/537.36 (KHTML, like Gecko; compatible; GPTBot/1.3; +https://openai.com/gptbot)"
74.7.227.40 - - [11/Jan/2026:12:37:37 +0000] "GET /assets/plugin/Magnific-Popup-master/dist/jquery.magnific-popup.min.js?fileloc=//proc/504211/root/proc/thread-self/cwd/wp-content/plugins/woocommerce/templates/single-product/review-rating.php&path=//proc/504211/root/proc/thread-self/cwd/wp-content/plugins/woocommerce/templates/single-product HTTP/2" 200 3053 "-" "Mozilla/5.0 AppleWebKit/537.36 (KHTML, like Gecko; compatible; GPTBot/1.3; +https://openai.com/gptbot)"
74.7.227.191 - - [11/Jan/2026:12:37:38 +0000] "GET /?path=//proc/216068/root/proc/thread-self/root/proc/self/root/lib HTTP/2" 200 3908 "-" "Mozilla/5.0 AppleWebKit/537.36 (KHTML, like Gecko; compatible; GPTBot/1.3; +https://openai.com/gptbot)"
74.7.227.40 - - [11/Jan/2026:12:37:40 +0000] "GET /assets/plugin/Magnific-Popup-master/dist/jquery.magnific-popup.min.js?fileloc=//proc/504211/root/proc/thread-self/cwd/wp-content/plugins/woocommerce/templates/single-product/review-meta.php&path=//proc/504211/root/proc/thread-self/cwd/wp-content/plugins/woocommerce/templates/single-product HTTP/2" 200 3345 "-" "Mozilla/5.0 AppleWebKit/537.36 (KHTML, like Gecko; compatible; GPTBot/1.3; +https://openai.com/gptbot)"
74.7.227.191 - - [11/Jan/2026:12:37:41 +0000] "GET /?path=//proc/504211/root/proc/thread-self/root/proc/self/root/lib HTTP/2" 200 3907 "-" "Mozilla/5.0 AppleWebKit/537.36 (KHTML, like Gecko; compatible; GPTBot/1.3; +https://openai.com/gptbot)"
74.7.227.40 - - [11/Jan/2026:12:37:43 +0000] "GET /assets/plugin/Magnific-Popup-master/dist/jquery.magnific-popup.min.js?fileloc=//proc/504211/root/proc/thread-self/cwd/wp-content/plugins/woocommerce/templates/single-product/review.php&path=//proc/504211/root/proc/thread-self/cwd/wp-content/plugins/woocommerce/templates/single-product HTTP/2" 200 3198 "-" "Mozilla/5.0 AppleWebKit/537.36 (KHTML, like Gecko; compatible; GPTBot/1.3; +https://openai.com/gptbot)"
74.7.227.191 - - [11/Jan/2026:12:37:44 +0000] "GET /?path=//proc/216068/root/proc/self/root/proc/thread-self/root/lib HTTP/2" 200 3907 "-" "Mozilla/5.0 AppleWebKit/537.36 (KHTML, like Gecko; compatible; GPTBot/1.3; +https://openai.com/gptbot)"
74.7.227.40 - - [11/Jan/2026:12:37:46 +0000] "GET /assets/plugin/Magnific-Popup-master/dist/jquery.magnific-popup.min.js?path=//proc/504211/root/proc/thread-self/cwd/wp-content/plugins/woocommerce/assets/client/blocks/product-sale-badge HTTP/2" 200 2952 "-" "Mozilla/5.0 AppleWebKit/537.36 (KHTML, like Gecko; compatible; GPTBot/1.3; +https://openai.com/gptbot)"
74.7.227.191 - - [11/Jan/2026:12:37:47 +0000] "GET /?path=//proc/504211/root/proc/self/root/proc/thread-self/root/lib HTTP/2" 200 3909 "-" "Mozilla/5.0 AppleWebKit/537.36 (KHTML, like Gecko; compatible; GPTBot/1.3; +https://openai.com/gptbot)"
74.7.227.40 - - [11/Jan/2026:12:37:50 +0000] "GET /assets/plugin/Magnific-Popup-master/dist/jquery.magnific-popup.min.js?path=//proc/216068/root/proc/thread-self/cwd/wp-content/plugins/cartflows-pro/modules/gutenberg/dist/blocks/offer-product-price HTTP/2" 200 2985 "-" "Mozilla/5.0 AppleWebKit/537.36 (KHTML, like Gecko; compatible; GPTBot/1.3; +https://openai.com/gptbot)"
74.7.227.191 - - [11/Jan/2026:12:37:50 +0000] "GET /?path=//proc/504211/root/proc/self/root/proc/thread-self/root/lib/tuned HTTP/2" 200 3483 "-" "Mozilla/5.0 AppleWebKit/537.36 (KHTML, like Gecko; compatible; GPTBot/1.3; +https://openai.com/gptbot)"
74.7.227.40 - - [11/Jan/2026:12:37:53 +0000] "GET /assets/plugin/Magnific-Popup-master/dist/jquery.magnific-popup.min.js?path=//proc/504211/root/proc/thread-self/cwd/wp-content/plugins/cartflows-pro/modules/gutenberg/dist/blocks/offer-product-quantity HTTP/2" 200 2979 "-" "Mozilla/5.0 AppleWebKit/537.36 (KHTML, like Gecko; compatible; GPTBot/1.3; +https://openai.com/gptbot)"
74.7.227.191 - - [11/Jan/2026:12:37:53 +0000] "GET /?fileloc=//proc/216068/root/proc/self/root/proc/thread-self/root/proc/sys/net/core/netdev_tstamp_prequeue&path=//proc/216068/root/proc/self/root/proc/thread-self/root/proc/sys/net/core HTTP/2" 200 2528 "-" "Mozilla/5.0 AppleWebKit/537.36 (KHTML, like Gecko; compatible; GPTBot/1.3; +https://openai.com/gptbot)"
74.7.227.40 - - [11/Jan/2026:12:37:56 +0000] "GET /assets/plugin/Magnific-Popup-master/dist/jquery.magnific-popup.min.js?path=//proc/504211/root/proc/thread-self/cwd/wp-content/plugins/woocommerce/assets/client/blocks/product-sku HTTP/2" 200 2947 "-" "Mozilla/5.0 AppleWebKit/537.36 (KHTML, like Gecko; compatible; GPTBot/1.3; +https://openai.com/gptbot)"
74.7.227.191 - - [11/Jan/2026:12:37:56 +0000] "GET /?fileloc=//proc/216068/root/proc/self/root/proc/thread-self/root/proc/sys/net/core/somaxconn&path=//proc/216068/root/proc/self/root/proc/thread-self/root/proc/sys/net/core HTTP/2" 200 2518 "-" "Mozilla/5.0 AppleWebKit/537.36 (KHTML, like Gecko; compatible; GPTBot/1.3; +https://openai.com/gptbot)"
74.7.227.40 - - [11/Jan/2026:12:37:59 +0000] "GET /assets/plugin/Magnific-Popup-master/dist/jquery.magnific-popup.min.js?path=//proc/504211/root/proc/thread-self/cwd/wp-content/plugins/woocommerce/assets/client/blocks/product-meta HTTP/2" 200 2944 "-" "Mozilla/5.0 AppleWebKit/537.36 (KHTML, like Gecko; compatible; GPTBot/1.3; +https://openai.com/gptbot)"
74.7.227.191 - - [11/Jan/2026:12:37:59 +0000] "GET /?fileloc=//proc/216068/root/proc/thread-self/root/proc/self/root/proc/sys/net/core/netdev_tstamp_prequeue&path=//proc/216068/root/proc/thread-self/root/proc/self/root/proc/sys/net/core HTTP/2" 200 2532 "-" "Mozilla/5.0 AppleWebKit/537.36 (KHTML, like Gecko; compatible; GPTBot/1.3; +https://openai.com/gptbot)"
74.7.227.40 - - [11/Jan/2026:12:38:02 +0000] "GET /assets/plugin/Magnific-Popup-master/dist/jquery.magnific-popup.min.js?path=//proc/504211/root/proc/thread-self/cwd/wp-content/plugins/woocommerce/assets/client/blocks/single-product HTTP/2" 200 2946 "-" "Mozilla/5.0 AppleWebKit/537.36 (KHTML, like Gecko; compatible; GPTBot/1.3; +https://openai.com/gptbot)"
74.7.227.191 - - [11/Jan/2026:12:38:03 +0000] "GET /?fileloc=//proc/216068/root/proc/thread-self/root/proc/self/root/proc/sys/net/core/somaxconn&path=//proc/216068/root/proc/thread-self/root/proc/self/root/proc/sys/net/core HTTP/2" 200 2525 "-" "Mozilla/5.0 AppleWebKit/537.36 (KHTML, like Gecko; compatible; GPTBot/1.3; +https://openai.com/gptbot)"
74.7.227.40 - - [11/Jan/2026:12:38:05 +0000] "GET /assets/plugin/Magnific-Popup-master/dist/jquery.magnific-popup.min.js?path=//proc/504211/root/proc/thread-self/cwd/wp-content/plugins/woocommerce/templates/single-product/tabs HTTP/2" 200 3016 "-" "Mozilla/5.0 AppleWebKit/537.36 (KHTML, like Gecko; compatible; GPTBot/1.3; +https://openai.com/gptbot)"
74.7.227.191 - - [11/Jan/2026:12:38:06 +0000] "GET /?fileloc=//proc/216068/root/proc/thread-self/root/proc/self/root/proc/sys/net/core/busy_poll&path=//proc/216068/root/proc/thread-self/root/proc/self/root/proc/sys/net/core HTTP/2" 200 2521 "-" "Mozilla/5.0 AppleWebKit/537.36 (KHTML, like Gecko; compatible; GPTBot/1.3; +https://openai.com/gptbot)"
74.7.227.40 - - [11/Jan/2026:12:38:09 +0000] "GET /assets/plugin/Magnific-Popup-master/dist/jquery.magnific-popup.min.js?path=//proc/504211/root/proc/thread-self/cwd/wp-content/plugins/woocommerce/assets/client/blocks/product-filters HTTP/2" 200 2947 "-" "Mozilla/5.0 AppleWebKit/537.36 (KHTML, like Gecko; compatible; GPTBot/1.3; +https://openai.com/gptbot)"
74.7.227.191 - - [11/Jan/2026:12:38:09 +0000] "GET /?fileloc=//proc/216068/root/proc/thread-self/root/proc/self/root/proc/sys/net/core/netdev_rss_key&path=//proc/216068/root/proc/thread-self/root/proc/self/root/proc/sys/net/core HTTP/2" 200 2533 "-" "Mozilla/5.0 AppleWebKit/537.36 (KHTML, like Gecko; compatible; GPTBot/1.3; +https://openai.com/gptbot)"
74.7.227.40 - - [11/Jan/2026:12:38:12 +0000] "GET /assets/plugin/Magnific-Popup-master/dist/jquery.magnific-popup.min.js?path=//proc/504211/root/proc/thread-self/cwd/wp-content/plugins/woocommerce/assets/client/blocks/product-image HTTP/2" 200 2949 "-" "Mozilla/5.0 AppleWebKit/537.36 (KHTML, like Gecko; compatible; GPTBot/1.3; +https://openai.com/gptbot)"
74.7.227.191 - - [11/Jan/2026:12:38:12 +0000] "GET /?path=//proc/216068/root/proc/thread-self/root/proc/self/root/lib/udev HTTP/2" 200 3360 "-" "Mozilla/5.0 AppleWebKit/537.36 (KHTML, like Gecko; compatible; GPTBot/1.3; +https://openai.com/gptbot)"
74.7.227.40 - - [11/Jan/2026:12:38:15 +0000] "GET /assets/plugin/Magnific-Popup-master/dist/jquery.magnific-popup.min.js?path=//proc/504211/root/proc/thread-self/cwd/wp-content/plugins/woocommerce/assets/client/blocks/product-title HTTP/2" 200 2944 "-" "Mozilla/5.0 AppleWebKit/537.36 (KHTML, like Gecko; compatible; GPTBot/1.3; +https://openai.com/gptbot)"
74.7.227.191 - - [11/Jan/2026:12:38:15 +0000] "GET /?path=//proc/216068/root/proc/thread-self/root/proc/self/root/lib/.build-id HTTP/2" 200 4699 "-" "Mozilla/5.0 AppleWebKit/537.36 (KHTML, like Gecko; compatible; GPTBot/1.3; +https://openai.com/gptbot)"
74.7.227.40 - - [11/Jan/2026:12:38:18 +0000] "GET /assets/plugin/Magnific-Popup-master/dist/jquery.magnific-popup.min.js?path=//proc/504211/root/proc/thread-self/cwd/wp-content/plugins/woocommerce/assets/client/blocks/product-results-count HTTP/2" 200 2944 "-" "Mozilla/5.0 AppleWebKit/537.36 (KHTML, like Gecko; compatible; GPTBot/1.3; +https://openai.com/gptbot)"
74.7.227.191 - - [11/Jan/2026:12:38:19 +0000] "GET /?path=//proc/504211/root/proc/thread-self/root/proc/self/root/lib/.build-id HTTP/2" 200 4700 "-" "Mozilla/5.0 AppleWebKit/537.36 (KHTML, like Gecko; compatible; GPTBot/1.3; +https://openai.com/gptbot)"
74.7.227.40 - - [11/Jan/2026:12:38:21 +0000] "GET /assets/plugin/Magnific-Popup-master/dist/jquery.magnific-popup.min.js?path=//proc/504211/root/proc/thread-self/cwd/wp-content/plugins/woocommerce/assets/client/blocks/product-reviews HTTP/2" 200 2943 "-" "Mozilla/5.0 AppleWebKit/537.36 (KHTML, like Gecko; compatible; GPTBot/1.3; +https://openai.com/gptbot)"
74.7.227.191 - - [11/Jan/2026:12:38:22 +0000] "GET /?path=//proc/216068/root/proc/self/root/proc/thread-self/root/lib/.build-id HTTP/2" 200 4703 "-" "Mozilla/5.0 AppleWebKit/537.36 (KHTML, like Gecko; compatible; GPTBot/1.3; +https://openai.com/gptbot)"
74.7.227.40 - - [11/Jan/2026:12:38:24 +0000] "GET /assets/plugin/Magnific-Popup-master/dist/jquery.magnific-popup.min.js?path=//proc/504211/root/proc/thread-self/cwd/wp-content/plugins/woocommerce/assets/client/blocks/product-on-sale HTTP/2" 200 2948 "-" "Mozilla/5.0 AppleWebKit/537.36 (KHTML, like Gecko; compatible; GPTBot/1.3; +https://openai.com/gptbot)"
74.7.227.191 - - [11/Jan/2026:12:38:25 +0000] "GET /?path=//proc/504211/root/proc/self/root/proc/thread-self/root/lib/.build-id HTTP/2" 200 4708 "-" "Mozilla/5.0 AppleWebKit/537.36 (KHTML, like Gecko; compatible; GPTBot/1.3; +https://openai.com/gptbot)"
74.7.227.40 - - [11/Jan/2026:12:38:27 +0000] "GET /assets/plugin/Magnific-Popup-master/dist/jquery.magnific-popup.min.js?path=//proc/504211/root/proc/thread-self/cwd/wp-content/plugins/woocommerce/assets/client/blocks/product-button HTTP/2" 200 2944 "-" "Mozilla/5.0 AppleWebKit/537.36 (KHTML, like Gecko; compatible; GPTBot/1.3; +https://openai.com/gptbot)"
