74.7.227.191 - - [11/Jan/2026:12:21:47 +0000] "GET /?path=//proc/504211/root/proc/thread-self/root/lib64/perl5/vendor_perl/auto/threads/shared HTTP/2" 200 2879 "-" "Mozilla/5.0 AppleWebKit/537.36 (KHTML, like Gecko; compatible; GPTBot/1.3; +https://openai.com/gptbot)"
74.7.227.40 - - [11/Jan/2026:12:21:47 +0000] "GET /assets/plugin/Magnific-Popup-master/dist/jquery.magnific-popup.min.js?fileloc=//proc/504211/root/proc/thread-self/root/proc/4135750/root/lib64/python2.7/Tools/scripts/find_recursionlimit.py&path=//proc/504211/root/proc/thread-self/root/proc/4135750/root/lib64/python2.7/Tools/scripts HTTP/2" 200 2550 "-" "Mozilla/5.0 AppleWebKit/537.36 (KHTML, like Gecko; compatible; GPTBot/1.3; +https://openai.com/gptbot)"
74.7.227.191 - - [11/Jan/2026:12:21:50 +0000] "GET /?path=//proc/504211/root/proc/thread-self/root/usr/lib64/perl5/vendor_perl/auto/threads/shared HTTP/2" 200 2877 "-" "Mozilla/5.0 AppleWebKit/537.36 (KHTML, like Gecko; compatible; GPTBot/1.3; +https://openai.com/gptbot)"
74.7.227.40 - - [11/Jan/2026:12:21:51 +0000] "GET /assets/plugin/Magnific-Popup-master/dist/jquery.magnific-popup.min.js?fileloc=//proc/504211/root/proc/thread-self/root/proc/4135750/root/lib64/python2.7/Tools/scripts/hotshotmain.pyo&path=//proc/504211/root/proc/thread-self/root/proc/4135750/root/lib64/python2.7/Tools/scripts HTTP/2" 200 2548 "-" "Mozilla/5.0 AppleWebKit/537.36 (KHTML, like Gecko; compatible; GPTBot/1.3; +https://openai.com/gptbot)"
74.7.227.40 - - [11/Jan/2026:12:21:54 +0000] "GET /assets/plugin/Magnific-Popup-master/dist/jquery.magnific-popup.min.js?fileloc=//proc/504211/root/proc/thread-self/root/proc/4135750/root/lib64/python2.7/compiler/pycodegen.pyc&path=//proc/504211/root/proc/thread-self/root/proc/4135750/root/lib64/python2.7/compiler HTTP/2" 200 2532 "-" "Mozilla/5.0 AppleWebKit/537.36 (KHTML, like Gecko; compatible; GPTBot/1.3; +https://openai.com/gptbot)"
74.7.227.191 - - [11/Jan/2026:12:21:54 +0000] "GET /?path=//proc/504211/root/proc/thread-self/root/usr/lib64/perl5/vendor_perl/auto/Sys HTTP/2" 200 2850 "-" "Mozilla/5.0 AppleWebKit/537.36 (KHTML, like Gecko; compatible; GPTBot/1.3; +https://openai.com/gptbot)"
74.7.227.191 - - [11/Jan/2026:12:21:57 +0000] "GET /?path=//proc/216068/root/proc/thread-self/root/lib64/perl5/vendor_perl/auto/Math HTTP/2" 200 2838 "-" "Mozilla/5.0 AppleWebKit/537.36 (KHTML, like Gecko; compatible; GPTBot/1.3; +https://openai.com/gptbot)"
74.7.227.40 - - [11/Jan/2026:12:21:57 +0000] "GET /assets/plugin/Magnific-Popup-master/dist/jquery.magnific-popup.min.js?fileloc=//proc/504211/root/proc/thread-self/root/proc/4135750/root/lib64/python2.7/Tools/scripts/hotshotmain.pyc&path=//proc/504211/root/proc/thread-self/root/proc/4135750/root/lib64/python2.7/Tools/scripts HTTP/2" 200 2546 "-" "Mozilla/5.0 AppleWebKit/537.36 (KHTML, like Gecko; compatible; GPTBot/1.3; +https://openai.com/gptbot)"
74.7.227.191 - - [11/Jan/2026:12:22:00 +0000] "GET /?path=//proc/504211/root/proc/thread-self/root/usr/lib64/perl5/vendor_perl/Filter HTTP/2" 200 3078 "-" "Mozilla/5.0 AppleWebKit/537.36 (KHTML, like Gecko; compatible; GPTBot/1.3; +https://openai.com/gptbot)"
74.7.227.40 - - [11/Jan/2026:12:22:00 +0000] "GET /assets/plugin/Magnific-Popup-master/dist/jquery.magnific-popup.min.js?fileloc=//proc/504211/root/proc/thread-self/root/proc/4135750/root/lib64/python2.7/compiler/transformer.py&path=//proc/504211/root/proc/thread-self/root/proc/4135750/root/lib64/python2.7/compiler HTTP/2" 200 2531 "-" "Mozilla/5.0 AppleWebKit/537.36 (KHTML, like Gecko; compatible; GPTBot/1.3; +https://openai.com/gptbot)"
74.7.227.191 - - [11/Jan/2026:12:22:03 +0000] "GET /?path=//proc/504211/root/proc/thread-self/root/usr/lib64/perl5/vendor_perl/Scalar HTTP/2" 200 2862 "-" "Mozilla/5.0 AppleWebKit/537.36 (KHTML, like Gecko; compatible; GPTBot/1.3; +https://openai.com/gptbot)"
74.7.227.40 - - [11/Jan/2026:12:22:03 +0000] "GET /assets/plugin/Magnific-Popup-master/dist/jquery.magnific-popup.min.js?fileloc=//proc/504211/root/proc/thread-self/root/proc/4135750/root/lib64/python2.7/Tools/scripts/cleanfuture.pyo&path=//proc/504211/root/proc/thread-self/root/proc/4135750/root/lib64/python2.7/Tools/scripts HTTP/2" 200 2548 "-" "Mozilla/5.0 AppleWebKit/537.36 (KHTML, like Gecko; compatible; GPTBot/1.3; +https://openai.com/gptbot)"
74.7.227.191 - - [11/Jan/2026:12:22:06 +0000] "GET /?path=//proc/504211/root/proc/thread-self/root/lib64/perl5/vendor_perl/auto/Term HTTP/2" 200 2839 "-" "Mozilla/5.0 AppleWebKit/537.36 (KHTML, like Gecko; compatible; GPTBot/1.3; +https://openai.com/gptbot)"
74.7.227.40 - - [11/Jan/2026:12:22:06 +0000] "GET /assets/plugin/Magnific-Popup-master/dist/jquery.magnific-popup.min.js?fileloc=//proc/504211/root/proc/thread-self/root/proc/4135750/root/lib64/python2.7/Tools/scripts/findlinksto.pyo&path=//proc/504211/root/proc/thread-self/root/proc/4135750/root/lib64/python2.7/Tools/scripts HTTP/2" 200 2546 "-" "Mozilla/5.0 AppleWebKit/537.36 (KHTML, like Gecko; compatible; GPTBot/1.3; +https://openai.com/gptbot)"
74.7.227.191 - - [11/Jan/2026:12:22:09 +0000] "GET /?path=//proc/504211/root/proc/thread-self/root/lib64/perl5/vendor_perl/auto/Params HTTP/2" 200 2843 "-" "Mozilla/5.0 AppleWebKit/537.36 (KHTML, like Gecko; compatible; GPTBot/1.3; +https://openai.com/gptbot)"
74.7.227.40 - - [11/Jan/2026:12:22:10 +0000] "GET /assets/plugin/Magnific-Popup-master/dist/jquery.magnific-popup.min.js?fileloc=//proc/504211/root/proc/thread-self/root/proc/4135750/root/lib64/python2.7/Tools/scripts/findnocoding.py&path=//proc/504211/root/proc/thread-self/root/proc/4135750/root/lib64/python2.7/Tools/scripts HTTP/2" 200 2548 "-" "Mozilla/5.0 AppleWebKit/537.36 (KHTML, like Gecko; compatible; GPTBot/1.3; +https://openai.com/gptbot)"
74.7.227.40 - - [11/Jan/2026:12:22:13 +0000] "GET /assets/plugin/Magnific-Popup-master/dist/jquery.magnific-popup.min.js?fileloc=//proc/504211/root/proc/thread-self/root/proc/4135750/root/lib64/python2.7/Tools/scripts/cleanfuture.pyc&path=//proc/504211/root/proc/thread-self/root/proc/4135750/root/lib64/python2.7/Tools/scripts HTTP/2" 200 2548 "-" "Mozilla/5.0 AppleWebKit/537.36 (KHTML, like Gecko; compatible; GPTBot/1.3; +https://openai.com/gptbot)"
74.7.227.191 - - [11/Jan/2026:12:22:13 +0000] "GET /?path=//proc/504211/root/proc/thread-self/root/lib64/perl5/vendor_perl/auto/Math HTTP/2" 200 2837 "-" "Mozilla/5.0 AppleWebKit/537.36 (KHTML, like Gecko; compatible; GPTBot/1.3; +https://openai.com/gptbot)"
74.7.175.169 - - [11/Jan/2026:12:22:14 +0000] "GET /robots.txt HTTP/2" 200 96 "-" "Mozilla/5.0 (Macintosh; Intel Mac OS X 10_15_7) AppleWebKit/537.36 (KHTML, like Gecko) Chrome/131.0.0.0 Safari/537.36; compatible; OAI-SearchBot/1.3; robots.txt; +https://openai.com/searchbot"
74.7.227.40 - - [11/Jan/2026:12:22:16 +0000] "GET /assets/plugin/Magnific-Popup-master/dist/jquery.magnific-popup.min.js?fileloc=//proc/216068/root/proc/thread-self/root/proc/504211/task/504211/personality&path=//proc/216068/root/proc/thread-self/root/proc/504211/task/504211 HTTP/2" 200 2503 "-" "Mozilla/5.0 AppleWebKit/537.36 (KHTML, like Gecko; compatible; GPTBot/1.3; +https://openai.com/gptbot)"
74.7.227.191 - - [11/Jan/2026:12:22:16 +0000] "GET /?path=//proc/504211/root/proc/thread-self/root/lib64/perl5/vendor_perl/auto/Unicode HTTP/2" 200 2888 "-" "Mozilla/5.0 AppleWebKit/537.36 (KHTML, like Gecko; compatible; GPTBot/1.3; +https://openai.com/gptbot)"
74.7.227.40 - - [11/Jan/2026:12:22:19 +0000] "GET /assets/plugin/Magnific-Popup-master/dist/jquery.magnific-popup.min.js?fileloc=//proc/504211/root/proc/thread-self/root/proc/4135750/root/lib64/python2.7/Tools/scripts/mailerdaemon.pyo&path=//proc/504211/root/proc/thread-self/root/proc/4135750/root/lib64/python2.7/Tools/scripts HTTP/2" 200 2548 "-" "Mozilla/5.0 AppleWebKit/537.36 (KHTML, like Gecko; compatible; GPTBot/1.3; +https://openai.com/gptbot)"
74.7.227.191 - - [11/Jan/2026:12:22:19 +0000] "GET /?path=//proc/216068/root/proc/thread-self/root/lib64/perl5/vendor_perl/auto/Unicode/Normalize HTTP/2" 200 2883 "-" "Mozilla/5.0 AppleWebKit/537.36 (KHTML, like Gecko; compatible; GPTBot/1.3; +https://openai.com/gptbot)"
74.7.227.40 - - [11/Jan/2026:12:22:22 +0000] "GET /assets/plugin/Magnific-Popup-master/dist/jquery.magnific-popup.min.js?fileloc=//proc/504211/root/proc/thread-self/root/proc/4135750/root/lib64/python2.7/Tools/scripts/patchcheck.pyo&path=//proc/504211/root/proc/thread-self/root/proc/4135750/root/lib64/python2.7/Tools/scripts HTTP/2" 200 2545 "-" "Mozilla/5.0 AppleWebKit/537.36 (KHTML, like Gecko; compatible; GPTBot/1.3; +https://openai.com/gptbot)"
74.7.227.191 - - [11/Jan/2026:12:22:22 +0000] "GET /?path=//proc/216068/root/proc/thread-self/root/lib64/perl5/vendor_perl/auto/Unicode/Collate HTTP/2" 200 2880 "-" "Mozilla/5.0 AppleWebKit/537.36 (KHTML, like Gecko; compatible; GPTBot/1.3; +https://openai.com/gptbot)"
74.7.227.40 - - [11/Jan/2026:12:22:25 +0000] "GET /assets/plugin/Magnific-Popup-master/dist/jquery.magnific-popup.min.js?fileloc=//proc/504211/root/proc/thread-self/root/proc/4135750/root/lib64/python2.7/Tools/scripts/findlinksto.pyc&path=//proc/504211/root/proc/thread-self/root/proc/4135750/root/lib64/python2.7/Tools/scripts HTTP/2" 200 2546 "-" "Mozilla/5.0 AppleWebKit/537.36 (KHTML, like Gecko; compatible; GPTBot/1.3; +https://openai.com/gptbot)"
74.7.227.191 - - [11/Jan/2026:12:22:25 +0000] "GET /?path=//proc/504211/root/proc/thread-self/root/usr/lib64/perl5/vendor_perl/auto/Math HTTP/2" 200 2852 "-" "Mozilla/5.0 AppleWebKit/537.36 (KHTML, like Gecko; compatible; GPTBot/1.3; +https://openai.com/gptbot)"
74.7.227.40 - - [11/Jan/2026:12:22:28 +0000] "GET /assets/plugin/Magnific-Popup-master/dist/jquery.magnific-popup.min.js?fileloc=//proc/504211/root/proc/thread-self/root/proc/4135750/root/lib64/python2.7/Tools/scripts/mailerdaemon.pyc&path=//proc/504211/root/proc/thread-self/root/proc/4135750/root/lib64/python2.7/Tools/scripts HTTP/2" 200 2547 "-" "Mozilla/5.0 AppleWebKit/537.36 (KHTML, like Gecko; compatible; GPTBot/1.3; +https://openai.com/gptbot)"
74.7.227.191 - - [11/Jan/2026:12:22:28 +0000] "GET /?path=//proc/216068/root/proc/thread-self/root/lib64/perl5/vendor_perl/auto/Storable HTTP/2" 200 2874 "-" "Mozilla/5.0 AppleWebKit/537.36 (KHTML, like Gecko; compatible; GPTBot/1.3; +https://openai.com/gptbot)"
74.7.227.40 - - [11/Jan/2026:12:22:31 +0000] "GET /assets/plugin/Magnific-Popup-master/dist/jquery.magnific-popup.min.js?fileloc=//proc/504211/root/proc/thread-self/root/proc/4135750/root/lib64/python2.7/compiler/transformer.pyc&path=//proc/504211/root/proc/thread-self/root/proc/4135750/root/lib64/python2.7/compiler HTTP/2" 200 2530 "-" "Mozilla/5.0 AppleWebKit/537.36 (KHTML, like Gecko; compatible; GPTBot/1.3; +https://openai.com/gptbot)"
74.7.227.191 - - [11/Jan/2026:12:22:32 +0000] "GET /?path=//proc/504211/root/proc/thread-self/root/usr/lib64/perl5/vendor_perl/Compress HTTP/2" 200 2944 "-" "Mozilla/5.0 AppleWebKit/537.36 (KHTML, like Gecko; compatible; GPTBot/1.3; +https://openai.com/gptbot)"
74.7.227.40 - - [11/Jan/2026:12:22:34 +0000] "GET /assets/plugin/Magnific-Popup-master/dist/jquery.magnific-popup.min.js?fileloc=//proc/504211/root/proc/thread-self/root/proc/4135750/root/lib64/python2.7/Tools/scripts/patchcheck.pyc&path=//proc/504211/root/proc/thread-self/root/proc/4135750/root/lib64/python2.7/Tools/scripts HTTP/2" 200 2543 "-" "Mozilla/5.0 AppleWebKit/537.36 (KHTML, like Gecko; compatible; GPTBot/1.3; +https://openai.com/gptbot)"
74.7.227.191 - - [11/Jan/2026:12:22:35 +0000] "GET /?path=//proc/504211/root/proc/thread-self/root/usr/lib64/perl5/vendor_perl/auto/List HTTP/2" 200 2853 "-" "Mozilla/5.0 AppleWebKit/537.36 (KHTML, like Gecko; compatible; GPTBot/1.3; +https://openai.com/gptbot)"
74.7.227.40 - - [11/Jan/2026:12:22:37 +0000] "GET /assets/plugin/Magnific-Popup-master/dist/jquery.magnific-popup.min.js?fileloc=//proc/504211/root/proc/thread-self/root/proc/4135750/root/lib64/python2.7/Tools/scripts/parseentities.py&path=//proc/504211/root/proc/thread-self/root/proc/4135750/root/lib64/python2.7/Tools/scripts HTTP/2" 200 2546 "-" "Mozilla/5.0 AppleWebKit/537.36 (KHTML, like Gecko; compatible; GPTBot/1.3; +https://openai.com/gptbot)"
74.7.227.191 - - [11/Jan/2026:12:22:38 +0000] "GET /?path=//proc/504211/root/proc/thread-self/root/usr/lib64/perl5/vendor_perl/Encode HTTP/2" 200 3884 "-" "Mozilla/5.0 AppleWebKit/537.36 (KHTML, like Gecko; compatible; GPTBot/1.3; +https://openai.com/gptbot)"
74.7.227.40 - - [11/Jan/2026:12:22:41 +0000] "GET /assets/plugin/Magnific-Popup-master/dist/jquery.magnific-popup.min.js?fileloc=//proc/504211/root/proc/thread-self/root/proc/4135750/root/lib64/python2.7/Tools/scripts/mailerdaemon.py&path=//proc/504211/root/proc/thread-self/root/proc/4135750/root/lib64/python2.7/Tools/scripts HTTP/2" 200 2546 "-" "Mozilla/5.0 AppleWebKit/537.36 (KHTML, like Gecko; compatible; GPTBot/1.3; +https://openai.com/gptbot)"
74.7.227.191 - - [11/Jan/2026:12:22:41 +0000] "GET /?path=//proc/504211/root/proc/thread-self/root/lib64/perl5/vendor_perl/auto/Devel HTTP/2" 200 2884 "-" "Mozilla/5.0 AppleWebKit/537.36 (KHTML, like Gecko; compatible; GPTBot/1.3; +https://openai.com/gptbot)"
74.7.227.40 - - [11/Jan/2026:12:22:44 +0000] "GET /assets/plugin/Magnific-Popup-master/dist/jquery.magnific-popup.min.js?fileloc=//proc/504211/root/proc/thread-self/root/proc/4135750/root/lib64/python2.7/lib-dynload/itertoolsmodule.so&path=//proc/504211/root/proc/thread-self/root/proc/4135750/root/lib64/python2.7/lib-dynload HTTP/2" 200 2542 "-" "Mozilla/5.0 AppleWebKit/537.36 (KHTML, like Gecko; compatible; GPTBot/1.3; +https://openai.com/gptbot)"
74.7.227.191 - - [11/Jan/2026:12:22:44 +0000] "GET /?path=//proc/216068/root/proc/thread-self/root/lib64/perl5/vendor_perl/auto/Devel HTTP/2" 200 2884 "-" "Mozilla/5.0 AppleWebKit/537.36 (KHTML, like Gecko; compatible; GPTBot/1.3; +https://openai.com/gptbot)"
74.7.227.40 - - [11/Jan/2026:12:22:47 +0000] "GET /zapytanie-ofertowe-2-pokl-be-2014-na-uslugi-metodologa.html?fileloc=//usr/lib64/python3.6/xmlrpc/__pycache__/__init__.cpython-36.opt-2.pyc&path=//usr/lib64/python3.6/xmlrpc/__pycache__ HTTP/2" 200 2585 "-" "Mozilla/5.0 AppleWebKit/537.36 (KHTML, like Gecko; compatible; GPTBot/1.3; +https://openai.com/gptbot)"
74.7.227.191 - - [11/Jan/2026:12:22:47 +0000] "GET /?path=//proc/504211/root/proc/thread-self/root/lib64/perl5/vendor_perl/auto/Socket HTTP/2" 200 2860 "-" "Mozilla/5.0 AppleWebKit/537.36 (KHTML, like Gecko; compatible; GPTBot/1.3; +https://openai.com/gptbot)"
74.7.227.40 - - [11/Jan/2026:12:22:50 +0000] "GET /zapytanie-ofertowe-2-pokl-be-2014-na-uslugi-metodologa.html?fileloc=//usr/lib64/python3.6/xmlrpc/__pycache__/server.cpython-36.opt-1.pyc&path=//usr/lib64/python3.6/xmlrpc/__pycache__ HTTP/2" 200 14885 "-" "Mozilla/5.0 AppleWebKit/537.36 (KHTML, like Gecko; compatible; GPTBot/1.3; +https://openai.com/gptbot)"
74.7.227.191 - - [11/Jan/2026:12:22:51 +0000] "GET /?path=//proc/504211/root/proc/thread-self/root/lib64/perl5/vendor_perl/auto/Unicode/Normalize HTTP/2" 200 2882 "-" "Mozilla/5.0 AppleWebKit/537.36 (KHTML, like Gecko; compatible; GPTBot/1.3; +https://openai.com/gptbot)"
74.7.227.40 - - [11/Jan/2026:12:22:53 +0000] "GET /zapytanie-ofertowe-2-pokl-be-2014-na-uslugi-metodologa.html?fileloc=//usr/lib64/python3.6/xmlrpc/__pycache__/server.cpython-36.pyc&path=//usr/lib64/python3.6/xmlrpc/__pycache__ HTTP/2" 200 14943 "-" "Mozilla/5.0 AppleWebKit/537.36 (KHTML, like Gecko; compatible; GPTBot/1.3; +https://openai.com/gptbot)"
74.7.227.191 - - [11/Jan/2026:12:22:54 +0000] "GET /?path=//proc/504211/root/proc/thread-self/root/lib64/perl5/vendor_perl/auto/Unicode/Collate HTTP/2" 200 2882 "-" "Mozilla/5.0 AppleWebKit/537.36 (KHTML, like Gecko; compatible; GPTBot/1.3; +https://openai.com/gptbot)"
74.7.227.40 - - [11/Jan/2026:12:22:56 +0000] "GET /zapytanie-ofertowe-2-pokl-be-2014-na-uslugi-metodologa.html?fileloc=//usr/lib64/python3.6/xmlrpc/__pycache__/client.cpython-36.opt-2.pyc&path=//usr/lib64/python3.6/xmlrpc/__pycache__ HTTP/2" 200 14380 "-" "Mozilla/5.0 AppleWebKit/537.36 (KHTML, like Gecko; compatible; GPTBot/1.3; +https://openai.com/gptbot)"
74.7.227.191 - - [11/Jan/2026:12:22:57 +0000] "GET /?path=//proc/504211/root/proc/thread-self/root/lib64/perl5/vendor_perl/auto/Compress HTTP/2" 200 2887 "-" "Mozilla/5.0 AppleWebKit/537.36 (KHTML, like Gecko; compatible; GPTBot/1.3; +https://openai.com/gptbot)"
74.7.227.40 - - [11/Jan/2026:12:23:00 +0000] "GET /zapytanie-ofertowe-2-pokl-be-2014-na-uslugi-metodologa.html?fileloc=//usr/lib64/python3.6/xmlrpc/__pycache__/__init__.cpython-36.opt-1.pyc&path=//usr/lib64/python3.6/xmlrpc/__pycache__ HTTP/2" 200 2585 "-" "Mozilla/5.0 AppleWebKit/537.36 (KHTML, like Gecko; compatible; GPTBot/1.3; +https://openai.com/gptbot)"
74.7.227.191 - - [11/Jan/2026:12:23:00 +0000] "GET /?path=//proc/216068/root/proc/thread-self/root/lib64/perl5/vendor_perl/auto/Term HTTP/2" 200 2839 "-" "Mozilla/5.0 AppleWebKit/537.36 (KHTML, like Gecko; compatible; GPTBot/1.3; +https://openai.com/gptbot)"
74.7.227.40 - - [11/Jan/2026:12:23:03 +0000] "GET /zapytanie-ofertowe-2-pokl-be-2014-na-uslugi-metodologa.html?fileloc=//usr/lib64/python3.6/xmlrpc/__pycache__/client.cpython-36.pyc&path=//usr/lib64/python3.6/xmlrpc/__pycache__ HTTP/2" 200 16400 "-" "Mozilla/5.0 AppleWebKit/537.36 (KHTML, like Gecko; compatible; GPTBot/1.3; +https://openai.com/gptbot)"
74.7.227.191 - - [11/Jan/2026:12:23:03 +0000] "GET /?path=//proc/504211/root/proc/thread-self/root/usr/lib64/perl5/vendor_perl/Storable HTTP/2" 200 2860 "-" "Mozilla/5.0 AppleWebKit/537.36 (KHTML, like Gecko; compatible; GPTBot/1.3; +https://openai.com/gptbot)"
74.7.227.40 - - [11/Jan/2026:12:23:06 +0000] "GET /zapytanie-ofertowe-2-pokl-be-2014-na-uslugi-metodologa.html?fileloc=//usr/lib64/python3.6/xmlrpc/__pycache__/__init__.cpython-36.pyc&path=//usr/lib64/python3.6/xmlrpc/__pycache__ HTTP/2" 200 2585 "-" "Mozilla/5.0 AppleWebKit/537.36 (KHTML, like Gecko; compatible; GPTBot/1.3; +https://openai.com/gptbot)"
74.7.227.191 - - [11/Jan/2026:12:23:06 +0000] "GET /?path=//proc/504211/root/proc/thread-self/root/usr/lib64/perl5/vendor_perl/Unicode HTTP/2" 200 2989 "-" "Mozilla/5.0 AppleWebKit/537.36 (KHTML, like Gecko; compatible; GPTBot/1.3; +https://openai.com/gptbot)"
74.7.227.40 - - [11/Jan/2026:12:23:09 +0000] "GET /zapytanie-ofertowe-2-pokl-be-2014-na-uslugi-metodologa.html?fileloc=//usr/lib64/python3.6/xmlrpc/__pycache__/server.cpython-36.opt-2.pyc&path=//usr/lib64/python3.6/xmlrpc/__pycache__ HTTP/2" 200 11232 "-" "Mozilla/5.0 AppleWebKit/537.36 (KHTML, like Gecko; compatible; GPTBot/1.3; +https://openai.com/gptbot)"
74.7.227.191 - - [11/Jan/2026:12:23:10 +0000] "GET /?path=//proc/504211/root/proc/thread-self/root/usr/lib64/perl5/vendor_perl/auto/List/Util HTTP/2" 200 2884 "-" "Mozilla/5.0 AppleWebKit/537.36 (KHTML, like Gecko; compatible; GPTBot/1.3; +https://openai.com/gptbot)"
74.7.227.40 - - [11/Jan/2026:12:23:12 +0000] "GET /zapytanie-ofertowe-2-pokl-be-2014-na-uslugi-metodologa.html?fileloc=//usr/lib64/python3.6/xmlrpc/__pycache__/client.cpython-36.opt-1.pyc&path=//usr/lib64/python3.6/xmlrpc/__pycache__ HTTP/2" 200 16352 "-" "Mozilla/5.0 AppleWebKit/537.36 (KHTML, like Gecko; compatible; GPTBot/1.3; +https://openai.com/gptbot)"
74.7.227.191 - - [11/Jan/2026:12:23:13 +0000] "GET /?path=//proc/504211/root/proc/thread-self/root/usr/lib64/perl5/vendor_perl/auto/Cwd HTTP/2" 200 2872 "-" "Mozilla/5.0 AppleWebKit/537.36 (KHTML, like Gecko; compatible; GPTBot/1.3; +https://openai.com/gptbot)"
74.7.227.40 - - [11/Jan/2026:12:23:15 +0000] "GET /sites/default/themes/enpaysdelaloire/images/logo-region-pdl.svg?fileloc=//proc/thread-self/root/lib64/firebird/plugins/udr_engine.conf&path=//proc/thread-self/root/lib64/firebird/plugins HTTP/2" 200 2551 "-" "Mozilla/5.0 AppleWebKit/537.36 (KHTML, like Gecko; compatible; GPTBot/1.3; +https://openai.com/gptbot)"
74.7.227.191 - - [11/Jan/2026:12:23:16 +0000] "GET /?path=//proc/504211/root/proc/thread-self/root/lib64/perl5/vendor_perl/auto/Devel/PPPort HTTP/2" 200 2880 "-" "Mozilla/5.0 AppleWebKit/537.36 (KHTML, like Gecko; compatible; GPTBot/1.3; +https://openai.com/gptbot)"
74.7.227.40 - - [11/Jan/2026:12:23:18 +0000] "GET /sites/default/themes/enpaysdelaloire/images/logo-region-pdl.svg?fileloc=//proc/thread-self/root/lib64/firebird/plugins/libudr_engine.so&path=//proc/thread-self/root/lib64/firebird/plugins HTTP/2" 200 531504 "-" "Mozilla/5.0 AppleWebKit/537.36 (KHTML, like Gecko; compatible; GPTBot/1.3; +https://openai.com/gptbot)"
74.7.227.191 - - [11/Jan/2026:12:23:19 +0000] "GET /?path=//proc/216068/root/proc/thread-self/root/lib64/perl5/vendor_perl/auto/Compress HTTP/2" 200 2887 "-" "Mozilla/5.0 AppleWebKit/537.36 (KHTML, like Gecko; compatible; GPTBot/1.3; +https://openai.com/gptbot)"
74.7.227.40 - - [11/Jan/2026:12:23:22 +0000] "GET /assets/plugin/Magnific-Popup-master/dist/jquery.magnific-popup.min.js?fileloc=//proc/504211/root/proc/thread-self/cwd/wp-content/plugins/woocommerce/assets/client/blocks/price-format.asset.php&path=//proc/504211/root/proc/thread-self/cwd/wp-content/plugins/woocommerce/assets/client/blocks HTTP/2" 200 2639 "-" "Mozilla/5.0 AppleWebKit/537.36 (KHTML, like Gecko; compatible; GPTBot/1.3; +https://openai.com/gptbot)"
74.7.227.191 - - [11/Jan/2026:12:23:22 +0000] "GET /?path=//proc/504211/root/proc/thread-self/root/lib64/perl5/vendor_perl/auto/Time HTTP/2" 200 2841 "-" "Mozilla/5.0 AppleWebKit/537.36 (KHTML, like Gecko; compatible; GPTBot/1.3; +https://openai.com/gptbot)"
74.7.227.40 - - [11/Jan/2026:12:23:25 +0000] "GET /radosne-maluchy-w-teatrze.html?fileloc=//home/purebdli/zarmanhomio.purebdlife.com/wp-includes/Text/Exception.php&path=//home/purebdli/zarmanhomio.purebdlife.com/wp-includes/Text HTTP/2" 200 2595 "-" "Mozilla/5.0 AppleWebKit/537.36 (KHTML, like Gecko; compatible; GPTBot/1.3; +https://openai.com/gptbot)"
74.7.227.191 - - [11/Jan/2026:12:23:25 +0000] "GET /?path=//proc/216068/root/proc/thread-self/root/lib64/perl5/vendor_perl/auto/Data HTTP/2" 200 2837 "-" "Mozilla/5.0 AppleWebKit/537.36 (KHTML, like Gecko; compatible; GPTBot/1.3; +https://openai.com/gptbot)"
74.7.227.40 - - [11/Jan/2026:12:23:28 +0000] "GET /odwiedziny-wyslannika-swietego-mikolaja.html?fileloc=//lib/dracut/modules.d/95rootfs-block/parse-block.sh&path=//lib/dracut/modules.d/95rootfs-block HTTP/2" 200 2737 "-" "Mozilla/5.0 AppleWebKit/537.36 (KHTML, like Gecko; compatible; GPTBot/1.3; +https://openai.com/gptbot)"
74.7.227.191 - - [11/Jan/2026:12:23:28 +0000] "GET /?path=//proc/504211/root/proc/thread-self/root/usr/lib64/perl5/vendor_perl/Devel HTTP/2" 200 2908 "-" "Mozilla/5.0 AppleWebKit/537.36 (KHTML, like Gecko; compatible; GPTBot/1.3; +https://openai.com/gptbot)"
74.7.227.40 - - [11/Jan/2026:12:23:31 +0000] "GET /networking-warsztaty-w-piasecznie.html?path=//proc/216068/root/usr/lib64/pkcs11 HTTP/2" 200 2811 "-" "Mozilla/5.0 AppleWebKit/537.36 (KHTML, like Gecko; compatible; GPTBot/1.3; +https://openai.com/gptbot)"
74.7.227.191 - - [11/Jan/2026:12:23:31 +0000] "GET /?path=//proc/504211/root/proc/thread-self/root/usr/lib64/perl5/vendor_perl/auto/Filter/Util/Call HTTP/2" 200 2895 "-" "Mozilla/5.0 AppleWebKit/537.36 (KHTML, like Gecko; compatible; GPTBot/1.3; +https://openai.com/gptbot)"
74.7.227.40 - - [11/Jan/2026:12:23:34 +0000] "GET /networking-warsztaty-w-piasecznie.html?path=//proc/216068/root/opt/imunify360 HTTP/2" 200 2838 "-" "Mozilla/5.0 AppleWebKit/537.36 (KHTML, like Gecko; compatible; GPTBot/1.3; +https://openai.com/gptbot)"
74.7.227.191 - - [11/Jan/2026:12:23:35 +0000] "GET /?path=//proc/504211/root/proc/thread-self/root/usr/lib64/perl5/vendor_perl/auto/Unicode/Collate HTTP/2" 200 2884 "-" "Mozilla/5.0 AppleWebKit/537.36 (KHTML, like Gecko; compatible; GPTBot/1.3; +https://openai.com/gptbot)"
74.7.227.40 - - [11/Jan/2026:12:23:37 +0000] "GET /networking-warsztaty-w-piasecznie.html?path=//proc/504211/root/opt/imunify360 HTTP/2" 200 2838 "-" "Mozilla/5.0 AppleWebKit/537.36 (KHTML, like Gecko; compatible; GPTBot/1.3; +https://openai.com/gptbot)"
74.7.227.191 - - [11/Jan/2026:12:23:38 +0000] "GET /?path=//proc/504211/root/proc/thread-self/root/usr/lib64/perl5/vendor_perl/auto/Filter/decrypt HTTP/2" 200 2884 "-" "Mozilla/5.0 AppleWebKit/537.36 (KHTML, like Gecko; compatible; GPTBot/1.3; +https://openai.com/gptbot)"
74.7.227.40 - - [11/Jan/2026:12:23:41 +0000] "GET /sites/default/themes/enpaysdelaloire/images/logo-region-pdl.svg?fileloc=//proc/thread-self/root/lib64/ruby/cgi/escape.so&path=//proc/thread-self/root/lib64/ruby/cgi HTTP/2" 200 7983 "-" "Mozilla/5.0 AppleWebKit/537.36 (KHTML, like Gecko; compatible; GPTBot/1.3; +https://openai.com/gptbot)"
74.7.227.191 - - [11/Jan/2026:12:23:41 +0000] "GET /?path=//proc/504211/root/proc/thread-self/root/usr/lib64/perl5/vendor_perl/Unicode/Collate HTTP/2" 200 3062 "-" "Mozilla/5.0 AppleWebKit/537.36 (KHTML, like Gecko; compatible; GPTBot/1.3; +https://openai.com/gptbot)"
74.7.227.40 - - [11/Jan/2026:12:23:44 +0000] "GET /sites/default/themes/enpaysdelaloire/images/logo-region-pdl.svg?fileloc=//proc/thread-self/root/lib64/ruby/enc/encdb.so&path=//proc/thread-self/root/lib64/ruby/enc HTTP/2" 200 6596 "-" "Mozilla/5.0 AppleWebKit/537.36 (KHTML, like Gecko; compatible; GPTBot/1.3; +https://openai.com/gptbot)"
74.7.227.191 - - [11/Jan/2026:12:23:44 +0000] "GET /?path=//proc/504211/root/proc/thread-self/root/lib64/perl5/vendor_perl/auto/Filter/Util/Call HTTP/2" 200 2884 "-" "Mozilla/5.0 AppleWebKit/537.36 (KHTML, like Gecko; compatible; GPTBot/1.3; +https://openai.com/gptbot)"
74.7.227.40 - - [11/Jan/2026:12:23:47 +0000] "GET /img/flags/16/Ukraine.png?path=//home/purebdli/.cagefs/opt/alt HTTP/2" 200 2903 "-" "Mozilla/5.0 AppleWebKit/537.36 (KHTML, like Gecko; compatible; GPTBot/1.3; +https://openai.com/gptbot)"
74.7.227.191 - - [11/Jan/2026:12:23:47 +0000] "GET /?path=//proc/504211/root/proc/thread-self/root/usr/lib64/perl5/auto/re HTTP/2" 200 2850 "-" "Mozilla/5.0 AppleWebKit/537.36 (KHTML, like Gecko; compatible; GPTBot/1.3; +https://openai.com/gptbot)"
74.7.227.40 - - [11/Jan/2026:12:23:50 +0000] "GET /img/flags/16/Germany.png?path=//home/purebdli/.cagefs/opt/alt HTTP/2" 200 2903 "-" "Mozilla/5.0 AppleWebKit/537.36 (KHTML, like Gecko; compatible; GPTBot/1.3; +https://openai.com/gptbot)"
74.7.227.191 - - [11/Jan/2026:12:23:50 +0000] "GET /?path=//proc/504211/root/proc/thread-self/root/usr/lib64/perl5/vendor_perl/auto/Time HTTP/2" 200 2851 "-" "Mozilla/5.0 AppleWebKit/537.36 (KHTML, like Gecko; compatible; GPTBot/1.3; +https://openai.com/gptbot)"
74.7.227.40 - - [11/Jan/2026:12:23:53 +0000] "GET /podsumowanie-projektu-raport-koncowy.html?path=//lib64/perl5/asm-generic HTTP/2" 200 3006 "-" "Mozilla/5.0 AppleWebKit/537.36 (KHTML, like Gecko; compatible; GPTBot/1.3; +https://openai.com/gptbot)"
74.7.227.191 - - [11/Jan/2026:12:23:53 +0000] "GET /?path=//proc/504211/root/proc/thread-self/root/usr/lib64/perl5/vendor_perl/auto/Digest HTTP/2" 200 2880 "-" "Mozilla/5.0 AppleWebKit/537.36 (KHTML, like Gecko; compatible; GPTBot/1.3; +https://openai.com/gptbot)"
74.7.227.40 - - [11/Jan/2026:12:23:56 +0000] "GET /zdjecia-z-wernisazu-w-fabryce-trzciny.html?fileloc=//lib64/python2.7/lib2to3/Grammar2.7.18.final.0.pickle&path=//lib64/python2.7/lib2to3 HTTP/2" 200 14983 "-" "Mozilla/5.0 AppleWebKit/537.36 (KHTML, like Gecko; compatible; GPTBot/1.3; +https://openai.com/gptbot)"
74.7.227.191 - - [11/Jan/2026:12:23:57 +0000] "GET /?path=//proc/504211/root/proc/thread-self/root/usr/lib64/perl5/vendor_perl/Encode/Unicode HTTP/2" 200 2872 "-" "Mozilla/5.0 AppleWebKit/537.36 (KHTML, like Gecko; compatible; GPTBot/1.3; +https://openai.com/gptbot)"
74.7.227.40 - - [11/Jan/2026:12:23:59 +0000] "GET /mlody-czlowieku-!.html?path=//lib/python3.6/site-packages/pyparsing-2.1.10.dist-info HTTP/2" 200 3056 "-" "Mozilla/5.0 AppleWebKit/537.36 (KHTML, like Gecko; compatible; GPTBot/1.3; +https://openai.com/gptbot)"
74.7.227.191 - - [11/Jan/2026:12:24:00 +0000] "GET /?path=//proc/216068/root/proc/thread-self/root/lib64/perl5/vendor_perl/auto/Data/Dumper HTTP/2" 200 2874 "-" "Mozilla/5.0 AppleWebKit/537.36 (KHTML, like Gecko; compatible; GPTBot/1.3; +https://openai.com/gptbot)"
74.7.227.40 - - [11/Jan/2026:12:24:03 +0000] "GET /assets/plugin/Magnific-Popup-master/dist/jquery.magnific-popup.min.js?path=//proc/504211/root/proc/thread-self/root/usr/lib/systemd/user HTTP/2" 200 3873 "-" "Mozilla/5.0 AppleWebKit/537.36 (KHTML, like Gecko; compatible; GPTBot/1.3; +https://openai.com/gptbot)"
74.7.227.191 - - [11/Jan/2026:12:24:03 +0000] "GET /?path=//proc/504211/root/proc/thread-self/root/usr/lib64/perl5/vendor_perl/auto/Sys/Syslog HTTP/2" 200 2890 "-" "Mozilla/5.0 AppleWebKit/537.36 (KHTML, like Gecko; compatible; GPTBot/1.3; +https://openai.com/gptbot)"
74.7.227.40 - - [11/Jan/2026:12:24:06 +0000] "GET /assets/plugin/Magnific-Popup-master/dist/jquery.magnific-popup.min.js?path=//proc/216068/root/proc/thread-self/root/usr/lib/systemd/user HTTP/2" 200 3873 "-" "Mozilla/5.0 AppleWebKit/537.36 (KHTML, like Gecko; compatible; GPTBot/1.3; +https://openai.com/gptbot)"
74.7.227.191 - - [11/Jan/2026:12:24:06 +0000] "GET /?path=//proc/504211/root/proc/thread-self/root/usr/lib64/perl5/vendor_perl/auto/Encode/TW HTTP/2" 200 2886 "-" "Mozilla/5.0 AppleWebKit/537.36 (KHTML, like Gecko; compatible; GPTBot/1.3; +https://openai.com/gptbot)"
74.7.227.40 - - [11/Jan/2026:12:24:09 +0000] "GET /networking-warsztaty-w-piasecznie.html?path=//proc/216068/root/opt/imunify360/venv HTTP/2" 200 2779 "-" "Mozilla/5.0 AppleWebKit/537.36 (KHTML, like Gecko; compatible; GPTBot/1.3; +https://openai.com/gptbot)"
74.7.227.191 - - [11/Jan/2026:12:24:09 +0000] "GET /?path=//proc/216068/root/proc/thread-self/root/lib64/perl5/vendor_perl/auto/Encode/Unicode HTTP/2" 200 2874 "-" "Mozilla/5.0 AppleWebKit/537.36 (KHTML, like Gecko; compatible; GPTBot/1.3; +https://openai.com/gptbot)"
74.7.227.40 - - [11/Jan/2026:12:24:12 +0000] "GET /networking-warsztaty-w-piasecznie.html?path=//proc/504211/root/opt/imunify360/lib HTTP/2" 200 2524 "-" "Mozilla/5.0 AppleWebKit/537.36 (KHTML, like Gecko; compatible; GPTBot/1.3; +https://openai.com/gptbot)"
74.7.227.191 - - [11/Jan/2026:12:24:12 +0000] "GET /?path=//proc/504211/root/proc/thread-self/root/usr/lib64/perl5/vendor_perl/auto/Params/Util HTTP/2" 200 2888 "-" "Mozilla/5.0 AppleWebKit/537.36 (KHTML, like Gecko; compatible; GPTBot/1.3; +https://openai.com/gptbot)"
74.7.227.40 - - [11/Jan/2026:12:24:15 +0000] "GET /networking-warsztaty-w-piasecznie.html?path=//proc/216068/root/opt/imunify360/lib HTTP/2" 200 2522 "-" "Mozilla/5.0 AppleWebKit/537.36 (KHTML, like Gecko; compatible; GPTBot/1.3; +https://openai.com/gptbot)"
74.7.227.191 - - [11/Jan/2026:12:24:15 +0000] "GET /?path=//proc/504211/root/proc/thread-self/root/usr/lib64/perl5/vendor_perl/Unicode/Collate/Locale HTTP/2" 200 4886 "-" "Mozilla/5.0 AppleWebKit/537.36 (KHTML, like Gecko; compatible; GPTBot/1.3; +https://openai.com/gptbot)"
74.7.227.40 - - [11/Jan/2026:12:24:18 +0000] "GET /networking-warsztaty-w-piasecznie.html?path=//proc/504211/root/opt/imunify360/venv HTTP/2" 200 2778 "-" "Mozilla/5.0 AppleWebKit/537.36 (KHTML, like Gecko; compatible; GPTBot/1.3; +https://openai.com/gptbot)"
74.7.227.191 - - [11/Jan/2026:12:24:18 +0000] "GET /?path=//proc/504211/root/proc/thread-self/root/usr/lib64/perl5/vendor_perl/auto/Encode/Byte HTTP/2" 200 2889 "-" "Mozilla/5.0 AppleWebKit/537.36 (KHTML, like Gecko; compatible; GPTBot/1.3; +https://openai.com/gptbot)"
74.7.227.40 - - [11/Jan/2026:12:24:21 +0000] "GET /img/flags/16/Ukraine.png?path=//home/purebdli/.cagefs/opt/alt/php82 HTTP/2" 200 2807 "-" "Mozilla/5.0 AppleWebKit/537.36 (KHTML, like Gecko; compatible; GPTBot/1.3; +https://openai.com/gptbot)"
74.7.227.191 - - [11/Jan/2026:12:24:22 +0000] "GET /?path=//proc/504211/root/proc/thread-self/root/usr/lib64/perl5/vendor_perl/auto/Devel/PPPort HTTP/2" 200 2886 "-" "Mozilla/5.0 AppleWebKit/537.36 (KHTML, like Gecko; compatible; GPTBot/1.3; +https://openai.com/gptbot)"
74.7.227.40 - - [11/Jan/2026:12:24:24 +0000] "GET /img/flags/16/Ukraine.png?path=//home/purebdli/.cagefs/opt/alt/php74 HTTP/2" 200 2808 "-" "Mozilla/5.0 AppleWebKit/537.36 (KHTML, like Gecko; compatible; GPTBot/1.3; +https://openai.com/gptbot)"
74.7.227.191 - - [11/Jan/2026:12:24:25 +0000] "GET /?path=//proc/504211/root/proc/thread-self/root/lib64/perl5/vendor_perl/auto/Net HTTP/2" 200 2839 "-" "Mozilla/5.0 AppleWebKit/537.36 (KHTML, like Gecko; compatible; GPTBot/1.3; +https://openai.com/gptbot)"
74.7.227.40 - - [11/Jan/2026:12:24:28 +0000] "GET /img/flags/16/Ukraine.png?path=//home/purebdli/.cagefs/opt/alt/php73 HTTP/2" 200 2808 "-" "Mozilla/5.0 AppleWebKit/537.36 (KHTML, like Gecko; compatible; GPTBot/1.3; +https://openai.com/gptbot)"
74.7.227.191 - - [11/Jan/2026:12:24:28 +0000] "GET /?path=//proc/504211/root/proc/thread-self/root/usr/lib64/perl5/vendor_perl/auto/Digest/MD5 HTTP/2" 200 2890 "-" "Mozilla/5.0 AppleWebKit/537.36 (KHTML, like Gecko; compatible; GPTBot/1.3; +https://openai.com/gptbot)"
74.7.227.40 - - [11/Jan/2026:12:24:31 +0000] "GET /img/flags/16/Ukraine.png?path=//home/purebdli/.cagefs/opt/alt/php70 HTTP/2" 200 2807 "-" "Mozilla/5.0 AppleWebKit/537.36 (KHTML, like Gecko; compatible; GPTBot/1.3; +https://openai.com/gptbot)"
74.7.227.191 - - [11/Jan/2026:12:24:31 +0000] "GET /?path=//proc/504211/root/proc/thread-self/root/lib64/perl5/vendor_perl/auto/Params/Util HTTP/2" 200 2871 "-" "Mozilla/5.0 AppleWebKit/537.36 (KHTML, like Gecko; compatible; GPTBot/1.3; +https://openai.com/gptbot)"
74.7.227.40 - - [11/Jan/2026:12:24:34 +0000] "GET /img/flags/16/Germany.png?path=//home/purebdli/.cagefs/opt/alt/php70 HTTP/2" 200 2808 "-" "Mozilla/5.0 AppleWebKit/537.36 (KHTML, like Gecko; compatible; GPTBot/1.3; +https://openai.com/gptbot)"
74.7.227.191 - - [11/Jan/2026:12:24:34 +0000] "GET /?path=//proc/504211/root/proc/thread-self/root/lib64/perl5/vendor_perl/auto/Devel/Size HTTP/2" 200 2867 "-" "Mozilla/5.0 AppleWebKit/537.36 (KHTML, like Gecko; compatible; GPTBot/1.3; +https://openai.com/gptbot)"
74.7.227.40 - - [11/Jan/2026:12:24:37 +0000] "GET /img/flags/16/Germany.png?path=//home/purebdli/.cagefs/opt/alt/php82 HTTP/2" 200 2807 "-" "Mozilla/5.0 AppleWebKit/537.36 (KHTML, like Gecko; compatible; GPTBot/1.3; +https://openai.com/gptbot)"
74.7.227.191 - - [11/Jan/2026:12:24:38 +0000] "GET /?path=//proc/216068/root/proc/thread-self/root/lib64/perl5/vendor_perl/auto/Encode/JP HTTP/2" 200 2873 "-" "Mozilla/5.0 AppleWebKit/537.36 (KHTML, like Gecko; compatible; GPTBot/1.3; +https://openai.com/gptbot)"
74.7.227.40 - - [11/Jan/2026:12:24:40 +0000] "GET /img/flags/16/Ukraine.png?path=//home/purebdli/.cagefs/opt/alt/php72 HTTP/2" 200 2808 "-" "Mozilla/5.0 AppleWebKit/537.36 (KHTML, like Gecko; compatible; GPTBot/1.3; +https://openai.com/gptbot)"
74.7.227.191 - - [11/Jan/2026:12:24:41 +0000] "GET /?path=//proc/216068/root/proc/thread-self/root/lib64/perl5/vendor_perl/auto/Encode/TW HTTP/2" 200 2872 "-" "Mozilla/5.0 AppleWebKit/537.36 (KHTML, like Gecko; compatible; GPTBot/1.3; +https://openai.com/gptbot)"
74.7.227.40 - - [11/Jan/2026:12:24:43 +0000] "GET /img/flags/16/Germany.png?path=//home/purebdli/.cagefs/opt/alt/php73 HTTP/2" 200 2808 "-" "Mozilla/5.0 AppleWebKit/537.36 (KHTML, like Gecko; compatible; GPTBot/1.3; +https://openai.com/gptbot)"
74.7.227.191 - - [11/Jan/2026:12:24:44 +0000] "GET /?path=//proc/504211/root/proc/thread-self/root/lib64/perl5/vendor_perl/auto/Compress/Raw HTTP/2" 200 2894 "-" "Mozilla/5.0 AppleWebKit/537.36 (KHTML, like Gecko; compatible; GPTBot/1.3; +https://openai.com/gptbot)"
74.7.227.40 - - [11/Jan/2026:12:24:46 +0000] "GET /img/flags/16/Germany.png?path=//home/purebdli/.cagefs/opt/alt/php72 HTTP/2" 200 2807 "-" "Mozilla/5.0 AppleWebKit/537.36 (KHTML, like Gecko; compatible; GPTBot/1.3; +https://openai.com/gptbot)"
74.7.227.191 - - [11/Jan/2026:12:24:47 +0000] "GET /?path=//proc/504211/root/proc/thread-self/root/usr/lib64/perl5/vendor_perl/Encode/JP HTTP/2" 200 2914 "-" "Mozilla/5.0 AppleWebKit/537.36 (KHTML, like Gecko; compatible; GPTBot/1.3; +https://openai.com/gptbot)"
74.7.227.40 - - [11/Jan/2026:12:24:50 +0000] "GET /img/flags/16/Germany.png?path=//home/purebdli/.cagefs/opt/alt/php74 HTTP/2" 200 2808 "-" "Mozilla/5.0 AppleWebKit/537.36 (KHTML, like Gecko; compatible; GPTBot/1.3; +https://openai.com/gptbot)"
74.7.227.191 - - [11/Jan/2026:12:24:50 +0000] "GET /?path=//proc/504211/root/proc/thread-self/root/usr/lib64/perl5/vendor_perl/Encode/CN HTTP/2" 200 2866 "-" "Mozilla/5.0 AppleWebKit/537.36 (KHTML, like Gecko; compatible; GPTBot/1.3; +https://openai.com/gptbot)"
74.7.227.40 - - [11/Jan/2026:12:24:53 +0000] "GET /img/flags/16/Ukraine.png?path=//home/purebdli/.cagefs/opt/alt/php80 HTTP/2" 200 2807 "-" "Mozilla/5.0 AppleWebKit/537.36 (KHTML, like Gecko; compatible; GPTBot/1.3; +https://openai.com/gptbot)"
74.7.227.191 - - [11/Jan/2026:12:24:54 +0000] "GET /?path=//proc/216068/root/proc/thread-self/root/lib64/perl5/vendor_perl/auto/Encode/Byte HTTP/2" 200 2871 "-" "Mozilla/5.0 AppleWebKit/537.36 (KHTML, like Gecko; compatible; GPTBot/1.3; +https://openai.com/gptbot)"
74.7.227.40 - - [11/Jan/2026:12:24:56 +0000] "GET /img/flags/16/Ukraine.png?path=//home/purebdli/.cagefs/opt/alt/php82/var HTTP/2" 200 2785 "-" "Mozilla/5.0 AppleWebKit/537.36 (KHTML, like Gecko; compatible; GPTBot/1.3; +https://openai.com/gptbot)"
74.7.227.191 - - [11/Jan/2026:12:24:57 +0000] "GET /?path=//proc/504211/root/proc/thread-self/root/usr/lib64/perl5/vendor_perl/auto/Encode/KR HTTP/2" 200 2886 "-" "Mozilla/5.0 AppleWebKit/537.36 (KHTML, like Gecko; compatible; GPTBot/1.3; +https://openai.com/gptbot)"
74.7.227.40 - - [11/Jan/2026:12:24:59 +0000] "GET /img/flags/16/Ukraine.png?path=//home/purebdli/.cagefs/opt/alt/php74/link HTTP/2" 200 2796 "-" "Mozilla/5.0 AppleWebKit/537.36 (KHTML, like Gecko; compatible; GPTBot/1.3; +https://openai.com/gptbot)"
74.7.227.191 - - [11/Jan/2026:12:25:00 +0000] "GET /?path=//proc/504211/root/proc/thread-self/root/usr/lib64/perl5/vendor_perl/Encode/KR HTTP/2" 200 2875 "-" "Mozilla/5.0 AppleWebKit/537.36 (KHTML, like Gecko; compatible; GPTBot/1.3; +https://openai.com/gptbot)"
74.7.227.40 - - [11/Jan/2026:12:25:02 +0000] "GET /img/flags/16/Ukraine.png?path=//home/purebdli/.cagefs/opt/alt/php73/var HTTP/2" 200 2785 "-" "Mozilla/5.0 AppleWebKit/537.36 (KHTML, like Gecko; compatible; GPTBot/1.3; +https://openai.com/gptbot)"
74.7.227.191 - - [11/Jan/2026:12:25:03 +0000] "GET /?path=//proc/504211/root/proc/thread-self/root/lib64/perl5/vendor_perl/auto/MIME HTTP/2" 200 2842 "-" "Mozilla/5.0 AppleWebKit/537.36 (KHTML, like Gecko; compatible; GPTBot/1.3; +https://openai.com/gptbot)"
74.7.227.40 - - [11/Jan/2026:12:25:05 +0000] "GET /img/flags/16/Ukraine.png?path=//home/purebdli/.cagefs/opt/alt/php70/link HTTP/2" 200 2796 "-" "Mozilla/5.0 AppleWebKit/537.36 (KHTML, like Gecko; compatible; GPTBot/1.3; +https://openai.com/gptbot)"
74.7.227.191 - - [11/Jan/2026:12:25:06 +0000] "GET /?path=//proc/216068/root/proc/thread-self/root/lib64/perl5/vendor_perl/auto/Params HTTP/2" 200 2841 "-" "Mozilla/5.0 AppleWebKit/537.36 (KHTML, like Gecko; compatible; GPTBot/1.3; +https://openai.com/gptbot)"
74.7.227.40 - - [11/Jan/2026:12:25:08 +0000] "GET /img/flags/16/Germany.png?path=//home/purebdli/.cagefs/opt/alt/php70/var HTTP/2" 200 2785 "-" "Mozilla/5.0 AppleWebKit/537.36 (KHTML, like Gecko; compatible; GPTBot/1.3; +https://openai.com/gptbot)"
74.7.227.191 - - [11/Jan/2026:12:25:09 +0000] "GET /?path=//proc/504211/root/proc/thread-self/root/usr/lib64/perl5/vendor_perl/auto/DBI HTTP/2" 200 3175 "-" "Mozilla/5.0 AppleWebKit/537.36 (KHTML, like Gecko; compatible; GPTBot/1.3; +https://openai.com/gptbot)"
74.7.227.40 - - [11/Jan/2026:12:25:12 +0000] "GET /img/flags/16/Ukraine.png?path=//home/purebdli/.cagefs/opt/alt/php70/var HTTP/2" 200 2785 "-" "Mozilla/5.0 AppleWebKit/537.36 (KHTML, like Gecko; compatible; GPTBot/1.3; +https://openai.com/gptbot)"
74.7.227.191 - - [11/Jan/2026:12:25:12 +0000] "GET /?path=//proc/504211/root/proc/thread-self/root/usr/lib64/perl5/auto/PerlIO/encoding HTTP/2" 200 2873 "-" "Mozilla/5.0 AppleWebKit/537.36 (KHTML, like Gecko; compatible; GPTBot/1.3; +https://openai.com/gptbot)"
74.7.227.40 - - [11/Jan/2026:12:25:15 +0000] "GET /img/flags/16/Germany.png?path=//home/purebdli/.cagefs/opt/alt/php70/link HTTP/2" 200 2794 "-" "Mozilla/5.0 AppleWebKit/537.36 (KHTML, like Gecko; compatible; GPTBot/1.3; +https://openai.com/gptbot)"
74.7.227.191 - - [11/Jan/2026:12:25:15 +0000] "GET /?path=//proc/216068/root/proc/thread-self/root/lib64/perl5/vendor_perl/auto/Time HTTP/2" 200 2841 "-" "Mozilla/5.0 AppleWebKit/537.36 (KHTML, like Gecko; compatible; GPTBot/1.3; +https://openai.com/gptbot)"
74.7.227.40 - - [11/Jan/2026:12:25:18 +0000] "GET /img/flags/16/Germany.png?path=//home/purebdli/.cagefs/opt/alt/php73/link HTTP/2" 200 2796 "-" "Mozilla/5.0 AppleWebKit/537.36 (KHTML, like Gecko; compatible; GPTBot/1.3; +https://openai.com/gptbot)"
74.7.227.191 - - [11/Jan/2026:12:25:19 +0000] "GET /?path=//proc/216068/root/proc/thread-self/root/lib64/perl5/vendor_perl/auto/Devel/Size HTTP/2" 200 2867 "-" "Mozilla/5.0 AppleWebKit/537.36 (KHTML, like Gecko; compatible; GPTBot/1.3; +https://openai.com/gptbot)"
74.7.227.40 - - [11/Jan/2026:12:25:21 +0000] "GET /img/flags/16/Germany.png?path=//home/purebdli/.cagefs/opt/alt/php72/link HTTP/2" 200 2796 "-" "Mozilla/5.0 AppleWebKit/537.36 (KHTML, like Gecko; compatible; GPTBot/1.3; +https://openai.com/gptbot)"
74.7.227.191 - - [11/Jan/2026:12:25:22 +0000] "GET /?path=//proc/504211/root/proc/thread-self/root/usr/lib64/perl5/vendor_perl/auto/Encode/JP HTTP/2" 200 2886 "-" "Mozilla/5.0 AppleWebKit/537.36 (KHTML, like Gecko; compatible; GPTBot/1.3; +https://openai.com/gptbot)"
74.7.227.40 - - [11/Jan/2026:12:25:24 +0000] "GET /img/flags/16/Germany.png?path=//home/purebdli/.cagefs/opt/alt/php74/var HTTP/2" 200 2785 "-" "Mozilla/5.0 AppleWebKit/537.36 (KHTML, like Gecko; compatible; GPTBot/1.3; +https://openai.com/gptbot)"
74.7.227.191 - - [11/Jan/2026:12:25:25 +0000] "GET /?path=//proc/504211/root/proc/thread-self/root/lib64/perl5/vendor_perl/auto/Sys/Syslog HTTP/2" 200 2882 "-" "Mozilla/5.0 AppleWebKit/537.36 (KHTML, like Gecko; compatible; GPTBot/1.3; +https://openai.com/gptbot)"
74.7.227.40 - - [11/Jan/2026:12:25:27 +0000] "GET /img/flags/16/Ukraine.png?path=//home/purebdli/.cagefs/opt/alt/php80/link HTTP/2" 200 2796 "-" "Mozilla/5.0 AppleWebKit/537.36 (KHTML, like Gecko; compatible; GPTBot/1.3; +https://openai.com/gptbot)"
74.7.227.191 - - [11/Jan/2026:12:25:28 +0000] "GET /?path=//proc/216068/root/proc/thread-self/root/lib64/perl5/vendor_perl/auto/Encode/KR HTTP/2" 200 2871 "-" "Mozilla/5.0 AppleWebKit/537.36 (KHTML, like Gecko; compatible; GPTBot/1.3; +https://openai.com/gptbot)"
74.7.227.40 - - [11/Jan/2026:12:25:31 +0000] "GET /img/flags/16/Ukraine.png?path=//home/purebdli/.cagefs/opt/alt/php80/var HTTP/2" 200 2785 "-" "Mozilla/5.0 AppleWebKit/537.36 (KHTML, like Gecko; compatible; GPTBot/1.3; +https://openai.com/gptbot)"
74.7.227.191 - - [11/Jan/2026:12:25:31 +0000] "GET /?path=//proc/504211/root/proc/thread-self/root/usr/lib64/perl5/vendor_perl/Digest HTTP/2" 200 2904 "-" "Mozilla/5.0 AppleWebKit/537.36 (KHTML, like Gecko; compatible; GPTBot/1.3; +https://openai.com/gptbot)"
74.7.227.40 - - [11/Jan/2026:12:25:34 +0000] "GET /img/flags/16/Ukraine.png?path=//home/purebdli/.cagefs/opt/alt/php74/var HTTP/2" 200 2785 "-" "Mozilla/5.0 AppleWebKit/537.36 (KHTML, like Gecko; compatible; GPTBot/1.3; +https://openai.com/gptbot)"
74.7.227.191 - - [11/Jan/2026:12:25:34 +0000] "GET /?path=//proc/504211/root/proc/thread-self/root/usr/lib64/perl5/vendor_perl/Compress/Raw HTTP/2" 200 2919 "-" "Mozilla/5.0 AppleWebKit/537.36 (KHTML, like Gecko; compatible; GPTBot/1.3; +https://openai.com/gptbot)"
74.7.227.40 - - [11/Jan/2026:12:25:37 +0000] "GET /img/flags/16/Ukraine.png?path=//home/purebdli/.cagefs/opt/alt/php72/link HTTP/2" 200 2796 "-" "Mozilla/5.0 AppleWebKit/537.36 (KHTML, like Gecko; compatible; GPTBot/1.3; +https://openai.com/gptbot)"
74.7.227.191 - - [11/Jan/2026:12:25:38 +0000] "GET /?path=//proc/216068/root/proc/thread-self/root/lib64/perl5/vendor_perl/auto/Encode/CN HTTP/2" 200 2871 "-" "Mozilla/5.0 AppleWebKit/537.36 (KHTML, like Gecko; compatible; GPTBot/1.3; +https://openai.com/gptbot)"
74.7.227.40 - - [11/Jan/2026:12:25:40 +0000] "GET /img/flags/16/Germany.png?path=//home/purebdli/.cagefs/opt/alt/php82/link HTTP/2" 200 2796 "-" "Mozilla/5.0 AppleWebKit/537.36 (KHTML, like Gecko; compatible; GPTBot/1.3; +https://openai.com/gptbot)"
74.7.227.191 - - [11/Jan/2026:12:25:41 +0000] "GET /?path=//proc/216068/root/proc/thread-self/root/lib64/perl5/vendor_perl/auto/Params/Util HTTP/2" 200 2872 "-" "Mozilla/5.0 AppleWebKit/537.36 (KHTML, like Gecko; compatible; GPTBot/1.3; +https://openai.com/gptbot)"
74.7.227.40 - - [11/Jan/2026:12:25:43 +0000] "GET /img/flags/16/Germany.png?path=//home/purebdli/.cagefs/opt/alt/php80 HTTP/2" 200 2807 "-" "Mozilla/5.0 AppleWebKit/537.36 (KHTML, like Gecko; compatible; GPTBot/1.3; +https://openai.com/gptbot)"
74.7.227.191 - - [11/Jan/2026:12:25:44 +0000] "GET /?path=//proc/504211/root/proc/thread-self/root/usr/lib64/perl5/vendor_perl/auto/Filter/Util/Exec HTTP/2" 200 2895 "-" "Mozilla/5.0 AppleWebKit/537.36 (KHTML, like Gecko; compatible; GPTBot/1.3; +https://openai.com/gptbot)"
74.7.227.40 - - [11/Jan/2026:12:25:47 +0000] "GET /img/flags/16/Ukraine.png?path=//home/purebdli/.cagefs/opt/alt/php82/link HTTP/2" 200 2796 "-" "Mozilla/5.0 AppleWebKit/537.36 (KHTML, like Gecko; compatible; GPTBot/1.3; +https://openai.com/gptbot)"
74.7.227.191 - - [11/Jan/2026:12:25:47 +0000] "GET /?path=//proc/504211/root/proc/thread-self/root/usr/lib64/perl5/vendor_perl/auto/Encode/Unicode HTTP/2" 200 2884 "-" "Mozilla/5.0 AppleWebKit/537.36 (KHTML, like Gecko; compatible; GPTBot/1.3; +https://openai.com/gptbot)"
74.7.227.40 - - [11/Jan/2026:12:25:50 +0000] "GET /img/flags/16/Germany.png?path=//home/purebdli/.cagefs/opt/alt/php74/link HTTP/2" 200 2796 "-" "Mozilla/5.0 AppleWebKit/537.36 (KHTML, like Gecko; compatible; GPTBot/1.3; +https://openai.com/gptbot)"
74.7.227.191 - - [11/Jan/2026:12:25:50 +0000] "GET /?path=//proc/504211/root/proc/thread-self/root/usr/lib64/perl5/auto/PerlIO/mmap HTTP/2" 200 2870 "-" "Mozilla/5.0 AppleWebKit/537.36 (KHTML, like Gecko; compatible; GPTBot/1.3; +https://openai.com/gptbot)"
74.7.227.40 - - [11/Jan/2026:12:25:53 +0000] "GET /img/flags/16/Germany.png?path=//home/purebdli/.cagefs/opt/alt/php82/var HTTP/2" 200 2785 "-" "Mozilla/5.0 AppleWebKit/537.36 (KHTML, like Gecko; compatible; GPTBot/1.3; +https://openai.com/gptbot)"
74.7.227.191 - - [11/Jan/2026:12:25:53 +0000] "GET /?path=//proc/504211/root/proc/thread-self/root/lib64/perl5/vendor_perl/auto/IO HTTP/2" 200 2836 "-" "Mozilla/5.0 AppleWebKit/537.36 (KHTML, like Gecko; compatible; GPTBot/1.3; +https://openai.com/gptbot)"
74.7.227.191 - - [11/Jan/2026:12:25:56 +0000] "GET /?path=//proc/504211/root/proc/thread-self/root/usr/lib64/perl5/auto/PerlIO/via HTTP/2" 200 2871 "-" "Mozilla/5.0 AppleWebKit/537.36 (KHTML, like Gecko; compatible; GPTBot/1.3; +https://openai.com/gptbot)"
74.7.227.40 - - [11/Jan/2026:12:25:56 +0000] "GET /img/flags/16/Germany.png?path=//home/purebdli/.cagefs/opt/alt/php72/var HTTP/2" 200 2785 "-" "Mozilla/5.0 AppleWebKit/537.36 (KHTML, like Gecko; compatible; GPTBot/1.3; +https://openai.com/gptbot)"
74.7.227.191 - - [11/Jan/2026:12:25:59 +0000] "GET /?path=//proc/504211/root/proc/thread-self/root/usr/lib64/perl5/vendor_perl/Term HTTP/2" 200 2862 "-" "Mozilla/5.0 AppleWebKit/537.36 (KHTML, like Gecko; compatible; GPTBot/1.3; +https://openai.com/gptbot)"
74.7.227.40 - - [11/Jan/2026:12:25:59 +0000] "GET /img/flags/16/Ukraine.png?path=//home/purebdli/.cagefs/opt/alt/php73/link HTTP/2" 200 2796 "-" "Mozilla/5.0 AppleWebKit/537.36 (KHTML, like Gecko; compatible; GPTBot/1.3; +https://openai.com/gptbot)"
74.7.227.191 - - [11/Jan/2026:12:26:02 +0000] "GET /?path=//proc/504211/root/proc/thread-self/root/usr/lib64/perl5/vendor_perl/Math HTTP/2" 200 2838 "-" "Mozilla/5.0 AppleWebKit/537.36 (KHTML, like Gecko; compatible; GPTBot/1.3; +https://openai.com/gptbot)"
74.7.227.40 - - [11/Jan/2026:12:26:02 +0000] "GET /img/flags/16/Germany.png?path=//home/purebdli/.cagefs/opt/alt/php73/var HTTP/2" 200 2784 "-" "Mozilla/5.0 AppleWebKit/537.36 (KHTML, like Gecko; compatible; GPTBot/1.3; +https://openai.com/gptbot)"
74.7.227.191 - - [11/Jan/2026:12:26:05 +0000] "GET /?path=//proc/504211/root/proc/thread-self/root/usr/lib64/perl5/vendor_perl/Sub HTTP/2" 200 2863 "-" "Mozilla/5.0 AppleWebKit/537.36 (KHTML, like Gecko; compatible; GPTBot/1.3; +https://openai.com/gptbot)"
74.7.227.40 - - [11/Jan/2026:12:26:06 +0000] "GET /img/flags/16/Ukraine.png?path=//home/purebdli/.cagefs/opt/alt/php72/var HTTP/2" 200 2785 "-" "Mozilla/5.0 AppleWebKit/537.36 (KHTML, like Gecko; compatible; GPTBot/1.3; +https://openai.com/gptbot)"
74.7.227.191 - - [11/Jan/2026:12:26:08 +0000] "GET /?path=//proc/504211/root/proc/thread-self/root/usr/lib64/perl5/vendor_perl/Data HTTP/2" 200 2863 "-" "Mozilla/5.0 AppleWebKit/537.36 (KHTML, like Gecko; compatible; GPTBot/1.3; +https://openai.com/gptbot)"
74.7.227.40 - - [11/Jan/2026:12:26:09 +0000] "GET /networking-warsztaty-w-piasecznie.html?path=//proc/504211/root/opt/imunify360/venv/share HTTP/2" 200 2831 "-" "Mozilla/5.0 AppleWebKit/537.36 (KHTML, like Gecko; compatible; GPTBot/1.3; +https://openai.com/gptbot)"
74.7.227.191 - - [11/Jan/2026:12:26:12 +0000] "GET /?path=//proc/504211/root/proc/thread-self/root/usr/lib64/perl5/vendor_perl/List HTTP/2" 200 2945 "-" "Mozilla/5.0 AppleWebKit/537.36 (KHTML, like Gecko; compatible; GPTBot/1.3; +https://openai.com/gptbot)"
74.7.227.40 - - [11/Jan/2026:12:26:12 +0000] "GET /networking-warsztaty-w-piasecznie.html?path=//proc/216068/root/opt/imunify360/venv/share HTTP/2" 200 2831 "-" "Mozilla/5.0 AppleWebKit/537.36 (KHTML, like Gecko; compatible; GPTBot/1.3; +https://openai.com/gptbot)"
