66.249.77.167 - - [11/Jan/2026:12:31:50 +0000] "GET /?pid=23852924648&channel=upon-persist-nest&cate_id=1125&page=http://purebdlife.com/detail.cgi?products/40vm45208 HTTP/1.1" 200 86611 "-" "Mozilla/5.0 (Linux; Android 6.0.1; Nexus 5X Build/MMB29P) AppleWebKit/537.36 (KHTML, like Gecko) Chrome/143.0.7499.192 Mobile Safari/537.36 (compatible; Googlebot/2.1; +http://www.google.com/bot.html)"
43.130.32.245 - - [11/Jan/2026:12:36:03 +0000] "GET / HTTP/1.1" 500 0 "-" "Mozilla/5.0 (iPhone; CPU iPhone OS 13_2_3 like Mac OS X) AppleWebKit/605.1.15 (KHTML, like Gecko) Version/13.0.3 Mobile/15E148 Safari/604.1"
170.106.73.216 - - [11/Jan/2026:12:55:14 +0000] "GET / HTTP/1.1" 500 0 "-" "Mozilla/5.0 (iPhone; CPU iPhone OS 13_2_3 like Mac OS X) AppleWebKit/605.1.15 (KHTML, like Gecko) Version/13.0.3 Mobile/15E148 Safari/604.1"
66.249.77.167 - - [11/Jan/2026:12:56:55 +0000] "GET /products/67wc37323 HTTP/1.1" 200 19 "-" "Mozilla/5.0 (Linux; Android 6.0.1; Nexus 5X Build/MMB29P) AppleWebKit/537.36 (KHTML, like Gecko) Chrome/143.0.7499.192 Mobile Safari/537.36 (compatible; Googlebot/2.1; +http://www.google.com/bot.html)"
66.249.77.167 - - [11/Jan/2026:12:57:54 +0000] "GET /item/u175/41426/ HTTP/1.1" 200 19 "-" "Mozilla/5.0 (Linux; Android 6.0.1; Nexus 5X Build/MMB29P) AppleWebKit/537.36 (KHTML, like Gecko) Chrome/143.0.7499.192 Mobile Safari/537.36 (compatible; Googlebot/2.1; +http://www.google.com/bot.html)"
66.249.77.166 - - [11/Jan/2026:13:08:34 +0000] "GET /?pid=23852924648&channel=round-stretch-poor&cate_id=1125&page=http://purebdlife.com/detail.cgi?products/98hw11992 HTTP/1.1" 200 86911 "-" "Mozilla/5.0 (Linux; Android 6.0.1; Nexus 5X Build/MMB29P) AppleWebKit/537.36 (KHTML, like Gecko) Chrome/143.0.7499.192 Mobile Safari/537.36 (compatible; Googlebot/2.1; +http://www.google.com/bot.html)"
4.197.236.122 - - [11/Jan/2026:13:09:03 +0000] "GET /admin.php HTTP/1.1" 200 299 "https://www.bing.com/" "Mozilla/5.0 (Linux; Android 13; SM-S908E) AppleWebKit/537.36 (KHTML, like Gecko) Chrome/116.0.0.0 Mobile Safari/537.36"
4.197.236.122 - - [11/Jan/2026:13:09:05 +0000] "GET /file.php HTTP/1.1" 500 0 "https://duckduckgo.com/" "Mozilla/5.0 (Linux; Android 11; CPH2251) AppleWebKit/537.36 (KHTML, like Gecko) Chrome/116.0.0.0 Mobile Safari/537.36"
4.197.236.122 - - [11/Jan/2026:13:09:05 +0000] "GET /index.php HTTP/1.1" 200 303 "https://www.bing.com/" "Mozilla/5.0 (iPhone; CPU iPhone OS 17_1 like Mac OS X) AppleWebKit/605.1.15 (KHTML, like Gecko) CriOS/119.0.6045.109 Mobile/15E148 Safari/604.1"
4.197.236.122 - - [11/Jan/2026:13:09:06 +0000] "GET /about.php HTTP/1.1" 500 0 "https://www.yahoo.com/" "Mozilla/5.0 (iPhone; CPU iPhone OS 17_1_1 like Mac OS X) AppleWebKit/605.1.15 (KHTML, like Gecko) Version/17.1 Mobile/15E148 Safari/604.1"
4.197.236.122 - - [11/Jan/2026:13:09:06 +0000] "GET /ioxi-o.php HTTP/1.1" 500 0 "https://www.google.de/" "Mozilla/5.0 (iPhone; CPU iPhone OS 17_1 like Mac OS X) AppleWebKit/605.1.15 (KHTML, like Gecko) CriOS/119.0.6045.109 Mobile/15E148 Safari/604.1"
4.197.236.122 - - [11/Jan/2026:13:09:06 +0000] "GET /adminfuns.php HTTP/1.1" 500 0 "https://duckduckgo.com/" "Mozilla/5.0 (iPhone; CPU iPhone OS 17_1_1 like Mac OS X) AppleWebKit/605.1.15 (KHTML, like Gecko) Version/17.1 Mobile/15E148 Safari/604.1"
4.197.236.122 - - [11/Jan/2026:13:09:06 +0000] "GET /defaults.php HTTP/1.1" 200 299 "https://www.google.com/" "Mozilla/5.0 (Linux; Android 10; LM-Q720) AppleWebKit/537.36 (KHTML, like Gecko) Chrome/116.0.0.0 Mobile Safari/537.36"
4.197.236.122 - - [11/Jan/2026:13:09:07 +0000] "GET /chosen.php HTTP/1.1" 200 303 "https://www.google.com/" "Mozilla/5.0 (Linux; Android 10; K) AppleWebKit/537.36 (KHTML, like Gecko) Chrome/117.0.0.0 Mobile Safari/537.36"
4.197.236.122 - - [11/Jan/2026:13:09:08 +0000] "GET /wp-admin HTTP/1.1" 500 0 "https://www.yahoo.com/" "Mozilla/5.0 (Linux; Android 12; V2134) AppleWebKit/537.36 (KHTML, like Gecko) Chrome/116.0.0.0 Mobile Safari/537.36"
4.197.236.122 - - [11/Jan/2026:13:09:08 +0000] "GET /autoload_classmap.php HTTP/1.1" 500 0 "https://www.google.co.uk/" "Mozilla/5.0 (Linux; Android 10; LM-Q720) AppleWebKit/537.36 (KHTML, like Gecko) Chrome/116.0.0.0 Mobile Safari/537.36"
4.197.236.122 - - [11/Jan/2026:13:09:08 +0000] "GET /goods.php HTTP/1.1" 500 0 "https://duckduckgo.com/" "Mozilla/5.0 (Linux; Android 12; SM-A525F) AppleWebKit/537.36 (KHTML, like Gecko) Chrome/117.0.0.0 Mobile Safari/537.36"
4.197.236.122 - - [11/Jan/2026:13:09:09 +0000] "GET /wp-includes/Requests/about.php HTTP/1.1" 500 0 "https://duckduckgo.com/" "Mozilla/5.0 (Linux; Android 12; V2134) AppleWebKit/537.36 (KHTML, like Gecko) Chrome/116.0.0.0 Mobile Safari/537.36"
4.197.236.122 - - [11/Jan/2026:13:09:09 +0000] "GET /inputs.php HTTP/1.1" 500 0 "https://www.google.co.uk/" "Mozilla/5.0 (Linux; Android 13; SM-S908E) AppleWebKit/537.36 (KHTML, like Gecko) Chrome/116.0.0.0 Mobile Safari/537.36"
4.197.236.122 - - [11/Jan/2026:13:09:09 +0000] "GET /classwithtostring.php HTTP/1.1" 200 299 "https://www.google.com/" "Mozilla/5.0 (Linux; Android 10; LM-Q720) AppleWebKit/537.36 (KHTML, like Gecko) Chrome/116.0.0.0 Mobile Safari/537.36"
4.197.236.122 - - [11/Jan/2026:13:09:10 +0000] "GET /asasx.php HTTP/1.1" 500 0 "https://www.yahoo.com/" "Mozilla/5.0 (iPhone; CPU iPhone OS 16_0 like Mac OS X) AppleWebKit/605.1.15 (KHTML, like Gecko) FxiOS/118.0 Mobile/15E148 Safari/605.1.15"
4.197.236.122 - - [11/Jan/2026:13:09:10 +0000] "GET /wp-good.php HTTP/1.1" 200 309 "https://www.google.com/" "Mozilla/5.0 (iPhone; CPU iPhone OS 15_7_9 like Mac OS X) AppleWebKit/605.1.15 (KHTML, like Gecko) Version/15.6.5 Mobile/15E148 Safari/604.1"
4.197.236.122 - - [11/Jan/2026:13:09:11 +0000] "GET /simple.php HTTP/1.1" 500 0 "https://duckduckgo.com/" "Mozilla/5.0 (Linux; Android 12; SM-A525F) AppleWebKit/537.36 (KHTML, like Gecko) Chrome/117.0.0.0 Mobile Safari/537.36"
4.197.236.122 - - [11/Jan/2026:13:09:11 +0000] "GET /fm.php HTTP/1.1" 200 303 "https://www.google.com/" "Mozilla/5.0 (Linux; Android 13; M2101K6G) AppleWebKit/537.36 (KHTML, like Gecko) Chrome/116.0.0.0 Mobile Safari/537.36"
4.197.236.122 - - [11/Jan/2026:13:09:12 +0000] "GET /k.php HTTP/1.1" 500 0 "https://www.google.fr/" "Mozilla/5.0 (iPad; CPU OS 16_7_2 like Mac OS X) AppleWebKit/605.1.15 (KHTML, like Gecko) Version/16.6 Mobile/15E148 Safari/604.1"
4.197.236.122 - - [11/Jan/2026:13:09:12 +0000] "GET /mah.php HTTP/1.1" 500 0 "https://www.yahoo.com/" "Mozilla/5.0 (Linux; Android 10; LM-Q720) AppleWebKit/537.36 (KHTML, like Gecko) Chrome/116.0.0.0 Mobile Safari/537.36"
4.197.236.122 - - [11/Jan/2026:13:09:12 +0000] "GET /info.php HTTP/1.1" 500 0 "https://www.google.co.uk/" "Mozilla/5.0 (iPhone; CPU iPhone OS 15_7_9 like Mac OS X) AppleWebKit/605.1.15 (KHTML, like Gecko) Version/15.6.5 Mobile/15E148 Safari/604.1"
4.197.236.122 - - [11/Jan/2026:13:09:12 +0000] "GET /abcd.php HTTP/1.1" 500 0 "https://www.google.de/" "Mozilla/5.0 (Linux; Android 11; CPH2251) AppleWebKit/537.36 (KHTML, like Gecko) Chrome/116.0.0.0 Mobile Safari/537.36"
4.197.236.122 - - [11/Jan/2026:13:09:12 +0000] "GET /css/index.php HTTP/1.1" 500 0 "https://www.google.co.uk/" "Mozilla/5.0 (Linux; Android 12; 2201116SG) AppleWebKit/537.36 (KHTML, like Gecko) Chrome/116.0.0.0 Mobile Safari/537.36"
4.197.236.122 - - [11/Jan/2026:13:09:13 +0000] "GET /1.php HTTP/1.1" 500 0 "https://www.google.fr/" "Mozilla/5.0 (iPad; CPU OS 16_7_2 like Mac OS X) AppleWebKit/605.1.15 (KHTML, like Gecko) Version/16.6 Mobile/15E148 Safari/604.1"
4.197.236.122 - - [11/Jan/2026:13:09:13 +0000] "GET /wp.php HTTP/1.1" 500 0 "https://duckduckgo.com/" "Mozilla/5.0 (Linux; Android 11; 21081111RG) AppleWebKit/537.36 (KHTML, like Gecko) Chrome/116.0.0.0 Mobile Safari/537.36"
4.197.236.122 - - [11/Jan/2026:13:09:13 +0000] "GET /adminfuns.php/.well-known/acme-challenge/file.php HTTP/1.1" 200 297 "https://www.bing.com/" "Mozilla/5.0 (Linux; Android 12; V2134) AppleWebKit/537.36 (KHTML, like Gecko) Chrome/116.0.0.0 Mobile Safari/537.36"
4.197.236.122 - - [11/Jan/2026:13:09:14 +0000] "GET /xmlrpc.php HTTP/1.1" 200 303 "https://www.bing.com/" "Mozilla/5.0 (iPhone; CPU iPhone OS 17_1_1 like Mac OS X) AppleWebKit/605.1.15 (KHTML, like Gecko) Version/17.1 Mobile/15E148 Safari/604.1"
4.197.236.122 - - [11/Jan/2026:13:09:15 +0000] "GET /edit.php HTTP/1.1" 500 0 "https://www.google.co.uk/" "Mozilla/5.0 (iPad; CPU OS 17_0_3 like Mac OS X) AppleWebKit/605.1.15 (KHTML, like Gecko) Version/17.0.1 Mobile/15E148 Safari/604.1"
4.197.236.122 - - [11/Jan/2026:13:09:15 +0000] "GET /test.php HTTP/1.1" 200 301 "https://www.bing.com/" "Mozilla/5.0 (Linux; Android 12; V2134) AppleWebKit/537.36 (KHTML, like Gecko) Chrome/116.0.0.0 Mobile Safari/537.36"
4.197.236.122 - - [11/Jan/2026:13:09:16 +0000] "GET /index.php/feed/atom HTTP/1.1" 500 0 "https://www.yahoo.com/" "Mozilla/5.0 (Linux; Android 13; M2101K6G) AppleWebKit/537.36 (KHTML, like Gecko) Chrome/116.0.0.0 Mobile Safari/537.36"
4.197.236.122 - - [11/Jan/2026:13:09:16 +0000] "GET /wp-includes/SimplePie/about.php HTTP/1.1" 500 0 "https://www.google.de/" "Mozilla/5.0 (iPhone; CPU iPhone OS 16_0 like Mac OS X) AppleWebKit/605.1.15 (KHTML, like Gecko) FxiOS/118.0 Mobile/15E148 Safari/605.1.15"
4.197.236.122 - - [11/Jan/2026:13:09:16 +0000] "GET /alfa.php HTTP/1.1" 500 0 "https://duckduckgo.com/" "Mozilla/5.0 (Linux; Android 12; V2134) AppleWebKit/537.36 (KHTML, like Gecko) Chrome/116.0.0.0 Mobile Safari/537.36"
4.197.236.122 - - [11/Jan/2026:13:09:16 +0000] "GET /wp-content/uploads/wpr-addons/forms/b1ack.php HTTP/1.1" 200 301 "https://www.google.com/" "Mozilla/5.0 (iPhone; CPU iPhone OS 16_6_1 like Mac OS X) AppleWebKit/605.1.15 (KHTML, like Gecko) Version/16.6 Mobile/15E148 Safari/604.1"
4.197.236.122 - - [11/Jan/2026:13:09:17 +0000] "GET /index/function.php HTTP/1.1" 500 0 "https://www.google.co.uk/" "Mozilla/5.0 (iPad; CPU OS 17_0_3 like Mac OS X) AppleWebKit/605.1.15 (KHTML, like Gecko) Version/17.0.1 Mobile/15E148 Safari/604.1"
4.197.236.122 - - [11/Jan/2026:13:09:17 +0000] "GET /wp-content/index.php HTTP/1.1" 200 301 "https://www.bing.com/" "Mozilla/5.0 (Linux; Android 12; V2134) AppleWebKit/537.36 (KHTML, like Gecko) Chrome/116.0.0.0 Mobile Safari/537.36"
4.197.236.122 - - [11/Jan/2026:13:09:18 +0000] "GET /atomlib.php HTTP/1.1" 500 0 "https://www.yahoo.com/" "Mozilla/5.0 (Linux; Android 11; 21081111RG) AppleWebKit/537.36 (KHTML, like Gecko) Chrome/116.0.0.0 Mobile Safari/537.36"
4.197.236.122 - - [11/Jan/2026:13:09:18 +0000] "GET /.tresh/index.php HTTP/1.1" 500 0 "https://www.google.de/" "Mozilla/5.0 (iPad; CPU OS 17_0_3 like Mac OS X) AppleWebKit/605.1.15 (KHTML, like Gecko) Version/17.0.1 Mobile/15E148 Safari/604.1"
4.197.236.122 - - [11/Jan/2026:13:09:18 +0000] "GET /0.php HTTP/1.1" 200 297 "https://www.google.com/" "Mozilla/5.0 (Linux; Android 12; SM-A525F) AppleWebKit/537.36 (KHTML, like Gecko) Chrome/117.0.0.0 Mobile Safari/537.36"
4.197.236.122 - - [11/Jan/2026:13:09:19 +0000] "GET /aa.php HTTP/1.1" 200 297 "https://www.google.com/" "Mozilla/5.0 (iPad; CPU OS 16_7_2 like Mac OS X) AppleWebKit/605.1.15 (KHTML, like Gecko) Version/16.6 Mobile/15E148 Safari/604.1"
4.197.236.122 - - [11/Jan/2026:13:09:21 +0000] "GET /wp-content/themes/about.php HTTP/1.1" 500 0 "https://www.google.fr/" "Mozilla/5.0 (Linux; Android 14; Pixel 8 Pro) AppleWebKit/537.36 (KHTML, like Gecko) Chrome/119.0.0.0 Mobile Safari/537.36"
4.197.236.122 - - [11/Jan/2026:13:09:21 +0000] "GET /lock360.php HTTP/1.1" 500 0 "https://duckduckgo.com/" "Mozilla/5.0 (iPhone; CPU iPhone OS 17_1 like Mac OS X) AppleWebKit/605.1.15 (KHTML, like Gecko) CriOS/119.0.6045.109 Mobile/15E148 Safari/604.1"
4.197.236.122 - - [11/Jan/2026:13:09:21 +0000] "GET /bgymj.php HTTP/1.1" 500 0 "https://www.google.co.uk/" "Mozilla/5.0 (iPhone; CPU iPhone OS 16_0 like Mac OS X) AppleWebKit/605.1.15 (KHTML, like Gecko) FxiOS/118.0 Mobile/15E148 Safari/605.1.15"
4.197.236.122 - - [11/Jan/2026:13:09:21 +0000] "GET /flower.php HTTP/1.1" 200 301 "https://www.google.com/" "Mozilla/5.0 (iPhone; CPU iPhone OS 16_6_1 like Mac OS X) AppleWebKit/605.1.15 (KHTML, like Gecko) Version/16.6 Mobile/15E148 Safari/604.1"
4.197.236.122 - - [11/Jan/2026:13:09:45 +0000] "GET /radio.php HTTP/1.1" 200 303 "https://www.bing.com/" "Mozilla/5.0 (iPhone; CPU iPhone OS 17_1 like Mac OS X) AppleWebKit/605.1.15 (KHTML, like Gecko) CriOS/119.0.6045.109 Mobile/15E148 Safari/604.1"
4.197.236.122 - - [11/Jan/2026:13:09:47 +0000] "GET /wp-admin/maint/about.php HTTP/1.1" 500 0 "https://www.google.fr/" "Mozilla/5.0 (iPhone; CPU iPhone OS 16_0 like Mac OS X) AppleWebKit/605.1.15 (KHTML, like Gecko) FxiOS/118.0 Mobile/15E148 Safari/605.1.15"
4.197.236.122 - - [11/Jan/2026:13:09:47 +0000] "GET /wp-content/plugins/index.php HTTP/1.1" 500 0 "https://www.google.fr/" "Mozilla/5.0 (iPhone; CPU iPhone OS 16_0 like Mac OS X) AppleWebKit/605.1.15 (KHTML, like Gecko) FxiOS/118.0 Mobile/15E148 Safari/605.1.15"
4.197.236.122 - - [11/Jan/2026:13:09:47 +0000] "GET /filemanager.php HTTP/1.1" 500 0 "https://duckduckgo.com/" "Mozilla/5.0 (Linux; Android 12; 2201116SG) AppleWebKit/537.36 (KHTML, like Gecko) Chrome/116.0.0.0 Mobile Safari/537.36"
4.197.236.122 - - [11/Jan/2026:13:09:48 +0000] "GET /wp-includes/images/wp-login.php HTTP/1.1" 500 0 "https://www.google.de/" "Mozilla/5.0 (iPhone; CPU iPhone OS 16_6_1 like Mac OS X) AppleWebKit/605.1.15 (KHTML, like Gecko) Version/16.6 Mobile/15E148 Safari/604.1"
4.197.236.122 - - [11/Jan/2026:13:09:50 +0000] "GET /403.php HTTP/1.1" 500 0 "https://www.google.co.uk/" "Mozilla/5.0 (Linux; Android 13; M2101K6G) AppleWebKit/537.36 (KHTML, like Gecko) Chrome/116.0.0.0 Mobile Safari/537.36"
4.197.236.122 - - [11/Jan/2026:13:09:50 +0000] "GET /makeasmtp.php HTTP/1.1" 200 305 "https://www.bing.com/" "Mozilla/5.0 (iPhone; CPU iPhone OS 17_1_1 like Mac OS X) AppleWebKit/605.1.15 (KHTML, like Gecko) Version/17.1 Mobile/15E148 Safari/604.1"
4.197.236.122 - - [11/Jan/2026:13:09:51 +0000] "GET /file5.php HTTP/1.1" 200 301 "https://www.bing.com/" "Mozilla/5.0 (Linux; Android 13; SM-G991U) AppleWebKit/537.36 (KHTML, like Gecko) Chrome/117.0.0.0 Mobile Safari/537.36"
4.197.236.122 - - [11/Jan/2026:13:09:52 +0000] "GET /upload.php HTTP/1.1" 500 0 "https://www.google.de/" "Mozilla/5.0 (iPhone; CPU iPhone OS 17_0_3 like Mac OS X) AppleWebKit/605.1.15 (KHTML, like Gecko) Version/17.0.1 Mobile/15E148 Safari/604.1"
185.177.72.13 - - [11/Jan/2026:12:24:12 +0000] "GET /supabase/config.toml HTTP/1.1" 500 0 "-" "socketburst/0.1"
185.177.72.13 - - [11/Jan/2026:12:24:13 +0000] "GET /terraform.tfstate HTTP/1.1" 500 0 "-" "socketburst/0.1"
185.177.72.13 - - [11/Jan/2026:12:24:13 +0000] "GET /terraform/smtp.auto.tfvars HTTP/1.1" 500 0 "-" "socketburst/0.1"
185.177.72.13 - - [11/Jan/2026:12:24:14 +0000] "GET /terraform/terraform.tfstate HTTP/1.1" 500 0 "-" "socketburst/0.1"
185.177.72.13 - - [11/Jan/2026:12:24:15 +0000] "GET /tmp/.env.tmp HTTP/1.1" 500 0 "-" "socketburst/0.1"
185.177.72.13 - - [11/Jan/2026:12:24:15 +0000] "GET /token.json HTTP/1.1" 500 0 "-" "socketburst/0.1"
185.177.72.13 - - [11/Jan/2026:12:24:16 +0000] "GET /umbraco-connection-strings HTTP/1.1" 500 0 "-" "socketburst/0.1"
49.234.192.248 - - [11/Jan/2026:12:24:16 +0000] "GET / HTTP/1.1" 500 0 "-" "Mozilla/5.0 (iPhone; CPU iPhone OS 13_2_3 like Mac OS X) AppleWebKit/605.1.15 (KHTML, like Gecko) Version/13.0.3 Mobile/15E148 Safari/604.1"
185.177.72.13 - - [11/Jan/2026:12:24:16 +0000] "GET /uploads/.env.old HTTP/1.1" 500 0 "-" "socketburst/0.1"
185.177.72.13 - - [11/Jan/2026:12:24:17 +0000] "GET /v2/_catalog HTTP/1.1" 500 0 "-" "socketburst/0.1"
185.177.72.13 - - [11/Jan/2026:12:24:18 +0000] "GET /var/www/smtp.conf HTTP/1.1" 500 0 "-" "socketburst/0.1"
185.177.72.13 - - [11/Jan/2026:12:24:20 +0000] "GET /webmail/config.php HTTP/1.1" 200 13664 "-" "socketburst/0.1"
185.177.72.13 - - [11/Jan/2026:12:24:21 +0000] "GET /workspaces/test/settings.xml/log HTTP/1.1" 500 0 "-" "socketburst/0.1"
185.177.72.13 - - [11/Jan/2026:12:24:23 +0000] "GET /wp-content/plugins/wp-mail-smtp/src/Options.php HTTP/1.1" 500 0 "-" "socketburst/0.1"
185.177.72.13 - - [11/Jan/2026:12:24:24 +0000] "GET /wp-login.php HTTP/1.1" 500 0 "-" "socketburst/0.1"
185.177.72.13 - - [11/Jan/2026:12:24:25 +0000] "GET /zugangsdaten/aws.env HTTP/1.1" 500 0 "-" "socketburst/0.1"
66.249.77.167 - - [11/Jan/2026:12:26:00 +0000] "GET /?pid=23852924648&channel=spokesman-uh-deputy&cate_id=1125&page=http://purebdlife.com/detail.cgi?products/92nu54 HTTP/1.1" 200 86445 "-" "Mozilla/5.0 (Linux; Android 6.0.1; Nexus 5X Build/MMB29P) AppleWebKit/537.36 (KHTML, like Gecko) Chrome/143.0.7499.192 Mobile Safari/537.36 (compatible; Googlebot/2.1; +http://www.google.com/bot.html)"
66.249.77.166 - - [11/Jan/2026:12:31:05 +0000] "GET /?pid=23852924648&channel=consideration-bloody-near&cate_id=1125&page=http://purebdlife.com/detail.cgi?item/u174/20537/ HTTP/1.1" 200 86892 "-" "Mozilla/5.0 (Linux; Android 6.0.1; Nexus 5X Build/MMB29P) AppleWebKit/537.36 (KHTML, like Gecko) Chrome/143.0.7499.192 Mobile Safari/537.36 (compatible; Googlebot/2.1; +http://www.google.com/bot.html)"
66.249.77.165 - - [11/Jan/2026:13:08:08 +0000] "GET /search.php?product/bid165?c=g&l=37386 HTTP/1.1" 200 20210 "-" "Mozilla/5.0 (Linux; Android 6.0.1; Nexus 5X Build/MMB29P) AppleWebKit/537.36 (KHTML, like Gecko) Chrome/143.0.7499.192 Mobile Safari/537.36 (compatible; Googlebot/2.1; +http://www.google.com/bot.html)"
161.35.207.252 - - [11/Jan/2026:13:09:45 +0000] "GET /wp-login.php HTTP/1.1" 500 0 "-" "Mozilla/5.0"
66.249.77.165 - - [11/Jan/2026:13:12:39 +0000] "GET /?pid=23852924648&channel=bend-else-conscious&cate_id=1125&page=http://purebdlife.com/detail.cgi?products/4ti25610 HTTP/1.1" 200 86471 "-" "Mozilla/5.0 (Linux; Android 6.0.1; Nexus 5X Build/MMB29P) AppleWebKit/537.36 (KHTML, like Gecko) Chrome/143.0.7499.192 Mobile Safari/537.36 (compatible; Googlebot/2.1; +http://www.google.com/bot.html)"
66.249.77.167 - - [11/Jan/2026:13:15:41 +0000] "GET /search.php?nyanzaq-609375 HTTP/1.1" 200 19376 "-" "Mozilla/5.0 (Linux; Android 6.0.1; Nexus 5X Build/MMB29P) AppleWebKit/537.36 (KHTML, like Gecko) Chrome/143.0.7499.192 Mobile Safari/537.36 (compatible; Googlebot/2.1; +http://www.google.com/bot.html)"
66.249.77.165 - - [11/Jan/2026:13:16:39 +0000] "GET /?pid=23852924648&channel=wait-brief-farmer&cate_id=1125&page=http://purebdlife.com/detail.cgi?products/168ia41606 HTTP/1.1" 200 86736 "-" "Mozilla/5.0 (Linux; Android 6.0.1; Nexus 5X Build/MMB29P) AppleWebKit/537.36 (KHTML, like Gecko) Chrome/143.0.7499.192 Mobile Safari/537.36 (compatible; Googlebot/2.1; +http://www.google.com/bot.html)"
66.249.77.165 - - [11/Jan/2026:13:17:23 +0000] "GET /?pid=23852924648&channel=revelation-physics-mansion&cate_id=1125&page=http://purebdlife.com/detail.cgi?products/145fo6897 HTTP/1.1" 200 86387 "-" "Mozilla/5.0 (Linux; Android 6.0.1; Nexus 5X Build/MMB29P) AppleWebKit/537.36 (KHTML, like Gecko) Chrome/143.0.7499.192 Mobile Safari/537.36 (compatible; Googlebot/2.1; +http://www.google.com/bot.html)"
66.249.77.166 - - [11/Jan/2026:13:17:58 +0000] "GET /?pid=23852924648&channel=yours-parent-visual&cate_id=1125&page=http://purebdlife.com/detail.cgi?products/293jy23105 HTTP/1.1" 200 87085 "-" "Mozilla/5.0 (Linux; Android 6.0.1; Nexus 5X Build/MMB29P) AppleWebKit/537.36 (KHTML, like Gecko) Chrome/143.0.7499.192 Mobile Safari/537.36 (compatible; GoogleOther)"
65.109.100.157 - - [11/Jan/2026:13:19:07 +0000] "GET /?sitemap368.xml HTTP/1.1" 200 24389 "-" "Mozilla/5.0 (compatible; SERankingBacklinksBot/1.0; +https://seranking.com/backlinks-crawler)"
65.109.100.157 - - [11/Jan/2026:13:19:13 +0000] "GET /?sitemap444.xml HTTP/1.1" 200 24320 "-" "Mozilla/5.0 (compatible; SERankingBacklinksBot/1.0; +https://seranking.com/backlinks-crawler)"
66.249.77.166 - - [11/Jan/2026:13:19:16 +0000] "GET /?pid=23852924648&channel=donation-auction-airport&cate_id=1125&page=http://purebdlife.com/detail.cgi?products/283xx29139 HTTP/1.1" 200 86541 "-" "Mozilla/5.0 (Linux; Android 6.0.1; Nexus 5X Build/MMB29P) AppleWebKit/537.36 (KHTML, like Gecko) Chrome/143.0.7499.192 Mobile Safari/537.36 (compatible; Googlebot/2.1; +http://www.google.com/bot.html)"
65.109.100.157 - - [11/Jan/2026:13:19:18 +0000] "GET /?sitemap508.xml HTTP/1.1" 200 24544 "-" "Mozilla/5.0 (compatible; SERankingBacklinksBot/1.0; +https://seranking.com/backlinks-crawler)"
65.109.100.157 - - [11/Jan/2026:13:19:22 +0000] "GET /?sitemap775.xml HTTP/1.1" 200 24581 "-" "Mozilla/5.0 (compatible; SERankingBacklinksBot/1.0; +https://seranking.com/backlinks-crawler)"
65.109.100.157 - - [11/Jan/2026:13:19:27 +0000] "GET /?sitemap916.xml HTTP/1.1" 200 24443 "-" "Mozilla/5.0 (compatible; SERankingBacklinksBot/1.0; +https://seranking.com/backlinks-crawler)"
65.109.100.157 - - [11/Jan/2026:13:19:32 +0000] "GET /?sitemapindex.xml HTTP/1.1" 200 433 "-" "Mozilla/5.0 (compatible; SERankingBacklinksBot/1.0; +https://seranking.com/backlinks-crawler)"
65.109.100.157 - - [11/Jan/2026:13:19:36 +0000] "GET /search.php?sitemap937.xml HTTP/1.1" 200 39945 "-" "Mozilla/5.0 (compatible; SERankingBacklinksBot/1.0; +https://seranking.com/backlinks-crawler)"
66.249.77.165 - - [11/Jan/2026:13:19:38 +0000] "GET /?pid=23852924648&channel=terrain-danger-tear&cate_id=1125&page=http://purebdlife.com/detail.cgi?products/29vy4919 HTTP/1.1" 200 86289 "-" "Mozilla/5.0 (Linux; Android 6.0.1; Nexus 5X Build/MMB29P) AppleWebKit/537.36 (KHTML, like Gecko) Chrome/143.0.7499.192 Mobile Safari/537.36 (compatible; Googlebot/2.1; +http://www.google.com/bot.html)"
66.249.77.165 - - [11/Jan/2026:13:20:04 +0000] "GET /?pid=23852924648&channel=distribute-fishing-investigate&cate_id=1125&page=http://purebdlife.com/detail.cgi?products/99nu17063 HTTP/1.1" 200 86287 "-" "Mozilla/5.0 (Linux; Android 6.0.1; Nexus 5X Build/MMB29P) AppleWebKit/537.36 (KHTML, like Gecko) Chrome/143.0.7499.192 Mobile Safari/537.36 (compatible; Googlebot/2.1; +http://www.google.com/bot.html)"
66.249.77.165 - - [11/Jan/2026:13:20:20 +0000] "GET /products/270qq49296 HTTP/1.1" 200 85992 "-" "Mozilla/5.0 (Linux; Android 6.0.1; Nexus 5X Build/MMB29P) AppleWebKit/537.36 (KHTML, like Gecko) Chrome/143.0.7499.192 Mobile Safari/537.36 (compatible; Googlebot/2.1; +http://www.google.com/bot.html)"
4.197.236.122 - - [11/Jan/2026:13:09:52 +0000] "GET /vx.php HTTP/1.1" 200 305 "https://www.bing.com/" "Mozilla/5.0 (Linux; Android 12; 2201116SG) AppleWebKit/537.36 (KHTML, like Gecko) Chrome/116.0.0.0 Mobile Safari/537.36"
4.197.236.122 - - [11/Jan/2026:13:09:53 +0000] "GET /dropdown.php HTTP/1.1" 200 299 "https://www.google.com/" "Mozilla/5.g (Linux; Android 13; Pixel 7) AppleWebKit/537.36 (KHTML, like Gecko) Chrome/116.0.0.0 Mobile Safari/537.36"
4.197.236.122 - - [11/Jan/2026:13:09:54 +0000] "GET /system.php HTTP/1.1" 500 0 "https://duckduckgo.com/" "Mozilla/5.0 (iPhone; CPU iPhone OS 17_1 like Mac OS X) AppleWebKit/605.1.15 (KHTML, like Gecko) CriOS/119.0.6045.109 Mobile/15E148 Safari/604.1"
17.246.23.249 - - [11/Jan/2026:13:12:48 +0000] "GET /robots.txt HTTP/1.1" 200 132 "-" "Mozilla/5.0 (Macintosh; Intel Mac OS X 10_15_7) AppleWebKit/605.1.15 (KHTML, like Gecko) Version/17.4 Safari/605.1.15 (Applebot/0.1; +http://www.apple.com/go/applebot)"
17.246.23.249 - - [11/Jan/2026:13:12:48 +0000] "GET /products/65ew33335 HTTP/1.1" 500 0 "-" "Mozilla/5.0 (Macintosh; Intel Mac OS X 10_15_7) AppleWebKit/605.1.15 (KHTML, like Gecko) Version/17.4 Safari/605.1.15 (Applebot/0.1; +http://www.apple.com/go/applebot)"
66.249.77.165 - - [11/Jan/2026:13:14:33 +0000] "GET /?pid=23852924648&channel=companion-fragile-network&cate_id=1125&page=http://purebdlife.com/detail.cgi?products/245zz12359 HTTP/1.1" 200 86504 "-" "Mozilla/5.0 (Linux; Android 6.0.1; Nexus 5X Build/MMB29P) AppleWebKit/537.36 (KHTML, like Gecko) Chrome/143.0.7499.192 Mobile Safari/537.36 (compatible; Googlebot/2.1; +http://www.google.com/bot.html)"
66.249.77.165 - - [11/Jan/2026:13:15:59 +0000] "GET /?pid=23852924648&channel=exclude-expedition-introduce&cate_id=1125&page=http://purebdlife.com/detail.cgi?products/73zx539 HTTP/1.1" 200 86038 "-" "Mozilla/5.0 (Linux; Android 6.0.1; Nexus 5X Build/MMB29P) AppleWebKit/537.36 (KHTML, like Gecko) Chrome/143.0.7499.192 Mobile Safari/537.36 (compatible; Googlebot/2.1; +http://www.google.com/bot.html)"
66.249.77.166 - - [11/Jan/2026:13:17:52 +0000] "GET /?pid=23852924648&channel=star-taste-plant&cate_id=1125&page=http://purebdlife.com/detail.cgi?products/23kb27913 HTTP/1.1" 200 86490 "-" "Mozilla/5.0 (Linux; Android 6.0.1; Nexus 5X Build/MMB29P) AppleWebKit/537.36 (KHTML, like Gecko) Chrome/143.0.7499.192 Mobile Safari/537.36 (compatible; Googlebot/2.1; +http://www.google.com/bot.html)"
65.109.100.157 - - [11/Jan/2026:13:19:07 +0000] "GET /robots.txt HTTP/1.1" 200 132 "-" "Mozilla/5.0 (compatible; SERankingBacklinksBot/1.0; +https://seranking.com/backlinks-crawler)"
65.109.100.157 - - [11/Jan/2026:13:19:12 +0000] "GET /robots.txt HTTP/1.1" 200 132 "-" "Mozilla/5.0 (compatible; SERankingBacklinksBot/1.0; +https://seranking.com/backlinks-crawler)"
65.109.100.157 - - [11/Jan/2026:13:19:12 +0000] "GET /robots.txt HTTP/1.1" 200 132 "-" "Mozilla/5.0 (compatible; SERankingBacklinksBot/1.0; +https://seranking.com/backlinks-crawler)"
65.109.100.157 - - [11/Jan/2026:13:19:12 +0000] "GET /robots.txt HTTP/1.1" 200 132 "-" "Mozilla/5.0 (compatible; SERankingBacklinksBot/1.0; +https://seranking.com/backlinks-crawler)"
65.109.100.157 - - [11/Jan/2026:13:19:13 +0000] "GET /robots.txt HTTP/1.1" 200 132 "-" "Mozilla/5.0 (compatible; SERankingBacklinksBot/1.0; +https://seranking.com/backlinks-crawler)"
65.109.100.157 - - [11/Jan/2026:13:19:13 +0000] "GET /robots.txt HTTP/1.1" 200 132 "-" "Mozilla/5.0 (compatible; SERankingBacklinksBot/1.0; +https://seranking.com/backlinks-crawler)"
66.249.77.165 - - [11/Jan/2026:13:20:55 +0000] "GET /?pid=23852924648&channel=elder-streak-God&cate_id=1125&page=http://purebdlife.com/detail.cgi?item/u274/9779/ HTTP/1.1" 200 86560 "-" "Mozilla/5.0 (Linux; Android 6.0.1; Nexus 5X Build/MMB29P) AppleWebKit/537.36 (KHTML, like Gecko) Chrome/143.0.7499.192 Mobile Safari/537.36 (compatible; Googlebot/2.1; +http://www.google.com/bot.html)"
66.249.77.165 - - [11/Jan/2026:13:21:22 +0000] "GET /?pid=23852924648&channel=depending-make-unfair&cate_id=1125&page=http://purebdlife.com/detail.cgi?products/134zc20432 HTTP/1.1" 200 86731 "-" "Mozilla/5.0 (Linux; Android 6.0.1; Nexus 5X Build/MMB29P) AppleWebKit/537.36 (KHTML, like Gecko) Chrome/143.0.7499.192 Mobile Safari/537.36 (compatible; Googlebot/2.1; +http://www.google.com/bot.html)"
66.249.77.165 - - [11/Jan/2026:13:21:35 +0000] "GET /?pid=23852924648&channel=courage-equality-globe&cate_id=1125&page=http://purebdlife.com/detail.cgi?item/u8/14603/ HTTP/1.1" 200 86499 "-" "Mozilla/5.0 (Linux; Android 6.0.1; Nexus 5X Build/MMB29P) AppleWebKit/537.36 (KHTML, like Gecko) Chrome/143.0.7499.192 Mobile Safari/537.36 (compatible; Googlebot/2.1; +http://www.google.com/bot.html)"
66.249.77.165 - - [11/Jan/2026:13:22:02 +0000] "GET /?pid=23852924648&channel=root-skilled-commercial&cate_id=1125&page=http://purebdlife.com/detail.cgi?item/u45/36952/ HTTP/1.1" 200 86247 "-" "Mozilla/5.0 (Linux; Android 6.0.1; Nexus 5X Build/MMB29P) AppleWebKit/537.36 (KHTML, like Gecko) Chrome/143.0.7499.192 Mobile Safari/537.36 (compatible; Googlebot/2.1; +http://www.google.com/bot.html)"
66.249.77.165 - - [11/Jan/2026:13:22:26 +0000] "GET /?pid=23852924648&channel=retire-narrow-ad&cate_id=1125&page=http://purebdlife.com/detail.cgi?item/u42/48283/ HTTP/1.1" 200 86731 "-" "Mozilla/5.0 (Linux; Android 6.0.1; Nexus 5X Build/MMB29P) AppleWebKit/537.36 (KHTML, like Gecko) Chrome/143.0.7499.192 Mobile Safari/537.36 (compatible; Googlebot/2.1; +http://www.google.com/bot.html)"
66.249.77.166 - - [11/Jan/2026:13:22:57 +0000] "GET /?pid=23852924648&channel=divine-magnitude-wing&cate_id=1125&page=http://purebdlife.com/detail.cgi?item/u112/18217/ HTTP/1.1" 200 86445 "-" "Mozilla/5.0 (Linux; Android 6.0.1; Nexus 5X Build/MMB29P) AppleWebKit/537.36 (KHTML, like Gecko) Chrome/143.0.7499.192 Mobile Safari/537.36 (compatible; Googlebot/2.1; +http://www.google.com/bot.html)"
66.249.77.166 - - [11/Jan/2026:13:23:21 +0000] "GET /?pid=23852924648&channel=honor-especially-association&cate_id=1125&page=http://purebdlife.com/detail.cgi?item/u202/48843/ HTTP/1.1" 200 86142 "-" "Mozilla/5.0 (Linux; Android 6.0.1; Nexus 5X Build/MMB29P) AppleWebKit/537.36 (KHTML, like Gecko) Chrome/143.0.7499.192 Mobile Safari/537.36 (compatible; Googlebot/2.1; +http://www.google.com/bot.html)"
17.241.219.146 - - [11/Jan/2026:13:23:29 +0000] "GET /robots.txt HTTP/1.1" 200 132 "-" "Mozilla/5.0 (Macintosh; Intel Mac OS X 10_15_7) AppleWebKit/605.1.15 (KHTML, like Gecko) Version/17.4 Safari/605.1.15 (Applebot/0.1; +http://www.apple.com/go/applebot)"
17.241.219.146 - - [11/Jan/2026:13:23:30 +0000] "GET /products/240ll11582 HTTP/1.1" 500 0 "-" "Mozilla/5.0 (Macintosh; Intel Mac OS X 10_15_7) AppleWebKit/605.1.15 (KHTML, like Gecko) Version/17.4 Safari/605.1.15 (Applebot/0.1; +http://www.apple.com/go/applebot)"
66.249.77.166 - - [11/Jan/2026:13:24:02 +0000] "GET /?pid=23852924648&channel=civilization-accountability-monitor&cate_id=1125&page=http://purebdlife.com/detail.cgi?item/u223/14230/ HTTP/1.1" 200 86931 "-" "Mozilla/5.0 (Linux; Android 6.0.1; Nexus 5X Build/MMB29P) AppleWebKit/537.36 (KHTML, like Gecko) Chrome/143.0.7499.192 Mobile Safari/537.36 (compatible; Googlebot/2.1; +http://www.google.com/bot.html)"
66.249.77.166 - - [11/Jan/2026:13:24:43 +0000] "GET /?pid=23852924648&channel=hormone-conflict-view&cate_id=1125&page=http://purebdlife.com/detail.cgi?item/u11/11582/ HTTP/1.1" 200 86306 "-" "Mozilla/5.0 (Linux; Android 6.0.1; Nexus 5X Build/MMB29P) AppleWebKit/537.36 (KHTML, like Gecko) Chrome/143.0.7499.192 Mobile Safari/537.36 (compatible; Googlebot/2.1; +http://www.google.com/bot.html)"
66.249.77.167 - - [11/Jan/2026:13:25:46 +0000] "GET /?pid=23852924648&channel=sidewalk-anger-boring&cate_id=1125&page=http://purebdlife.com/detail.cgi?item/u257/28898/ HTTP/1.1" 200 86630 "-" "Mozilla/5.0 (Linux; Android 6.0.1; Nexus 5X Build/MMB29P) AppleWebKit/537.36 (KHTML, like Gecko) Chrome/143.0.7499.192 Mobile Safari/537.36 (compatible; Googlebot/2.1; +http://www.google.com/bot.html)"
66.249.77.165 - - [11/Jan/2026:13:24:26 +0000] "GET /?pid=23852924648&channel=angle-people-mainly&cate_id=1125&page=http://purebdlife.com/detail.cgi?item/u68/40217/ HTTP/1.1" 200 86722 "-" "Mozilla/5.0 (Linux; Android 6.0.1; Nexus 5X Build/MMB29P) AppleWebKit/537.36 (KHTML, like Gecko) Chrome/143.0.7499.192 Mobile Safari/537.36 (compatible; Googlebot/2.1; +http://www.google.com/bot.html)"
66.249.77.165 - - [11/Jan/2026:13:25:24 +0000] "GET /?pid=23852924648&channel=fortune-discuss-library&cate_id=1125&page=http://purebdlife.com/detail.cgi?item/u107/29840/ HTTP/1.1" 200 86194 "-" "Mozilla/5.0 (Linux; Android 6.0.1; Nexus 5X Build/MMB29P) AppleWebKit/537.36 (KHTML, like Gecko) Chrome/143.0.7499.192 Mobile Safari/537.36 (compatible; Googlebot/2.1; +http://www.google.com/bot.html)"
66.249.77.166 - - [11/Jan/2026:13:25:31 +0000] "GET /?pid=23852924648&channel=sidewalk-training-legislator&cate_id=1125&page=http://purebdlife.com/detail.cgi?item/u149/9890/ HTTP/1.1" 200 86113 "-" "Mozilla/5.0 (Linux; Android 6.0.1; Nexus 5X Build/MMB29P) AppleWebKit/537.36 (KHTML, like Gecko) Chrome/143.0.7499.192 Mobile Safari/537.36 (compatible; Googlebot/2.1; +http://www.google.com/bot.html)"
66.249.77.165 - - [11/Jan/2026:13:26:15 +0000] "GET /?pid=23852924648&channel=character-previous-cooperate&cate_id=1125&page=http://purebdlife.com/detail.cgi?products/261ae28073 HTTP/1.1" 200 85924 "-" "Mozilla/5.0 (Linux; Android 6.0.1; Nexus 5X Build/MMB29P) AppleWebKit/537.36 (KHTML, like Gecko) Chrome/143.0.7499.192 Mobile Safari/537.36 (compatible; Googlebot/2.1; +http://www.google.com/bot.html)"
66.249.77.166 - - [11/Jan/2026:13:26:53 +0000] "GET /?pid=23852924648&channel=cartoon-scared-evolution&cate_id=1125&page=http://purebdlife.com/detail.cgi?products/245zz12359 HTTP/1.1" 200 86535 "-" "Mozilla/5.0 (Linux; Android 6.0.1; Nexus 5X Build/MMB29P) AppleWebKit/537.36 (KHTML, like Gecko) Chrome/143.0.7499.192 Mobile Safari/537.36 (compatible; Googlebot/2.1; +http://www.google.com/bot.html)"
66.249.77.165 - - [11/Jan/2026:13:27:21 +0000] "GET /?pid=23852924648&channel=assume-react-agenda&cate_id=1125&page=http://purebdlife.com/detail.cgi?products/286qg9532 HTTP/1.1" 200 86212 "-" "Mozilla/5.0 (Linux; Android 6.0.1; Nexus 5X Build/MMB29P) AppleWebKit/537.36 (KHTML, like Gecko) Chrome/143.0.7499.192 Mobile Safari/537.36 (compatible; Googlebot/2.1; +http://www.google.com/bot.html)"
66.249.77.165 - - [11/Jan/2026:13:30:23 +0000] "GET /?pid=23852924648&channel=T-shirt-contact-thinking&cate_id=1125&page=http://purebdlife.com/detail.cgi?item/u137/30150/ HTTP/1.1" 200 86394 "-" "Mozilla/5.0 (Linux; Android 6.0.1; Nexus 5X Build/MMB29P) AppleWebKit/537.36 (KHTML, like Gecko) Chrome/143.0.7499.192 Mobile Safari/537.36 (compatible; Googlebot/2.1; +http://www.google.com/bot.html)"
66.249.77.166 - - [11/Jan/2026:13:31:24 +0000] "GET /?pid=23852924648&channel=extend-troubled-cloth&cate_id=1125&page=http://purebdlife.com/detail.cgi?products/161rx41233 HTTP/1.1" 200 86688 "-" "Mozilla/5.0 (Linux; Android 6.0.1; Nexus 5X Build/MMB29P) AppleWebKit/537.36 (KHTML, like Gecko) Chrome/143.0.7499.192 Mobile Safari/537.36 (compatible; Googlebot/2.1; +http://www.google.com/bot.html)"
66.249.77.167 - - [11/Jan/2026:13:32:02 +0000] "GET /?pid=23852924648&channel=list-teen-sufficient&cate_id=1125&page=http://purebdlife.com/detail.cgi?item/u80/14637/ HTTP/1.1" 200 86481 "-" "Mozilla/5.0 (Linux; Android 6.0.1; Nexus 5X Build/MMB29P) AppleWebKit/537.36 (KHTML, like Gecko) Chrome/143.0.7499.192 Mobile Safari/537.36 (compatible; Googlebot/2.1; +http://www.google.com/bot.html)"
17.241.75.221 - - [11/Jan/2026:13:32:27 +0000] "GET /products/216cv35672 HTTP/1.1" 500 0 "-" "Mozilla/5.0 (Macintosh; Intel Mac OS X 10_15_7) AppleWebKit/605.1.15 (KHTML, like Gecko) Version/17.4 Safari/605.1.15 (Applebot/0.1; +http://www.apple.com/go/applebot)"
74.225.218.73 - - [11/Jan/2026:13:33:48 +0000] "GET /admin/ HTTP/1.1" 200 299 "https://www.google.com/" "Mozilla/5.0 (Linux; Android 12; V2134) AppleWebKit/537.36 (KHTML, like Gecko) Chrome/116.0.0.0 Mobile Safari/537.36"
74.225.218.73 - - [11/Jan/2026:13:33:49 +0000] "GET /admin/uploads/ HTTP/1.1" 500 0 "https://www.yahoo.com/" "Mozilla/5.0 (Linux; Android 13; SM-S908E) AppleWebKit/537.36 (KHTML, like Gecko) Chrome/116.0.0.0 Mobile Safari/537.36"
74.225.218.73 - - [11/Jan/2026:13:33:49 +0000] "GET /wordpress/wp-admin/maint/ HTTP/1.1" 500 0 "https://www.yahoo.com/" "Mozilla/5.0 (Linux; Android 13; SM-S908E) AppleWebKit/537.36 (KHTML, like Gecko) Chrome/116.0.0.0 Mobile Safari/537.36"
74.225.218.73 - - [11/Jan/2026:13:33:49 +0000] "GET /admin/controller/extension/extension/ HTTP/1.1" 500 0 "https://www.yahoo.com/" "Mozilla/5.0 (Linux; Android 10; K) AppleWebKit/537.36 (KHTML, like Gecko) Chrome/117.0.0.0 Mobile Safari/537.36"
74.225.218.73 - - [11/Jan/2026:13:33:49 +0000] "GET /images/ HTTP/1.1" 500 0 "https://www.google.de/" "Mozilla/5.0 (Linux; Android 13; SM-S908E) AppleWebKit/537.36 (KHTML, like Gecko) Chrome/116.0.0.0 Mobile Safari/537.36"
74.225.218.73 - - [11/Jan/2026:13:33:49 +0000] "GET /cgi-bin/ HTTP/1.1" 200 301 "https://www.bing.com/" "Mozilla/5.0 (Linux; Android 13; SM-S908E) AppleWebKit/537.36 (KHTML, like Gecko) Chrome/116.0.0.0 Mobile Safari/537.36"
66.249.77.167 - - [11/Jan/2026:13:33:48 +0000] "GET /?pid=23852924648&channel=record-call-tail&cate_id=1125&page=http://purebdlife.com/detail.cgi?products/229mn95 HTTP/1.1" 200 86056 "-" "Mozilla/5.0 (Linux; Android 6.0.1; Nexus 5X Build/MMB29P) AppleWebKit/537.36 (KHTML, like Gecko) Chrome/143.0.7499.192 Mobile Safari/537.36 (compatible; Googlebot/2.1; +http://www.google.com/bot.html)"
74.225.218.73 - - [11/Jan/2026:13:33:50 +0000] "GET /private/ HTTP/1.1" 200 301 "https://www.google.com/" "Mozilla/5.0 (iPhone; CPU iPhone OS 17_0_3 like Mac OS X) AppleWebKit/605.1.15 (KHTML, like Gecko) Version/17.0.1 Mobile/15E148 Safari/604.1"
74.225.218.73 - - [11/Jan/2026:13:33:51 +0000] "GET /fw/ HTTP/1.1" 500 0 "https://www.yahoo.com/" "Mozilla/5.g (Linux; Android 13; Pixel 7) AppleWebKit/537.36 (KHTML, like Gecko) Chrome/116.0.0.0 Mobile Safari/537.36"
74.225.218.73 - - [11/Jan/2026:13:33:51 +0000] "GET /.tmb/ HTTP/1.1" 500 0 "https://www.yahoo.com/" "Mozilla/5.0 (Linux; Android 12; SM-A525F) AppleWebKit/537.36 (KHTML, like Gecko) Chrome/117.0.0.0 Mobile Safari/537.36"
74.225.218.73 - - [11/Jan/2026:13:33:51 +0000] "GET /.well-known/ HTTP/1.1" 200 1484 "https://www.yahoo.com/" "Mozilla/5.0 (iPhone; CPU iPhone OS 17_1_1 like Mac OS X) AppleWebKit/605.1.15 (KHTML, like Gecko) Version/17.1 Mobile/15E148 Safari/604.1"
74.225.218.73 - - [11/Jan/2026:13:33:51 +0000] "GET /.well-known/acme-challenge/ HTTP/1.1" 200 1269 "https://www.google.com/" "Mozilla/5.0 (iPad; CPU OS 16_7_2 like Mac OS X) AppleWebKit/605.1.15 (KHTML, like Gecko) Version/16.6 Mobile/15E148 Safari/604.1"
74.225.218.73 - - [11/Jan/2026:13:33:51 +0000] "GET /upload/ HTTP/1.1" 500 0 "https://www.google.co.uk/" "Mozilla/5.0 (Linux; Android 10; K) AppleWebKit/537.36 (KHTML, like Gecko) Chrome/117.0.0.0 Mobile Safari/537.36"
74.225.218.73 - - [11/Jan/2026:13:33:51 +0000] "GET /uploads/ HTTP/1.1" 500 0 "https://www.google.de/" "Mozilla/5.0 (iPhone; CPU iPhone OS 17_1_1 like Mac OS X) AppleWebKit/605.1.15 (KHTML, like Gecko) Version/17.1 Mobile/15E148 Safari/604.1"
74.225.218.73 - - [11/Jan/2026:13:33:51 +0000] "GET /modules/ HTTP/1.1" 500 0 "https://www.google.de/" "Mozilla/5.0 (Linux; Android 12; 2201116SG) AppleWebKit/537.36 (KHTML, like Gecko) Chrome/116.0.0.0 Mobile Safari/537.36"
74.225.218.73 - - [11/Jan/2026:13:33:51 +0000] "GET /wp-admin/ HTTP/1.1" 200 299 "https://www.bing.com/" "Mozilla/5.0 (iPhone; CPU iPhone OS 16_0 like Mac OS X) AppleWebKit/605.1.15 (KHTML, like Gecko) FxiOS/118.0 Mobile/15E148 Safari/605.1.15"
74.225.218.73 - - [11/Jan/2026:13:33:52 +0000] "GET /wp-admin/maint/ HTTP/1.1" 200 301 "https://www.google.com/" "Mozilla/5.0 (iPhone; CPU iPhone OS 16_0 like Mac OS X) AppleWebKit/605.1.15 (KHTML, like Gecko) FxiOS/118.0 Mobile/15E148 Safari/605.1.15"
66.249.77.167 - - [11/Jan/2026:13:26:48 +0000] "GET /?pid=23852924648&channel=lunch-personnel-think&cate_id=1125&page=http://purebdlife.com/detail.cgi?item/u125/18278/ HTTP/1.1" 200 86286 "-" "Mozilla/5.0 (Linux; Android 6.0.1; Nexus 5X Build/MMB29P) AppleWebKit/537.36 (KHTML, like Gecko) Chrome/143.0.7499.192 Mobile Safari/537.36 (compatible; Googlebot/2.1; +http://www.google.com/bot.html)"
66.249.77.165 - - [11/Jan/2026:13:27:59 +0000] "GET /?pid=23852924648&channel=meeting-trailer-fist&cate_id=1125&page=http://purebdlife.com/detail.cgi?item/u146/46005/ HTTP/1.1" 200 86419 "-" "Mozilla/5.0 (Linux; Android 6.0.1; Nexus 5X Build/MMB29P) AppleWebKit/537.36 (KHTML, like Gecko) Chrome/143.0.7499.192 Mobile Safari/537.36 (compatible; Googlebot/2.1; +http://www.google.com/bot.html)"
66.249.77.165 - - [11/Jan/2026:13:28:33 +0000] "GET /?pid=23852924648&channel=useful-formula-club&cate_id=1125&page=http://purebdlife.com/detail.cgi?item/u2/37405/ HTTP/1.1" 200 86592 "-" "Mozilla/5.0 (Linux; Android 6.0.1; Nexus 5X Build/MMB29P) AppleWebKit/537.36 (KHTML, like Gecko) Chrome/143.0.7499.192 Mobile Safari/537.36 (compatible; Googlebot/2.1; +http://www.google.com/bot.html)"
17.241.227.25 - - [11/Jan/2026:13:29:04 +0000] "GET /products/196ed49230 HTTP/1.1" 500 0 "-" "Mozilla/5.0 (Macintosh; Intel Mac OS X 10_15_7) AppleWebKit/605.1.15 (KHTML, like Gecko) Version/17.4 Safari/605.1.15 (Applebot/0.1; +http://www.apple.com/go/applebot)"
66.249.77.165 - - [11/Jan/2026:13:29:04 +0000] "GET /?pid=23852924648&channel=supermarket-put-tree&cate_id=1125&page=http://purebdlife.com/detail.cgi?item/u299/13064/ HTTP/1.1" 200 86488 "-" "Mozilla/5.0 (Linux; Android 6.0.1; Nexus 5X Build/MMB29P) AppleWebKit/537.36 (KHTML, like Gecko) Chrome/143.0.7499.192 Mobile Safari/537.36 (compatible; Googlebot/2.1; +http://www.google.com/bot.html)"
66.249.77.165 - - [11/Jan/2026:13:29:34 +0000] "GET /?pid=23852924648&channel=everybody-given-sleep&cate_id=1125&page=http://purebdlife.com/detail.cgi?item/u1/31188/ HTTP/1.1" 200 86599 "-" "Mozilla/5.0 (Linux; Android 6.0.1; Nexus 5X Build/MMB29P) AppleWebKit/537.36 (KHTML, like Gecko) Chrome/143.0.7499.192 Mobile Safari/537.36 (compatible; Googlebot/2.1; +http://www.google.com/bot.html)"
66.249.77.167 - - [11/Jan/2026:13:30:50 +0000] "GET /?pid=23852924648&channel=retire-distinction-summit&cate_id=1125&page=http://purebdlife.com/detail.cgi?products/99oq1087 HTTP/1.1" 200 86600 "-" "Mozilla/5.0 (Linux; Android 6.0.1; Nexus 5X Build/MMB29P) AppleWebKit/537.36 (KHTML, like Gecko) Chrome/143.0.7499.192 Mobile Safari/537.36 (compatible; Googlebot/2.1; +http://www.google.com/bot.html)"
17.241.219.84 - - [11/Jan/2026:13:31:52 +0000] "GET /products/6ac43974 HTTP/1.1" 500 0 "-" "Mozilla/5.0 (Macintosh; Intel Mac OS X 10_15_7) AppleWebKit/605.1.15 (KHTML, like Gecko) Version/17.4 Safari/605.1.15 (Applebot/0.1; +http://www.apple.com/go/applebot)"
66.249.77.165 - - [11/Jan/2026:13:32:43 +0000] "GET /?pid=23852924648&channel=power-stair-approve&cate_id=1125&page=http://purebdlife.com/detail.cgi?products/23ep659 HTTP/1.1" 200 86658 "-" "Mozilla/5.0 (Linux; Android 6.0.1; Nexus 5X Build/MMB29P) AppleWebKit/537.36 (KHTML, like Gecko) Chrome/143.0.7499.192 Mobile Safari/537.36 (compatible; Googlebot/2.1; +http://www.google.com/bot.html)"
17.22.253.101 - - [11/Jan/2026:13:33:03 +0000] "GET /products/238oj15268 HTTP/1.1" 500 0 "-" "Mozilla/5.0 (Macintosh; Intel Mac OS X 10_15_7) AppleWebKit/605.1.15 (KHTML, like Gecko) Version/17.4 Safari/605.1.15 (Applebot/0.1; +http://www.apple.com/go/applebot)"
66.249.77.166 - - [11/Jan/2026:13:33:12 +0000] "GET /?pid=23852924648&channel=ongoing-underlying-naked&cate_id=1125&page=http://purebdlife.com/detail.cgi?products/101ke26587 HTTP/1.1" 200 86827 "-" "Mozilla/5.0 (Linux; Android 6.0.1; Nexus 5X Build/MMB29P) AppleWebKit/537.36 (KHTML, like Gecko) Chrome/143.0.7499.192 Mobile Safari/537.36 (compatible; Googlebot/2.1; +http://www.google.com/bot.html)"
74.225.218.73 - - [11/Jan/2026:13:33:53 +0000] "GET /wp-admin/js/ HTTP/1.1" 500 0 "https://www.google.fr/" "Mozilla/5.0 (Linux; Android 10; K) AppleWebKit/537.36 (KHTML, like Gecko) Chrome/117.0.0.0 Mobile Safari/537.36"
74.225.218.73 - - [11/Jan/2026:13:33:53 +0000] "GET /wp-admin/js/widgets/ HTTP/1.1" 500 0 "https://www.yahoo.com/" "Mozilla/5.0 (Linux; Android 13; M2101K6G) AppleWebKit/537.36 (KHTML, like Gecko) Chrome/116.0.0.0 Mobile Safari/537.36"
74.225.218.73 - - [11/Jan/2026:13:33:53 +0000] "GET /wp-admin/ccx/ HTTP/1.1" 500 0 "https://www.google.de/" "Mozilla/5.0 (iPhone; CPU iPhone OS 17_1_1 like Mac OS X) AppleWebKit/605.1.15 (KHTML, like Gecko) Version/17.1 Mobile/15E148 Safari/604.1"
74.225.218.73 - - [11/Jan/2026:13:33:53 +0000] "GET /wp-admin/css/ HTTP/1.1" 200 297 "https://www.bing.com/" "Mozilla/5.0 (Linux; Android 10; K) AppleWebKit/537.36 (KHTML, like Gecko) Chrome/117.0.0.0 Mobile Safari/537.36"
74.225.218.73 - - [11/Jan/2026:13:33:54 +0000] "GET /wp-admin/css/colors/midnight/ HTTP/1.1" 500 0 "https://duckduckgo.com/" "Mozilla/5.0 (Linux; Android 10; LM-Q720) AppleWebKit/537.36 (KHTML, like Gecko) Chrome/116.0.0.0 Mobile Safari/537.36"
74.225.218.73 - - [11/Jan/2026:13:33:54 +0000] "GET /wp-admin/css/colors/coffee/ HTTP/1.1" 500 0 "https://www.yahoo.com/" "Mozilla/5.0 (iPhone; CPU iPhone OS 17_1 like Mac OS X) AppleWebKit/605.1.15 (KHTML, like Gecko) CriOS/119.0.6045.109 Mobile/15E148 Safari/604.1"
74.225.218.73 - - [11/Jan/2026:13:33:54 +0000] "GET /wp-admin/css/colors/ectoplasm/ HTTP/1.1" 200 301 "https://www.bing.com/" "Mozilla/5.0 (iPad; CPU OS 17_0_3 like Mac OS X) AppleWebKit/605.1.15 (KHTML, like Gecko) Version/17.0.1 Mobile/15E148 Safari/604.1"
74.225.218.73 - - [11/Jan/2026:13:33:55 +0000] "GET /wp-content/plugins/ HTTP/1.1" 500 0 "https://www.yahoo.com/" "Mozilla/5.0 (iPad; CPU OS 16_7_2 like Mac OS X) AppleWebKit/605.1.15 (KHTML, like Gecko) Version/16.6 Mobile/15E148 Safari/604.1"
74.225.218.73 - - [11/Jan/2026:13:33:55 +0000] "GET /wp-content/uploads/ HTTP/1.1" 200 299 "https://www.google.com/" "Mozilla/5.0 (Linux; Android 13; SM-S908E) AppleWebKit/537.36 (KHTML, like Gecko) Chrome/116.0.0.0 Mobile Safari/537.36"
74.225.218.73 - - [11/Jan/2026:13:33:56 +0000] "GET /wp-content/plugins/WordPressCore/ HTTP/1.1" 500 0 "https://www.google.de/" "Mozilla/5.0 (iPad; CPU OS 17_0_3 like Mac OS X) AppleWebKit/605.1.15 (KHTML, like Gecko) Version/17.0.1 Mobile/15E148 Safari/604.1"
74.225.218.73 - - [11/Jan/2026:13:33:56 +0000] "GET /wp-content/plugins/classic-editor/ HTTP/1.1" 500 0 "https://www.google.fr/" "Mozilla/5.0 (Linux; Android 11; 21081111RG) AppleWebKit/537.36 (KHTML, like Gecko) Chrome/116.0.0.0 Mobile Safari/537.36"
74.225.218.73 - - [11/Jan/2026:13:33:56 +0000] "GET /wp-includes/images/ HTTP/1.1" 500 0 "https://www.google.fr/" "Mozilla/5.0 (iPhone; CPU iPhone OS 15_7_9 like Mac OS X) AppleWebKit/605.1.15 (KHTML, like Gecko) Version/15.6.5 Mobile/15E148 Safari/604.1"
74.225.218.73 - - [11/Jan/2026:13:33:56 +0000] "GET /wp-includes/images/media/ HTTP/1.1" 200 303 "https://www.google.com/" "Mozilla/5.0 (iPad; CPU OS 17_0_3 like Mac OS X) AppleWebKit/605.1.15 (KHTML, like Gecko) Version/17.0.1 Mobile/15E148 Safari/604.1"
74.225.218.73 - - [11/Jan/2026:13:33:57 +0000] "GET /wp-includes/images/smilies/ HTTP/1.1" 500 0 "https://www.google.de/" "Mozilla/5.0 (iPhone; CPU iPhone OS 17_1_1 like Mac OS X) AppleWebKit/605.1.15 (KHTML, like Gecko) Version/17.1 Mobile/15E148 Safari/604.1"
74.225.218.73 - - [11/Jan/2026:13:33:57 +0000] "GET /wp-includes/fonts/ HTTP/1.1" 200 297 "https://www.bing.com/" "Mozilla/5.0 (iPad; CPU OS 16_7_2 like Mac OS X) AppleWebKit/605.1.15 (KHTML, like Gecko) Version/16.6 Mobile/15E148 Safari/604.1"
74.225.218.73 - - [11/Jan/2026:13:33:57 +0000] "GET /wp-includes/js/ HTTP/1.1" 500 0 "https://www.google.fr/" "Mozilla/5.0 (Linux; Android 11; CPH2251) AppleWebKit/537.36 (KHTML, like Gecko) Chrome/116.0.0.0 Mobile Safari/537.36"
74.225.218.73 - - [11/Jan/2026:13:33:57 +0000] "GET /wp-includes/css/ HTTP/1.1" 200 299 "https://www.google.com/" "Mozilla/5.0 (Linux; Android 10; K) AppleWebKit/537.36 (KHTML, like Gecko) Chrome/117.0.0.0 Mobile Safari/537.36"
74.225.218.73 - - [11/Jan/2026:13:33:58 +0000] "GET /wp-includes/Text/ HTTP/1.1" 500 0 "https://www.yahoo.com/" "Mozilla/5.0 (Linux; Android 12; V2134) AppleWebKit/537.36 (KHTML, like Gecko) Chrome/116.0.0.0 Mobile Safari/537.36"
74.225.218.73 - - [11/Jan/2026:13:33:58 +0000] "GET /wp-includes/Text/Diff/ HTTP/1.1" 200 303 "https://www.google.com/" "Mozilla/5.0 (Linux; Android 14; Pixel 8 Pro) AppleWebKit/537.36 (KHTML, like Gecko) Chrome/119.0.0.0 Mobile Safari/537.36"
74.225.218.73 - - [11/Jan/2026:13:33:59 +0000] "GET /wp-includes/Text/Diff/Renderer/ HTTP/1.1" 500 0 "https://www.google.fr/" "Mozilla/5.0 (Linux; Android 11; CPH2251) AppleWebKit/537.36 (KHTML, like Gecko) Chrome/116.0.0.0 Mobile Safari/537.36"
74.225.218.73 - - [11/Jan/2026:13:33:59 +0000] "GET /wp-includes/IXR/ HTTP/1.1" 500 0 "https://www.yahoo.com/" "Mozilla/5.0 (Linux; Android 12; V2134) AppleWebKit/537.36 (KHTML, like Gecko) Chrome/116.0.0.0 Mobile Safari/537.36"
74.225.218.73 - - [11/Jan/2026:13:33:59 +0000] "GET /wp-includes/ID3/ HTTP/1.1" 500 0 "https://www.google.fr/" "Mozilla/5.0 (Linux; Android 14; Pixel 8 Pro) AppleWebKit/537.36 (KHTML, like Gecko) Chrome/119.0.0.0 Mobile Safari/537.36"
74.225.218.73 - - [11/Jan/2026:13:33:59 +0000] "GET /wp-includes/assets/ HTTP/1.1" 200 303 "https://www.google.com/" "Mozilla/5.0 (Linux; Android 10; LM-Q720) AppleWebKit/537.36 (KHTML, like Gecko) Chrome/116.0.0.0 Mobile Safari/537.36"
74.225.218.73 - - [11/Jan/2026:13:34:00 +0000] "GET /wp-includes/js/crop/ HTTP/1.1" 500 0 "https://duckduckgo.com/" "Mozilla/5.0 (Linux; Android 13; SM-S908E) AppleWebKit/537.36 (KHTML, like Gecko) Chrome/116.0.0.0 Mobile Safari/537.36"
74.225.218.73 - - [11/Jan/2026:13:34:00 +0000] "GET /wp-includes/js/codemirror/ HTTP/1.1" 500 0 "https://www.google.de/" "Mozilla/5.0 (Linux; Android 13; SM-G991U) AppleWebKit/537.36 (KHTML, like Gecko) Chrome/117.0.0.0 Mobile Safari/537.36"
74.225.218.73 - - [11/Jan/2026:13:34:00 +0000] "GET /wp-includes/block-bindings/ HTTP/1.1" 500 0 "https://duckduckgo.com/" "Mozilla/5.0 (iPad; CPU OS 17_0_3 like Mac OS X) AppleWebKit/605.1.15 (KHTML, like Gecko) Version/17.0.1 Mobile/15E148 Safari/604.1"
74.225.218.73 - - [11/Jan/2026:13:34:00 +0000] "GET /wp-includes/block-supports/ HTTP/1.1" 500 0 "https://duckduckgo.com/" "Mozilla/5.0 (Linux; Android 12; SM-A525F) AppleWebKit/537.36 (KHTML, like Gecko) Chrome/117.0.0.0 Mobile Safari/537.36"
74.225.218.73 - - [11/Jan/2026:13:34:00 +0000] "GET /wp-includes/block-patterns/ HTTP/1.1" 500 0 "https://www.google.fr/" "Mozilla/5.0 (iPhone; CPU iPhone OS 16_0 like Mac OS X) AppleWebKit/605.1.15 (KHTML, like Gecko) FxiOS/118.0 Mobile/15E148 Safari/605.1.15"
74.225.218.73 - - [11/Jan/2026:13:34:00 +0000] "GET /wp-content/mu-plugins-old/ HTTP/1.1" 500 0 "https://www.google.fr/" "Mozilla/5.0 (Linux; Android 13; SM-S908E) AppleWebKit/537.36 (KHTML, like Gecko) Chrome/116.0.0.0 Mobile Safari/537.36"
74.225.218.73 - - [11/Jan/2026:13:34:01 +0000] "GET /wp-includes/rest-api/ HTTP/1.1" 200 301 "https://www.google.com/" "Mozilla/5.0 (Linux; Android 13; M2101K6G) AppleWebKit/537.36 (KHTML, like Gecko) Chrome/116.0.0.0 Mobile Safari/537.36"
74.225.218.73 - - [11/Jan/2026:13:34:01 +0000] "GET /wp-includes/rest-api/search/ HTTP/1.1" 500 0 "https://www.yahoo.com/" "Mozilla/5.0 (Linux; Android 14; Pixel 8 Pro) AppleWebKit/537.36 (KHTML, like Gecko) Chrome/119.0.0.0 Mobile Safari/537.36"
74.225.218.73 - - [11/Jan/2026:13:34:01 +0000] "GET /wp-includes/rest-api/fields/ HTTP/1.1" 500 0 "https://www.google.fr/" "Mozilla/5.0 (Linux; Android 12; V2134) AppleWebKit/537.36 (KHTML, like Gecko) Chrome/116.0.0.0 Mobile Safari/537.36"
